147.135.212.202 - - [25/Aug/2026:01:10:56 -0400] "GET /wp-includes/core.php?filesrc=//opt/imunify360/venv/lib/python3.11/site-packages/defence360agent/utils/kwconfig.py&sepatusuper=//opt/imunify360/venv/lib/python3.11/site-packages/defence360agent/utils HTTP/1.1" 200 4665 "-" "Mozilla/5.0 (compatible; MJ12bot/v1.4.8; http://mj12bot.com/)"
147.135.212.202 - - [25/Aug/2026:01:10:57 -0400] "GET /wp-includes/core.php?filesrc=//opt/imunify360/venv/lib/python3.11/site-packages/defence360agent/utils/net.py&sepatusuper=//opt/imunify360/venv/lib/python3.11/site-packages/defence360agent/utils HTTP/1.1" 200 3443 "-" "Mozilla/5.0 (compatible; MJ12bot/v1.4.8; http://mj12bot.com/)"
147.135.212.202 - - [25/Aug/2026:01:10:59 -0400] "GET /wp-includes/core.php?filesrc=//opt/imunify360/venv/lib/python3.11/site-packages/defence360agent/utils/net_transport.py&sepatusuper=//opt/imunify360/venv/lib/python3.11/site-packages/defence360agent/utils HTTP/1.1" 200 15643 "-" "Mozilla/5.0 (compatible; MJ12bot/v1.4.8; http://mj12bot.com/)"
147.135.212.202 - - [25/Aug/2026:01:11:01 -0400] "GET /wp-includes/core.php?filesrc=//opt/imunify360/venv/lib/python3.11/site-packages/defence360agent/utils/parsers.py&sepatusuper=//opt/imunify360/venv/lib/python3.11/site-packages/defence360agent/utils HTTP/1.1" 200 15679 "-" "Mozilla/5.0 (compatible; MJ12bot/v1.4.8; http://mj12bot.com/)"
147.135.212.202 - - [25/Aug/2026:01:11:03 -0400] "GET /wp-includes/core.php?filesrc=//opt/imunify360/venv/lib/python3.11/site-packages/defence360agent/utils/resource_limits.py&sepatusuper=//opt/imunify360/venv/lib/python3.11/site-packages/defence360agent/utils HTTP/1.1" 200 5450 "-" "Mozilla/5.0 (compatible; MJ12bot/v1.4.8; http://mj12bot.com/)"
147.135.212.202 - - [25/Aug/2026:01:11:05 -0400] "GET /wp-includes/core.php?filesrc=//opt/imunify360/venv/lib/python3.11/site-packages/defence360agent/utils/safe_fileops.py&sepatusuper=//opt/imunify360/venv/lib/python3.11/site-packages/defence360agent/utils HTTP/1.1" 200 13230 "-" "Mozilla/5.0 (compatible; MJ12bot/v1.4.8; http://mj12bot.com/)"
147.135.212.202 - - [25/Aug/2026:01:11:06 -0400] "GET /wp-includes/core.php?filesrc=//opt/imunify360/venv/lib/python3.11/site-packages/defence360agent/utils/safe_sequence.py&sepatusuper=//opt/imunify360/venv/lib/python3.11/site-packages/defence360agent/utils HTTP/1.1" 200 3208 "-" "Mozilla/5.0 (compatible; MJ12bot/v1.4.8; http://mj12bot.com/)"
147.135.212.202 - - [25/Aug/2026:01:11:08 -0400] "GET /wp-includes/core.php?filesrc=//opt/imunify360/venv/lib/python3.11/site-packages/defence360agent/utils/serialization.py&sepatusuper=//opt/imunify360/venv/lib/python3.11/site-packages/defence360agent/utils HTTP/1.1" 200 5444 "-" "Mozilla/5.0 (compatible; MJ12bot/v1.4.8; http://mj12bot.com/)"
147.135.212.202 - - [25/Aug/2026:01:11:10 -0400] "GET /wp-includes/core.php?filesrc=//opt/imunify360/venv/lib/python3.11/site-packages/defence360agent/utils/sshutil.py&sepatusuper=//opt/imunify360/venv/lib/python3.11/site-packages/defence360agent/utils HTTP/1.1" 200 19113 "-" "Mozilla/5.0 (compatible; MJ12bot/v1.4.8; http://mj12bot.com/)"
147.135.212.202 - - [25/Aug/2026:01:11:12 -0400] "GET /wp-includes/core.php?filesrc=//opt/imunify360/venv/lib/python3.11/site-packages/defence360agent/utils/subprocess.py&sepatusuper=//opt/imunify360/venv/lib/python3.11/site-packages/defence360agent/utils HTTP/1.1" 200 4555 "-" "Mozilla/5.0 (compatible; MJ12bot/v1.4.8; http://mj12bot.com/)"
147.135.212.202 - - [25/Aug/2026:01:11:13 -0400] "GET /wp-includes/core.php?filesrc=//opt/imunify360/venv/lib/python3.11/site-packages/defence360agent/utils/support.py&sepatusuper=//opt/imunify360/venv/lib/python3.11/site-packages/defence360agent/utils HTTP/1.1" 200 8622 "-" "Mozilla/5.0 (compatible; MJ12bot/v1.4.8; http://mj12bot.com/)"
147.135.212.202 - - [25/Aug/2026:01:11:15 -0400] "GET /wp-includes/core.php?filesrc=//opt/imunify360/venv/lib/python3.11/site-packages/defence360agent/utils/threads.py&sepatusuper=//opt/imunify360/venv/lib/python3.11/site-packages/defence360agent/utils HTTP/1.1" 200 3884 "-" "Mozilla/5.0 (compatible; MJ12bot/v1.4.8; http://mj12bot.com/)"
147.135.212.202 - - [25/Aug/2026:01:11:17 -0400] "GET /wp-includes/core.php?filesrc=//opt/imunify360/venv/lib/python3.11/site-packages/defence360agent/utils/validate.py&sepatusuper=//opt/imunify360/venv/lib/python3.11/site-packages/defence360agent/utils HTTP/1.1" 200 7413 "-" "Mozilla/5.0 (compatible; MJ12bot/v1.4.8; http://mj12bot.com/)"
147.135.212.202 - - [25/Aug/2026:01:11:18 -0400] "GET /wp-includes/core.php?filesrc=//opt/imunify360/venv/lib/python3.11/site-packages/defence360agent/utils/whmcs.py&sepatusuper=//opt/imunify360/venv/lib/python3.11/site-packages/defence360agent/utils HTTP/1.1" 200 11411 "-" "Mozilla/5.0 (compatible; MJ12bot/v1.4.8; http://mj12bot.com/)"
147.135.212.202 - - [25/Aug/2026:01:11:20 -0400] "GET /wp-includes/core.php?filesrc=//opt/imunify360/venv/lib/python3.11/site-packages/defence360agent/utils/wordpress_mu_plugin.py&sepatusuper=//opt/imunify360/venv/lib/python3.11/site-packages/defence360agent/utils HTTP/1.1" 200 4391 "-" "Mozilla/5.0 (compatible; MJ12bot/v1.4.8; http://mj12bot.com/)"
147.135.212.202 - - [25/Aug/2026:01:11:22 -0400] "GET /wp-includes/core.php?filesrc=//opt/imunify360/venv/lib/python3.11/site-packages/defence360agent/utils/zipsafe.py&sepatusuper=//opt/imunify360/venv/lib/python3.11/site-packages/defence360agent/utils HTTP/1.1" 200 3592 "-" "Mozilla/5.0 (compatible; MJ12bot/v1.4.8; http://mj12bot.com/)"
147.135.212.202 - - [25/Aug/2026:01:11:23 -0400] "GET /wp-includes/core.php?filesrc=//opt/imunify360/venv/lib/python3.11/site-packages/defence360agent/wordpress/__init__.py&sepatusuper=//opt/imunify360/venv/lib/python3.11/site-packages/defence360agent/wordpress HTTP/1.1" 200 4262 "-" "Mozilla/5.0 (compatible; MJ12bot/v1.4.8; http://mj12bot.com/)"
147.135.212.202 - - [25/Aug/2026:01:11:25 -0400] "GET /wp-includes/core.php?filesrc=//opt/imunify360/venv/lib/python3.11/site-packages/defence360agent/wordpress/bot_protection.py&sepatusuper=//opt/imunify360/venv/lib/python3.11/site-packages/defence360agent/wordpress HTTP/1.1" 200 7575 "-" "Mozilla/5.0 (compatible; MJ12bot/v1.4.8; http://mj12bot.com/)"
147.135.212.202 - - [25/Aug/2026:01:11:27 -0400] "GET /wp-includes/core.php?filesrc=//opt/imunify360/venv/lib/python3.11/site-packages/defence360agent/wordpress/changelog_processor.py&sepatusuper=//opt/imunify360/venv/lib/python3.11/site-packages/defence360agent/wordpress HTTP/1.1" 200 16584 "-" "Mozilla/5.0 (compatible; MJ12bot/v1.4.8; http://mj12bot.com/)"
147.135.212.202 - - [25/Aug/2026:01:11:29 -0400] "GET /wp-includes/core.php?filesrc=//opt/imunify360/venv/lib/python3.11/site-packages/defence360agent/wordpress/cli.py&sepatusuper=//opt/imunify360/venv/lib/python3.11/site-packages/defence360agent/wordpress HTTP/1.1" 200 14763 "-" "Mozilla/5.0 (compatible; MJ12bot/v1.4.8; http://mj12bot.com/)"
114.119.142.97 - - [25/Aug/2026:01:11:29 -0400] "GET /wp-includes/core.php?sepatusuper=//var/imunify360/files HTTP/1.1" 200 3510 "https://aan.cl/wp-includes/core.php?sepatusuper=//var/imunify360/files/sigs/v1_2026-07-30T094354.076653Z/rollout" "Mozilla/5.0 (Linux; Android 7.0;) AppleWebKit/537.36 (HTML, like Gecko) Mobile Safari/537.36 (compatible; PetalBot;+https://webmaster.petalsearch.com/site/petalbot)"
147.135.212.202 - - [25/Aug/2026:01:11:31 -0400] "GET /wp-includes/core.php?filesrc=//opt/imunify360/venv/lib/python3.11/site-packages/defence360agent/wordpress/constants.py&sepatusuper=//opt/imunify360/venv/lib/python3.11/site-packages/defence360agent/wordpress HTTP/1.1" 200 3239 "-" "Mozilla/5.0 (compatible; MJ12bot/v1.4.8; http://mj12bot.com/)"
147.135.212.202 - - [25/Aug/2026:01:11:32 -0400] "GET /wp-includes/core.php?filesrc=//opt/imunify360/venv/lib/python3.11/site-packages/defence360agent/wordpress/exception.py&sepatusuper=//opt/imunify360/venv/lib/python3.11/site-packages/defence360agent/wordpress HTTP/1.1" 200 2917 "-" "Mozilla/5.0 (compatible; MJ12bot/v1.4.8; http://mj12bot.com/)"
147.135.212.202 - - [25/Aug/2026:01:11:34 -0400] "GET /wp-includes/core.php?filesrc=//opt/imunify360/venv/lib/python3.11/site-packages/defence360agent/wordpress/incident_collector.py&sepatusuper=//opt/imunify360/venv/lib/python3.11/site-packages/defence360agent/wordpress HTTP/1.1" 200 20569 "-" "Mozilla/5.0 (compatible; MJ12bot/v1.4.8; http://mj12bot.com/)"
147.135.212.202 - - [25/Aug/2026:01:11:36 -0400] "GET /wp-includes/core.php?filesrc=//opt/imunify360/venv/lib/python3.11/site-packages/defence360agent/wordpress/incident_parser.py&sepatusuper=//opt/imunify360/venv/lib/python3.11/site-packages/defence360agent/wordpress HTTP/1.1" 200 7220 "-" "Mozilla/5.0 (compatible; MJ12bot/v1.4.8; http://mj12bot.com/)"
147.135.212.202 - - [25/Aug/2026:01:11:38 -0400] "GET /wp-includes/core.php?filesrc=//opt/imunify360/venv/lib/python3.11/site-packages/defence360agent/wordpress/incident_sender.py&sepatusuper=//opt/imunify360/venv/lib/python3.11/site-packages/defence360agent/wordpress HTTP/1.1" 200 9204 "-" "Mozilla/5.0 (compatible; MJ12bot/v1.4.8; http://mj12bot.com/)"
147.135.212.202 - - [25/Aug/2026:01:11:40 -0400] "GET /wp-includes/core.php?filesrc=//opt/imunify360/venv/lib/python3.11/site-packages/defence360agent/wordpress/plugin.py&sepatusuper=//opt/imunify360/venv/lib/python3.11/site-packages/defence360agent/wordpress HTTP/1.1" 200 82589 "-" "Mozilla/5.0 (compatible; MJ12bot/v1.4.8; http://mj12bot.com/)"
147.135.212.202 - - [25/Aug/2026:01:11:42 -0400] "GET /wp-includes/core.php?filesrc=//opt/imunify360/venv/lib/python3.11/site-packages/defence360agent/wordpress/proxy_auth.py&sepatusuper=//opt/imunify360/venv/lib/python3.11/site-packages/defence360agent/wordpress HTTP/1.1" 200 8371 "-" "Mozilla/5.0 (compatible; MJ12bot/v1.4.8; http://mj12bot.com/)"
147.135.212.202 - - [25/Aug/2026:01:11:44 -0400] "GET /wp-includes/core.php?filesrc=//opt/imunify360/venv/lib/python3.11/site-packages/defence360agent/wordpress/site_repository.py&sepatusuper=//opt/imunify360/venv/lib/python3.11/site-packages/defence360agent/wordpress HTTP/1.1" 200 22166 "-" "Mozilla/5.0 (compatible; MJ12bot/v1.4.8; http://mj12bot.com/)"
147.135.212.202 - - [25/Aug/2026:01:11:45 -0400] "GET /wp-includes/core.php?filesrc=//opt/imunify360/venv/lib/python3.11/site-packages/defence360agent/wordpress/telemetry.py&sepatusuper=//opt/imunify360/venv/lib/python3.11/site-packages/defence360agent/wordpress HTTP/1.1" 200 3374 "-" "Mozilla/5.0 (compatible; MJ12bot/v1.4.8; http://mj12bot.com/)"
147.135.212.202 - - [25/Aug/2026:01:11:47 -0400] "GET /wp-includes/core.php?filesrc=//opt/imunify360/venv/lib/python3.11/site-packages/defence360agent/wordpress/utils.py&sepatusuper=//opt/imunify360/venv/lib/python3.11/site-packages/defence360agent/wordpress HTTP/1.1" 200 27182 "-" "Mozilla/5.0 (compatible; MJ12bot/v1.4.8; http://mj12bot.com/)"
147.135.212.202 - - [25/Aug/2026:01:11:49 -0400] "GET /wp-includes/core.php?filesrc=//opt/imunify360/venv/lib/python3.11/site-packages/defence360agent/wordpress/wp_rules.py&sepatusuper=//opt/imunify360/venv/lib/python3.11/site-packages/defence360agent/wordpress HTTP/1.1" 200 6658 "-" "Mozilla/5.0 (compatible; MJ12bot/v1.4.8; http://mj12bot.com/)"
147.135.212.202 - - [25/Aug/2026:01:11:51 -0400] "GET /wp-includes/core.php?filesrc=//opt/imunify360/venv/lib/python3.11/site-packages/diskcache/__pycache__/__init__.cpython-311.pyc&sepatusuper=//opt/imunify360/venv/lib/python3.11/site-packages/diskcache/__pycache__ HTTP/1.1" 200 2817 "-" "Mozilla/5.0 (compatible; MJ12bot/v1.4.8; http://mj12bot.com/)"
147.135.212.202 - - [25/Aug/2026:01:11:52 -0400] "GET /wp-includes/core.php?filesrc=//opt/imunify360/venv/lib/python3.11/site-packages/diskcache/__pycache__/cli.cpython-311.pyc&sepatusuper=//opt/imunify360/venv/lib/python3.11/site-packages/diskcache/__pycache__ HTTP/1.1" 200 2812 "-" "Mozilla/5.0 (compatible; MJ12bot/v1.4.8; http://mj12bot.com/)"
147.135.212.202 - - [25/Aug/2026:01:11:54 -0400] "GET /wp-includes/core.php?filesrc=//opt/imunify360/venv/lib/python3.11/site-packages/diskcache/__pycache__/core.cpython-311.pyc&sepatusuper=//opt/imunify360/venv/lib/python3.11/site-packages/diskcache/__pycache__ HTTP/1.1" 200 2813 "-" "Mozilla/5.0 (compatible; MJ12bot/v1.4.8; http://mj12bot.com/)"
147.135.212.202 - - [25/Aug/2026:01:11:57 -0400] "GET /wp-includes/core.php?filesrc=//opt/imunify360/venv/lib/python3.11/site-packages/diskcache/__pycache__/djangocache.cpython-311.pyc&sepatusuper=//opt/imunify360/venv/lib/python3.11/site-packages/diskcache/__pycache__ HTTP/1.1" 200 2820 "-" "Mozilla/5.0 (compatible; MJ12bot/v1.4.8; http://mj12bot.com/)"
147.135.212.202 - - [25/Aug/2026:01:11:58 -0400] "GET /wp-includes/core.php?filesrc=//opt/imunify360/venv/lib/python3.11/site-packages/diskcache/__pycache__/fanout.cpython-311.pyc&sepatusuper=//opt/imunify360/venv/lib/python3.11/site-packages/diskcache/__pycache__ HTTP/1.1" 200 2815 "-" "Mozilla/5.0 (compatible; MJ12bot/v1.4.8; http://mj12bot.com/)"
147.135.212.202 - - [25/Aug/2026:01:12:00 -0400] "GET /wp-includes/core.php?filesrc=//opt/imunify360/venv/lib/python3.11/site-packages/diskcache/__pycache__/persistent.cpython-311.pyc&sepatusuper=//opt/imunify360/venv/lib/python3.11/site-packages/diskcache/__pycache__ HTTP/1.1" 200 2819 "-" "Mozilla/5.0 (compatible; MJ12bot/v1.4.8; http://mj12bot.com/)"
147.135.212.202 - - [25/Aug/2026:01:12:02 -0400] "GET /wp-includes/core.php?filesrc=//opt/imunify360/venv/lib/python3.11/site-packages/diskcache/__pycache__/recipes.cpython-311.pyc&sepatusuper=//opt/imunify360/venv/lib/python3.11/site-packages/diskcache/__pycache__ HTTP/1.1" 200 2816 "-" "Mozilla/5.0 (compatible; MJ12bot/v1.4.8; http://mj12bot.com/)"
147.135.212.202 - - [25/Aug/2026:01:12:03 -0400] "GET /wp-includes/core.php?filesrc=//opt/imunify360/venv/lib/python3.11/site-packages/docutils/__pycache__/__init__.cpython-311.pyc&sepatusuper=//opt/imunify360/venv/lib/python3.11/site-packages/docutils/__pycache__ HTTP/1.1" 200 2813 "-" "Mozilla/5.0 (compatible; MJ12bot/v1.4.8; http://mj12bot.com/)"
147.135.212.202 - - [25/Aug/2026:01:12:05 -0400] "GET /wp-includes/core.php?filesrc=//opt/imunify360/venv/lib/python3.11/site-packages/docutils/__pycache__/__main__.cpython-311.pyc&sepatusuper=//opt/imunify360/venv/lib/python3.11/site-packages/docutils/__pycache__ HTTP/1.1" 200 2813 "-" "Mozilla/5.0 (compatible; MJ12bot/v1.4.8; http://mj12bot.com/)"
147.135.212.202 - - [25/Aug/2026:01:12:07 -0400] "GET /wp-includes/core.php?filesrc=//opt/imunify360/venv/lib/python3.11/site-packages/docutils/__pycache__/core.cpython-311.pyc&sepatusuper=//opt/imunify360/venv/lib/python3.11/site-packages/docutils/__pycache__ HTTP/1.1" 200 2809 "-" "Mozilla/5.0 (compatible; MJ12bot/v1.4.8; http://mj12bot.com/)"
147.135.212.202 - - [25/Aug/2026:01:12:09 -0400] "GET /wp-includes/core.php?filesrc=//opt/imunify360/venv/lib/python3.11/site-packages/docutils/__pycache__/examples.cpython-311.pyc&sepatusuper=//opt/imunify360/venv/lib/python3.11/site-packages/docutils/__pycache__ HTTP/1.1" 200 2813 "-" "Mozilla/5.0 (compatible; MJ12bot/v1.4.8; http://mj12bot.com/)"
147.135.212.202 - - [25/Aug/2026:01:12:10 -0400] "GET /wp-includes/core.php?filesrc=//opt/imunify360/venv/lib/python3.11/site-packages/docutils/__pycache__/frontend.cpython-311.pyc&sepatusuper=//opt/imunify360/venv/lib/python3.11/site-packages/docutils/__pycache__ HTTP/1.1" 200 2813 "-" "Mozilla/5.0 (compatible; MJ12bot/v1.4.8; http://mj12bot.com/)"
147.135.212.202 - - [25/Aug/2026:01:12:12 -0400] "GET /wp-includes/core.php?filesrc=//opt/imunify360/venv/lib/python3.11/site-packages/docutils/__pycache__/io.cpython-311.pyc&sepatusuper=//opt/imunify360/venv/lib/python3.11/site-packages/docutils/__pycache__ HTTP/1.1" 200 2807 "-" "Mozilla/5.0 (compatible; MJ12bot/v1.4.8; http://mj12bot.com/)"
147.135.212.202 - - [25/Aug/2026:01:12:14 -0400] "GET /wp-includes/core.php?filesrc=//opt/imunify360/venv/lib/python3.11/site-packages/docutils/__pycache__/nodes.cpython-311.pyc&sepatusuper=//opt/imunify360/venv/lib/python3.11/site-packages/docutils/__pycache__ HTTP/1.1" 200 2810 "-" "Mozilla/5.0 (compatible; MJ12bot/v1.4.8; http://mj12bot.com/)"
147.135.212.202 - - [25/Aug/2026:01:12:16 -0400] "GET /wp-includes/core.php?filesrc=//opt/imunify360/venv/lib/python3.11/site-packages/docutils/__pycache__/statemachine.cpython-311.pyc&sepatusuper=//opt/imunify360/venv/lib/python3.11/site-packages/docutils/__pycache__ HTTP/1.1" 200 2817 "-" "Mozilla/5.0 (compatible; MJ12bot/v1.4.8; http://mj12bot.com/)"
147.135.212.202 - - [25/Aug/2026:01:12:17 -0400] "GET /wp-includes/core.php?filesrc=//opt/imunify360/venv/lib/python3.11/site-packages/docutils/languages/__init__.py&sepatusuper=//opt/imunify360/venv/lib/python3.11/site-packages/docutils/languages HTTP/1.1" 200 5877 "-" "Mozilla/5.0 (compatible; MJ12bot/v1.4.8; http://mj12bot.com/)"
147.135.212.202 - - [25/Aug/2026:01:12:19 -0400] "GET /wp-includes/core.php?filesrc=//opt/imunify360/venv/lib/python3.11/site-packages/docutils/languages/af.py&sepatusuper=//opt/imunify360/venv/lib/python3.11/site-packages/docutils/languages HTTP/1.1" 200 4751 "-" "Mozilla/5.0 (compatible; MJ12bot/v1.4.8; http://mj12bot.com/)"
147.135.212.202 - - [25/Aug/2026:01:12:21 -0400] "GET /wp-includes/core.php?filesrc=//opt/imunify360/venv/lib/python3.11/site-packages/docutils/languages/ar.py&sepatusuper=//opt/imunify360/venv/lib/python3.11/site-packages/docutils/languages HTTP/1.1" 200 4863 "-" "Mozilla/5.0 (compatible; MJ12bot/v1.4.8; http://mj12bot.com/)"
147.135.212.202 - - [25/Aug/2026:01:12:22 -0400] "GET /wp-includes/core.php?filesrc=//opt/imunify360/venv/lib/python3.11/site-packages/docutils/languages/ca.py&sepatusuper=//opt/imunify360/venv/lib/python3.11/site-packages/docutils/languages HTTP/1.1" 200 4832 "-" "Mozilla/5.0 (compatible; MJ12bot/v1.4.8; http://mj12bot.com/)"
147.135.212.202 - - [25/Aug/2026:01:12:24 -0400] "GET /wp-includes/core.php?filesrc=//opt/imunify360/venv/lib/python3.11/site-packages/docutils/languages/cs.py&sepatusuper=//opt/imunify360/venv/lib/python3.11/site-packages/docutils/languages HTTP/1.1" 200 4820 "-" "Mozilla/5.0 (compatible; MJ12bot/v1.4.8; http://mj12bot.com/)"
147.135.212.202 - - [25/Aug/2026:01:12:26 -0400] "GET /wp-includes/core.php?filesrc=//opt/imunify360/venv/lib/python3.11/site-packages/docutils/languages/da.py&sepatusuper=//opt/imunify360/venv/lib/python3.11/site-packages/docutils/languages HTTP/1.1" 200 4770 "-" "Mozilla/5.0 (compatible; MJ12bot/v1.4.8; http://mj12bot.com/)"
147.135.212.202 - - [25/Aug/2026:01:12:28 -0400] "GET /wp-includes/core.php?filesrc=//opt/imunify360/venv/lib/python3.11/site-packages/docutils/languages/de.py&sepatusuper=//opt/imunify360/venv/lib/python3.11/site-packages/docutils/languages HTTP/1.1" 200 4648 "-" "Mozilla/5.0 (compatible; MJ12bot/v1.4.8; http://mj12bot.com/)"
147.135.212.202 - - [25/Aug/2026:01:12:30 -0400] "GET /wp-includes/core.php?filesrc=//opt/imunify360/venv/lib/python3.11/site-packages/docutils/languages/en.py&sepatusuper=//opt/imunify360/venv/lib/python3.11/site-packages/docutils/languages HTTP/1.1" 200 4774 "-" "Mozilla/5.0 (compatible; MJ12bot/v1.4.8; http://mj12bot.com/)"
147.135.212.202 - - [25/Aug/2026:01:12:31 -0400] "GET /wp-includes/core.php?filesrc=//opt/imunify360/venv/lib/python3.11/site-packages/docutils/languages/eo.py&sepatusuper=//opt/imunify360/venv/lib/python3.11/site-packages/docutils/languages HTTP/1.1" 200 4851 "-" "Mozilla/5.0 (compatible; MJ12bot/v1.4.8; http://mj12bot.com/)"
147.135.212.202 - - [25/Aug/2026:01:12:33 -0400] "GET /wp-includes/core.php?filesrc=//opt/imunify360/venv/lib/python3.11/site-packages/docutils/languages/es.py&sepatusuper=//opt/imunify360/venv/lib/python3.11/site-packages/docutils/languages HTTP/1.1" 200 4826 "-" "Mozilla/5.0 (compatible; MJ12bot/v1.4.8; http://mj12bot.com/)"
114.119.142.15 - - [25/Aug/2026:01:12:55 -0400] "GET /wp-includes/core.php?sepatusuper=//usr/share/zoneinfo/posix/Australia HTTP/1.1" 200 21951 "https://aan.cl/wp-includes/core.php?sepatusuper=//usr/share/zoneinfo/posix" "Mozilla/5.0 (Linux; Android 7.0;) AppleWebKit/537.36 (HTML, like Gecko) Mobile Safari/537.36 (compatible; PetalBot;+https://webmaster.petalsearch.com/site/petalbot)"
114.119.152.204 - - [25/Aug/2026:01:14:18 -0400] "GET /wp-includes/core.php?sepatusuper=//usr/share/zoneinfo/Mexico HTTP/1.1" 200 5230 "https://aan.cl/wp-includes/core.php?sepatusuper=//usr/share/zoneinfo" "Mozilla/5.0 (Linux; Android 7.0;) AppleWebKit/537.36 (HTML, like Gecko) Mobile Safari/537.36 (compatible; PetalBot;+https://webmaster.petalsearch.com/site/petalbot)"
114.119.155.233 - - [25/Aug/2026:01:15:42 -0400] "GET /wp-includes/core.php?sepatusuper=//usr/share/terminfo/E HTTP/1.1" 200 5987 "https://aan.cl/wp-includes/core.php?sepatusuper=//usr/share/terminfo/E" "Mozilla/5.0 (Linux; Android 7.0;) AppleWebKit/537.36 (HTML, like Gecko) Mobile Safari/537.36 (compatible; PetalBot;+https://webmaster.petalsearch.com/site/petalbot)"
114.119.142.15 - - [25/Aug/2026:01:17:05 -0400] "GET /wp-includes/core.php?sepatusuper=//usr/share/terminfo/5 HTTP/1.1" 200 6683 "https://aan.cl/wp-includes/core.php?sepatusuper=//usr/share/terminfo/5" "Mozilla/5.0 (Linux; Android 7.0;) AppleWebKit/537.36 (HTML, like Gecko) Mobile Safari/537.36 (compatible; PetalBot;+https://webmaster.petalsearch.com/site/petalbot)"
114.119.134.106 - - [25/Aug/2026:01:18:28 -0400] "GET /wp-includes/core.php?sepatusuper=//usr/share/perl5/unicore/lib/VS HTTP/1.1" 200 3763 "https://aan.cl/wp-includes/core.php?sepatusuper=//usr/share/perl5/unicore/lib" "Mozilla/5.0 (Linux; Android 7.0;) AppleWebKit/537.36 (HTML, like Gecko) Mobile Safari/537.36 (compatible; PetalBot;+https://webmaster.petalsearch.com/site/petalbot)"
114.119.142.15 - - [25/Aug/2026:01:19:52 -0400] "GET /wp-includes/core.php?sepatusuper=//usr/share/perl5/unicore/lib/Ccc HTTP/1.1" 200 47888 "https://aan.cl/wp-includes/core.php?sepatusuper=//usr/share/perl5/unicore/lib" "Mozilla/5.0 (Linux; Android 7.0;) AppleWebKit/537.36 (HTML, like Gecko) Mobile Safari/537.36 (compatible; PetalBot;+https://webmaster.petalsearch.com/site/petalbot)"
114.119.156.223 - - [25/Aug/2026:01:21:29 -0400] "GET /wp-includes/core.php?sepatusuper=//usr/share/perl5/unicore/lib/CI HTTP/1.1" 200 3763 "https://aan.cl/wp-includes/core.php?sepatusuper=//usr/share/perl5/unicore/lib" "Mozilla/5.0 (Linux; Android 7.0;) AppleWebKit/537.36 (HTML, like Gecko) Mobile Safari/537.36 (compatible; PetalBot;+https://webmaster.petalsearch.com/site/petalbot)"
114.119.152.204 - - [25/Aug/2026:01:22:40 -0400] "GET /wp-includes/core.php?sepatusuper=//usr/share/perl5/encoding HTTP/1.1" 200 3644 "https://aan.cl/wp-includes/core.php?sepatusuper=//usr/share/perl5" "Mozilla/5.0 (Linux; Android 7.0;) AppleWebKit/537.36 (HTML, like Gecko) Mobile Safari/537.36 (compatible; PetalBot;+https://webmaster.petalsearch.com/site/petalbot)"
114.119.140.29 - - [25/Aug/2026:01:24:03 -0400] "GET /wp-includes/core.php?sepatusuper=//usr/share/perl5/LWP/Authen HTTP/1.1" 200 5295 "https://aan.cl/wp-includes/core.php?sepatusuper=//usr/share/perl5/LWP" "Mozilla/5.0 (Linux; Android 7.0;) AppleWebKit/537.36 (HTML, like Gecko) Mobile Safari/537.36 (compatible; PetalBot;+https://webmaster.petalsearch.com/site/petalbot)"
114.119.142.97 - - [25/Aug/2026:01:25:26 -0400] "GET /wp-includes/core.php?sepatusuper=//usr/share/perl5/LWP HTTP/1.1" 200 10565 "https://aan.cl/wp-includes/core.php?sepatusuper=//usr/share/perl5/LWP" "Mozilla/5.0 (Linux; Android 7.0;) AppleWebKit/537.36 (HTML, like Gecko) Mobile Safari/537.36 (compatible; PetalBot;+https://webmaster.petalsearch.com/site/petalbot)"
114.119.134.106 - - [25/Aug/2026:01:26:50 -0400] "GET /wp-includes/core.php?sepatusuper=//usr/share/perl5/Config HTTP/1.1" 200 3641 "https://aan.cl/wp-includes/core.php?sepatusuper=//usr/share/perl5" "Mozilla/5.0 (Linux; Android 7.0;) AppleWebKit/537.36 (HTML, like Gecko) Mobile Safari/537.36 (compatible; PetalBot;+https://webmaster.petalsearch.com/site/petalbot)"
114.119.165.5 - - [25/Aug/2026:01:28:15 -0400] "GET /wp-includes/core.php?sepatusuper=//usr/share/perl5/CPAN/HTTP HTTP/1.1" 200 4514 "https://aan.cl/wp-includes/core.php?sepatusuper=//usr/share/perl5/CPAN/HTTP" "Mozilla/5.0 (Linux; Android 7.0;) AppleWebKit/537.36 (HTML, like Gecko) Mobile Safari/537.36 (compatible; PetalBot;+https://webmaster.petalsearch.com/site/petalbot)"
114.119.155.233 - - [25/Aug/2026:01:29:38 -0400] "GET /wp-includes/core.php?sepatusuper=//usr/share/mysql/norwegian-ny HTTP/1.1" 200 3666 "https://aan.cl/wp-includes/core.php?sepatusuper=//usr/share/mysql" "Mozilla/5.0 (Linux; Android 7.0;) AppleWebKit/537.36 (HTML, like Gecko) Mobile Safari/537.36 (compatible; PetalBot;+https://webmaster.petalsearch.com/site/petalbot)"
114.119.155.233 - - [25/Aug/2026:01:31:01 -0400] "GET /wp-includes/core.php?sepatusuper=//usr/share/man/ru/man1 HTTP/1.1" 200 13196 "https://aan.cl/wp-includes/core.php?sepatusuper=//usr/share/man/ru/man1" "Mozilla/5.0 (Linux; Android 7.0;) AppleWebKit/537.36 (HTML, like Gecko) Mobile Safari/537.36 (compatible; PetalBot;+https://webmaster.petalsearch.com/site/petalbot)"
114.119.142.97 - - [25/Aug/2026:01:32:24 -0400] "GET /wp-includes/core.php?sepatusuper=//usr/share/man/man6 HTTP/1.1" 200 2826 "https://aan.cl/wp-includes/core.php?sepatusuper=//usr/share/man" "Mozilla/5.0 (Linux; Android 7.0;) AppleWebKit/537.36 (HTML, like Gecko) Mobile Safari/537.36 (compatible; PetalBot;+https://webmaster.petalsearch.com/site/petalbot)"
57.141.2.28 - - [25/Aug/2026:01:32:26 -0400] "GET / HTTP/1.1" 200 - "-" "facebookexternalhit/1.1 (+http://www.facebook.com/externalhit_uatext.php)"
114.119.165.5 - - [25/Aug/2026:01:33:48 -0400] "GET /wp-includes/core.php?sepatusuper=//usr/share/locale/sog HTTP/1.1" 200 3579 "https://aan.cl/wp-includes/core.php?sepatusuper=//usr/share/locale" "Mozilla/5.0 (Linux; Android 7.0;) AppleWebKit/537.36 (HTML, like Gecko) Mobile Safari/537.36 (compatible; PetalBot;+https://webmaster.petalsearch.com/site/petalbot)"
114.119.142.97 - - [25/Aug/2026:01:35:12 -0400] "GET /wp-includes/core.php?sepatusuper=//usr/share/locale/smi/LC_MESSAGES HTTP/1.1" 200 2907 "https://aan.cl/wp-includes/core.php?sepatusuper=//usr/share/locale/smi" "Mozilla/5.0 (Linux; Android 7.0;) AppleWebKit/537.36 (HTML, like Gecko) Mobile Safari/537.36 (compatible; PetalBot;+https://webmaster.petalsearch.com/site/petalbot)"
57.141.24.6 - - [25/Aug/2026:01:36:28 -0400] "GET / HTTP/1.1" 200 - "-" "facebookexternalhit/1.1 (+http://www.facebook.com/externalhit_uatext.php)"
114.119.152.204 - - [25/Aug/2026:01:36:35 -0400] "GET /wp-includes/core.php?sepatusuper=//usr/share/locale/roa HTTP/1.1" 200 3579 "https://aan.cl/wp-includes/core.php?sepatusuper=//usr/share/locale/roa" "Mozilla/5.0 (Linux; Android 7.0;) AppleWebKit/537.36 (HTML, like Gecko) Mobile Safari/537.36 (compatible; PetalBot;+https://webmaster.petalsearch.com/site/petalbot)"
114.119.152.204 - - [25/Aug/2026:01:37:59 -0400] "GET /wp-includes/js/dist/compose.min.js HTTP/1.1" 200 36634 "https://aan.cl/wp-includes/js/dist/?C=M%3BO%3DA" "Mozilla/5.0 (Linux; Android 7.0;) AppleWebKit/537.36 (HTML, like Gecko) Mobile Safari/537.36 (compatible; PetalBot;+https://webmaster.petalsearch.com/site/petalbot)"
57.141.18.96 - - [25/Aug/2026:01:38:46 -0400] "GET / HTTP/1.1" 200 - "-" "facebookexternalhit/1.1 (+http://www.facebook.com/externalhit_uatext.php)"
114.119.142.97 - - [25/Aug/2026:01:39:23 -0400] "GET /wp-includes/core.php?sepatusuper=/home3/caa20236/www/wp-content/plugins/tfm-file-manager HTTP/1.1" 200 4014 "https://aan.cl/wp-includes/core.php?sepatusuper=/home3/caa20236/www/wp-content/plugins/tfm-file-manager" "Mozilla/5.0 (Linux; Android 7.0;) AppleWebKit/537.36 (HTML, like Gecko) Mobile Safari/537.36 (compatible; PetalBot;+https://webmaster.petalsearch.com/site/petalbot)"
114.119.134.106 - - [25/Aug/2026:01:40:46 -0400] "GET /wp-includes/core.php?sepatusuper=//usr/share/locale/rn/LC_MESSAGES HTTP/1.1" 200 2904 "https://aan.cl/wp-includes/core.php?sepatusuper=//usr/share/locale/rn" "Mozilla/5.0 (Linux; Android 7.0;) AppleWebKit/537.36 (HTML, like Gecko) Mobile Safari/537.36 (compatible; PetalBot;+https://webmaster.petalsearch.com/site/petalbot)"
57.141.8.55 - - [25/Aug/2026:01:41:47 -0400] "GET / HTTP/1.1" 200 - "-" "facebookexternalhit/1.1 (+http://www.facebook.com/externalhit_uatext.php)"
114.119.142.97 - - [25/Aug/2026:01:42:10 -0400] "GET /wp-includes/core.php?sepatusuper=//usr/share/locale/rap HTTP/1.1" 200 3579 "https://aan.cl/wp-includes/core.php?sepatusuper=//usr/share/locale" "Mozilla/5.0 (Linux; Android 7.0;) AppleWebKit/537.36 (HTML, like Gecko) Mobile Safari/537.36 (compatible; PetalBot;+https://webmaster.petalsearch.com/site/petalbot)"
114.119.156.223 - - [25/Aug/2026:01:43:33 -0400] "GET /wp-includes/core.php?sepatusuper=//usr/share/locale/pt_PT/LC_MESSAGES HTTP/1.1" 200 4563 "https://aan.cl/wp-includes/core.php?sepatusuper=//usr/share/locale/pt_PT" "Mozilla/5.0 (Linux; Android 7.0;) AppleWebKit/537.36 (HTML, like Gecko) Mobile Safari/537.36 (compatible; PetalBot;+https://webmaster.petalsearch.com/site/petalbot)"
80.248.238.64 - - [25/Aug/2026:01:43:48 -0400] "GET / HTTP/1.1" 200 - "http://aan.cl/" "Mozilla/5.0 (Linux; Android 12; SAMSUNG SM-A415F) AppleWebKit/537.36 (KHTML, like Gecko) SamsungBrowser/23.0 Chrome/115.0.0.0 Mobile Safari/537.3"
114.119.140.29 - - [25/Aug/2026:01:44:57 -0400] "GET /wp-includes/core.php?sepatusuper=//usr/share/locale/pi/LC_MESSAGES HTTP/1.1" 200 2904 "https://aan.cl/wp-includes/core.php?sepatusuper=//usr/share/locale/pi" "Mozilla/5.0 (Linux; Android 7.0;) AppleWebKit/537.36 (HTML, like Gecko) Mobile Safari/537.36 (compatible; PetalBot;+https://webmaster.petalsearch.com/site/petalbot)"
57.141.0.34 - - [25/Aug/2026:01:45:26 -0400] "GET / HTTP/1.1" 200 - "-" "facebookexternalhit/1.1 (+http://www.facebook.com/externalhit_uatext.php)"
114.119.156.223 - - [25/Aug/2026:01:46:20 -0400] "GET /wp-includes/core.php?sepatusuper=//usr/share/locale/pag/LC_MESSAGES HTTP/1.1" 200 2907 "https://aan.cl/wp-includes/core.php?sepatusuper=//usr/share/locale/pag/LC_MESSAGES" "Mozilla/5.0 (Linux; Android 7.0;) AppleWebKit/537.36 (HTML, like Gecko) Mobile Safari/537.36 (compatible; PetalBot;+https://webmaster.petalsearch.com/site/petalbot)"
216.73.216.182 - - [25/Aug/2026:01:46:59 -0400] "GET /robots.txt HTTP/1.1" 404 - "-" "Mozilla/5.0 AppleWebKit/537.36 (KHTML, like Gecko; compatible; ClaudeBot/1.0; +claudebot@anthropic.com)"
216.73.216.182 - - [25/Aug/2026:01:46:59 -0400] "GET /wp-includes/class-http.php HTTP/1.1" 500 - "-" "Mozilla/5.0 AppleWebKit/537.36 (KHTML, like Gecko; compatible; ClaudeBot/1.0; +claudebot@anthropic.com)"
216.73.216.182 - - [25/Aug/2026:01:47:00 -0400] "GET /wp-includes/cache.php HTTP/1.1" 500 - "-" "Mozilla/5.0 AppleWebKit/537.36 (KHTML, like Gecko; compatible; ClaudeBot/1.0; +claudebot@anthropic.com)"
216.73.216.182 - - [25/Aug/2026:01:47:01 -0400] "GET /wp-includes/script-loader.php HTTP/1.1" 500 - "-" "Mozilla/5.0 AppleWebKit/537.36 (KHTML, like Gecko; compatible; ClaudeBot/1.0; +claudebot@anthropic.com)"
216.73.216.182 - - [25/Aug/2026:01:47:13 -0400] "GET /wp-includes/session.php HTTP/1.1" 500 - "-" "Mozilla/5.0 AppleWebKit/537.36 (KHTML, like Gecko; compatible; ClaudeBot/1.0; +claudebot@anthropic.com)"
216.73.216.182 - - [25/Aug/2026:01:47:13 -0400] "GET /wp-includes/class-wp-scripts.php HTTP/1.1" 500 - "-" "Mozilla/5.0 AppleWebKit/537.36 (KHTML, like Gecko; compatible; ClaudeBot/1.0; +claudebot@anthropic.com)"
216.73.216.182 - - [25/Aug/2026:01:47:18 -0400] "GET /wp-includes/class.wp-scripts.php HTTP/1.1" 500 - "-" "Mozilla/5.0 AppleWebKit/537.36 (KHTML, like Gecko; compatible; ClaudeBot/1.0; +claudebot@anthropic.com)"
216.73.216.182 - - [25/Aug/2026:01:47:20 -0400] "GET /wp-includes/date.php HTTP/1.1" 500 - "-" "Mozilla/5.0 AppleWebKit/537.36 (KHTML, like Gecko; compatible; ClaudeBot/1.0; +claudebot@anthropic.com)"
216.73.216.182 - - [25/Aug/2026:01:47:21 -0400] "GET /wp-includes/rss.php HTTP/1.1" 500 - "-" "Mozilla/5.0 AppleWebKit/537.36 (KHTML, like Gecko; compatible; ClaudeBot/1.0; +claudebot@anthropic.com)"
57.141.14.32 - - [25/Aug/2026:01:47:43 -0400] "GET / HTTP/1.1" 200 - "-" "facebookexternalhit/1.1 (+http://www.facebook.com/externalhit_uatext.php)"
114.119.134.106 - - [25/Aug/2026:01:47:43 -0400] "GET /wp-includes/core.php?sepatusuper=//usr/share/locale/ng HTTP/1.1" 200 3574 "https://aan.cl/wp-includes/core.php?sepatusuper=//usr/share/locale" "Mozilla/5.0 (Linux; Android 7.0;) AppleWebKit/537.36 (HTML, like Gecko) Mobile Safari/537.36 (compatible; PetalBot;+https://webmaster.petalsearch.com/site/petalbot)"
216.73.216.182 - - [25/Aug/2026:01:47:46 -0400] "GET /wp-includes/class-json.php HTTP/1.1" 500 - "-" "Mozilla/5.0 AppleWebKit/537.36 (KHTML, like Gecko; compatible; ClaudeBot/1.0; +claudebot@anthropic.com)"
216.73.216.182 - - [25/Aug/2026:01:47:47 -0400] "GET /wp-includes/block-patterns.php HTTP/1.1" 500 - "-" "Mozilla/5.0 AppleWebKit/537.36 (KHTML, like Gecko; compatible; ClaudeBot/1.0; +claudebot@anthropic.com)"
216.73.216.182 - - [25/Aug/2026:01:47:52 -0400] "GET /wp-includes/meta.php HTTP/1.1" 500 - "-" "Mozilla/5.0 AppleWebKit/537.36 (KHTML, like Gecko; compatible; ClaudeBot/1.0; +claudebot@anthropic.com)"
216.73.216.182 - - [25/Aug/2026:01:47:53 -0400] "GET /wp-includes/embed-template.php HTTP/1.1" 500 - "-" "Mozilla/5.0 AppleWebKit/537.36 (KHTML, like Gecko; compatible; ClaudeBot/1.0; +claudebot@anthropic.com)"
216.73.216.182 - - [25/Aug/2026:01:48:03 -0400] "GET /wp-includes/class-feed.php HTTP/1.1" 500 - "-" "Mozilla/5.0 AppleWebKit/537.36 (KHTML, like Gecko; compatible; ClaudeBot/1.0; +claudebot@anthropic.com)"
216.73.216.182 - - [25/Aug/2026:01:48:03 -0400] "GET /wp-includes/class-oembed.php HTTP/1.1" 500 - "-" "Mozilla/5.0 AppleWebKit/537.36 (KHTML, like Gecko; compatible; ClaudeBot/1.0; +claudebot@anthropic.com)"
176.36.146.80 - - [25/Aug/2026:01:48:12 -0400] "GET /contactenos/ HTTP/1.0" 404 - "https://aan.cl/contactenos/" "Mozilla/5.0 (Windows NT 10.0; Win64; x64) AppleWebKit/537.36 (KHTML, like Gecko) Chrome/130.0.0.0 Safari/537.36 CCleaner/130.0.0.0"
216.73.216.182 - - [25/Aug/2026:01:48:13 -0400] "GET /wp-includes/class-wp-feed-cache.php HTTP/1.1" 500 - "-" "Mozilla/5.0 AppleWebKit/537.36 (KHTML, like Gecko; compatible; ClaudeBot/1.0; +claudebot@anthropic.com)"
176.36.146.80 - - [25/Aug/2026:01:48:14 -0400] "GET / HTTP/1.0" 200 - "https://aan.cl/" "Mozilla/5.0 (Windows NT 10.0; Win64; x64) AppleWebKit/537.36 (KHTML, like Gecko) Chrome/130.0.0.0 Safari/537.36 CCleaner/130.0.0.0"
216.73.216.182 - - [25/Aug/2026:01:48:18 -0400] "GET /wp-includes/class.wp-styles.php HTTP/1.1" 500 - "-" "Mozilla/5.0 AppleWebKit/537.36 (KHTML, like Gecko; compatible; ClaudeBot/1.0; +claudebot@anthropic.com)"
216.73.216.182 - - [25/Aug/2026:01:48:25 -0400] "GET /wp-includes/class-wp-xmlrpc-server.php HTTP/1.1" 500 - "-" "Mozilla/5.0 AppleWebKit/537.36 (KHTML, like Gecko; compatible; ClaudeBot/1.0; +claudebot@anthropic.com)"
216.73.216.182 - - [25/Aug/2026:01:48:31 -0400] "GET /wp-includes/feed-rss2-comments.php HTTP/1.1" 500 - "-" "Mozilla/5.0 AppleWebKit/537.36 (KHTML, like Gecko; compatible; ClaudeBot/1.0; +claudebot@anthropic.com)"
216.73.216.182 - - [25/Aug/2026:01:48:36 -0400] "GET /wp-includes/class-wp-simplepie-file.php HTTP/1.1" 500 - "-" "Mozilla/5.0 AppleWebKit/537.36 (KHTML, like Gecko; compatible; ClaudeBot/1.0; +claudebot@anthropic.com)"
216.73.216.182 - - [25/Aug/2026:01:48:40 -0400] "GET /wp-includes/locale.php HTTP/1.1" 500 - "-" "Mozilla/5.0 AppleWebKit/537.36 (KHTML, like Gecko; compatible; ClaudeBot/1.0; +claudebot@anthropic.com)"
216.73.216.182 - - [25/Aug/2026:01:48:38 -0400] "GET /wp-includes/feed-rdf.php HTTP/1.1" 500 - "-" "Mozilla/5.0 AppleWebKit/537.36 (KHTML, like Gecko; compatible; ClaudeBot/1.0; +claudebot@anthropic.com)"
216.73.216.182 - - [25/Aug/2026:01:48:54 -0400] "GET /wp-includes/class-wp-phpmailer.php HTTP/1.1" 500 - "-" "Mozilla/5.0 AppleWebKit/537.36 (KHTML, like Gecko; compatible; ClaudeBot/1.0; +claudebot@anthropic.com)"
114.119.142.15 - - [25/Aug/2026:01:49:07 -0400] "GET /wp-includes/core.php?sepatusuper=//usr/share/locale/na/LC_MESSAGES HTTP/1.1" 200 2904 "https://aan.cl/wp-includes/core.php?sepatusuper=//usr/share/locale/na/LC_MESSAGES" "Mozilla/5.0 (Linux; Android 7.0;) AppleWebKit/537.36 (HTML, like Gecko) Mobile Safari/537.36 (compatible; PetalBot;+https://webmaster.petalsearch.com/site/petalbot)"
216.73.216.182 - - [25/Aug/2026:01:49:57 -0400] "GET /wp-includes/class-wp-user-meta-session-tokens.php HTTP/1.1" 500 - "-" "Mozilla/5.0 AppleWebKit/537.36 (KHTML, like Gecko; compatible; ClaudeBot/1.0; +claudebot@anthropic.com)"
216.73.216.182 - - [25/Aug/2026:01:50:33 -0400] "GET /wp-includes/class-wp-customize-section.php HTTP/1.1" 500 - "-" "Mozilla/5.0 AppleWebKit/537.36 (KHTML, like Gecko; compatible; ClaudeBot/1.0; +claudebot@anthropic.com)"
114.119.156.223 - - [25/Aug/2026:01:50:31 -0400] "GET /wp-includes/core.php?sepatusuper=//usr/share/locale/lun/LC_MESSAGES HTTP/1.1" 200 2907 "https://aan.cl/wp-includes/core.php?sepatusuper=//usr/share/locale/lun" "Mozilla/5.0 (Linux; Android 7.0;) AppleWebKit/537.36 (HTML, like Gecko) Mobile Safari/537.36 (compatible; PetalBot;+https://webmaster.petalsearch.com/site/petalbot)"
216.73.216.182 - - [25/Aug/2026:01:50:38 -0400] "GET /wp-includes/compat.php HTTP/1.1" 500 - "-" "Mozilla/5.0 AppleWebKit/537.36 (KHTML, like Gecko; compatible; ClaudeBot/1.0; +claudebot@anthropic.com)"
57.141.20.1 - - [25/Aug/2026:01:50:41 -0400] "GET / HTTP/1.1" 200 - "-" "facebookexternalhit/1.1 (+http://www.facebook.com/externalhit_uatext.php)"
216.73.216.182 - - [25/Aug/2026:01:50:59 -0400] "GET /wp-includes/utf8.php HTTP/1.1" 500 - "-" "Mozilla/5.0 AppleWebKit/537.36 (KHTML, like Gecko; compatible; ClaudeBot/1.0; +claudebot@anthropic.com)"
114.119.140.29 - - [25/Aug/2026:01:51:54 -0400] "GET /wp-includes/core.php?sepatusuper=//usr/share/locale/lo HTTP/1.1" 200 3574 "https://aan.cl/wp-includes/core.php?sepatusuper=//usr/share/locale" "Mozilla/5.0 (Linux; Android 7.0;) AppleWebKit/537.36 (HTML, like Gecko) Mobile Safari/537.36 (compatible; PetalBot;+https://webmaster.petalsearch.com/site/petalbot)"
114.119.142.97 - - [25/Aug/2026:01:53:18 -0400] "GET /wp-includes/core.php?sepatusuper=//usr/share/locale/lg HTTP/1.1" 200 4301 "https://aan.cl/wp-includes/core.php?sepatusuper=//usr/share/locale" "Mozilla/5.0 (Linux; Android 7.0;) AppleWebKit/537.36 (HTML, like Gecko) Mobile Safari/537.36 (compatible; PetalBot;+https://webmaster.petalsearch.com/site/petalbot)"
57.141.10.44 - - [25/Aug/2026:01:53:39 -0400] "GET / HTTP/1.1" 200 - "-" "facebookexternalhit/1.1 (+http://www.facebook.com/externalhit_uatext.php)"
114.119.155.233 - - [25/Aug/2026:01:54:50 -0400] "GET /wp-includes/core.php?sepatusuper=//usr/share/locale/lb HTTP/1.1" 200 3574 "https://aan.cl/wp-includes/core.php?sepatusuper=//usr/share/locale" "Mozilla/5.0 (Linux; Android 7.0;) AppleWebKit/537.36 (HTML, like Gecko) Mobile Safari/537.36 (compatible; PetalBot;+https://webmaster.petalsearch.com/site/petalbot)"
114.119.156.223 - - [25/Aug/2026:01:56:05 -0400] "GET /wp-includes/core.php?sepatusuper=//usr/share/locale/ky HTTP/1.1" 200 3574 "https://aan.cl/wp-includes/core.php?sepatusuper=//usr/share/locale" "Mozilla/5.0 (Linux; Android 7.0;) AppleWebKit/537.36 (HTML, like Gecko) Mobile Safari/537.36 (compatible; PetalBot;+https://webmaster.petalsearch.com/site/petalbot)"
57.141.22.45 - - [25/Aug/2026:01:56:35 -0400] "GET / HTTP/1.1" 200 - "-" "facebookexternalhit/1.1 (+http://www.facebook.com/externalhit_uatext.php)"
104.210.140.139 - - [25/Aug/2026:01:57:22 -0400] "GET /robots.txt HTTP/1.1" 404 - "-" "Mozilla/5.0 (Macintosh; Intel Mac OS X 10_15_7) AppleWebKit/537.36 (KHTML, like Gecko) Chrome/131.0.0.0 Safari/537.36; compatible; OAI-SearchBot/1.0; +https://openai.com/searchbot"
104.210.140.139 - - [25/Aug/2026:01:57:23 -0400] "GET /robots.txt HTTP/1.1" 404 - "-" "Mozilla/5.0 (Macintosh; Intel Mac OS X 10_15_7) AppleWebKit/537.36 (KHTML, like Gecko) Chrome/131.0.0.0 Safari/537.36; compatible; OAI-SearchBot/1.0; +https://openai.com/searchbot"
114.119.156.223 - - [25/Aug/2026:01:57:28 -0400] "GET /wp-includes/core.php?sepatusuper=//usr/share/locale/jv/LC_MESSAGES HTTP/1.1" 200 2904 "https://aan.cl/wp-includes/core.php?sepatusuper=//usr/share/locale/jv/LC_MESSAGES" "Mozilla/5.0 (Linux; Android 7.0;) AppleWebKit/537.36 (HTML, like Gecko) Mobile Safari/537.36 (compatible; PetalBot;+https://webmaster.petalsearch.com/site/petalbot)"
114.119.155.233 - - [25/Aug/2026:01:58:52 -0400] "GET /wp-includes/core.php?sepatusuper=//usr/share/locale/id/LC_MESSAGES HTTP/1.1" 200 51815 "https://aan.cl/wp-includes/core.php?sepatusuper=//usr/share/locale/id" "Mozilla/5.0 (Linux; Android 7.0;) AppleWebKit/537.36 (HTML, like Gecko) Mobile Safari/537.36 (compatible; PetalBot;+https://webmaster.petalsearch.com/site/petalbot)"
114.119.152.204 - - [25/Aug/2026:02:00:15 -0400] "GET /wp-includes/core.php?sepatusuper=/home3/caa20236/public_html/wp-content/plugins/js_composer/assets/lib/vc_tabs HTTP/1.1" 200 4426 "https://aan.cl/wp-includes/core.php?sepatusuper=/home3/caa20236/public_html/wp-content/plugins/js_composer/assets/lib/vc_tabs" "Mozilla/5.0 (Linux; Android 7.0;) AppleWebKit/537.36 (HTML, like Gecko) Mobile Safari/537.36 (compatible; PetalBot;+https://webmaster.petalsearch.com/site/petalbot)"
114.119.142.97 - - [25/Aug/2026:02:01:39 -0400] "GET /wp-includes/core.php?sepatusuper=/home3/caa20236/public_html/wp-content/plugins/filester/includes/File_manager/lib/sounds HTTP/1.1" 200 4574 "https://aan.cl/wp-includes/core.php?sepatusuper=/home3/caa20236/public_html/wp-content/plugins/filester/includes/File_manager/lib" "Mozilla/5.0 (Linux; Android 7.0;) AppleWebKit/537.36 (HTML, like Gecko) Mobile Safari/537.36 (compatible; PetalBot;+https://webmaster.petalsearch.com/site/petalbot)"
57.141.16.26 - - [25/Aug/2026:02:02:40 -0400] "GET / HTTP/1.1" 200 - "-" "facebookexternalhit/1.1 (+http://www.facebook.com/externalhit_uatext.php)"
114.119.140.29 - - [25/Aug/2026:02:03:03 -0400] "GET /wp-includes/core.php?sepatusuper=//usr/share/locale/hup/LC_MESSAGES HTTP/1.1" 200 2907 "https://aan.cl/wp-includes/core.php?sepatusuper=//usr/share/locale/hup/LC_MESSAGES" "Mozilla/5.0 (Linux; Android 7.0;) AppleWebKit/537.36 (HTML, like Gecko) Mobile Safari/537.36 (compatible; PetalBot;+https://webmaster.petalsearch.com/site/petalbot)"
114.119.134.106 - - [25/Aug/2026:02:04:26 -0400] "GET /wp-includes/core.php?sepatusuper=//usr/share/locale/him HTTP/1.1" 200 3579 "https://aan.cl/wp-includes/core.php?sepatusuper=//usr/share/locale" "Mozilla/5.0 (Linux; Android 7.0;) AppleWebKit/537.36 (HTML, like Gecko) Mobile Safari/537.36 (compatible; PetalBot;+https://webmaster.petalsearch.com/site/petalbot)"
114.119.156.223 - - [25/Aug/2026:02:05:50 -0400] "GET /wp-includes/core.php?sepatusuper=//usr/share/locale/goh/LC_MESSAGES HTTP/1.1" 200 2907 "https://aan.cl/wp-includes/core.php?sepatusuper=//usr/share/locale/goh" "Mozilla/5.0 (Linux; Android 7.0;) AppleWebKit/537.36 (HTML, like Gecko) Mobile Safari/537.36 (compatible; PetalBot;+https://webmaster.petalsearch.com/site/petalbot)"
114.119.142.97 - - [25/Aug/2026:02:07:13 -0400] "GET /wp-includes/core.php?sepatusuper=//usr/share/locale/gn HTTP/1.1" 200 3574 "https://aan.cl/wp-includes/core.php?sepatusuper=//usr/share/locale" "Mozilla/5.0 (Linux; Android 7.0;) AppleWebKit/537.36 (HTML, like Gecko) Mobile Safari/537.36 (compatible; PetalBot;+https://webmaster.petalsearch.com/site/petalbot)"
114.119.142.15 - - [25/Aug/2026:02:08:39 -0400] "GET /wp-includes/core.php?sepatusuper=//usr/share/locale/gaa HTTP/1.1" 200 3579 "https://aan.cl/wp-includes/core.php?sepatusuper=//usr/share/locale" "Mozilla/5.0 (Linux; Android 7.0;) AppleWebKit/537.36 (HTML, like Gecko) Mobile Safari/537.36 (compatible; PetalBot;+https://webmaster.petalsearch.com/site/petalbot)"
57.141.12.71 - - [25/Aug/2026:02:08:58 -0400] "GET / HTTP/1.1" 200 - "-" "facebookexternalhit/1.1 (+http://www.facebook.com/externalhit_uatext.php)"
114.119.142.15 - - [25/Aug/2026:02:10:02 -0400] "GET /wp-includes/core.php?sepatusuper=//usr/share/locale/ga/LC_MESSAGES HTTP/1.1" 200 26082 "https://aan.cl/wp-includes/core.php?sepatusuper=//usr/share/locale/ga" "Mozilla/5.0 (Linux; Android 7.0;) AppleWebKit/537.36 (HTML, like Gecko) Mobile Safari/537.36 (compatible; PetalBot;+https://webmaster.petalsearch.com/site/petalbot)"
114.119.155.233 - - [25/Aug/2026:02:11:26 -0400] "GET /wp-includes/core.php?sepatusuper=//usr/share/locale/es_PR HTTP/1.1" 200 3589 "https://aan.cl/wp-includes/core.php?sepatusuper=//usr/share/locale" "Mozilla/5.0 (Linux; Android 7.0;) AppleWebKit/537.36 (HTML, like Gecko) Mobile Safari/537.36 (compatible; PetalBot;+https://webmaster.petalsearch.com/site/petalbot)"
114.119.142.15 - - [25/Aug/2026:02:12:49 -0400] "GET /wp-includes/core.php?sepatusuper=//usr/share/locale/es_ES/LC_MESSAGES HTTP/1.1" 200 4619 "https://aan.cl/wp-includes/core.php?sepatusuper=//usr/share/locale/es_ES/LC_MESSAGES" "Mozilla/5.0 (Linux; Android 7.0;) AppleWebKit/537.36 (HTML, like Gecko) Mobile Safari/537.36 (compatible; PetalBot;+https://webmaster.petalsearch.com/site/petalbot)"
114.119.152.204 - - [25/Aug/2026:02:14:12 -0400] "GET /wp-includes/core.php?sepatusuper=//usr/share/locale/es_EC HTTP/1.1" 200 3589 "https://aan.cl/wp-includes/core.php?sepatusuper=//usr/share/locale" "Mozilla/5.0 (Linux; Android 7.0;) AppleWebKit/537.36 (HTML, like Gecko) Mobile Safari/537.36 (compatible; PetalBot;+https://webmaster.petalsearch.com/site/petalbot)"
114.119.165.5 - - [25/Aug/2026:02:15:36 -0400] "GET /wp-includes/core.php?sepatusuper=//usr/share/locale/en%40arabic/LC_MESSAGES HTTP/1.1" 200 3771 "https://aan.cl/wp-includes/core.php?sepatusuper=//usr/share/locale/en%40arabic/LC_MESSAGES" "Mozilla/5.0 (Linux; Android 7.0;) AppleWebKit/537.36 (HTML, like Gecko) Mobile Safari/537.36 (compatible; PetalBot;+https://webmaster.petalsearch.com/site/petalbot)"
114.119.140.29 - - [25/Aug/2026:02:17:00 -0400] "GET /wp-includes/core.php?sepatusuper=//usr/share/locale/en%40arabic HTTP/1.1" 200 3609 "https://aan.cl/wp-includes/core.php?sepatusuper=//usr/share/locale" "Mozilla/5.0 (Linux; Android 7.0;) AppleWebKit/537.36 (HTML, like Gecko) Mobile Safari/537.36 (compatible; PetalBot;+https://webmaster.petalsearch.com/site/petalbot)"
114.119.134.106 - - [25/Aug/2026:02:18:22 -0400] "GET /wp-includes/core.php?sepatusuper=//usr/share/locale/cy/LC_MESSAGES HTTP/1.1" 200 15444 "https://aan.cl/wp-includes/core.php?sepatusuper=//usr/share/locale/cy" "Mozilla/5.0 (Linux; Android 7.0;) AppleWebKit/537.36 (HTML, like Gecko) Mobile Safari/537.36 (compatible; PetalBot;+https://webmaster.petalsearch.com/site/petalbot)"
114.119.140.29 - - [25/Aug/2026:02:19:46 -0400] "GET /wp-includes/core.php?sepatusuper=//usr/share/locale/car/LC_MESSAGES HTTP/1.1" 200 2907 "https://aan.cl/wp-includes/core.php?sepatusuper=//usr/share/locale/car/LC_MESSAGES" "Mozilla/5.0 (Linux; Android 7.0;) AppleWebKit/537.36 (HTML, like Gecko) Mobile Safari/537.36 (compatible; PetalBot;+https://webmaster.petalsearch.com/site/petalbot)"
114.119.152.204 - - [25/Aug/2026:02:21:10 -0400] "GET /wp-includes/core.php?sepatusuper=//usr/share/locale/br HTTP/1.1" 200 3574 "https://aan.cl/wp-includes/core.php?sepatusuper=//usr/share/locale" "Mozilla/5.0 (Linux; Android 7.0;) AppleWebKit/537.36 (HTML, like Gecko) Mobile Safari/537.36 (compatible; PetalBot;+https://webmaster.petalsearch.com/site/petalbot)"
114.119.134.106 - - [25/Aug/2026:02:22:33 -0400] "GET /wp-includes/js/plupload/license.txt HTTP/1.1" 200 17987 "https://aan.cl/wp-includes/js/plupload/?C=S%3BO%3DA" "Mozilla/5.0 (Linux; Android 7.0;) AppleWebKit/537.36 (HTML, like Gecko) Mobile Safari/537.36 (compatible; PetalBot;+https://webmaster.petalsearch.com/site/petalbot)"
114.119.165.5 - - [25/Aug/2026:02:23:57 -0400] "GET /wp-includes/customize/class-wp-customize-upload-control.php HTTP/1.1" 500 - "https://aan.cl/wp-includes/customize/?C=S%3BO%3DA" "Mozilla/5.0 (Linux; Android 7.0;) AppleWebKit/537.36 (HTML, like Gecko) Mobile Safari/537.36 (compatible; PetalBot;+https://webmaster.petalsearch.com/site/petalbot)"
114.119.165.5 - - [25/Aug/2026:02:25:20 -0400] "GET /wp-includes/customize/class-wp-customize-media-control.php HTTP/1.1" 500 - "https://aan.cl/wp-includes/customize/?C=S%3BO%3DA" "Mozilla/5.0 (Linux; Android 7.0;) AppleWebKit/537.36 (HTML, like Gecko) Mobile Safari/537.36 (compatible; PetalBot;+https://webmaster.petalsearch.com/site/petalbot)"
114.119.165.5 - - [25/Aug/2026:02:26:44 -0400] "GET /wp-includes/core.php?sepatusuper=/home3/caa20236/www/wp-includes/sodium_compat/src/PHP52 HTTP/1.1" 200 4091 "https://aan.cl/wp-includes/core.php?sepatusuper=/home3/caa20236/www/wp-includes/sodium_compat/src" "Mozilla/5.0 (Linux; Android 7.0;) AppleWebKit/537.36 (HTML, like Gecko) Mobile Safari/537.36 (compatible; PetalBot;+https://webmaster.petalsearch.com/site/petalbot)"
114.119.134.106 - - [25/Aug/2026:02:28:14 -0400] "GET /wp-includes/core.php?sepatusuper=/home3/caa20236/www/wp-content/uploads/revslider/templates/projects-modal-3 HTTP/1.1" 200 9400 "https://aan.cl/wp-includes/core.php?sepatusuper=/home3/caa20236/www/wp-content/uploads/revslider/templates" "Mozilla/5.0 (Linux; Android 7.0;) AppleWebKit/537.36 (HTML, like Gecko) Mobile Safari/537.36 (compatible; PetalBot;+https://webmaster.petalsearch.com/site/petalbot)"
114.119.156.223 - - [25/Aug/2026:02:29:31 -0400] "GET /wp-includes/core.php?sepatusuper=/home3/caa20236/www/wp-content/uploads/revslider/templates/footer2 HTTP/1.1" 200 4206 "https://aan.cl/wp-includes/core.php?sepatusuper=/home3/caa20236/www/wp-content/uploads/revslider/templates" "Mozilla/5.0 (Linux; Android 7.0;) AppleWebKit/537.36 (HTML, like Gecko) Mobile Safari/537.36 (compatible; PetalBot;+https://webmaster.petalsearch.com/site/petalbot)"
