216.73.216.182 - - [25/Aug/2026:04:41:12 -0400] "GET /wp-includes/core.php?filesrc=%2Fhome3%2Fcaa20236%2Fpublic_html%2Fwp-includes%2Fclass.wp-scripts.php&sepatusuper=%2Fhome3%2Fcaa20236%2Fpublic_html%2Fwp-includes HTTP/1.1" 200 2784 "-" "Mozilla/5.0 AppleWebKit/537.36 (KHTML, like Gecko; compatible; ClaudeBot/1.0; +claudebot@anthropic.com)"
216.73.216.182 - - [25/Aug/2026:04:41:17 -0400] "GET /wp-includes/core.php?filesrc=%2Fhome3%2Fcaa20236%2Fpublic_html%2Fwp-includes%2Fclass-http.php&sepatusuper=%2Fhome3%2Fcaa20236%2Fpublic_html%2Fwp-includes HTTP/1.1" 200 2802 "-" "Mozilla/5.0 AppleWebKit/537.36 (KHTML, like Gecko; compatible; ClaudeBot/1.0; +claudebot@anthropic.com)"
114.119.142.97 - - [25/Aug/2026:04:41:21 -0400] "GET /wp-includes/core.php?sepatusuper=/home3/caa20236/www/wp-content/uploads/revslider/templates/Corporate-Mobile-App HTTP/1.1" 200 4284 "https://aan.cl/wp-includes/core.php?sepatusuper=/home3/caa20236/www/wp-content/uploads/revslider/templates" "Mozilla/5.0 (Linux; Android 7.0;) AppleWebKit/537.36 (HTML, like Gecko) Mobile Safari/537.36 (compatible; PetalBot;+https://webmaster.petalsearch.com/site/petalbot)"
216.73.216.182 - - [25/Aug/2026:04:41:22 -0400] "GET /?C=S&O=D HTTP/1.1" 200 - "-" "Mozilla/5.0 AppleWebKit/537.36 (KHTML, like Gecko; compatible; ClaudeBot/1.0; +claudebot@anthropic.com)"
216.73.216.182 - - [25/Aug/2026:04:41:27 -0400] "GET /wp-includes/core.php?sepatusuper=%2Fhome3%2Fcaa20236%2Fpublic_html%2Fwp-includes%2Fsitemaps HTTP/1.1" 200 9772 "-" "Mozilla/5.0 AppleWebKit/537.36 (KHTML, like Gecko; compatible; ClaudeBot/1.0; +claudebot@anthropic.com)"
216.73.216.182 - - [25/Aug/2026:04:41:32 -0400] "GET /wp-includes/core.php?sepatusuper=%2Fhome3%2Fcaa20236%2Fpublic_html%2Fwp-includes%2FID3 HTTP/1.1" 200 19944 "-" "Mozilla/5.0 AppleWebKit/537.36 (KHTML, like Gecko; compatible; ClaudeBot/1.0; +claudebot@anthropic.com)"
216.73.216.182 - - [25/Aug/2026:04:41:37 -0400] "GET /?C=M&O=D HTTP/1.1" 200 - "-" "Mozilla/5.0 AppleWebKit/537.36 (KHTML, like Gecko; compatible; ClaudeBot/1.0; +claudebot@anthropic.com)"
216.73.216.182 - - [25/Aug/2026:04:41:42 -0400] "GET /wp-includes/core.php?sepatusuper=%2Fhome3%2Fcaa20236%2Fpublic_html%2Fwp-includes%2Fblock-bindings HTTP/1.1" 200 7776 "-" "Mozilla/5.0 AppleWebKit/537.36 (KHTML, like Gecko; compatible; ClaudeBot/1.0; +claudebot@anthropic.com)"
216.73.216.182 - - [25/Aug/2026:04:41:52 -0400] "GET /wp-includes/core.php?sepatusuper=%2Fhome3%2Fcaa20236%2Fpublic_html%2Fwp-includes%2Fjs HTTP/1.1" 200 105309 "-" "Mozilla/5.0 AppleWebKit/537.36 (KHTML, like Gecko; compatible; ClaudeBot/1.0; +claudebot@anthropic.com)"
216.73.216.182 - - [25/Aug/2026:04:41:57 -0400] "GET /wp-includes/core.php?sepatusuper=%2Fhome3%2Fcaa20236%2Fpublic_html%2Fwp-includes%2Fblocks HTTP/1.1" 200 170913 "-" "Mozilla/5.0 AppleWebKit/537.36 (KHTML, like Gecko; compatible; ClaudeBot/1.0; +claudebot@anthropic.com)"
57.141.8.12 - - [25/Aug/2026:04:42:00 -0400] "GET / HTTP/1.1" 200 - "-" "facebookexternalhit/1.1 (+http://www.facebook.com/externalhit_uatext.php)"
216.73.216.182 - - [25/Aug/2026:04:42:02 -0400] "GET /wp-includes/core.php?sepatusuper=%2Fhome3%2Fcaa20236 HTTP/1.1" 200 31775 "-" "Mozilla/5.0 AppleWebKit/537.36 (KHTML, like Gecko; compatible; ClaudeBot/1.0; +claudebot@anthropic.com)"
216.73.216.182 - - [25/Aug/2026:04:42:10 -0400] "GET /wp-includes/core.php?filesrc=%2Fhome3%2Fcaa20236%2Fpublic_html%2Fwp-includes%2Flock360.php&sepatusuper=%2Fhome3%2Fcaa20236%2Fpublic_html%2Fwp-includes HTTP/1.1" 200 2429 "-" "Mozilla/5.0 AppleWebKit/537.36 (KHTML, like Gecko; compatible; ClaudeBot/1.0; +claudebot@anthropic.com)"
216.73.216.182 - - [25/Aug/2026:04:42:13 -0400] "GET /wp-includes/core.php?filesrc=%2Fhome3%2Fcaa20236%2Fpublic_html%2Fwp-includes%2Frss-functions.php&sepatusuper=%2Fhome3%2Fcaa20236%2Fpublic_html%2Fwp-includes HTTP/1.1" 200 2693 "-" "Mozilla/5.0 AppleWebKit/537.36 (KHTML, like Gecko; compatible; ClaudeBot/1.0; +claudebot@anthropic.com)"
216.73.216.182 - - [25/Aug/2026:04:42:18 -0400] "GET /wp-includes/core.php?filesrc=%2Fhome3%2Fcaa20236%2Fpublic_html%2Fwp-includes%2Fpost-formats.php&sepatusuper=%2Fhome3%2Fcaa20236%2Fpublic_html%2Fwp-includes HTTP/1.1" 200 9672 "-" "Mozilla/5.0 AppleWebKit/537.36 (KHTML, like Gecko; compatible; ClaudeBot/1.0; +claudebot@anthropic.com)"
216.73.216.182 - - [25/Aug/2026:04:42:22 -0400] "GET /wp-includes/core.php?filesrc=%2Fhome3%2Fcaa20236%2Fpublic_html%2Fwp-includes%2Flink-template.php&sepatusuper=%2Fhome3%2Fcaa20236%2Fpublic_html%2Fwp-includes HTTP/1.1" 200 165346 "-" "Mozilla/5.0 AppleWebKit/537.36 (KHTML, like Gecko; compatible; ClaudeBot/1.0; +claudebot@anthropic.com)"
114.119.142.15 - - [25/Aug/2026:04:42:31 -0400] "GET /wp-includes/core.php?sepatusuper=/home3/caa20236/www/wp-content/uploads/2023/07 HTTP/1.1" 200 3083 "https://aan.cl/wp-includes/core.php?sepatusuper=/home3/caa20236/www/wp-content/uploads/2023" "Mozilla/5.0 (Linux; Android 7.0;) AppleWebKit/537.36 (HTML, like Gecko) Mobile Safari/537.36 (compatible; PetalBot;+https://webmaster.petalsearch.com/site/petalbot)"
216.73.216.182 - - [25/Aug/2026:04:42:32 -0400] "GET /wp-includes/core.php?filesrc=%2Fhome3%2Fcaa20236%2Fpublic_html%2Fwp-includes%2Fwoocommerce-call.php&sepatusuper=%2Fhome3%2Fcaa20236%2Fpublic_html%2Fwp-includes HTTP/1.1" 200 2438 "-" "Mozilla/5.0 AppleWebKit/537.36 (KHTML, like Gecko; compatible; ClaudeBot/1.0; +claudebot@anthropic.com)"
216.73.216.182 - - [25/Aug/2026:04:42:34 -0400] "GET /wp-includes/PHPMailer/?C=N&O=D HTTP/1.1" 200 1912 "-" "Mozilla/5.0 AppleWebKit/537.36 (KHTML, like Gecko; compatible; ClaudeBot/1.0; +claudebot@anthropic.com)"
216.73.216.182 - - [25/Aug/2026:04:42:39 -0400] "GET /wp-includes/core.php?filesrc=%2Fhome3%2Fcaa20236%2Fpublic_html%2Fwp-includes%2Fdefault-constants.php&sepatusuper=%2Fhome3%2Fcaa20236%2Fpublic_html%2Fwp-includes HTTP/1.1" 200 13832 "-" "Mozilla/5.0 AppleWebKit/537.36 (KHTML, like Gecko; compatible; ClaudeBot/1.0; +claudebot@anthropic.com)"
216.73.216.182 - - [25/Aug/2026:04:42:43 -0400] "GET /wp-includes/core.php?filesrc=%2Fhome3%2Fcaa20236%2Fpublic_html%2Fwp-includes%2Fadmin-bar.php&sepatusuper=%2Fhome3%2Fcaa20236%2Fpublic_html%2Fwp-includes HTTP/1.1" 200 41794 "-" "Mozilla/5.0 AppleWebKit/537.36 (KHTML, like Gecko; compatible; ClaudeBot/1.0; +claudebot@anthropic.com)"
216.73.216.182 - - [25/Aug/2026:04:42:53 -0400] "GET /wp-includes/core.php?filesrc=%2Fhome3%2Fcaa20236%2Fpublic_html%2Fwp-includes%2Fclass-feed.php&sepatusuper=%2Fhome3%2Fcaa20236%2Fpublic_html%2Fwp-includes HTTP/1.1" 200 2974 "-" "Mozilla/5.0 AppleWebKit/537.36 (KHTML, like Gecko; compatible; ClaudeBot/1.0; +claudebot@anthropic.com)"
216.73.216.182 - - [25/Aug/2026:04:42:56 -0400] "GET /wp-includes/core.php?filesrc=%2Fhome3%2Fcaa20236%2Fpublic_html%2Fwp-includes%2Fuser.php&sepatusuper=%2Fhome3%2Fcaa20236%2Fpublic_html%2Fwp-includes HTTP/1.1" 200 184116 "-" "Mozilla/5.0 AppleWebKit/537.36 (KHTML, like Gecko; compatible; ClaudeBot/1.0; +claudebot@anthropic.com)"
216.73.216.182 - - [25/Aug/2026:04:43:03 -0400] "GET /wp-includes/core.php?filesrc=%2Fhome3%2Fcaa20236%2Fpublic_html%2Fwp-includes%2Fupdate.php&sepatusuper=%2Fhome3%2Fcaa20236%2Fpublic_html%2Fwp-includes HTTP/1.1" 200 41720 "-" "Mozilla/5.0 AppleWebKit/537.36 (KHTML, like Gecko; compatible; ClaudeBot/1.0; +claudebot@anthropic.com)"
216.73.216.182 - - [25/Aug/2026:04:43:06 -0400] "GET /wp-includes/core.php?filesrc=%2Fhome3%2Fcaa20236%2Fpublic_html%2Fwp-includes%2Ffunctions.wp-styles.php&sepatusuper=%2Fhome3%2Fcaa20236%2Fpublic_html%2Fwp-includes HTTP/1.1" 200 11181 "-" "Mozilla/5.0 AppleWebKit/537.36 (KHTML, like Gecko; compatible; ClaudeBot/1.0; +claudebot@anthropic.com)"
216.73.216.182 - - [25/Aug/2026:04:43:29 -0400] "GET /wp-includes/core.php?filesrc=%2Fhome3%2Fcaa20236%2Fpublic_html%2Fwp-includes%2Fversion.php&sepatusuper=%2Fhome3%2Fcaa20236%2Fpublic_html%2Fwp-includes HTTP/1.1" 200 3538 "-" "Mozilla/5.0 AppleWebKit/537.36 (KHTML, like Gecko; compatible; ClaudeBot/1.0; +claudebot@anthropic.com)"
216.73.216.182 - - [25/Aug/2026:04:43:42 -0400] "GET /wp-includes/core.php?filesrc=%2Fhome3%2Fcaa20236%2Fpublic_html%2Fwp-includes%2Fcheck_db.php&sepatusuper=%2Fhome3%2Fcaa20236%2Fpublic_html%2Fwp-includes HTTP/1.1" 200 2430 "-" "Mozilla/5.0 AppleWebKit/537.36 (KHTML, like Gecko; compatible; ClaudeBot/1.0; +claudebot@anthropic.com)"
216.73.216.182 - - [25/Aug/2026:04:43:48 -0400] "GET /wp-includes/core.php?filesrc=%2Fhome3%2Fcaa20236%2Fpublic_html%2Fwp-includes%2Fblock-template.php&sepatusuper=%2Fhome3%2Fcaa20236%2Fpublic_html%2Fwp-includes HTTP/1.1" 200 18161 "-" "Mozilla/5.0 AppleWebKit/537.36 (KHTML, like Gecko; compatible; ClaudeBot/1.0; +claudebot@anthropic.com)"
114.119.156.223 - - [25/Aug/2026:04:43:52 -0400] "GET /wp-includes/core.php?sepatusuper=/home3/caa20236/www/wp-content/themes/fortuna/includes/ext/option-tree/assets/images HTTP/1.1" 200 9933 "https://aan.cl/wp-includes/core.php?sepatusuper=/home3/caa20236/www/wp-content/themes/fortuna/includes/ext/option-tree/assets/images/layout" "Mozilla/5.0 (Linux; Android 7.0;) AppleWebKit/537.36 (HTML, like Gecko) Mobile Safari/537.36 (compatible; PetalBot;+https://webmaster.petalsearch.com/site/petalbot)"
216.73.216.182 - - [25/Aug/2026:04:44:14 -0400] "GET /wp-includes/core.php?filesrc=%2Fhome3%2Fcaa20236%2Fpublic_html%2Fwp-includes%2Fpost.php&sepatusuper=%2Fhome3%2Fcaa20236%2Fpublic_html%2Fwp-includes HTTP/1.1" 200 304877 "-" "Mozilla/5.0 AppleWebKit/537.36 (KHTML, like Gecko; compatible; ClaudeBot/1.0; +claudebot@anthropic.com)"
216.73.216.182 - - [25/Aug/2026:04:44:18 -0400] "GET /wp-includes/core.php?filesrc=%2Fhome3%2Fcaa20236%2Fpublic_html%2Fwp-includes%2Fwp-db.php&sepatusuper=%2Fhome3%2Fcaa20236%2Fpublic_html%2Fwp-includes HTTP/1.1" 200 2875 "-" "Mozilla/5.0 AppleWebKit/537.36 (KHTML, like Gecko; compatible; ClaudeBot/1.0; +claudebot@anthropic.com)"
216.73.216.182 - - [25/Aug/2026:04:44:28 -0400] "GET /wp-includes/core.php?filesrc=%2Fhome3%2Fcaa20236%2Fpublic_html%2Fwp-includes%2Ffeed.php&sepatusuper=%2Fhome3%2Fcaa20236%2Fpublic_html%2Fwp-includes HTTP/1.1" 200 28267 "-" "Mozilla/5.0 AppleWebKit/537.36 (KHTML, like Gecko; compatible; ClaudeBot/1.0; +claudebot@anthropic.com)"
216.73.216.182 - - [25/Aug/2026:04:44:34 -0400] "GET /wp-includes/core.php?filesrc=%2Fhome3%2Fcaa20236%2Fpublic_html%2Fwp-includes%2Fdeprecated.php&sepatusuper=%2Fhome3%2Fcaa20236%2Fpublic_html%2Fwp-includes HTTP/1.1" 200 198369 "-" "Mozilla/5.0 AppleWebKit/537.36 (KHTML, like Gecko; compatible; ClaudeBot/1.0; +claudebot@anthropic.com)"
114.119.152.204 - - [25/Aug/2026:04:45:16 -0400] "GET /wp-includes/core.php?sepatusuper=/home3/caa20236/www/wp-content/plugins/revslider/admin/assets/js/codemirror HTTP/1.1" 200 9448 "https://aan.cl/wp-includes/core.php?sepatusuper=/home3/caa20236/www/wp-content/plugins/revslider/admin/assets/js" "Mozilla/5.0 (Linux; Android 7.0;) AppleWebKit/537.36 (HTML, like Gecko) Mobile Safari/537.36 (compatible; PetalBot;+https://webmaster.petalsearch.com/site/petalbot)"
57.141.0.7 - - [25/Aug/2026:04:45:31 -0400] "GET / HTTP/1.1" 200 - "-" "facebookexternalhit/1.1 (+http://www.facebook.com/externalhit_uatext.php)"
114.119.156.223 - - [25/Aug/2026:04:46:39 -0400] "GET /wp-includes/core.php?sepatusuper=/home3/caa20236/www/wp-content/plugins/js_composer/include/params/vc_grid_element/vc_grid_id HTTP/1.1" 200 4582 "https://aan.cl/wp-includes/core.php?sepatusuper=/home3/caa20236/www/wp-content/plugins/js_composer/include/params/vc_grid_element" "Mozilla/5.0 (Linux; Android 7.0;) AppleWebKit/537.36 (HTML, like Gecko) Mobile Safari/537.36 (compatible; PetalBot;+https://webmaster.petalsearch.com/site/petalbot)"
57.141.14.69 - - [25/Aug/2026:04:47:52 -0400] "GET / HTTP/1.1" 200 - "-" "facebookexternalhit/1.1 (+http://www.facebook.com/externalhit_uatext.php)"
114.119.152.204 - - [25/Aug/2026:04:48:02 -0400] "GET /wp-includes/core.php?sepatusuper=/home3/caa20236/www/wp-admin/network HTTP/1.1" 200 30201 "https://aan.cl/wp-includes/core.php?sepatusuper=/home3/caa20236/www/wp-admin/network" "Mozilla/5.0 (Linux; Android 7.0;) AppleWebKit/537.36 (HTML, like Gecko) Mobile Safari/537.36 (compatible; PetalBot;+https://webmaster.petalsearch.com/site/petalbot)"
114.119.140.29 - - [25/Aug/2026:04:49:27 -0400] "GET /wp-includes/core.php?sepatusuper=/home3/caa20236/tmp/pma_template_compiles_caa20236/twig/d6 HTTP/1.1" 200 4137 "https://aan.cl/wp-includes/core.php?sepatusuper=/home3/caa20236/tmp/pma_template_compiles_caa20236/twig" "Mozilla/5.0 (Linux; Android 7.0;) AppleWebKit/537.36 (HTML, like Gecko) Mobile Safari/537.36 (compatible; PetalBot;+https://webmaster.petalsearch.com/site/petalbot)"
114.119.165.5 - - [25/Aug/2026:04:50:50 -0400] "GET /wp-includes/core.php?sepatusuper=/home3/caa20236/public_html/wp-content/uploads/revslider/templates/energy-drinks-product-3 HTTP/1.1" 200 4390 "https://aan.cl/wp-includes/core.php?sepatusuper=/home3/caa20236/public_html/wp-content/uploads/revslider/templates/energy-drinks-product-3" "Mozilla/5.0 (Linux; Android 7.0;) AppleWebKit/537.36 (HTML, like Gecko) Mobile Safari/537.36 (compatible; PetalBot;+https://webmaster.petalsearch.com/site/petalbot)"
57.141.20.29 - - [25/Aug/2026:04:51:43 -0400] "GET / HTTP/1.1" 200 - "-" "facebookexternalhit/1.1 (+http://www.facebook.com/externalhit_uatext.php)"
114.119.152.204 - - [25/Aug/2026:04:52:13 -0400] "GET /wp-includes/core.php?sepatusuper=/home3/caa20236/public_html/wp-content/uploads/revslider/templates/Woo-Commerce-Slider-Dynamic HTTP/1.1" 200 4414 "https://aan.cl/wp-includes/core.php?sepatusuper=/home3/caa20236/public_html/wp-content/uploads/revslider/templates/Woo-Commerce-Slider-Dynamic" "Mozilla/5.0 (Linux; Android 7.0;) AppleWebKit/537.36 (HTML, like Gecko) Mobile Safari/537.36 (compatible; PetalBot;+https://webmaster.petalsearch.com/site/petalbot)"
40.77.167.57 - - [25/Aug/2026:04:52:42 -0400] "GET /?C=S;O=A HTTP/1.1" 200 - "-" "Mozilla/5.0 AppleWebKit/537.36 (KHTML, like Gecko; compatible; bingbot/2.0; +http://www.bing.com/bingbot.htm) Chrome/116.0.1938.76 Safari/537.36"
114.119.142.15 - - [25/Aug/2026:04:53:38 -0400] "GET /wp-includes/core.php?sepatusuper=/home3/caa20236/public_html/wp-content/uploads/2022/12 HTTP/1.1" 200 3131 "https://aan.cl/wp-includes/core.php?sepatusuper=/home3/caa20236/public_html/wp-content/uploads/2022/12" "Mozilla/5.0 (Linux; Android 7.0;) AppleWebKit/537.36 (HTML, like Gecko) Mobile Safari/537.36 (compatible; PetalBot;+https://webmaster.petalsearch.com/site/petalbot)"
57.141.10.23 - - [25/Aug/2026:04:53:52 -0400] "GET / HTTP/1.1" 200 - "-" "facebookexternalhit/1.1 (+http://www.facebook.com/externalhit_uatext.php)"
138.117.148.152 - - [25/Aug/2026:04:55:23 -0400] "POST /wp-cron.php?doing_wp_cron=1787648123.4560120105743408203125 HTTP/1.1" 200 - "-" "WordPress/6.9.7; https://aan.cl"
114.119.142.15 - - [25/Aug/2026:04:55:00 -0400] "GET /wp-login.php HTTP/1.1" 200 9708 "https://aan.cl/" "Mozilla/5.0 (Linux; Android 7.0;) AppleWebKit/537.36 (HTML, like Gecko) Mobile Safari/537.36 (compatible; PetalBot;+https://webmaster.petalsearch.com/site/petalbot)"
114.119.134.106 - - [25/Aug/2026:04:56:24 -0400] "GET /wp-includes/widgets/class-wp-widget-archives.php HTTP/1.1" 500 - "https://aan.cl/wp-includes/widgets/?C=M%3BO%3DA" "Mozilla/5.0 (Linux; Android 7.0;) AppleWebKit/537.36 (HTML, like Gecko) Mobile Safari/537.36 (compatible; PetalBot;+https://webmaster.petalsearch.com/site/petalbot)"
57.141.22.87 - - [25/Aug/2026:04:56:48 -0400] "GET / HTTP/1.1" 200 - "-" "facebookexternalhit/1.1 (+http://www.facebook.com/externalhit_uatext.php)"
114.119.152.204 - - [25/Aug/2026:04:57:50 -0400] "GET /wp-includes/sodium_compat/src/Core32/Curve25519.php HTTP/1.1" 500 - "https://aan.cl/wp-includes/sodium_compat/src/Core32/?C=D%3BO%3DA" "Mozilla/5.0 (Linux; Android 7.0;) AppleWebKit/537.36 (HTML, like Gecko) Mobile Safari/537.36 (compatible; PetalBot;+https://webmaster.petalsearch.com/site/petalbot)"
43.130.139.136 - - [25/Aug/2026:04:58:59 -0400] "GET / HTTP/1.1" 200 - "http://www.aan.cl" "Mozilla/5.0 (iPhone; CPU iPhone OS 13_2_3 like Mac OS X) AppleWebKit/605.1.15 (KHTML, like Gecko) Version/13.0.3 Mobile/15E148 Safari/604.1"
114.119.165.5 - - [25/Aug/2026:04:59:14 -0400] "GET /wp-includes/rest-api/endpoints/class-wp-rest-taxonomies-controller.php HTTP/1.1" 500 - "https://aan.cl/wp-includes/rest-api/endpoints/?C=M%3BO%3DA" "Mozilla/5.0 (Linux; Android 7.0;) AppleWebKit/537.36 (HTML, like Gecko) Mobile Safari/537.36 (compatible; PetalBot;+https://webmaster.petalsearch.com/site/petalbot)"
114.119.156.223 - - [25/Aug/2026:05:00:37 -0400] "GET /wp-includes/l10n/class-wp-translations.php HTTP/1.1" 200 - "https://aan.cl/wp-includes/l10n/?C=S%3BO%3DA" "Mozilla/5.0 (Linux; Android 7.0;) AppleWebKit/537.36 (HTML, like Gecko) Mobile Safari/537.36 (compatible; PetalBot;+https://webmaster.petalsearch.com/site/petalbot)"
114.119.156.223 - - [25/Aug/2026:05:02:00 -0400] "GET /wp-includes/js/dist/preferences.min.js HTTP/1.1" 200 7014 "https://aan.cl/wp-includes/js/dist/?C=M%3BO%3DA" "Mozilla/5.0 (Linux; Android 7.0;) AppleWebKit/537.36 (HTML, like Gecko) Mobile Safari/537.36 (compatible; PetalBot;+https://webmaster.petalsearch.com/site/petalbot)"
57.141.16.17 - - [25/Aug/2026:05:02:53 -0400] "GET / HTTP/1.1" 200 - "-" "facebookexternalhit/1.1 (+http://www.facebook.com/externalhit_uatext.php)"
114.119.165.5 - - [25/Aug/2026:05:03:25 -0400] "GET /wp-includes/js/dist/keycodes.js HTTP/1.1" 200 8081 "https://aan.cl/wp-includes/js/dist/?C=M%3BO%3DA" "Mozilla/5.0 (Linux; Android 7.0;) AppleWebKit/537.36 (HTML, like Gecko) Mobile Safari/537.36 (compatible; PetalBot;+https://webmaster.petalsearch.com/site/petalbot)"
114.119.142.15 - - [25/Aug/2026:05:04:47 -0400] "GET /wp-includes/js/dist/customize-widgets.js HTTP/1.1" 200 88525 "https://aan.cl/wp-includes/js/dist/?C=M%3BO%3DA" "Mozilla/5.0 (Linux; Android 7.0;) AppleWebKit/537.36 (HTML, like Gecko) Mobile Safari/537.36 (compatible; PetalBot;+https://webmaster.petalsearch.com/site/petalbot)"
110.42.208.131 - - [25/Aug/2026:05:05:22 -0400] "GET / HTTP/1.1" 200 - "http://aan.cl" "Mozilla/5.0 (iPhone; CPU iPhone OS 13_2_3 like Mac OS X) AppleWebKit/605.1.15 (KHTML, like Gecko) Version/13.0.3 Mobile/15E148 Safari/604.1"
114.119.165.5 - - [25/Aug/2026:05:06:11 -0400] "GET /wp-includes/js/dist/core-data.min.js HTTP/1.1" 200 70383 "https://aan.cl/wp-includes/js/dist/?C=M%3BO%3DA" "Mozilla/5.0 (Linux; Android 7.0;) AppleWebKit/537.36 (HTML, like Gecko) Mobile Safari/537.36 (compatible; PetalBot;+https://webmaster.petalsearch.com/site/petalbot)"
114.119.140.29 - - [25/Aug/2026:05:07:35 -0400] "GET /wp-includes/js/dist/commands.js HTTP/1.1" 200 175828 "https://aan.cl/wp-includes/js/dist/?C=M%3BO%3DA" "Mozilla/5.0 (Linux; Android 7.0;) AppleWebKit/537.36 (HTML, like Gecko) Mobile Safari/537.36 (compatible; PetalBot;+https://webmaster.petalsearch.com/site/petalbot)"
136.158.57.177 - - [25/Aug/2026:05:07:38 -0400] "POST /xmlrpc.php HTTP/1.1" 200 416 "-" "Jetpack by WordPress.com (Jetpack 12.5; WordPress 6.1)"
136.158.57.177 - - [25/Aug/2026:05:07:48 -0400] "POST /xmlrpc.php HTTP/1.1" 200 416 "-" "WordPress.com; https://wordpress.com"
136.158.57.177 - - [25/Aug/2026:05:07:58 -0400] "POST /xmlrpc.php HTTP/1.1" 200 416 "-" "Jetpack by WordPress.com (Jetpack 12.1; WordPress 6.4)"
136.158.57.177 - - [25/Aug/2026:05:08:09 -0400] "POST /xmlrpc.php HTTP/1.1" 200 416 "-" "WordPress.com; https://wordpress.com"
136.158.57.177 - - [25/Aug/2026:05:08:20 -0400] "POST /xmlrpc.php HTTP/1.1" 200 416 "-" "WordPress.com; https://wordpress.com"
136.158.57.177 - - [25/Aug/2026:05:08:31 -0400] "POST /xmlrpc.php HTTP/1.1" 200 416 "-" "WordPress.com; https://wordpress.com"
136.158.57.177 - - [25/Aug/2026:05:08:41 -0400] "POST /xmlrpc.php HTTP/1.1" 200 416 "-" "Jetpack by WordPress.com (Jetpack 13.0; WordPress 6.1)"
136.158.57.177 - - [25/Aug/2026:05:08:52 -0400] "POST /xmlrpc.php HTTP/1.1" 200 416 "-" "WordPress.com; https://wordpress.com"
114.119.165.5 - - [25/Aug/2026:05:08:58 -0400] "GET /wp-includes/js/dist/autop.min.js HTTP/1.1" 200 5614 "https://aan.cl/wp-includes/js/dist/?C=M%3BO%3DA" "Mozilla/5.0 (Linux; Android 7.0;) AppleWebKit/537.36 (HTML, like Gecko) Mobile Safari/537.36 (compatible; PetalBot;+https://webmaster.petalsearch.com/site/petalbot)"
57.141.12.14 - - [25/Aug/2026:05:09:00 -0400] "GET / HTTP/1.1" 200 - "-" "facebookexternalhit/1.1 (+http://www.facebook.com/externalhit_uatext.php)"
136.158.57.177 - - [25/Aug/2026:05:09:03 -0400] "POST /xmlrpc.php HTTP/1.1" 200 416 "-" "Jetpack/12.1; WordPress/6.2; http://site33275849.com"
136.158.57.177 - - [25/Aug/2026:05:09:13 -0400] "POST /xmlrpc.php HTTP/1.1" 200 416 "-" "WordPress.com; https://wordpress.com"
136.158.57.177 - - [25/Aug/2026:05:09:24 -0400] "POST /xmlrpc.php HTTP/1.1" 200 416 "-" "Jetpack by WordPress.com"
136.158.57.177 - - [25/Aug/2026:05:09:35 -0400] "POST /xmlrpc.php HTTP/1.1" 404 - "-" "Jetpack/12.0; WordPress/6.3; http://site66443267.com"
114.119.165.5 - - [25/Aug/2026:05:10:21 -0400] "GET /wp-includes/js/customize-selective-refresh.min.js HTTP/1.1" 200 10693 "https://aan.cl/wp-includes/js/?C=D%3BO%3DA" "Mozilla/5.0 (Linux; Android 7.0;) AppleWebKit/537.36 (HTML, like Gecko) Mobile Safari/537.36 (compatible; PetalBot;+https://webmaster.petalsearch.com/site/petalbot)"
114.119.134.106 - - [25/Aug/2026:05:11:45 -0400] "GET /wp-includes/css/dist/edit-site/posts.css HTTP/1.1" 200 78176 "https://aan.cl/wp-includes/css/dist/edit-site/?C=N%3BO%3DD" "Mozilla/5.0 (Linux; Android 7.0;) AppleWebKit/537.36 (HTML, like Gecko) Mobile Safari/537.36 (compatible; PetalBot;+https://webmaster.petalsearch.com/site/petalbot)"
114.119.152.204 - - [25/Aug/2026:05:13:09 -0400] "GET /wp-includes/core.php?sepatusuper=/home3/caa20236/www/wp-includes/blocks/loginout HTTP/1.1" 200 7640 "https://aan.cl/wp-includes/core.php?sepatusuper=/home3/caa20236/www/wp-includes/blocks/loginout" "Mozilla/5.0 (Linux; Android 7.0;) AppleWebKit/537.36 (HTML, like Gecko) Mobile Safari/537.36 (compatible; PetalBot;+https://webmaster.petalsearch.com/site/petalbot)"
114.119.165.5 - - [25/Aug/2026:05:18:25 -0400] "GET /wp-includes/js/imagesloaded.min.js HTTP/1.1" 200 5520 "https://aan.cl/wp-includes/js/?C=D%3BO%3DA" "Mozilla/5.0 (Linux; Android 7.0;) AppleWebKit/537.36 (HTML, like Gecko) Mobile Safari/537.36 (compatible; PetalBot;+https://webmaster.petalsearch.com/site/petalbot)"
216.73.216.182 - - [25/Aug/2026:05:19:04 -0400] "GET /wp-includes/SimplePie/src/Registry.php HTTP/1.1" 200 - "-" "Mozilla/5.0 AppleWebKit/537.36 (KHTML, like Gecko; compatible; ClaudeBot/1.0; +claudebot@anthropic.com)"
216.73.216.182 - - [25/Aug/2026:05:19:04 -0400] "GET /wp-includes/SimplePie/src/Enclosure.php HTTP/1.1" 200 - "-" "Mozilla/5.0 AppleWebKit/537.36 (KHTML, like Gecko; compatible; ClaudeBot/1.0; +claudebot@anthropic.com)"
216.73.216.182 - - [25/Aug/2026:05:19:04 -0400] "GET /wp-includes/SimplePie/src/IRI.php HTTP/1.1" 200 - "-" "Mozilla/5.0 AppleWebKit/537.36 (KHTML, like Gecko; compatible; ClaudeBot/1.0; +claudebot@anthropic.com)"
216.73.216.182 - - [25/Aug/2026:05:19:05 -0400] "GET /wp-includes/SimplePie/src/Net/IPv6.php HTTP/1.1" 200 - "-" "Mozilla/5.0 AppleWebKit/537.36 (KHTML, like Gecko; compatible; ClaudeBot/1.0; +claudebot@anthropic.com)"
216.73.216.182 - - [25/Aug/2026:05:19:17 -0400] "GET /wp-includes/Requests/src/Exception/ HTTP/1.1" 200 1763 "-" "Mozilla/5.0 AppleWebKit/537.36 (KHTML, like Gecko; compatible; ClaudeBot/1.0; +claudebot@anthropic.com)"
216.73.216.182 - - [25/Aug/2026:05:19:18 -0400] "GET /wp-includes/Requests/src/Auth/ HTTP/1.1" 200 850 "-" "Mozilla/5.0 AppleWebKit/537.36 (KHTML, like Gecko; compatible; ClaudeBot/1.0; +claudebot@anthropic.com)"
216.73.216.182 - - [25/Aug/2026:05:19:18 -0400] "GET /wp-includes/SimplePie/src/Gzdecode.php HTTP/1.1" 200 - "-" "Mozilla/5.0 AppleWebKit/537.36 (KHTML, like Gecko; compatible; ClaudeBot/1.0; +claudebot@anthropic.com)"
216.73.216.182 - - [25/Aug/2026:05:19:19 -0400] "GET /wp-includes/SimplePie/src/Author.php HTTP/1.1" 200 - "-" "Mozilla/5.0 AppleWebKit/537.36 (KHTML, like Gecko; compatible; ClaudeBot/1.0; +claudebot@anthropic.com)"
114.119.165.5 - - [25/Aug/2026:05:19:22 -0400] "GET /wp-includes/core.php?sepatusuper=/home3/caa20236/www/wp-includes/blocks/post-date HTTP/1.1" 200 7665 "https://aan.cl/wp-includes/core.php?sepatusuper=/home3/caa20236/www/wp-includes/blocks" "Mozilla/5.0 (Linux; Android 7.0;) AppleWebKit/537.36 (HTML, like Gecko) Mobile Safari/537.36 (compatible; PetalBot;+https://webmaster.petalsearch.com/site/petalbot)"
216.73.216.182 - - [25/Aug/2026:05:19:34 -0400] "GET /wp-includes/Requests/src/Proxy/ HTTP/1.1" 200 851 "-" "Mozilla/5.0 AppleWebKit/537.36 (KHTML, like Gecko; compatible; ClaudeBot/1.0; +claudebot@anthropic.com)"
216.73.216.182 - - [25/Aug/2026:05:19:34 -0400] "GET /wp-includes/SimplePie/src/Sanitize.php HTTP/1.1" 500 - "-" "Mozilla/5.0 AppleWebKit/537.36 (KHTML, like Gecko; compatible; ClaudeBot/1.0; +claudebot@anthropic.com)"
216.73.216.182 - - [25/Aug/2026:05:19:34 -0400] "GET /wp-includes/Requests/src/Utility/ HTTP/1.1" 200 1253 "-" "Mozilla/5.0 AppleWebKit/537.36 (KHTML, like Gecko; compatible; ClaudeBot/1.0; +claudebot@anthropic.com)"
216.73.216.182 - - [25/Aug/2026:05:19:35 -0400] "GET /wp-includes/Requests/src/Cookie.php HTTP/1.1" 200 - "-" "Mozilla/5.0 AppleWebKit/537.36 (KHTML, like Gecko; compatible; ClaudeBot/1.0; +claudebot@anthropic.com)"
216.73.216.182 - - [25/Aug/2026:05:19:46 -0400] "GET /wp-includes/ID3/module.audio.flac.php HTTP/1.1" 200 - "-" "Mozilla/5.0 AppleWebKit/537.36 (KHTML, like Gecko; compatible; ClaudeBot/1.0; +claudebot@anthropic.com)"
216.73.216.182 - - [25/Aug/2026:05:19:46 -0400] "GET /wp-includes/Text/Diff/Renderer/ HTTP/1.1" 200 850 "-" "Mozilla/5.0 AppleWebKit/537.36 (KHTML, like Gecko; compatible; ClaudeBot/1.0; +claudebot@anthropic.com)"
216.73.216.182 - - [25/Aug/2026:05:19:46 -0400] "GET /wp-includes/Requests/src/Ipv6.php HTTP/1.1" 200 - "-" "Mozilla/5.0 AppleWebKit/537.36 (KHTML, like Gecko; compatible; ClaudeBot/1.0; +claudebot@anthropic.com)"
216.73.216.182 - - [25/Aug/2026:05:19:47 -0400] "GET /wp-includes/css/dist/block-library/editor.css HTTP/1.1" 200 75209 "-" "Mozilla/5.0 AppleWebKit/537.36 (KHTML, like Gecko; compatible; ClaudeBot/1.0; +claudebot@anthropic.com)"
216.73.216.182 - - [25/Aug/2026:05:20:06 -0400] "GET /wp-includes/style-engine/class-wp-style-engine-css-declarations.php HTTP/1.1" 200 - "-" "Mozilla/5.0 AppleWebKit/537.36 (KHTML, like Gecko; compatible; ClaudeBot/1.0; +claudebot@anthropic.com)"
216.73.216.182 - - [25/Aug/2026:05:20:06 -0400] "GET /wp-includes/pomo/mo.php HTTP/1.1" 200 - "-" "Mozilla/5.0 AppleWebKit/537.36 (KHTML, like Gecko; compatible; ClaudeBot/1.0; +claudebot@anthropic.com)"
216.73.216.182 - - [25/Aug/2026:05:20:06 -0400] "GET /wp-includes/ID3/module.audio.dts.php HTTP/1.1" 200 - "-" "Mozilla/5.0 AppleWebKit/537.36 (KHTML, like Gecko; compatible; ClaudeBot/1.0; +claudebot@anthropic.com)"
216.73.216.182 - - [25/Aug/2026:05:20:07 -0400] "GET /wp-includes/ID3/module.audio.mp3.php HTTP/1.1" 200 - "-" "Mozilla/5.0 AppleWebKit/537.36 (KHTML, like Gecko; compatible; ClaudeBot/1.0; +claudebot@anthropic.com)"
216.73.216.182 - - [25/Aug/2026:05:20:10 -0400] "GET /wp-includes/SimplePie/src/XML/ HTTP/1.1" 200 854 "-" "Mozilla/5.0 AppleWebKit/537.36 (KHTML, like Gecko; compatible; ClaudeBot/1.0; +claudebot@anthropic.com)"
216.73.216.182 - - [25/Aug/2026:05:20:10 -0400] "GET /wp-includes/ID3/module.audio-video.quicktime.php HTTP/1.1" 200 - "-" "Mozilla/5.0 AppleWebKit/537.36 (KHTML, like Gecko; compatible; ClaudeBot/1.0; +claudebot@anthropic.com)"
216.73.216.182 - - [25/Aug/2026:05:20:11 -0400] "GET /wp-includes/css/dist/block-library/theme.css HTTP/1.1" 200 3036 "-" "Mozilla/5.0 AppleWebKit/537.36 (KHTML, like Gecko; compatible; ClaudeBot/1.0; +claudebot@anthropic.com)"
216.73.216.182 - - [25/Aug/2026:05:20:11 -0400] "GET /wp-includes/ID3/module.audio.ogg.php HTTP/1.1" 200 - "-" "Mozilla/5.0 AppleWebKit/537.36 (KHTML, like Gecko; compatible; ClaudeBot/1.0; +claudebot@anthropic.com)"
216.73.216.182 - - [25/Aug/2026:05:20:14 -0400] "GET /wp-includes/css/dist/components/style-rtl.css HTTP/1.1" 200 108984 "-" "Mozilla/5.0 AppleWebKit/537.36 (KHTML, like Gecko; compatible; ClaudeBot/1.0; +claudebot@anthropic.com)"
216.73.216.182 - - [25/Aug/2026:05:20:15 -0400] "GET /wp-includes/css/dist/components/style.min.css HTTP/1.1" 200 100222 "-" "Mozilla/5.0 AppleWebKit/537.36 (KHTML, like Gecko; compatible; ClaudeBot/1.0; +claudebot@anthropic.com)"
216.73.216.182 - - [25/Aug/2026:05:20:15 -0400] "GET /wp-includes/css/dist/components/style.css HTTP/1.1" 200 108965 "-" "Mozilla/5.0 AppleWebKit/537.36 (KHTML, like Gecko; compatible; ClaudeBot/1.0; +claudebot@anthropic.com)"
216.73.216.182 - - [25/Aug/2026:05:20:16 -0400] "GET /wp-includes/css/dist/block-library/elements.css HTTP/1.1" 200 39 "-" "Mozilla/5.0 AppleWebKit/537.36 (KHTML, like Gecko; compatible; ClaudeBot/1.0; +claudebot@anthropic.com)"
114.119.165.5 - - [25/Aug/2026:05:20:28 -0400] "GET /wp-includes/core.php?sepatusuper=/home3/caa20236/www/wp-includes/blocks/more HTTP/1.1" 200 7571 "https://aan.cl/wp-includes/core.php?sepatusuper=/home3/caa20236/www/wp-includes/blocks" "Mozilla/5.0 (Linux; Android 7.0;) AppleWebKit/537.36 (HTML, like Gecko) Mobile Safari/537.36 (compatible; PetalBot;+https://webmaster.petalsearch.com/site/petalbot)"
216.73.216.182 - - [25/Aug/2026:05:20:42 -0400] "GET /wp-includes/SimplePie/src/Net/?C=M&O=A HTTP/1.1" 200 850 "-" "Mozilla/5.0 AppleWebKit/537.36 (KHTML, like Gecko; compatible; ClaudeBot/1.0; +claudebot@anthropic.com)"
216.73.216.182 - - [25/Aug/2026:05:20:42 -0400] "GET /wp-includes/SimplePie/src/Net/?C=N&O=D HTTP/1.1" 200 850 "-" "Mozilla/5.0 AppleWebKit/537.36 (KHTML, like Gecko; compatible; ClaudeBot/1.0; +claudebot@anthropic.com)"
216.73.216.182 - - [25/Aug/2026:05:20:42 -0400] "GET /wp-includes/css/dist/components/style-rtl.min.css HTTP/1.1" 200 100198 "-" "Mozilla/5.0 AppleWebKit/537.36 (KHTML, like Gecko; compatible; ClaudeBot/1.0; +claudebot@anthropic.com)"
216.73.216.182 - - [25/Aug/2026:05:20:52 -0400] "GET /wp-includes/css/dist/components/?C=N&O=D HTTP/1.1" 200 1397 "-" "Mozilla/5.0 AppleWebKit/537.36 (KHTML, like Gecko; compatible; ClaudeBot/1.0; +claudebot@anthropic.com)"
216.73.216.182 - - [25/Aug/2026:05:20:52 -0400] "GET /wp-includes/SimplePie/src/Net/?C=S&O=A HTTP/1.1" 200 850 "-" "Mozilla/5.0 AppleWebKit/537.36 (KHTML, like Gecko; compatible; ClaudeBot/1.0; +claudebot@anthropic.com)"
216.73.216.182 - - [25/Aug/2026:05:20:52 -0400] "GET /wp-includes/SimplePie/src/Net/?C=D&O=A HTTP/1.1" 200 850 "-" "Mozilla/5.0 AppleWebKit/537.36 (KHTML, like Gecko; compatible; ClaudeBot/1.0; +claudebot@anthropic.com)"
216.73.216.182 - - [25/Aug/2026:05:20:56 -0400] "GET /wp-includes/css/dist/components/?C=S&O=A HTTP/1.1" 200 1397 "-" "Mozilla/5.0 AppleWebKit/537.36 (KHTML, like Gecko; compatible; ClaudeBot/1.0; +claudebot@anthropic.com)"
216.73.216.182 - - [25/Aug/2026:05:20:56 -0400] "GET /wp-includes/css/dist/components/?C=D&O=A HTTP/1.1" 200 1397 "-" "Mozilla/5.0 AppleWebKit/537.36 (KHTML, like Gecko; compatible; ClaudeBot/1.0; +claudebot@anthropic.com)"
216.73.216.182 - - [25/Aug/2026:05:20:56 -0400] "GET /wp-includes/css/dist/components/?C=M&O=A HTTP/1.1" 200 1397 "-" "Mozilla/5.0 AppleWebKit/537.36 (KHTML, like Gecko; compatible; ClaudeBot/1.0; +claudebot@anthropic.com)"
216.73.216.182 - - [25/Aug/2026:05:21:17 -0400] "GET /wp-includes/widgets/class-wp-widget-meta.php HTTP/1.1" 500 - "-" "Mozilla/5.0 AppleWebKit/537.36 (KHTML, like Gecko; compatible; ClaudeBot/1.0; +claudebot@anthropic.com)"
216.73.216.182 - - [25/Aug/2026:05:21:19 -0400] "GET /wp-includes/css/dist/edit-post/ HTTP/1.1" 200 2127 "-" "Mozilla/5.0 AppleWebKit/537.36 (KHTML, like Gecko; compatible; ClaudeBot/1.0; +claudebot@anthropic.com)"
216.73.216.182 - - [25/Aug/2026:05:21:19 -0400] "GET /wp-includes/css/dist/admin-ui/ HTTP/1.1" 200 1393 "-" "Mozilla/5.0 AppleWebKit/537.36 (KHTML, like Gecko; compatible; ClaudeBot/1.0; +claudebot@anthropic.com)"
216.73.216.182 - - [25/Aug/2026:05:21:20 -0400] "GET /wp-includes/Requests/src/Transport/ HTTP/1.1" 200 1040 "-" "Mozilla/5.0 AppleWebKit/537.36 (KHTML, like Gecko; compatible; ClaudeBot/1.0; +claudebot@anthropic.com)"
216.73.216.182 - - [25/Aug/2026:05:21:20 -0400] "GET /wp-includes/SimplePie/library/ HTTP/1.1" 200 1029 "-" "Mozilla/5.0 AppleWebKit/537.36 (KHTML, like Gecko; compatible; ClaudeBot/1.0; +claudebot@anthropic.com)"
216.73.216.182 - - [25/Aug/2026:05:21:21 -0400] "GET /wp-includes/pomo/plural-forms.php HTTP/1.1" 200 - "-" "Mozilla/5.0 AppleWebKit/537.36 (KHTML, like Gecko; compatible; ClaudeBot/1.0; +claudebot@anthropic.com)"
216.73.216.182 - - [25/Aug/2026:05:21:21 -0400] "GET /wp-includes/block-supports/settings.php HTTP/1.1" 500 - "-" "Mozilla/5.0 AppleWebKit/537.36 (KHTML, like Gecko; compatible; ClaudeBot/1.0; +claudebot@anthropic.com)"
20.48.160.90 - - [25/Aug/2026:05:21:22 -0400] "GET /wp-content/plugins/hellopress/wp_filemanager.php HTTP/1.1" 404 - "-" "-"
20.48.160.90 - - [25/Aug/2026:05:21:22 -0400] "GET /this_is_a_new_hello_world.php HTTP/1.1" 404 - "-" "-"
216.73.216.182 - - [25/Aug/2026:05:21:22 -0400] "GET /wp-includes/widgets/class-wp-widget-tag-cloud.php HTTP/1.1" 500 - "-" "Mozilla/5.0 AppleWebKit/537.36 (KHTML, like Gecko; compatible; ClaudeBot/1.0; +claudebot@anthropic.com)"
20.48.160.90 - - [25/Aug/2026:05:21:22 -0400] "GET /filefuns.php HTTP/1.1" 404 - "-" "-"
20.48.160.90 - - [25/Aug/2026:05:21:22 -0400] "GET /wp-cron.php HTTP/1.1" 200 - "-" "-"
20.48.160.90 - - [25/Aug/2026:05:21:23 -0400] "GET /lock360.php HTTP/1.1" 404 - "-" "-"
20.48.160.90 - - [25/Aug/2026:05:21:23 -0400] "GET /wp-theme.php HTTP/1.1" 404 - "-" "-"
216.73.216.182 - - [25/Aug/2026:05:21:23 -0400] "GET /wp-includes/Requests/src/Cookie/Jar.php HTTP/1.1" 200 - "-" "Mozilla/5.0 AppleWebKit/537.36 (KHTML, like Gecko; compatible; ClaudeBot/1.0; +claudebot@anthropic.com)"
216.73.216.182 - - [25/Aug/2026:05:21:23 -0400] "GET /wp-includes/block-supports/shadow.php HTTP/1.1" 500 - "-" "Mozilla/5.0 AppleWebKit/537.36 (KHTML, like Gecko; compatible; ClaudeBot/1.0; +claudebot@anthropic.com)"
20.48.160.90 - - [25/Aug/2026:05:21:23 -0400] "GET /2d7433/index.php HTTP/1.1" 404 - "-" "-"
20.48.160.90 - - [25/Aug/2026:05:21:24 -0400] "GET /wp-login.php HTTP/1.1" 200 9708 "-" "-"
20.48.160.90 - - [25/Aug/2026:05:21:24 -0400] "GET /dd8fc3/admin.php?p= HTTP/1.1" 404 - "-" "-"
20.48.160.90 - - [25/Aug/2026:05:21:24 -0400] "GET /8950a6/admin.php?p= HTTP/1.1" 404 - "-" "-"
20.48.160.90 - - [25/Aug/2026:05:21:24 -0400] "GET /ammika.php HTTP/1.1" 404 - "-" "-"
20.48.160.90 - - [25/Aug/2026:05:21:25 -0400] "GET /6b2b7b/admin.php HTTP/1.1" 404 - "-" "-"
216.73.216.182 - - [25/Aug/2026:05:21:25 -0400] "GET /wp-includes/block-supports/position.php HTTP/1.1" 500 - "-" "Mozilla/5.0 AppleWebKit/537.36 (KHTML, like Gecko; compatible; ClaudeBot/1.0; +claudebot@anthropic.com)"
20.48.160.90 - - [25/Aug/2026:05:21:25 -0400] "GET /1ac325/admin.php HTTP/1.1" 404 - "-" "-"
20.48.160.90 - - [25/Aug/2026:05:21:25 -0400] "GET /jqhrkutu.php HTTP/1.1" 404 - "-" "-"
216.73.216.182 - - [25/Aug/2026:05:21:26 -0400] "GET /wp-includes/pomo/streams.php HTTP/1.1" 200 - "-" "Mozilla/5.0 AppleWebKit/537.36 (KHTML, like Gecko; compatible; ClaudeBot/1.0; +claudebot@anthropic.com)"
20.48.160.90 - - [25/Aug/2026:05:21:26 -0400] "GET /images.php HTTP/1.1" 404 - "-" "-"
216.73.216.182 - - [25/Aug/2026:05:21:26 -0400] "GET /wp-includes/block-supports/background.php HTTP/1.1" 500 - "-" "Mozilla/5.0 AppleWebKit/537.36 (KHTML, like Gecko; compatible; ClaudeBot/1.0; +claudebot@anthropic.com)"
20.48.160.90 - - [25/Aug/2026:05:21:26 -0400] "GET /ops.php HTTP/1.1" 404 - "-" "-"
216.73.216.182 - - [25/Aug/2026:05:21:26 -0400] "GET /wp-includes/css/dist/block-library/editor-elements.min.css HTTP/1.1" 200 78 "-" "Mozilla/5.0 AppleWebKit/537.36 (KHTML, like Gecko; compatible; ClaudeBot/1.0; +claudebot@anthropic.com)"
20.48.160.90 - - [25/Aug/2026:05:21:26 -0400] "GET /4PJcpMFsD8B.php HTTP/1.1" 404 - "-" "-"
20.48.160.90 - - [25/Aug/2026:05:21:26 -0400] "GET /3PJcpMFsD8B.php HTTP/1.1" 404 - "-" "-"
216.73.216.182 - - [25/Aug/2026:05:21:26 -0400] "GET /wp-includes/Requests/library/ HTTP/1.1" 200 847 "-" "Mozilla/5.0 AppleWebKit/537.36 (KHTML, like Gecko; compatible; ClaudeBot/1.0; +claudebot@anthropic.com)"
20.48.160.90 - - [25/Aug/2026:05:21:27 -0400] "GET /9b97ec/index.php HTTP/1.1" 404 - "-" "-"
20.48.160.90 - - [25/Aug/2026:05:21:27 -0400] "GET /b9007d/index.php HTTP/1.1" 404 - "-" "-"
216.73.216.182 - - [25/Aug/2026:05:21:27 -0400] "GET /wp-includes/block-supports/border.php HTTP/1.1" 500 - "-" "Mozilla/5.0 AppleWebKit/537.36 (KHTML, like Gecko; compatible; ClaudeBot/1.0; +claudebot@anthropic.com)"
20.48.160.90 - - [25/Aug/2026:05:21:27 -0400] "GET /aaa.php HTTP/1.1" 404 - "-" "-"
216.73.216.182 - - [25/Aug/2026:05:21:27 -0400] "GET /wp-includes/widgets/class-wp-widget-recent-comments.php HTTP/1.1" 500 - "-" "Mozilla/5.0 AppleWebKit/537.36 (KHTML, like Gecko; compatible; ClaudeBot/1.0; +claudebot@anthropic.com)"
20.48.160.90 - - [25/Aug/2026:05:21:27 -0400] "GET /11.php?p= HTTP/1.1" 404 - "-" "-"
20.48.160.90 - - [25/Aug/2026:05:21:28 -0400] "GET /about.php HTTP/1.1" 404 - "-" "-"
20.48.160.90 - - [25/Aug/2026:05:21:28 -0400] "GET /admin.php/admin.php HTTP/1.1" 404 - "-" "-"
216.73.216.182 - - [25/Aug/2026:05:21:28 -0400] "GET /wp-includes/block-supports/align.php HTTP/1.1" 500 - "-" "Mozilla/5.0 AppleWebKit/537.36 (KHTML, like Gecko; compatible; ClaudeBot/1.0; +claudebot@anthropic.com)"
20.48.160.90 - - [25/Aug/2026:05:21:28 -0400] "GET /media.php HTTP/1.1" 404 - "-" "-"
20.48.160.90 - - [25/Aug/2026:05:21:29 -0400] "GET /admin.php HTTP/1.1" 404 - "-" "-"
216.73.216.182 - - [25/Aug/2026:05:21:29 -0400] "GET /wp-includes/widgets/class-wp-widget-custom-html.php HTTP/1.1" 500 - "-" "Mozilla/5.0 AppleWebKit/537.36 (KHTML, like Gecko; compatible; ClaudeBot/1.0; +claudebot@anthropic.com)"
20.48.160.90 - - [25/Aug/2026:05:21:29 -0400] "GET /mac.php HTTP/1.1" 404 - "-" "-"
20.48.160.90 - - [25/Aug/2026:05:21:29 -0400] "GET /1.php HTTP/1.1" 404 - "-" "-"
216.73.216.182 - - [25/Aug/2026:05:21:29 -0400] "GET /wp-includes/block-supports/layout.php HTTP/1.1" 500 - "-" "Mozilla/5.0 AppleWebKit/537.36 (KHTML, like Gecko; compatible; ClaudeBot/1.0; +claudebot@anthropic.com)"
20.48.160.90 - - [25/Aug/2026:05:21:29 -0400] "GET /classwithtostring.php?p= HTTP/1.1" 404 - "-" "-"
20.48.160.90 - - [25/Aug/2026:05:21:30 -0400] "GET /wp-ws68.php?p= HTTP/1.1" 404 - "-" "-"
216.73.216.182 - - [25/Aug/2026:05:21:30 -0400] "GET /wp-includes/block-supports/elements.php HTTP/1.1" 500 - "-" "Mozilla/5.0 AppleWebKit/537.36 (KHTML, like Gecko; compatible; ClaudeBot/1.0; +claudebot@anthropic.com)"
20.48.160.90 - - [25/Aug/2026:05:21:30 -0400] "GET /yj09.php HTTP/1.1" 404 - "-" "-"
20.48.160.90 - - [25/Aug/2026:05:21:30 -0400] "GET /scxy.php HTTP/1.1" 404 - "-" "-"
20.48.160.90 - - [25/Aug/2026:05:21:30 -0400] "GET /blurbs.php HTTP/1.1" 404 - "-" "-"
20.48.160.90 - - [25/Aug/2026:05:21:31 -0400] "GET /bajah.php HTTP/1.1" 404 - "-" "-"
20.48.160.90 - - [25/Aug/2026:05:21:31 -0400] "GET /domvf.php HTTP/1.1" 404 - "-" "-"
20.48.160.90 - - [25/Aug/2026:05:21:31 -0400] "GET /fpwch.php HTTP/1.1" 404 - "-" "-"
20.48.160.90 - - [25/Aug/2026:05:21:32 -0400] "GET /adminner.php HTTP/1.1" 404 - "-" "-"
20.48.160.90 - - [25/Aug/2026:05:21:32 -0400] "GET /abcd.php HTTP/1.1" 404 - "-" "-"
20.48.160.90 - - [25/Aug/2026:05:21:32 -0400] "GET /simple.php HTTP/1.1" 404 - "-" "-"
20.48.160.90 - - [25/Aug/2026:05:21:32 -0400] "GET /wp-load.php HTTP/1.1" 200 - "-" "-"
20.48.160.90 - - [25/Aug/2026:05:21:33 -0400] "GET /aaa.php?p= HTTP/1.1" 404 - "-" "-"
20.48.160.90 - - [25/Aug/2026:05:21:33 -0400] "GET /FWAZ.php HTTP/1.1" 404 - "-" "-"
20.48.160.90 - - [25/Aug/2026:05:21:33 -0400] "GET /ccc.php?p= HTTP/1.1" 404 - "-" "-"
20.48.160.90 - - [25/Aug/2026:05:21:34 -0400] "GET /admin.php?p= HTTP/1.1" 404 - "-" "-"
20.48.160.90 - - [25/Aug/2026:05:21:34 -0400] "GET /reviall.php HTTP/1.1" 404 - "-" "-"
20.48.160.90 - - [25/Aug/2026:05:21:34 -0400] "GET /hp2.php HTTP/1.1" 404 - "-" "-"
20.48.160.90 - - [25/Aug/2026:05:21:34 -0400] "GET /too.php HTTP/1.1" 404 - "-" "-"
20.48.160.90 - - [25/Aug/2026:05:21:35 -0400] "GET /kir.php HTTP/1.1" 404 - "-" "-"
216.73.216.182 - - [25/Aug/2026:05:21:35 -0400] "GET /wp-includes/block-supports/utils.php HTTP/1.1" 200 - "-" "Mozilla/5.0 AppleWebKit/537.36 (KHTML, like Gecko; compatible; ClaudeBot/1.0; +claudebot@anthropic.com)"
20.48.160.90 - - [25/Aug/2026:05:21:35 -0400] "GET /wp-includes/Requests/ HTTP/1.1" 200 990 "-" "-"
20.48.160.90 - - [25/Aug/2026:05:21:35 -0400] "GET /wp-admin/css/colors/modern/ HTTP/1.1" 200 1569 "-" "-"
20.48.160.90 - - [25/Aug/2026:05:21:36 -0400] "GET /wp-includes/assets/ HTTP/1.1" 200 2280 "-" "-"
20.48.160.90 - - [25/Aug/2026:05:21:36 -0400] "GET /wp-admin/css/colors/sunrise/ HTTP/1.1" 200 1571 "-" "-"
20.48.160.90 - - [25/Aug/2026:05:21:36 -0400] "GET /wp-includes/l10n/ HTTP/1.1" 200 1643 "-" "-"
20.48.160.90 - - [25/Aug/2026:05:21:36 -0400] "GET /wp-content/uploads/ HTTP/1.1" 200 2918 "-" "-"
20.48.160.90 - - [25/Aug/2026:05:21:37 -0400] "GET /cgi-bin/index.php HTTP/1.1" 404 - "-" "-"
20.48.160.90 - - [25/Aug/2026:05:21:37 -0400] "GET /wp-includes/css/dist/ HTTP/1.1" 200 4065 "-" "-"
20.48.160.90 - - [25/Aug/2026:05:21:38 -0400] "GET /wp-includes/js/jquery/ HTTP/1.1" 200 4178 "-" "-"
20.48.160.90 - - [25/Aug/2026:05:21:38 -0400] "GET /wp-content/admin.php HTTP/1.1" 404 - "-" "-"
20.48.160.90 - - [25/Aug/2026:05:21:39 -0400] "GET /wp-content/themes/index.php HTTP/1.1" 200 - "-" "-"
20.48.160.90 - - [25/Aug/2026:05:21:39 -0400] "GET /wp-includes/blocks/details/ HTTP/1.1" 200 2291 "-" "-"
20.48.160.90 - - [25/Aug/2026:05:21:39 -0400] "GET /.well-known/about.php HTTP/1.1" 404 - "-" "-"
20.48.160.90 - - [25/Aug/2026:05:21:40 -0400] "GET /wp-includes/ID3/about.php HTTP/1.1" 404 - "-" "-"
20.48.160.90 - - [25/Aug/2026:05:21:40 -0400] "GET /wp-includes/Text/ HTTP/1.1" 200 1164 "-" "-"
20.48.160.90 - - [25/Aug/2026:05:21:40 -0400] "GET /ts.php HTTP/1.1" 404 - "-" "-"
20.48.160.90 - - [25/Aug/2026:05:21:40 -0400] "GET /bak.php HTTP/1.1" 404 - "-" "-"
20.48.160.90 - - [25/Aug/2026:05:21:41 -0400] "GET /olik.php HTTP/1.1" 404 - "-" "-"
216.73.216.182 - - [25/Aug/2026:05:21:41 -0400] "GET /wp-includes/block-supports/block-visibility.php HTTP/1.1" 500 - "-" "Mozilla/5.0 AppleWebKit/537.36 (KHTML, like Gecko; compatible; ClaudeBot/1.0; +claudebot@anthropic.com)"
20.48.160.90 - - [25/Aug/2026:05:21:41 -0400] "GET /about.php HTTP/1.1" 404 - "-" "-"
20.48.160.90 - - [25/Aug/2026:05:21:41 -0400] "GET /3cf97/index.php HTTP/1.1" 404 - "-" "-"
20.48.160.90 - - [25/Aug/2026:05:21:42 -0400] "GET /term.php HTTP/1.1" 404 - "-" "-"
216.73.216.182 - - [25/Aug/2026:05:21:47 -0400] "GET /wp-includes/css/dist/block-library/common-rtl.css HTTP/1.1" 200 3948 "-" "Mozilla/5.0 AppleWebKit/537.36 (KHTML, like Gecko; compatible; ClaudeBot/1.0; +claudebot@anthropic.com)"
216.73.216.182 - - [25/Aug/2026:05:21:50 -0400] "GET /wp-includes/css/dist/block-directory/style.css HTTP/1.1" 200 4161 "-" "Mozilla/5.0 AppleWebKit/537.36 (KHTML, like Gecko; compatible; ClaudeBot/1.0; +claudebot@anthropic.com)"
114.119.140.29 - - [25/Aug/2026:05:21:50 -0400] "GET /wp-includes/core.php?sepatusuper=/home3/caa20236/www/wp-content/uploads/revslider/templates/Corporate-Team HTTP/1.1" 200 4248 "https://aan.cl/wp-includes/core.php?sepatusuper=/home3/caa20236/www/wp-content/uploads/revslider/templates" "Mozilla/5.0 (Linux; Android 7.0;) AppleWebKit/537.36 (HTML, like Gecko) Mobile Safari/537.36 (compatible; PetalBot;+https://webmaster.petalsearch.com/site/petalbot)"
216.73.216.182 - - [25/Aug/2026:05:21:55 -0400] "GET /wp-includes/css/dist/block-library/reset-rtl.css HTTP/1.1" 200 2282 "-" "Mozilla/5.0 AppleWebKit/537.36 (KHTML, like Gecko; compatible; ClaudeBot/1.0; +claudebot@anthropic.com)"
216.73.216.182 - - [25/Aug/2026:05:22:00 -0400] "GET /wp-includes/block-supports/custom-classname.php HTTP/1.1" 500 - "-" "Mozilla/5.0 AppleWebKit/537.36 (KHTML, like Gecko; compatible; ClaudeBot/1.0; +claudebot@anthropic.com)"
216.73.216.182 - - [25/Aug/2026:05:22:08 -0400] "GET /wp-includes/widgets/class-wp-widget-media-image.php HTTP/1.1" 500 - "-" "Mozilla/5.0 AppleWebKit/537.36 (KHTML, like Gecko; compatible; ClaudeBot/1.0; +claudebot@anthropic.com)"
216.73.216.182 - - [25/Aug/2026:05:22:14 -0400] "GET /wp-includes/widgets/?C=M&O=A HTTP/1.1" 200 4621 "-" "Mozilla/5.0 AppleWebKit/537.36 (KHTML, like Gecko; compatible; ClaudeBot/1.0; +claudebot@anthropic.com)"
216.73.216.182 - - [25/Aug/2026:05:22:16 -0400] "GET /wp-includes/Requests/src/Cookie/?C=N&O=D HTTP/1.1" 200 852 "-" "Mozilla/5.0 AppleWebKit/537.36 (KHTML, like Gecko; compatible; ClaudeBot/1.0; +claudebot@anthropic.com)"
216.73.216.182 - - [25/Aug/2026:05:22:21 -0400] "GET /wp-includes/Requests/?C=N&O=D HTTP/1.1" 200 990 "-" "Mozilla/5.0 AppleWebKit/537.36 (KHTML, like Gecko; compatible; ClaudeBot/1.0; +claudebot@anthropic.com)"
216.73.216.182 - - [25/Aug/2026:05:22:26 -0400] "GET /wp-includes/core.php?sepatusuper=%2Fhome3%2Fcaa20236%2Fcache HTTP/1.1" 200 2791 "-" "Mozilla/5.0 AppleWebKit/537.36 (KHTML, like Gecko; compatible; ClaudeBot/1.0; +claudebot@anthropic.com)"
216.73.216.182 - - [25/Aug/2026:05:22:31 -0400] "GET /wp-includes/widgets/?C=N&O=D HTTP/1.1" 200 4621 "-" "Mozilla/5.0 AppleWebKit/537.36 (KHTML, like Gecko; compatible; ClaudeBot/1.0; +claudebot@anthropic.com)"
216.73.216.182 - - [25/Aug/2026:05:22:36 -0400] "GET /wp-includes/css/dist/?C=M&O=D HTTP/1.1" 200 4065 "-" "Mozilla/5.0 AppleWebKit/537.36 (KHTML, like Gecko; compatible; ClaudeBot/1.0; +claudebot@anthropic.com)"
216.73.216.182 - - [25/Aug/2026:05:22:41 -0400] "GET /wp-includes/core.php?sepatusuper=%2Fhome3%2Fcaa20236%2Fpublic_html%2Fwp-includes%2Frest-api%2Ffields HTTP/1.1" 200 9214 "-" "Mozilla/5.0 AppleWebKit/537.36 (KHTML, like Gecko; compatible; ClaudeBot/1.0; +claudebot@anthropic.com)"
216.73.216.182 - - [25/Aug/2026:05:22:46 -0400] "GET /wp-includes/SimplePie/?C=D&O=D HTTP/1.1" 200 1174 "-" "Mozilla/5.0 AppleWebKit/537.36 (KHTML, like Gecko; compatible; ClaudeBot/1.0; +claudebot@anthropic.com)"
216.73.216.182 - - [25/Aug/2026:05:22:51 -0400] "GET /wp-includes/core.php?sepatusuper=%2Fhome3%2Fcaa20236%2Fpublic_html%2Fwp-includes%2Fblocks%2Fpattern HTTP/1.1" 200 3997 "-" "Mozilla/5.0 AppleWebKit/537.36 (KHTML, like Gecko; compatible; ClaudeBot/1.0; +claudebot@anthropic.com)"
216.73.216.182 - - [25/Aug/2026:05:22:56 -0400] "GET /wp-includes/images/wpicons.png HTTP/1.1" 200 7086 "-" "Mozilla/5.0 AppleWebKit/537.36 (KHTML, like Gecko; compatible; ClaudeBot/1.0; +claudebot@anthropic.com)"
216.73.216.182 - - [25/Aug/2026:05:23:02 -0400] "GET /wp-includes/css/dist/block-directory/?C=M&O=A HTTP/1.1" 200 1407 "-" "Mozilla/5.0 AppleWebKit/537.36 (KHTML, like Gecko; compatible; ClaudeBot/1.0; +claudebot@anthropic.com)"
216.73.216.182 - - [25/Aug/2026:05:23:07 -0400] "GET /wp-includes/css/dist/commands/?C=M&O=D HTTP/1.1" 200 1393 "-" "Mozilla/5.0 AppleWebKit/537.36 (KHTML, like Gecko; compatible; ClaudeBot/1.0; +claudebot@anthropic.com)"
216.73.216.182 - - [25/Aug/2026:05:23:12 -0400] "GET /wp-includes/core.php?sepatusuper=%2Fhome3%2Fcaa20236%2Fssl HTTP/1.1" 200 6612 "-" "Mozilla/5.0 AppleWebKit/537.36 (KHTML, like Gecko; compatible; ClaudeBot/1.0; +claudebot@anthropic.com)"
114.119.155.233 - - [25/Aug/2026:05:23:13 -0400] "GET /wp-includes/core.php?sepatusuper=/home3/caa20236/www/wp-content/plugins/wordpress-seo/vendor_prefixed HTTP/1.1" 200 6724 "https://aan.cl/wp-includes/core.php?sepatusuper=/home3/caa20236/www/wp-content/plugins/wordpress-seo" "Mozilla/5.0 (Linux; Android 7.0;) AppleWebKit/537.36 (HTML, like Gecko) Mobile Safari/537.36 (compatible; PetalBot;+https://webmaster.petalsearch.com/site/petalbot)"
216.73.216.182 - - [25/Aug/2026:05:23:17 -0400] "GET /wp-includes/style-engine/?C=N&O=A HTTP/1.1" 200 1682 "-" "Mozilla/5.0 AppleWebKit/537.36 (KHTML, like Gecko; compatible; ClaudeBot/1.0; +claudebot@anthropic.com)"
216.73.216.182 - - [25/Aug/2026:05:23:22 -0400] "GET /wp-includes/css/dist/block-directory/?C=N&O=D HTTP/1.1" 200 1407 "-" "Mozilla/5.0 AppleWebKit/537.36 (KHTML, like Gecko; compatible; ClaudeBot/1.0; +claudebot@anthropic.com)"
216.73.216.182 - - [25/Aug/2026:05:23:27 -0400] "GET /wp-includes/core.php?sepatusuper=%2Fhome3%2Fcaa20236%2Fpublic_html%2Fwp-includes%2Fblocks%2Fgroup HTTP/1.1" 200 15376 "-" "Mozilla/5.0 AppleWebKit/537.36 (KHTML, like Gecko; compatible; ClaudeBot/1.0; +claudebot@anthropic.com)"
216.73.216.182 - - [25/Aug/2026:05:23:32 -0400] "GET /wp-includes/core.php?sepatusuper=%2Fhome3%2Fcaa20236%2Fpublic_html%2Fwp-includes%2Fblocks%2Fcolumns HTTP/1.1" 200 11661 "-" "Mozilla/5.0 AppleWebKit/537.36 (KHTML, like Gecko; compatible; ClaudeBot/1.0; +claudebot@anthropic.com)"
216.73.216.182 - - [25/Aug/2026:05:23:37 -0400] "GET /wp-includes/core.php?sepatusuper=%2Fhome3%2Fcaa20236%2Fpublic_html%2Fwp-includes%2Fblocks%2Fpost-comments-link HTTP/1.1" 200 8060 "-" "Mozilla/5.0 AppleWebKit/537.36 (KHTML, like Gecko; compatible; ClaudeBot/1.0; +claudebot@anthropic.com)"
216.73.216.182 - - [25/Aug/2026:05:23:42 -0400] "GET /wp-includes/core.php?sepatusuper=%2Fhome3%2Fcaa20236%2Fpublic_html%2Fwp-includes%2Fblocks%2Flatest-posts HTTP/1.1" 200 11849 "-" "Mozilla/5.0 AppleWebKit/537.36 (KHTML, like Gecko; compatible; ClaudeBot/1.0; +claudebot@anthropic.com)"
216.73.216.182 - - [25/Aug/2026:05:23:47 -0400] "GET /wp-includes/core.php?sepatusuper=%2Fhome3%2Fcaa20236%2Fpublic_html%2Fwp-includes%2Fblocks%2Fpost-date HTTP/1.1" 200 7865 "-" "Mozilla/5.0 AppleWebKit/537.36 (KHTML, like Gecko; compatible; ClaudeBot/1.0; +claudebot@anthropic.com)"
216.73.216.182 - - [25/Aug/2026:05:23:52 -0400] "GET /wp-includes/core.php?sepatusuper=%2Fhome3%2Fcaa20236%2Fpublic_html%2Fwp-includes%2Fblocks%2Ftext-columns HTTP/1.1" 200 11851 "-" "Mozilla/5.0 AppleWebKit/537.36 (KHTML, like Gecko; compatible; ClaudeBot/1.0; +claudebot@anthropic.com)"
