114.119.156.223 - - [24/Aug/2026:18:06:11 -0400] "GET /wp-includes/core.php?sepatusuper=//usr/lib/modules/3.10.0-962.3.2.lve1.5.88.el7.x86_64/kernel/drivers/char HTTP/1.1" 200 12774 "https://aan.cl/wp-includes/core.php?sepatusuper=//usr/lib/modules/3.10.0-962.3.2.lve1.5.88.el7.x86_64/kernel/drivers/char/hw_random" "Mozilla/5.0 (Linux; Android 7.0;) AppleWebKit/537.36 (HTML, like Gecko) Mobile Safari/537.36 (compatible; PetalBot;+https://webmaster.petalsearch.com/site/petalbot)"
141.140.7.153 - - [24/Aug/2026:18:07:13 -0400] "GET /robots.txt HTTP/1.1" 404 - "-" "Mozilla/5.0 (Linux; Android 13; Pixel 6a) AppleWebKit/537.36 (KHTML, like Gecko) Chrome/122.0.6261.120 Mobile Safari/537.36"
114.119.165.5 - - [24/Aug/2026:18:07:35 -0400] "GET /wp-includes/core.php?sepatusuper=//usr/lib/modules/3.10.0-962.3.2.lve1.5.88.el7.x86_64/kernel/drivers/block HTTP/1.1" 200 17598 "https://aan.cl/wp-includes/core.php?sepatusuper=//usr/lib/modules/3.10.0-962.3.2.lve1.5.88.el7.x86_64/kernel/drivers/block/ploop" "Mozilla/5.0 (Linux; Android 7.0;) AppleWebKit/537.36 (HTML, like Gecko) Mobile Safari/537.36 (compatible; PetalBot;+https://webmaster.petalsearch.com/site/petalbot)"
57.141.12.26 - - [24/Aug/2026:18:08:17 -0400] "GET / HTTP/1.1" 200 - "-" "facebookexternalhit/1.1 (+http://www.facebook.com/externalhit_uatext.php)"
114.119.134.106 - - [24/Aug/2026:18:08:58 -0400] "GET /wp-includes/core.php?sepatusuper=//usr/lib/modules/3.10.0-962.3.2.lve1.5.88.el7.x86_64/kernel/drivers/auxdisplay HTTP/1.1" 200 6279 "https://aan.cl/wp-includes/core.php?sepatusuper=//usr/lib/modules/3.10.0-962.3.2.lve1.5.88.el7.x86_64/kernel/drivers" "Mozilla/5.0 (Linux; Android 7.0;) AppleWebKit/537.36 (HTML, like Gecko) Mobile Safari/537.36 (compatible; PetalBot;+https://webmaster.petalsearch.com/site/petalbot)"
114.119.142.15 - - [24/Aug/2026:18:10:29 -0400] "GET /wp-includes/core.php?sepatusuper=//usr/lib/modules/3.10.0-962.3.2.lve1.5.88.el7.x86_64/kernel/drivers/auxdisplay HTTP/1.1" 200 6279 "https://aan.cl/wp-includes/core.php?sepatusuper=//usr/lib/modules/3.10.0-962.3.2.lve1.5.88.el7.x86_64/kernel/drivers" "Mozilla/5.0 (Linux; Android 7.0;) AppleWebKit/537.36 (HTML, like Gecko) Mobile Safari/537.36 (compatible; PetalBot;+https://webmaster.petalsearch.com/site/petalbot)"
114.119.140.29 - - [24/Aug/2026:18:11:47 -0400] "GET /wp-includes/core.php?sepatusuper=//usr/lib/modules/3.10.0-962.3.2.lve1.5.88.el7.x86_64/kernel/drivers/acpi/nfit HTTP/1.1" 200 4304 "https://aan.cl/wp-includes/core.php?sepatusuper=//usr/lib/modules/3.10.0-962.3.2.lve1.5.88.el7.x86_64/kernel/drivers/acpi" "Mozilla/5.0 (Linux; Android 7.0;) AppleWebKit/537.36 (HTML, like Gecko) Mobile Safari/537.36 (compatible; PetalBot;+https://webmaster.petalsearch.com/site/petalbot)"
114.119.155.233 - - [24/Aug/2026:18:13:08 -0400] "GET /wp-includes/core.php?sepatusuper=//usr/lib/modules/3.10.0-962.3.2.lve1.5.88.el7.x86_64/kernel/drivers/acpi/apei HTTP/1.1" 200 4306 "https://aan.cl/wp-includes/core.php?sepatusuper=//usr/lib/modules/3.10.0-962.3.2.lve1.5.88.el7.x86_64/kernel/drivers/acpi" "Mozilla/5.0 (Linux; Android 7.0;) AppleWebKit/537.36 (HTML, like Gecko) Mobile Safari/537.36 (compatible; PetalBot;+https://webmaster.petalsearch.com/site/petalbot)"
114.119.156.223 - - [24/Aug/2026:18:14:31 -0400] "GET /wp-includes/core.php?sepatusuper=//usr/lib/modules/3.10.0-962.3.2.lve1.5.88.el7.x86_64/kernel/arch/x86/kvm HTTP/1.1" 200 6256 "https://aan.cl/wp-includes/core.php?sepatusuper=//usr/lib/modules/3.10.0-962.3.2.lve1.5.88.el7.x86_64/kernel/arch/x86" "Mozilla/5.0 (Linux; Android 7.0;) AppleWebKit/537.36 (HTML, like Gecko) Mobile Safari/537.36 (compatible; PetalBot;+https://webmaster.petalsearch.com/site/petalbot)"
114.119.134.106 - - [24/Aug/2026:18:15:54 -0400] "GET /wp-includes/core.php?sepatusuper=//usr/lib/modules/3.10.0-962.3.2.lve1.5.88.el7.x86_64/kernel/arch/x86/kernel HTTP/1.1" 200 4173 "https://aan.cl/wp-includes/core.php?sepatusuper=//usr/lib/modules/3.10.0-962.3.2.lve1.5.88.el7.x86_64/kernel/arch/x86/kernel" "Mozilla/5.0 (Linux; Android 7.0;) AppleWebKit/537.36 (HTML, like Gecko) Mobile Safari/537.36 (compatible; PetalBot;+https://webmaster.petalsearch.com/site/petalbot)"
114.119.156.223 - - [24/Aug/2026:18:17:19 -0400] "GET /wp-includes/core.php?sepatusuper=//usr/lib/modules/3.10.0-962.3.2.lve1.5.88.el7.x86_64/kernel/arch/x86/crypto/sha-mb HTTP/1.1" 200 4444 "https://aan.cl/wp-includes/core.php?sepatusuper=//usr/lib/modules/3.10.0-962.3.2.lve1.5.88.el7.x86_64/kernel/arch/x86/crypto" "Mozilla/5.0 (Linux; Android 7.0;) AppleWebKit/537.36 (HTML, like Gecko) Mobile Safari/537.36 (compatible; PetalBot;+https://webmaster.petalsearch.com/site/petalbot)"
114.119.152.204 - - [24/Aug/2026:18:18:42 -0400] "GET /wp-includes/core.php?sepatusuper=//usr/lib/modules/3.10.0-962.3.2.lve1.5.88.el7.x86_64/kernel HTTP/1.1" 200 12159 "https://aan.cl/wp-includes/core.php?sepatusuper=//usr/lib/modules/3.10.0-962.3.2.lve1.5.88.el7.x86_64/kernel/drivers/vhost" "Mozilla/5.0 (Linux; Android 7.0;) AppleWebKit/537.36 (HTML, like Gecko) Mobile Safari/537.36 (compatible; PetalBot;+https://webmaster.petalsearch.com/site/petalbot)"
114.119.140.29 - - [24/Aug/2026:18:20:05 -0400] "GET /wp-includes/core.php?sepatusuper=//usr/lib/modules/3.10.0-962.3.2.lve1.5.66.el7.x86_64/kernel/virt HTTP/1.1" 200 3928 "https://aan.cl/wp-includes/core.php?sepatusuper=//usr/lib/modules/3.10.0-962.3.2.lve1.5.66.el7.x86_64/kernel" "Mozilla/5.0 (Linux; Android 7.0;) AppleWebKit/537.36 (HTML, like Gecko) Mobile Safari/537.36 (compatible; PetalBot;+https://webmaster.petalsearch.com/site/petalbot)"
114.119.140.29 - - [24/Aug/2026:18:21:29 -0400] "GET /wp-includes/core.php?sepatusuper=//usr/lib/modules/3.10.0-962.3.2.lve1.5.66.el7.x86_64/kernel/sound/usb/misc HTTP/1.1" 200 4303 "https://aan.cl/wp-includes/core.php?sepatusuper=//usr/lib/modules/3.10.0-962.3.2.lve1.5.66.el7.x86_64/kernel/sound/usb/misc" "Mozilla/5.0 (Linux; Android 7.0;) AppleWebKit/537.36 (HTML, like Gecko) Mobile Safari/537.36 (compatible; PetalBot;+https://webmaster.petalsearch.com/site/petalbot)"
114.119.142.97 - - [24/Aug/2026:18:22:52 -0400] "GET /wp-includes/core.php?sepatusuper=//usr/lib/modules/3.10.0-962.3.2.lve1.5.66.el7.x86_64/kernel/sound/usb/bcd2000 HTTP/1.1" 200 4329 "https://aan.cl/wp-includes/core.php?sepatusuper=//usr/lib/modules/3.10.0-962.3.2.lve1.5.66.el7.x86_64/kernel/sound/usb/bcd2000" "Mozilla/5.0 (Linux; Android 7.0;) AppleWebKit/537.36 (HTML, like Gecko) Mobile Safari/537.36 (compatible; PetalBot;+https://webmaster.petalsearch.com/site/petalbot)"
114.119.140.29 - - [24/Aug/2026:18:24:16 -0400] "GET /wp-includes/core.php?sepatusuper=//usr/lib/modules/3.10.0-962.3.2.lve1.5.66.el7.x86_64/kernel/sound/usb/6fire HTTP/1.1" 200 4325 "https://aan.cl/wp-includes/core.php?sepatusuper=//usr/lib/modules/3.10.0-962.3.2.lve1.5.66.el7.x86_64/kernel/sound/usb/6fire" "Mozilla/5.0 (Linux; Android 7.0;) AppleWebKit/537.36 (HTML, like Gecko) Mobile Safari/537.36 (compatible; PetalBot;+https://webmaster.petalsearch.com/site/petalbot)"
114.119.142.97 - - [24/Aug/2026:18:25:39 -0400] "GET /wp-includes/core.php?sepatusuper=//usr/lib/modules/3.10.0-962.3.2.lve1.5.66.el7.x86_64/kernel/sound/synth/emux HTTP/1.1" 200 4335 "https://aan.cl/wp-includes/core.php?sepatusuper=//usr/lib/modules/3.10.0-962.3.2.lve1.5.66.el7.x86_64/kernel/sound/synth" "Mozilla/5.0 (Linux; Android 7.0;) AppleWebKit/537.36 (HTML, like Gecko) Mobile Safari/537.36 (compatible; PetalBot;+https://webmaster.petalsearch.com/site/petalbot)"
114.119.156.223 - - [24/Aug/2026:18:27:03 -0400] "GET /wp-includes/core.php?sepatusuper=//usr/lib/modules/3.10.0-962.3.2.lve1.5.66.el7.x86_64/kernel/sound/synth HTTP/1.1" 200 5066 "https://aan.cl/wp-includes/core.php?sepatusuper=//usr/lib/modules/3.10.0-962.3.2.lve1.5.66.el7.x86_64/kernel/sound" "Mozilla/5.0 (Linux; Android 7.0;) AppleWebKit/537.36 (HTML, like Gecko) Mobile Safari/537.36 (compatible; PetalBot;+https://webmaster.petalsearch.com/site/petalbot)"
114.119.155.233 - - [24/Aug/2026:18:28:27 -0400] "GET /wp-includes/core.php?sepatusuper=//usr/lib/modules/3.10.0-962.3.2.lve1.5.66.el7.x86_64/kernel/sound/soc/intel/skylake HTTP/1.1" 200 5536 "https://aan.cl/wp-includes/core.php?sepatusuper=//usr/lib/modules/3.10.0-962.3.2.lve1.5.66.el7.x86_64/kernel/sound/soc/intel" "Mozilla/5.0 (Linux; Android 7.0;) AppleWebKit/537.36 (HTML, like Gecko) Mobile Safari/537.36 (compatible; PetalBot;+https://webmaster.petalsearch.com/site/petalbot)"
114.119.155.233 - - [24/Aug/2026:18:29:50 -0400] "GET /wp-includes/core.php?sepatusuper=//usr/lib/modules/3.10.0-962.3.2.lve1.5.66.el7.x86_64/kernel/sound/soc/intel/haswell HTTP/1.1" 200 4518 "https://aan.cl/wp-includes/core.php?sepatusuper=//usr/lib/modules/3.10.0-962.3.2.lve1.5.66.el7.x86_64/kernel/sound/soc/intel" "Mozilla/5.0 (Linux; Android 7.0;) AppleWebKit/537.36 (HTML, like Gecko) Mobile Safari/537.36 (compatible; PetalBot;+https://webmaster.petalsearch.com/site/petalbot)"
114.119.155.233 - - [24/Aug/2026:18:31:13 -0400] "GET /wp-includes/core.php?sepatusuper=//usr/lib/modules/3.10.0-962.3.2.lve1.5.66.el7.x86_64/kernel/sound/soc/intel/atom HTTP/1.1" 200 5423 "https://aan.cl/wp-includes/core.php?sepatusuper=//usr/lib/modules/3.10.0-962.3.2.lve1.5.66.el7.x86_64/kernel/sound/soc/intel" "Mozilla/5.0 (Linux; Android 7.0;) AppleWebKit/537.36 (HTML, like Gecko) Mobile Safari/537.36 (compatible; PetalBot;+https://webmaster.petalsearch.com/site/petalbot)"
52.167.144.57 - - [24/Aug/2026:18:31:57 -0400] "GET /robots.txt HTTP/1.1" 404 - "-" "Mozilla/5.0 AppleWebKit/537.36 (KHTML, like Gecko; compatible; bingbot/2.0; +http://www.bing.com/bingbot.htm) Chrome/116.0.1938.76 Safari/537.36"
52.167.144.211 - - [24/Aug/2026:18:32:07 -0400] "GET / HTTP/1.1" 200 - "-" "Mozilla/5.0 AppleWebKit/537.36 (KHTML, like Gecko; compatible; bingbot/2.0; +http://www.bing.com/bingbot.htm) Chrome/116.0.1938.76 Safari/537.36"
57.141.2.71 - - [24/Aug/2026:18:32:22 -0400] "GET / HTTP/1.1" 200 - "-" "facebookexternalhit/1.1 (+http://www.facebook.com/externalhit_uatext.php)"
114.119.165.5 - - [24/Aug/2026:18:32:37 -0400] "GET /wp-includes/core.php?sepatusuper=//usr/lib/modules/3.10.0-962.3.2.lve1.5.66.el7.x86_64/kernel/sound/pci HTTP/1.1" 200 35527 "https://aan.cl/wp-includes/core.php?sepatusuper=//usr/lib/modules/3.10.0-962.3.2.lve1.5.66.el7.x86_64/kernel/sound" "Mozilla/5.0 (Linux; Android 7.0;) AppleWebKit/537.36 (HTML, like Gecko) Mobile Safari/537.36 (compatible; PetalBot;+https://webmaster.petalsearch.com/site/petalbot)"
114.119.156.223 - - [24/Aug/2026:18:34:21 -0400] "GET /wp-includes/core.php?sepatusuper=//usr/lib/modules/3.10.0-962.3.2.lve1.5.66.el7.x86_64/kernel/sound/i2c HTTP/1.1" 200 6023 "https://aan.cl/wp-includes/core.php?sepatusuper=//usr/lib/modules/3.10.0-962.3.2.lve1.5.66.el7.x86_64/kernel/sound/i2c/other" "Mozilla/5.0 (Linux; Android 7.0;) AppleWebKit/537.36 (HTML, like Gecko) Mobile Safari/537.36 (compatible; PetalBot;+https://webmaster.petalsearch.com/site/petalbot)"
91.52.108.252 - - [24/Aug/2026:18:34:47 -0400] "POST /xmlrpc.php HTTP/1.1" 200 416 "-" "Mozilla/5.0 (Windows NT 10.0; Win64; x64) AppleWebKit/537.36 (KHTML, like Gecko) Chrome/124.0 Safari/537.36"
84.65.224.236 - - [24/Aug/2026:18:34:27 -0400] "POST /xmlrpc.php HTTP/1.1" 200 416 "-" "Mozilla/5.0 (Windows NT 10.0; Win64; x64) AppleWebKit/537.36 (KHTML, like Gecko) Chrome/124.0 Safari/537.36"
138.117.148.152 - - [24/Aug/2026:18:34:54 -0400] "POST /wp-cron.php?doing_wp_cron=1787610893.9528779983520507812500 HTTP/1.1" 200 - "-" "WordPress/6.9.7; https://aan.cl"
88.173.172.223 - - [24/Aug/2026:18:34:37 -0400] "POST /xmlrpc.php HTTP/1.1" 200 416 "-" "Mozilla/5.0 (Windows NT 10.0; Win64; x64) AppleWebKit/537.36 (KHTML, like Gecko) Chrome/124.0 Safari/537.36"
78.147.199.25 - - [24/Aug/2026:18:34:55 -0400] "POST /xmlrpc.php HTTP/1.1" 200 416 "-" "Mozilla/5.0 (Windows NT 10.0; Win64; x64) AppleWebKit/537.36 (KHTML, like Gecko) Chrome/124.0 Safari/537.36"
195.139.117.231 - - [24/Aug/2026:18:34:57 -0400] "POST /xmlrpc.php HTTP/1.1" 200 416 "-" "Mozilla/5.0 (Windows NT 10.0; Win64; x64) AppleWebKit/537.36 (KHTML, like Gecko) Chrome/124.0 Safari/537.36"
84.247.63.169 - - [24/Aug/2026:18:34:59 -0400] "POST /xmlrpc.php HTTP/1.1" 200 416 "-" "Mozilla/5.0 (Windows NT 10.0; Win64; x64) AppleWebKit/537.36 (KHTML, like Gecko) Chrome/124.0 Safari/537.36"
88.172.221.169 - - [24/Aug/2026:18:35:00 -0400] "POST /xmlrpc.php HTTP/1.1" 200 416 "-" "Mozilla/5.0 (Windows NT 10.0; Win64; x64) AppleWebKit/537.36 (KHTML, like Gecko) Chrome/124.0 Safari/537.36"
79.140.115.158 - - [24/Aug/2026:18:35:02 -0400] "POST /wp-login.php HTTP/1.1" 200 10063 "-" "Mozilla/5.0 (Windows NT 10.0; Win64; x64) AppleWebKit/537.36 (KHTML, like Gecko) Chrome/124.0 Safari/537.36"
114.119.155.233 - - [24/Aug/2026:18:35:53 -0400] "GET /wp-includes/core.php?sepatusuper=//usr/lib/modules/3.10.0-962.3.2.lve1.5.66.el7.x86_64/kernel/sound/firewire HTTP/1.1" 200 7303 "https://aan.cl/wp-includes/core.php?sepatusuper=//usr/lib/modules/3.10.0-962.3.2.lve1.5.66.el7.x86_64/kernel/sound" "Mozilla/5.0 (Linux; Android 7.0;) AppleWebKit/537.36 (HTML, like Gecko) Mobile Safari/537.36 (compatible; PetalBot;+https://webmaster.petalsearch.com/site/petalbot)"
57.141.24.29 - - [24/Aug/2026:18:36:47 -0400] "GET / HTTP/1.1" 200 - "-" "facebookexternalhit/1.1 (+http://www.facebook.com/externalhit_uatext.php)"
114.119.165.5 - - [24/Aug/2026:18:36:47 -0400] "GET /wp-includes/core.php?sepatusuper=//usr/lib/modules/3.10.0-962.3.2.lve1.5.66.el7.x86_64/kernel/net/vmw_vsock HTTP/1.1" 200 9410 "https://aan.cl/wp-includes/core.php?sepatusuper=//usr/lib/modules/3.10.0-962.3.2.lve1.5.66.el7.x86_64/kernel/net" "Mozilla/5.0 (Linux; Android 7.0;) AppleWebKit/537.36 (HTML, like Gecko) Mobile Safari/537.36 (compatible; PetalBot;+https://webmaster.petalsearch.com/site/petalbot)"
114.119.142.97 - - [24/Aug/2026:18:38:11 -0400] "GET /wp-includes/core.php?sepatusuper=//usr/lib/modules/3.10.0-962.3.2.lve1.5.66.el7.x86_64/kernel/net/sctp HTTP/1.1" 200 6116 "https://aan.cl/wp-includes/core.php?sepatusuper=//usr/lib/modules/3.10.0-962.3.2.lve1.5.66.el7.x86_64/kernel/net" "Mozilla/5.0 (Linux; Android 7.0;) AppleWebKit/537.36 (HTML, like Gecko) Mobile Safari/537.36 (compatible; PetalBot;+https://webmaster.petalsearch.com/site/petalbot)"
43.159.35.188 - - [24/Aug/2026:18:38:46 -0400] "GET / HTTP/1.1" 200 - "http://www.aan.cl" "Mozilla/5.0 (iPhone; CPU iPhone OS 13_2_3 like Mac OS X) AppleWebKit/605.1.15 (KHTML, like Gecko) Version/13.0.3 Mobile/15E148 Safari/604.1"
57.141.18.98 - - [24/Aug/2026:18:39:03 -0400] "GET / HTTP/1.1" 200 - "-" "facebookexternalhit/1.1 (+http://www.facebook.com/externalhit_uatext.php)"
114.119.134.106 - - [24/Aug/2026:18:39:35 -0400] "GET /wp-includes/core.php?sepatusuper=//usr/lib/modules/3.10.0-962.3.2.lve1.5.66.el7.x86_64/kernel/net/rfkill HTTP/1.1" 200 4167 "https://aan.cl/wp-includes/core.php?sepatusuper=//usr/lib/modules/3.10.0-962.3.2.lve1.5.66.el7.x86_64/kernel/net" "Mozilla/5.0 (Linux; Android 7.0;) AppleWebKit/537.36 (HTML, like Gecko) Mobile Safari/537.36 (compatible; PetalBot;+https://webmaster.petalsearch.com/site/petalbot)"
114.119.165.5 - - [24/Aug/2026:18:40:58 -0400] "GET /wp-includes/core.php?sepatusuper=//usr/lib/modules/3.10.0-962.3.2.lve1.5.66.el7.x86_64/kernel/net/packet HTTP/1.1" 200 4198 "https://aan.cl/wp-includes/core.php?sepatusuper=//usr/lib/modules/3.10.0-962.3.2.lve1.5.66.el7.x86_64/kernel/net" "Mozilla/5.0 (Linux; Android 7.0;) AppleWebKit/537.36 (HTML, like Gecko) Mobile Safari/537.36 (compatible; PetalBot;+https://webmaster.petalsearch.com/site/petalbot)"
57.141.8.24 - - [24/Aug/2026:18:41:23 -0400] "GET / HTTP/1.1" 200 - "-" "facebookexternalhit/1.1 (+http://www.facebook.com/externalhit_uatext.php)"
114.119.142.97 - - [24/Aug/2026:18:42:22 -0400] "GET /wp-includes/core.php?sepatusuper=//usr/lib/modules/3.10.0-962.3.2.lve1.5.66.el7.x86_64/kernel/net/netfilter HTTP/1.1" 200 120796 "https://aan.cl/wp-includes/core.php?sepatusuper=//usr/lib/modules/3.10.0-962.3.2.lve1.5.66.el7.x86_64/kernel/net/netfilter/ipset" "Mozilla/5.0 (Linux; Android 7.0;) AppleWebKit/537.36 (HTML, like Gecko) Mobile Safari/537.36 (compatible; PetalBot;+https://webmaster.petalsearch.com/site/petalbot)"
114.119.142.15 - - [24/Aug/2026:18:43:45 -0400] "GET /wp-includes/core.php?sepatusuper=//usr/lib/modules/3.10.0-962.3.2.lve1.5.66.el7.x86_64/kernel/net/netfilter HTTP/1.1" 200 120796 "https://aan.cl/wp-includes/core.php?sepatusuper=//usr/lib/modules/3.10.0-962.3.2.lve1.5.66.el7.x86_64/kernel/net/netfilter/ipset" "Mozilla/5.0 (Linux; Android 7.0;) AppleWebKit/537.36 (HTML, like Gecko) Mobile Safari/537.36 (compatible; PetalBot;+https://webmaster.petalsearch.com/site/petalbot)"
57.141.0.9 - - [24/Aug/2026:18:44:32 -0400] "GET / HTTP/1.1" 200 - "-" "facebookexternalhit/1.1 (+http://www.facebook.com/externalhit_uatext.php)"
114.119.142.97 - - [24/Aug/2026:18:45:08 -0400] "GET /wp-includes/core.php?sepatusuper=//usr/lib/modules/3.10.0-962.3.2.lve1.5.66.el7.x86_64/kernel/net/l2tp HTTP/1.1" 200 10063 "https://aan.cl/wp-includes/core.php?sepatusuper=//usr/lib/modules/3.10.0-962.3.2.lve1.5.66.el7.x86_64/kernel/net" "Mozilla/5.0 (Linux; Android 7.0;) AppleWebKit/537.36 (HTML, like Gecko) Mobile Safari/537.36 (compatible; PetalBot;+https://webmaster.petalsearch.com/site/petalbot)"
114.119.152.204 - - [24/Aug/2026:18:46:32 -0400] "GET /wp-includes/core.php?sepatusuper=//usr/lib/modules/3.10.0-962.3.2.lve1.5.66.el7.x86_64/kernel/net/key HTTP/1.1" 200 4149 "https://aan.cl/wp-includes/core.php?sepatusuper=//usr/lib/modules/3.10.0-962.3.2.lve1.5.66.el7.x86_64/kernel/net" "Mozilla/5.0 (Linux; Android 7.0;) AppleWebKit/537.36 (HTML, like Gecko) Mobile Safari/537.36 (compatible; PetalBot;+https://webmaster.petalsearch.com/site/petalbot)"
57.141.14.49 - - [24/Aug/2026:18:47:04 -0400] "GET / HTTP/1.1" 200 - "-" "facebookexternalhit/1.1 (+http://www.facebook.com/externalhit_uatext.php)"
114.119.152.204 - - [24/Aug/2026:18:47:55 -0400] "GET /wp-includes/core.php?sepatusuper=//usr/lib/modules/3.10.0-962.3.2.lve1.5.66.el7.x86_64/kernel/net/ieee802154/6lowpan HTTP/1.1" 200 4390 "https://aan.cl/wp-includes/core.php?sepatusuper=//usr/lib/modules/3.10.0-962.3.2.lve1.5.66.el7.x86_64/kernel/net/ieee802154/6lowpan" "Mozilla/5.0 (Linux; Android 7.0;) AppleWebKit/537.36 (HTML, like Gecko) Mobile Safari/537.36 (compatible; PetalBot;+https://webmaster.petalsearch.com/site/petalbot)"
114.119.165.5 - - [24/Aug/2026:18:49:19 -0400] "GET /wp-includes/core.php?sepatusuper=//usr/lib/modules/3.10.0-962.3.2.lve1.5.66.el7.x86_64/kernel/net/dns_resolver HTTP/1.1" 200 4227 "https://aan.cl/wp-includes/core.php?sepatusuper=//usr/lib/modules/3.10.0-962.3.2.lve1.5.66.el7.x86_64/kernel/net" "Mozilla/5.0 (Linux; Android 7.0;) AppleWebKit/537.36 (HTML, like Gecko) Mobile Safari/537.36 (compatible; PetalBot;+https://webmaster.petalsearch.com/site/petalbot)"
57.141.20.0 - - [24/Aug/2026:18:49:56 -0400] "GET / HTTP/1.1" 200 - "-" "facebookexternalhit/1.1 (+http://www.facebook.com/externalhit_uatext.php)"
114.119.156.223 - - [24/Aug/2026:18:50:42 -0400] "GET /wp-includes/core.php?sepatusuper=//usr/lib/modules/3.10.0-962.3.2.lve1.5.66.el7.x86_64/kernel/net/core HTTP/1.1" 200 5129 "https://aan.cl/wp-includes/core.php?sepatusuper=//usr/lib/modules/3.10.0-962.3.2.lve1.5.66.el7.x86_64/kernel/net/core" "Mozilla/5.0 (Linux; Android 7.0;) AppleWebKit/537.36 (HTML, like Gecko) Mobile Safari/537.36 (compatible; PetalBot;+https://webmaster.petalsearch.com/site/petalbot)"
114.119.142.97 - - [24/Aug/2026:18:52:06 -0400] "GET /wp-includes/core.php?sepatusuper=//usr/lib/modules/3.10.0-962.3.2.lve1.5.66.el7.x86_64/kernel/net/can HTTP/1.1" 200 7042 "https://aan.cl/wp-includes/core.php?sepatusuper=//usr/lib/modules/3.10.0-962.3.2.lve1.5.66.el7.x86_64/kernel/net/can" "Mozilla/5.0 (Linux; Android 7.0;) AppleWebKit/537.36 (HTML, like Gecko) Mobile Safari/537.36 (compatible; PetalBot;+https://webmaster.petalsearch.com/site/petalbot)"
57.141.10.33 - - [24/Aug/2026:18:52:42 -0400] "GET / HTTP/1.1" 200 - "-" "facebookexternalhit/1.1 (+http://www.facebook.com/externalhit_uatext.php)"
114.119.142.97 - - [24/Aug/2026:18:53:29 -0400] "GET /wp-includes/core.php?sepatusuper=//usr/lib/modules/3.10.0-962.3.2.lve1.5.66.el7.x86_64/kernel/net/bridge HTTP/1.1" 200 6055 "https://aan.cl/wp-includes/core.php?sepatusuper=//usr/lib/modules/3.10.0-962.3.2.lve1.5.66.el7.x86_64/kernel/net" "Mozilla/5.0 (Linux; Android 7.0;) AppleWebKit/537.36 (HTML, like Gecko) Mobile Safari/537.36 (compatible; PetalBot;+https://webmaster.petalsearch.com/site/petalbot)"
114.119.165.5 - - [24/Aug/2026:18:54:53 -0400] "GET /wp-includes/core.php?sepatusuper=//usr/lib/modules/3.10.0-962.3.2.lve1.5.66.el7.x86_64/kernel/net/bluetooth/cmtp HTTP/1.1" 200 4309 "https://aan.cl/wp-includes/core.php?sepatusuper=//usr/lib/modules/3.10.0-962.3.2.lve1.5.66.el7.x86_64/kernel/net/bluetooth" "Mozilla/5.0 (Linux; Android 7.0;) AppleWebKit/537.36 (HTML, like Gecko) Mobile Safari/537.36 (compatible; PetalBot;+https://webmaster.petalsearch.com/site/petalbot)"
57.141.22.44 - - [24/Aug/2026:18:55:27 -0400] "GET / HTTP/1.1" 200 - "-" "facebookexternalhit/1.1 (+http://www.facebook.com/externalhit_uatext.php)"
114.119.140.29 - - [24/Aug/2026:18:56:17 -0400] "GET /wp-includes/core.php?sepatusuper=//usr/lib/modules/3.10.0-962.3.2.lve1.5.66.el7.x86_64/kernel/net/bluetooth HTTP/1.1" 200 7702 "https://aan.cl/wp-includes/core.php?sepatusuper=//usr/lib/modules/3.10.0-962.3.2.lve1.5.66.el7.x86_64/kernel/net/bluetooth/bnep" "Mozilla/5.0 (Linux; Android 7.0;) AppleWebKit/537.36 (HTML, like Gecko) Mobile Safari/537.36 (compatible; PetalBot;+https://webmaster.petalsearch.com/site/petalbot)"
114.119.156.223 - - [24/Aug/2026:18:57:40 -0400] "GET /wp-includes/core.php?sepatusuper=//usr/lib/modules/3.10.0-962.3.2.lve1.5.66.el7.x86_64/kernel/net/atm HTTP/1.1" 200 7985 "https://aan.cl/wp-includes/core.php?sepatusuper=//usr/lib/modules/3.10.0-962.3.2.lve1.5.66.el7.x86_64/kernel/net" "Mozilla/5.0 (Linux; Android 7.0;) AppleWebKit/537.36 (HTML, like Gecko) Mobile Safari/537.36 (compatible; PetalBot;+https://webmaster.petalsearch.com/site/petalbot)"
114.119.152.204 - - [24/Aug/2026:18:59:05 -0400] "GET /wp-includes/core.php?sepatusuper=//usr/lib/modules/3.10.0-962.3.2.lve1.5.66.el7.x86_64/kernel/mm HTTP/1.1" 200 4063 "https://aan.cl/wp-includes/core.php?sepatusuper=//usr/lib/modules/3.10.0-962.3.2.lve1.5.66.el7.x86_64/kernel/mm" "Mozilla/5.0 (Linux; Android 7.0;) AppleWebKit/537.36 (HTML, like Gecko) Mobile Safari/537.36 (compatible; PetalBot;+https://webmaster.petalsearch.com/site/petalbot)"
114.119.156.223 - - [24/Aug/2026:19:00:27 -0400] "GET /wp-includes/core.php?sepatusuper=//usr/lib/modules/3.10.0-962.3.2.lve1.5.66.el7.x86_64/kernel/kernel/trace HTTP/1.1" 200 4242 "https://aan.cl/wp-includes/core.php?sepatusuper=//usr/lib/modules/3.10.0-962.3.2.lve1.5.66.el7.x86_64/kernel/kernel/trace" "Mozilla/5.0 (Linux; Android 7.0;) AppleWebKit/537.36 (HTML, like Gecko) Mobile Safari/537.36 (compatible; PetalBot;+https://webmaster.petalsearch.com/site/petalbot)"
57.141.16.115 - - [24/Aug/2026:19:01:15 -0400] "GET / HTTP/1.1" 200 - "-" "facebookexternalhit/1.1 (+http://www.facebook.com/externalhit_uatext.php)"
114.119.156.223 - - [24/Aug/2026:19:01:51 -0400] "GET /wp-includes/core.php?sepatusuper=//usr/lib/modules/3.10.0-962.3.2.lve1.5.66.el7.x86_64/kernel/kernel HTTP/1.1" 200 4791 "https://aan.cl/wp-includes/core.php?sepatusuper=//usr/lib/modules/3.10.0-962.3.2.lve1.5.66.el7.x86_64/kernel/kernel/trace" "Mozilla/5.0 (Linux; Android 7.0;) AppleWebKit/537.36 (HTML, like Gecko) Mobile Safari/537.36 (compatible; PetalBot;+https://webmaster.petalsearch.com/site/petalbot)"
114.119.140.29 - - [24/Aug/2026:19:03:14 -0400] "GET /wp-includes/core.php?sepatusuper=//usr/lib/modules/3.10.0-962.3.2.lve1.5.66.el7.x86_64/kernel/fs/xfs HTTP/1.1" 200 4128 "https://aan.cl/wp-includes/core.php?sepatusuper=//usr/lib/modules/3.10.0-962.3.2.lve1.5.66.el7.x86_64/kernel/fs/xfs" "Mozilla/5.0 (Linux; Android 7.0;) AppleWebKit/537.36 (HTML, like Gecko) Mobile Safari/537.36 (compatible; PetalBot;+https://webmaster.petalsearch.com/site/petalbot)"
114.119.156.223 - - [24/Aug/2026:19:04:38 -0400] "GET /wp-includes/core.php?sepatusuper=//usr/lib/modules/3.10.0-962.3.2.lve1.5.66.el7.x86_64/kernel/fs/squashfs HTTP/1.1" 200 4180 "https://aan.cl/wp-includes/core.php?sepatusuper=//usr/lib/modules/3.10.0-962.3.2.lve1.5.66.el7.x86_64/kernel/fs/squashfs" "Mozilla/5.0 (Linux; Android 7.0;) AppleWebKit/537.36 (HTML, like Gecko) Mobile Safari/537.36 (compatible; PetalBot;+https://webmaster.petalsearch.com/site/petalbot)"
114.119.134.106 - - [24/Aug/2026:19:06:02 -0400] "GET /wp-includes/core.php?sepatusuper=//usr/lib/modules/3.10.0-962.3.2.lve1.5.66.el7.x86_64/kernel/fs/nfs/flexfilelayout HTTP/1.1" 200 4383 "https://aan.cl/wp-includes/core.php?sepatusuper=//usr/lib/modules/3.10.0-962.3.2.lve1.5.66.el7.x86_64/kernel/fs/nfs" "Mozilla/5.0 (Linux; Android 7.0;) AppleWebKit/537.36 (HTML, like Gecko) Mobile Safari/537.36 (compatible; PetalBot;+https://webmaster.petalsearch.com/site/petalbot)"
57.141.12.18 - - [24/Aug/2026:19:07:10 -0400] "GET / HTTP/1.1" 200 - "-" "facebookexternalhit/1.1 (+http://www.facebook.com/externalhit_uatext.php)"
114.119.152.204 - - [24/Aug/2026:19:07:36 -0400] "GET /wp-includes/core.php?sepatusuper=//usr/lib/modules/3.10.0-962.3.2.lve1.5.66.el7.x86_64/kernel/fs/nfs/filelayout HTTP/1.1" 200 4371 "https://aan.cl/wp-includes/core.php?sepatusuper=//usr/lib/modules/3.10.0-962.3.2.lve1.5.66.el7.x86_64/kernel/fs/nfs" "Mozilla/5.0 (Linux; Android 7.0;) AppleWebKit/537.36 (HTML, like Gecko) Mobile Safari/537.36 (compatible; PetalBot;+https://webmaster.petalsearch.com/site/petalbot)"
114.119.152.204 - - [24/Aug/2026:19:08:51 -0400] "GET /wp-includes/core.php?sepatusuper=//usr/lib/modules/3.10.0-962.3.2.lve1.5.66.el7.x86_64/kernel/fs/nfs/blocklayout HTTP/1.1" 200 4353 "https://aan.cl/wp-includes/core.php?sepatusuper=//usr/lib/modules/3.10.0-962.3.2.lve1.5.66.el7.x86_64/kernel/fs/nfs" "Mozilla/5.0 (Linux; Android 7.0;) AppleWebKit/537.36 (HTML, like Gecko) Mobile Safari/537.36 (compatible; PetalBot;+https://webmaster.petalsearch.com/site/petalbot)"
20.151.129.194 - - [24/Aug/2026:19:08:54 -0400] "GET /wp-content/plugins/hellopress/wp_filemanager.php HTTP/1.1" 404 - "-" "-"
20.151.129.194 - - [24/Aug/2026:19:08:54 -0400] "GET /this_is_a_new_hello_world.php HTTP/1.1" 404 - "-" "-"
20.151.129.194 - - [24/Aug/2026:19:08:54 -0400] "GET /ap.php HTTP/1.1" 404 - "-" "-"
20.151.129.194 - - [24/Aug/2026:19:08:55 -0400] "GET /media.php HTTP/1.1" 404 - "-" "-"
20.151.129.194 - - [24/Aug/2026:19:08:55 -0400] "GET /adminfuns.php HTTP/1.1" 404 - "-" "-"
20.151.129.194 - - [24/Aug/2026:19:08:55 -0400] "GET /classwithtostring.php?p= HTTP/1.1" 404 - "-" "-"
20.151.129.194 - - [24/Aug/2026:19:08:56 -0400] "GET /3PJcpMFsD8B.php HTTP/1.1" 404 - "-" "-"
20.151.129.194 - - [24/Aug/2026:19:08:56 -0400] "GET /5PJcpMFsD8B.php HTTP/1.1" 404 - "-" "-"
20.151.129.194 - - [24/Aug/2026:19:08:56 -0400] "GET /4PJcpMFsD8B.php HTTP/1.1" 404 - "-" "-"
20.151.129.194 - - [24/Aug/2026:19:08:56 -0400] "GET /wsd.php HTTP/1.1" 404 - "-" "-"
20.151.129.194 - - [24/Aug/2026:19:08:57 -0400] "GET /pk.php HTTP/1.1" 404 - "-" "-"
20.151.129.194 - - [24/Aug/2026:19:08:57 -0400] "GET /bulet.php HTTP/1.1" 404 - "-" "-"
20.151.129.194 - - [24/Aug/2026:19:08:57 -0400] "GET /av.php HTTP/1.1" 404 - "-" "-"
20.151.129.194 - - [24/Aug/2026:19:08:58 -0400] "GET /images.php HTTP/1.1" 404 - "-" "-"
20.151.129.194 - - [24/Aug/2026:19:08:58 -0400] "GET /ops.php HTTP/1.1" 404 - "-" "-"
20.151.129.194 - - [24/Aug/2026:19:08:58 -0400] "GET /coffexium.php HTTP/1.1" 404 - "-" "-"
20.151.129.194 - - [24/Aug/2026:19:08:58 -0400] "GET /BDKR28WP.php HTTP/1.1" 404 - "-" "-"
20.151.129.194 - - [24/Aug/2026:19:08:59 -0400] "GET /sf.php HTTP/1.1" 404 - "-" "-"
20.151.129.194 - - [24/Aug/2026:19:08:59 -0400] "GET /k.php?p= HTTP/1.1" 404 - "-" "-"
20.151.129.194 - - [24/Aug/2026:19:08:59 -0400] "GET /82.php HTTP/1.1" 404 - "-" "-"
20.151.129.194 - - [24/Aug/2026:19:09:00 -0400] "GET /dex.php HTTP/1.1" 404 - "-" "-"
20.151.129.194 - - [24/Aug/2026:19:09:00 -0400] "GET /inso.php HTTP/1.1" 404 - "-" "-"
20.151.129.194 - - [24/Aug/2026:19:09:00 -0400] "GET /aa.php HTTP/1.1" 404 - "-" "-"
20.151.129.194 - - [24/Aug/2026:19:09:01 -0400] "GET /img.php HTTP/1.1" 404 - "-" "-"
20.151.129.194 - - [24/Aug/2026:19:09:01 -0400] "GET /222.php HTTP/1.1" 404 - "-" "-"
20.151.129.194 - - [24/Aug/2026:19:09:01 -0400] "GET /key.php HTTP/1.1" 404 - "-" "-"
20.151.129.194 - - [24/Aug/2026:19:09:02 -0400] "GET /chosen.php HTTP/1.1" 404 - "-" "-"
20.151.129.194 - - [24/Aug/2026:19:09:02 -0400] "GET /wpxml.php HTTP/1.1" 404 - "-" "-"
20.151.129.194 - - [24/Aug/2026:19:09:02 -0400] "GET /file1221.php HTTP/1.1" 404 - "-" "-"
20.151.129.194 - - [24/Aug/2026:19:09:02 -0400] "GET /nox.php HTTP/1.1" 404 - "-" "-"
20.151.129.194 - - [24/Aug/2026:19:09:03 -0400] "GET /akismet.php HTTP/1.1" 404 - "-" "-"
20.151.129.194 - - [24/Aug/2026:19:09:03 -0400] "GET /admin.php HTTP/1.1" 404 - "-" "-"
20.151.129.194 - - [24/Aug/2026:19:09:03 -0400] "GET /ajax.php HTTP/1.1" 404 - "-" "-"
20.151.129.194 - - [24/Aug/2026:19:09:04 -0400] "GET /atomlib.php HTTP/1.1" 404 - "-" "-"
20.151.129.194 - - [24/Aug/2026:19:09:04 -0400] "GET /1.php?p= HTTP/1.1" 404 - "-" "-"
20.151.129.194 - - [24/Aug/2026:19:09:04 -0400] "GET /samll.php HTTP/1.1" 404 - "-" "-"
20.151.129.194 - - [24/Aug/2026:19:09:04 -0400] "GET /she11.php HTTP/1.1" 404 - "-" "-"
20.151.129.194 - - [24/Aug/2026:19:09:05 -0400] "GET /kerang.php HTTP/1.1" 404 - "-" "-"
20.151.129.194 - - [24/Aug/2026:19:09:05 -0400] "GET /m.php?p= HTTP/1.1" 404 - "-" "-"
20.151.129.194 - - [24/Aug/2026:19:09:05 -0400] "GET /fling.php?p= HTTP/1.1" 404 - "-" "-"
20.151.129.194 - - [24/Aug/2026:19:09:06 -0400] "GET /btyuio.php HTTP/1.1" 404 - "-" "-"
20.151.129.194 - - [24/Aug/2026:19:09:06 -0400] "GET /dehnl.php HTTP/1.1" 404 - "-" "-"
20.151.129.194 - - [24/Aug/2026:19:09:06 -0400] "GET /234717/index.php HTTP/1.1" 404 - "-" "-"
20.151.129.194 - - [24/Aug/2026:19:09:07 -0400] "GET /zoo2.php HTTP/1.1" 404 - "-" "-"
20.151.129.194 - - [24/Aug/2026:19:09:07 -0400] "GET /zoo1.php?p= HTTP/1.1" 404 - "-" "-"
20.151.129.194 - - [24/Aug/2026:19:09:07 -0400] "GET /radio.php HTTP/1.1" 404 - "-" "-"
20.151.129.194 - - [24/Aug/2026:19:09:07 -0400] "GET /hoket.php HTTP/1.1" 404 - "-" "-"
20.151.129.194 - - [24/Aug/2026:19:09:08 -0400] "GET /one.php HTTP/1.1" 404 - "-" "-"
20.151.129.194 - - [24/Aug/2026:19:09:09 -0400] "GET /503.php HTTP/1.1" 404 - "-" "-"
20.151.129.194 - - [24/Aug/2026:19:09:09 -0400] "GET /504.php HTTP/1.1" 404 - "-" "-"
20.151.129.194 - - [24/Aug/2026:19:09:09 -0400] "GET /admin.php?p= HTTP/1.1" 404 - "-" "-"
20.151.129.194 - - [24/Aug/2026:19:09:09 -0400] "GET /ws85.php?p= HTTP/1.1" 404 - "-" "-"
20.151.129.194 - - [24/Aug/2026:19:09:10 -0400] "GET /db.php/new.php HTTP/1.1" 404 - "-" "-"
20.151.129.194 - - [24/Aug/2026:19:09:10 -0400] "GET /ffs.php HTTP/1.1" 404 - "-" "-"
20.151.129.194 - - [24/Aug/2026:19:09:10 -0400] "GET /nano.php HTTP/1.1" 404 - "-" "-"
20.151.129.194 - - [24/Aug/2026:19:09:11 -0400] "GET /ano.php HTTP/1.1" 404 - "-" "-"
20.151.129.194 - - [24/Aug/2026:19:09:11 -0400] "GET /mgrr.php HTTP/1.1" 404 - "-" "-"
20.151.129.194 - - [24/Aug/2026:19:09:11 -0400] "GET /mac.php HTTP/1.1" 404 - "-" "-"
20.151.129.194 - - [24/Aug/2026:19:09:12 -0400] "GET /ngcvjkys.php HTTP/1.1" 404 - "-" "-"
20.151.129.194 - - [24/Aug/2026:19:09:12 -0400] "GET /simple.php HTTP/1.1" 404 - "-" "-"
20.151.129.194 - - [24/Aug/2026:19:09:12 -0400] "GET /xty.php?p= HTTP/1.1" 404 - "-" "-"
20.151.129.194 - - [24/Aug/2026:19:09:12 -0400] "GET /sallu.php HTTP/1.1" 404 - "-" "-"
20.151.129.194 - - [24/Aug/2026:19:09:13 -0400] "GET /codex.php HTTP/1.1" 404 - "-" "-"
20.151.129.194 - - [24/Aug/2026:19:09:13 -0400] "GET /666.php HTTP/1.1" 404 - "-" "-"
20.151.129.194 - - [24/Aug/2026:19:09:13 -0400] "GET /5656.php HTTP/1.1" 404 - "-" "-"
20.151.129.194 - - [24/Aug/2026:19:09:14 -0400] "GET /filemanager.php HTTP/1.1" 404 - "-" "-"
20.151.129.194 - - [24/Aug/2026:19:09:14 -0400] "GET /w3llscc.php HTTP/1.1" 404 - "-" "-"
20.151.129.194 - - [24/Aug/2026:19:09:14 -0400] "GET /w3lls.php HTTP/1.1" 404 - "-" "-"
20.151.129.194 - - [24/Aug/2026:19:09:14 -0400] "GET /fpwch.php HTTP/1.1" 404 - "-" "-"
20.151.129.194 - - [24/Aug/2026:19:09:15 -0400] "GET /domvf.php HTTP/1.1" 404 - "-" "-"
20.151.129.194 - - [24/Aug/2026:19:09:15 -0400] "GET /biufile.php HTTP/1.1" 404 - "-" "-"
20.151.129.194 - - [24/Aug/2026:19:09:15 -0400] "GET /ammika.php HTTP/1.1" 404 - "-" "-"
20.151.129.194 - - [24/Aug/2026:19:09:16 -0400] "GET /aogyvlbb.php HTTP/1.1" 404 - "-" "-"
20.151.129.194 - - [24/Aug/2026:19:09:16 -0400] "GET /blacks.php HTTP/1.1" 404 - "-" "-"
20.151.129.194 - - [24/Aug/2026:19:09:16 -0400] "GET /czq.php HTTP/1.1" 404 - "-" "-"
20.151.129.194 - - [24/Aug/2026:19:09:16 -0400] "GET /beck.php HTTP/1.1" 404 - "-" "-"
20.151.129.194 - - [24/Aug/2026:19:09:17 -0400] "GET /gkjjk.php HTTP/1.1" 404 - "-" "-"
20.151.129.194 - - [24/Aug/2026:19:09:17 -0400] "GET /t3.php HTTP/1.1" 404 - "-" "-"
20.151.129.194 - - [24/Aug/2026:19:09:17 -0400] "GET /nope.php HTTP/1.1" 404 - "-" "-"
20.151.129.194 - - [24/Aug/2026:19:09:18 -0400] "GET /wp.php HTTP/1.1" 404 - "-" "-"
20.151.129.194 - - [24/Aug/2026:19:09:18 -0400] "GET /abcd.php HTTP/1.1" 404 - "-" "-"
20.151.129.194 - - [24/Aug/2026:19:09:18 -0400] "GET /nofile.php HTTP/1.1" 404 - "-" "-"
20.151.129.194 - - [24/Aug/2026:19:09:19 -0400] "GET /run.php HTTP/1.1" 404 - "-" "-"
20.151.129.194 - - [24/Aug/2026:19:09:19 -0400] "GET /new.php HTTP/1.1" 404 - "-" "-"
20.151.129.194 - - [24/Aug/2026:19:09:19 -0400] "GET /inx.php HTTP/1.1" 404 - "-" "-"
20.151.129.194 - - [24/Aug/2026:19:09:19 -0400] "GET /vpn.php HTTP/1.1" 404 - "-" "-"
20.151.129.194 - - [24/Aug/2026:19:09:20 -0400] "GET /shiny.php HTTP/1.1" 404 - "-" "-"
20.151.129.194 - - [24/Aug/2026:19:09:20 -0400] "GET /goods.php HTTP/1.1" 404 - "-" "-"
20.151.129.194 - - [24/Aug/2026:19:09:20 -0400] "GET /user3.php HTTP/1.1" 404 - "-" "-"
20.151.129.194 - - [24/Aug/2026:19:09:21 -0400] "GET /waff.php HTTP/1.1" 404 - "-" "-"
20.151.129.194 - - [24/Aug/2026:19:09:21 -0400] "GET /alfa.php HTTP/1.1" 404 - "-" "-"
20.151.129.194 - - [24/Aug/2026:19:09:21 -0400] "GET /33.php HTTP/1.1" 404 - "-" "-"
20.151.129.194 - - [24/Aug/2026:19:09:21 -0400] "GET /133.php HTTP/1.1" 404 - "-" "-"
20.151.129.194 - - [24/Aug/2026:19:09:22 -0400] "GET /sym.php?p= HTTP/1.1" 404 - "-" "-"
20.151.129.194 - - [24/Aug/2026:19:09:22 -0400] "GET /8.php HTTP/1.1" 404 - "-" "-"
114.119.165.5 - - [24/Aug/2026:19:10:15 -0400] "GET /wp-includes/core.php?sepatusuper=//usr/lib/modules/3.10.0-962.3.2.lve1.5.66.el7.x86_64/kernel/fs/isofs HTTP/1.1" 200 4150 "https://aan.cl/wp-includes/core.php?sepatusuper=//usr/lib/modules/3.10.0-962.3.2.lve1.5.66.el7.x86_64/kernel/fs/isofs" "Mozilla/5.0 (Linux; Android 7.0;) AppleWebKit/537.36 (HTML, like Gecko) Mobile Safari/537.36 (compatible; PetalBot;+https://webmaster.petalsearch.com/site/petalbot)"
114.119.142.15 - - [24/Aug/2026:19:11:38 -0400] "GET /wp-includes/core.php?sepatusuper=//usr/lib/modules/3.10.0-962.3.2.lve1.5.66.el7.x86_64/kernel/fs/gfs2 HTTP/1.1" 200 4141 "https://aan.cl/wp-includes/core.php?sepatusuper=//usr/lib/modules/3.10.0-962.3.2.lve1.5.66.el7.x86_64/kernel/fs/gfs2" "Mozilla/5.0 (Linux; Android 7.0;) AppleWebKit/537.36 (HTML, like Gecko) Mobile Safari/537.36 (compatible; PetalBot;+https://webmaster.petalsearch.com/site/petalbot)"
114.119.155.233 - - [24/Aug/2026:19:13:02 -0400] "GET /wp-includes/core.php?sepatusuper=//usr/lib/modules/3.10.0-962.3.2.lve1.5.66.el7.x86_64/kernel/fs/cramfs HTTP/1.1" 200 4160 "https://aan.cl/wp-includes/core.php?sepatusuper=//usr/lib/modules/3.10.0-962.3.2.lve1.5.66.el7.x86_64/kernel/fs/cramfs" "Mozilla/5.0 (Linux; Android 7.0;) AppleWebKit/537.36 (HTML, like Gecko) Mobile Safari/537.36 (compatible; PetalBot;+https://webmaster.petalsearch.com/site/petalbot)"
173.252.82.4 - - [24/Aug/2026:19:13:33 -0400] "GET /robots.txt HTTP/1.1" 404 - "-" "facebookexternalhit/1.1 (+http://www.facebook.com/externalhit_uatext.php)"
114.119.142.15 - - [24/Aug/2026:19:14:25 -0400] "GET /wp-includes/core.php?sepatusuper=//usr/lib/modules/3.10.0-962.3.2.lve1.5.66.el7.x86_64/kernel/fs/cramfs HTTP/1.1" 200 4160 "https://aan.cl/wp-includes/core.php?sepatusuper=//usr/lib/modules/3.10.0-962.3.2.lve1.5.66.el7.x86_64/kernel/fs/cramfs" "Mozilla/5.0 (Linux; Android 7.0;) AppleWebKit/537.36 (HTML, like Gecko) Mobile Safari/537.36 (compatible; PetalBot;+https://webmaster.petalsearch.com/site/petalbot)"
114.119.165.5 - - [24/Aug/2026:19:15:49 -0400] "GET /wp-includes/core.php?sepatusuper=//usr/lib/modules/3.10.0-962.3.2.lve1.5.66.el7.x86_64/kernel/fs/cachefiles HTTP/1.1" 200 4200 "https://aan.cl/wp-includes/core.php?sepatusuper=//usr/lib/modules/3.10.0-962.3.2.lve1.5.66.el7.x86_64/kernel/fs/cachefiles" "Mozilla/5.0 (Linux; Android 7.0;) AppleWebKit/537.36 (HTML, like Gecko) Mobile Safari/537.36 (compatible; PetalBot;+https://webmaster.petalsearch.com/site/petalbot)"
173.252.83.16 - - [24/Aug/2026:19:15:50 -0400] "GET /robots.txt HTTP/1.1" 404 - "-" "facebookexternalhit/1.1 (+http://www.facebook.com/externalhit_uatext.php)"
114.119.142.15 - - [24/Aug/2026:19:17:12 -0400] "GET /wp-includes/core.php?sepatusuper=//usr/lib/modules/3.10.0-962.3.2.lve1.5.66.el7.x86_64/kernel/drivers/virtio HTTP/1.1" 200 8262 "https://aan.cl/wp-includes/core.php?sepatusuper=//usr/lib/modules/3.10.0-962.3.2.lve1.5.66.el7.x86_64/kernel/drivers/virtio" "Mozilla/5.0 (Linux; Android 7.0;) AppleWebKit/537.36 (HTML, like Gecko) Mobile Safari/537.36 (compatible; PetalBot;+https://webmaster.petalsearch.com/site/petalbot)"
114.119.152.204 - - [24/Aug/2026:19:18:35 -0400] "GET /wp-includes/core.php?sepatusuper=//usr/lib/modules/3.10.0-962.3.2.lve1.5.66.el7.x86_64/kernel/drivers/video/intelfb HTTP/1.1" 200 4343 "https://aan.cl/wp-includes/core.php?sepatusuper=//usr/lib/modules/3.10.0-962.3.2.lve1.5.66.el7.x86_64/kernel/drivers/video/intelfb" "Mozilla/5.0 (Linux; Android 7.0;) AppleWebKit/537.36 (HTML, like Gecko) Mobile Safari/537.36 (compatible; PetalBot;+https://webmaster.petalsearch.com/site/petalbot)"
51.195.4.203 - - [24/Aug/2026:19:19:40 -0400] "HEAD /contactenos/ HTTP/1.1" 404 - "https://aan.cl/contactenos/" "Mozilla/5.0 (Windows; U; Windows NT 6.1; en-US; rv:1.9.2.28) Gecko/20120306 Firefox/3.6.28"
51.195.4.203 - - [24/Aug/2026:19:19:41 -0400] "GET /contactenos/ HTTP/1.1" 404 - "https://aan.cl/contactenos/" "Mozilla/5.0 (Windows; U; Windows NT 6.1; en-US; rv:1.9.2.28) Gecko/20120306 Firefox/3.6.28"
51.195.4.203 - - [24/Aug/2026:19:19:43 -0400] "HEAD /contactenos/ HTTP/1.1" 404 - "https://aan.cl/contactenos/" "Mozilla/5.0 (Windows; U; Windows NT 6.1; en-US; rv:1.9.2.28) Gecko/20120306 Firefox/3.6.28"
51.195.4.203 - - [24/Aug/2026:19:19:44 -0400] "GET /contactenos/ HTTP/1.1" 404 - "https://aan.cl/contactenos/" "Mozilla/5.0 (Windows; U; Windows NT 6.1; en-US; rv:1.9.2.28) Gecko/20120306 Firefox/3.6.28"
51.195.4.203 - - [24/Aug/2026:19:19:46 -0400] "HEAD /contactenos/ HTTP/1.1" 404 - "https://aan.cl/contactenos/" "Mozilla/5.0 (Windows; U; Windows NT 6.1; en-US; rv:1.9.2.28) Gecko/20120306 Firefox/3.6.28"
51.195.4.203 - - [24/Aug/2026:19:19:47 -0400] "GET /contactenos/ HTTP/1.1" 404 - "https://aan.cl/contactenos/" "Mozilla/5.0 (Windows; U; Windows NT 6.1; en-US; rv:1.9.2.28) Gecko/20120306 Firefox/3.6.28"
114.119.152.204 - - [24/Aug/2026:19:19:59 -0400] "GET /wp-includes/core.php?sepatusuper=//usr/lib/modules/3.10.0-962.3.2.lve1.5.66.el7.x86_64/kernel/drivers/vfio/pci HTTP/1.1" 200 4316 "https://aan.cl/wp-includes/core.php?sepatusuper=//usr/lib/modules/3.10.0-962.3.2.lve1.5.66.el7.x86_64/kernel/drivers/vfio" "Mozilla/5.0 (Linux; Android 7.0;) AppleWebKit/537.36 (HTML, like Gecko) Mobile Safari/537.36 (compatible; PetalBot;+https://webmaster.petalsearch.com/site/petalbot)"
114.119.156.223 - - [24/Aug/2026:19:21:23 -0400] "GET /wp-includes/core.php?sepatusuper=//usr/lib/modules/3.10.0-962.3.2.lve1.5.66.el7.x86_64/kernel/drivers/usb/storage HTTP/1.1" 200 18771 "https://aan.cl/wp-includes/core.php?sepatusuper=//usr/lib/modules/3.10.0-962.3.2.lve1.5.66.el7.x86_64/kernel/drivers/usb" "Mozilla/5.0 (Linux; Android 7.0;) AppleWebKit/537.36 (HTML, like Gecko) Mobile Safari/537.36 (compatible; PetalBot;+https://webmaster.petalsearch.com/site/petalbot)"
114.119.155.233 - - [24/Aug/2026:19:22:46 -0400] "GET /wp-includes/core.php?sepatusuper=//usr/lib/modules/3.10.0-962.3.2.lve1.5.66.el7.x86_64/kernel/drivers/usb/misc/sisusbvga HTTP/1.1" 200 4484 "https://aan.cl/wp-includes/core.php?sepatusuper=//usr/lib/modules/3.10.0-962.3.2.lve1.5.66.el7.x86_64/kernel/drivers/usb/misc/sisusbvga" "Mozilla/5.0 (Linux; Android 7.0;) AppleWebKit/537.36 (HTML, like Gecko) Mobile Safari/537.36 (compatible; PetalBot;+https://webmaster.petalsearch.com/site/petalbot)"
114.119.165.5 - - [24/Aug/2026:19:24:10 -0400] "GET /wp-includes/core.php?sepatusuper=//usr/lib/modules/3.10.0-962.3.2.lve1.5.66.el7.x86_64/kernel/drivers/usb/image HTTP/1.1" 200 5325 "https://aan.cl/wp-includes/core.php?sepatusuper=//usr/lib/modules/3.10.0-962.3.2.lve1.5.66.el7.x86_64/kernel/drivers/usb/image" "Mozilla/5.0 (Linux; Android 7.0;) AppleWebKit/537.36 (HTML, like Gecko) Mobile Safari/537.36 (compatible; PetalBot;+https://webmaster.petalsearch.com/site/petalbot)"
114.119.134.106 - - [24/Aug/2026:19:25:33 -0400] "GET /wp-includes/core.php?sepatusuper=//usr/lib/modules/3.10.0-962.3.2.lve1.5.66.el7.x86_64/kernel/drivers/usb/host HTTP/1.1" 200 4307 "https://aan.cl/wp-includes/core.php?sepatusuper=//usr/lib/modules/3.10.0-962.3.2.lve1.5.66.el7.x86_64/kernel/drivers/usb/host" "Mozilla/5.0 (Linux; Android 7.0;) AppleWebKit/537.36 (HTML, like Gecko) Mobile Safari/537.36 (compatible; PetalBot;+https://webmaster.petalsearch.com/site/petalbot)"
114.119.155.233 - - [24/Aug/2026:19:26:57 -0400] "GET /wp-includes/core.php?sepatusuper=//usr/lib/modules/3.10.0-962.3.2.lve1.5.66.el7.x86_64/kernel/drivers/usb/class HTTP/1.1" 200 7334 "https://aan.cl/wp-includes/core.php?sepatusuper=//usr/lib/modules/3.10.0-962.3.2.lve1.5.66.el7.x86_64/kernel/drivers/usb/class" "Mozilla/5.0 (Linux; Android 7.0;) AppleWebKit/537.36 (HTML, like Gecko) Mobile Safari/537.36 (compatible; PetalBot;+https://webmaster.petalsearch.com/site/petalbot)"
114.119.140.29 - - [24/Aug/2026:19:28:22 -0400] "GET /wp-includes/core.php?sepatusuper=//usr/lib/modules/3.10.0-962.3.2.lve1.5.66.el7.x86_64/kernel/drivers/target/mhvtl HTTP/1.1" 200 4330 "https://aan.cl/wp-includes/core.php?sepatusuper=//usr/lib/modules/3.10.0-962.3.2.lve1.5.66.el7.x86_64/kernel/drivers/target/mhvtl" "Mozilla/5.0 (Linux; Android 7.0;) AppleWebKit/537.36 (HTML, like Gecko) Mobile Safari/537.36 (compatible; PetalBot;+https://webmaster.petalsearch.com/site/petalbot)"
114.119.140.29 - - [24/Aug/2026:19:29:44 -0400] "GET /wp-includes/core.php?sepatusuper=//usr/lib/modules/3.10.0-962.3.2.lve1.5.66.el7.x86_64/kernel/drivers/target/iscsi HTTP/1.1" 200 5278 "https://aan.cl/wp-includes/core.php?sepatusuper=//usr/lib/modules/3.10.0-962.3.2.lve1.5.66.el7.x86_64/kernel/drivers/target/iscsi/cxgbit" "Mozilla/5.0 (Linux; Android 7.0;) AppleWebKit/537.36 (HTML, like Gecko) Mobile Safari/537.36 (compatible; PetalBot;+https://webmaster.petalsearch.com/site/petalbot)"
114.119.142.15 - - [24/Aug/2026:19:31:07 -0400] "GET /wp-includes/core.php?sepatusuper=//usr/lib/modules/3.10.0-962.3.2.lve1.5.66.el7.x86_64/kernel/drivers/staging/fwserial HTTP/1.1" 200 4395 "https://aan.cl/wp-includes/core.php?sepatusuper=//usr/lib/modules/3.10.0-962.3.2.lve1.5.66.el7.x86_64/kernel/drivers/staging" "Mozilla/5.0 (Linux; Android 7.0;) AppleWebKit/537.36 (HTML, like Gecko) Mobile Safari/537.36 (compatible; PetalBot;+https://webmaster.petalsearch.com/site/petalbot)"
57.141.2.1 - - [24/Aug/2026:19:32:21 -0400] "GET / HTTP/1.1" 200 - "-" "facebookexternalhit/1.1 (+http://www.facebook.com/externalhit_uatext.php)"
114.119.142.97 - - [24/Aug/2026:19:32:31 -0400] "GET /wp-includes/core.php?sepatusuper=//usr/lib/modules/3.10.0-962.3.2.lve1.5.66.el7.x86_64/kernel/drivers/scsi/smartpqi HTTP/1.1" 200 4347 "https://aan.cl/wp-includes/core.php?sepatusuper=//usr/lib/modules/3.10.0-962.3.2.lve1.5.66.el7.x86_64/kernel/drivers/scsi" "Mozilla/5.0 (Linux; Android 7.0;) AppleWebKit/537.36 (HTML, like Gecko) Mobile Safari/537.36 (compatible; PetalBot;+https://webmaster.petalsearch.com/site/petalbot)"
114.119.152.204 - - [24/Aug/2026:19:33:54 -0400] "GET /wp-includes/core.php?sepatusuper=//usr/lib/modules/3.10.0-962.3.2.lve1.5.66.el7.x86_64/kernel/drivers/scsi/pm8001 HTTP/1.1" 200 4326 "https://aan.cl/wp-includes/core.php?sepatusuper=//usr/lib/modules/3.10.0-962.3.2.lve1.5.66.el7.x86_64/kernel/drivers/scsi" "Mozilla/5.0 (Linux; Android 7.0;) AppleWebKit/537.36 (HTML, like Gecko) Mobile Safari/537.36 (compatible; PetalBot;+https://webmaster.petalsearch.com/site/petalbot)"
114.119.156.223 - - [24/Aug/2026:19:35:18 -0400] "GET /wp-includes/core.php?sepatusuper=//usr/lib/modules/3.10.0-962.3.2.lve1.5.66.el7.x86_64/kernel/drivers/scsi/mpt3sas HTTP/1.1" 200 5360 "https://aan.cl/wp-includes/core.php?sepatusuper=//usr/lib/modules/3.10.0-962.3.2.lve1.5.66.el7.x86_64/kernel/drivers/scsi" "Mozilla/5.0 (Linux; Android 7.0;) AppleWebKit/537.36 (HTML, like Gecko) Mobile Safari/537.36 (compatible; PetalBot;+https://webmaster.petalsearch.com/site/petalbot)"
57.141.24.10 - - [24/Aug/2026:19:36:30 -0400] "GET / HTTP/1.1" 200 - "-" "facebookexternalhit/1.1 (+http://www.facebook.com/externalhit_uatext.php)"
114.119.142.97 - - [24/Aug/2026:19:36:41 -0400] "GET /wp-includes/core.php?sepatusuper=//usr/lib/modules/3.10.0-962.3.2.lve1.5.66.el7.x86_64/kernel/drivers/scsi/isci HTTP/1.1" 200 4307 "https://aan.cl/wp-includes/core.php?sepatusuper=//usr/lib/modules/3.10.0-962.3.2.lve1.5.66.el7.x86_64/kernel/drivers/scsi" "Mozilla/5.0 (Linux; Android 7.0;) AppleWebKit/537.36 (HTML, like Gecko) Mobile Safari/537.36 (compatible; PetalBot;+https://webmaster.petalsearch.com/site/petalbot)"
114.119.165.5 - - [24/Aug/2026:19:38:05 -0400] "GET /wp-includes/core.php?sepatusuper=//usr/lib/modules/3.10.0-962.3.2.lve1.5.66.el7.x86_64/kernel/drivers/scsi/fcoe HTTP/1.1" 200 5317 "https://aan.cl/wp-includes/core.php?sepatusuper=//usr/lib/modules/3.10.0-962.3.2.lve1.5.66.el7.x86_64/kernel/drivers/scsi" "Mozilla/5.0 (Linux; Android 7.0;) AppleWebKit/537.36 (HTML, like Gecko) Mobile Safari/537.36 (compatible; PetalBot;+https://webmaster.petalsearch.com/site/petalbot)"
57.141.18.120 - - [24/Aug/2026:19:38:44 -0400] "GET / HTTP/1.1" 200 - "-" "facebookexternalhit/1.1 (+http://www.facebook.com/externalhit_uatext.php)"
114.119.165.5 - - [24/Aug/2026:19:39:28 -0400] "GET /wp-includes/core.php?sepatusuper=//usr/lib/modules/3.10.0-962.3.2.lve1.5.66.el7.x86_64/kernel/drivers/scsi/cxgbi/cxgb4i HTTP/1.1" 200 4469 "https://aan.cl/wp-includes/core.php?sepatusuper=//usr/lib/modules/3.10.0-962.3.2.lve1.5.66.el7.x86_64/kernel/drivers/scsi/cxgbi" "Mozilla/5.0 (Linux; Android 7.0;) AppleWebKit/537.36 (HTML, like Gecko) Mobile Safari/537.36 (compatible; PetalBot;+https://webmaster.petalsearch.com/site/petalbot)"
69.171.230.36 - - [24/Aug/2026:19:39:32 -0400] "GET /robots.txt HTTP/1.1" 404 - "-" "facebookexternalhit/1.1 (+http://www.facebook.com/externalhit_uatext.php)"
114.119.152.204 - - [24/Aug/2026:19:41:08 -0400] "GET /wp-includes/core.php?sepatusuper=//usr/lib/modules/3.10.0-962.3.2.lve1.5.66.el7.x86_64/kernel/drivers/scsi/cxgbi/cxgb3i HTTP/1.1" 200 4469 "https://aan.cl/wp-includes/core.php?sepatusuper=//usr/lib/modules/3.10.0-962.3.2.lve1.5.66.el7.x86_64/kernel/drivers/scsi/cxgbi/cxgb3i" "Mozilla/5.0 (Linux; Android 7.0;) AppleWebKit/537.36 (HTML, like Gecko) Mobile Safari/537.36 (compatible; PetalBot;+https://webmaster.petalsearch.com/site/petalbot)"
57.141.8.48 - - [24/Aug/2026:19:41:26 -0400] "GET / HTTP/1.1" 200 - "-" "facebookexternalhit/1.1 (+http://www.facebook.com/externalhit_uatext.php)"
114.119.165.5 - - [24/Aug/2026:19:42:18 -0400] "GET /wp-includes/core.php?sepatusuper=//usr/lib/modules/3.10.0-962.3.2.lve1.5.66.el7.x86_64/kernel/drivers/scsi/bnx2i HTTP/1.1" 200 4314 "https://aan.cl/wp-includes/core.php?sepatusuper=//usr/lib/modules/3.10.0-962.3.2.lve1.5.66.el7.x86_64/kernel/drivers/scsi" "Mozilla/5.0 (Linux; Android 7.0;) AppleWebKit/537.36 (HTML, like Gecko) Mobile Safari/537.36 (compatible; PetalBot;+https://webmaster.petalsearch.com/site/petalbot)"
114.119.134.106 - - [24/Aug/2026:19:43:41 -0400] "GET /wp-includes/core.php?sepatusuper=//usr/lib/modules/3.10.0-962.3.2.lve1.5.66.el7.x86_64/kernel/drivers/scsi/bnx2fc HTTP/1.1" 200 4327 "https://aan.cl/wp-includes/core.php?sepatusuper=//usr/lib/modules/3.10.0-962.3.2.lve1.5.66.el7.x86_64/kernel/drivers/scsi" "Mozilla/5.0 (Linux; Android 7.0;) AppleWebKit/537.36 (HTML, like Gecko) Mobile Safari/537.36 (compatible; PetalBot;+https://webmaster.petalsearch.com/site/petalbot)"
114.119.142.97 - - [24/Aug/2026:19:45:05 -0400] "GET /wp-includes/core.php?sepatusuper=//usr/lib/modules/3.10.0-962.3.2.lve1.5.66.el7.x86_64/kernel/drivers/scsi/bfa HTTP/1.1" 200 4297 "https://aan.cl/wp-includes/core.php?sepatusuper=//usr/lib/modules/3.10.0-962.3.2.lve1.5.66.el7.x86_64/kernel/drivers/scsi" "Mozilla/5.0 (Linux; Android 7.0;) AppleWebKit/537.36 (HTML, like Gecko) Mobile Safari/537.36 (compatible; PetalBot;+https://webmaster.petalsearch.com/site/petalbot)"
57.141.0.15 - - [24/Aug/2026:19:45:33 -0400] "GET / HTTP/1.1" 200 - "-" "facebookexternalhit/1.1 (+http://www.facebook.com/externalhit_uatext.php)"
114.119.152.204 - - [24/Aug/2026:19:46:28 -0400] "GET /wp-includes/core.php?sepatusuper=//usr/lib/modules/3.10.0-962.3.2.lve1.5.66.el7.x86_64/kernel/drivers/scsi/aic7xxx HTTP/1.1" 200 4337 "https://aan.cl/wp-includes/core.php?sepatusuper=//usr/lib/modules/3.10.0-962.3.2.lve1.5.66.el7.x86_64/kernel/drivers/scsi" "Mozilla/5.0 (Linux; Android 7.0;) AppleWebKit/537.36 (HTML, like Gecko) Mobile Safari/537.36 (compatible; PetalBot;+https://webmaster.petalsearch.com/site/petalbot)"
