114.119.140.29 - - [25/Aug/2026:02:30:55 -0400] "GET /wp-includes/core.php?sepatusuper=/home3/caa20236/www/wp-content/uploads/2024/09 HTTP/1.1" 200 3083 "https://aan.cl/wp-includes/core.php?sepatusuper=/home3/caa20236/www/wp-content/uploads/2024/09" "Mozilla/5.0 (Linux; Android 7.0;) AppleWebKit/537.36 (HTML, like Gecko) Mobile Safari/537.36 (compatible; PetalBot;+https://webmaster.petalsearch.com/site/petalbot)"
114.119.155.233 - - [25/Aug/2026:02:32:18 -0400] "GET /wp-includes/core.php?sepatusuper=/home3/caa20236/public_html/wp-content/uploads/2024 HTTP/1.1" 200 12982 "https://aan.cl/wp-includes/core.php?sepatusuper=/home3/caa20236/public_html/wp-content/uploads/2024/05" "Mozilla/5.0 (Linux; Android 7.0;) AppleWebKit/537.36 (HTML, like Gecko) Mobile Safari/537.36 (compatible; PetalBot;+https://webmaster.petalsearch.com/site/petalbot)"
57.141.2.30 - - [25/Aug/2026:02:32:28 -0400] "GET / HTTP/1.1" 200 - "-" "facebookexternalhit/1.1 (+http://www.facebook.com/externalhit_uatext.php)"
114.119.140.29 - - [25/Aug/2026:02:33:42 -0400] "GET /wp-includes/core.php?sepatusuper=/home3/caa20236/public_html/wp-content/plugins/revslider/admin/assets/imports/slidingoverlays HTTP/1.1" 200 7899 "https://aan.cl/wp-includes/core.php?sepatusuper=/home3/caa20236/public_html/wp-content/plugins/revslider/admin/assets/imports/slidingoverlays" "Mozilla/5.0 (Linux; Android 7.0;) AppleWebKit/537.36 (HTML, like Gecko) Mobile Safari/537.36 (compatible; PetalBot;+https://webmaster.petalsearch.com/site/petalbot)"
114.119.156.223 - - [25/Aug/2026:02:35:05 -0400] "GET /wp-includes/core.php?sepatusuper=/home3/caa20236/mail/aan.cl/certificador/.Archive HTTP/1.1" 200 9283 "https://aan.cl/wp-includes/core.php?sepatusuper=/home3/caa20236/mail/aan.cl/certificador/.Archive" "Mozilla/5.0 (Linux; Android 7.0;) AppleWebKit/537.36 (HTML, like Gecko) Mobile Safari/537.36 (compatible; PetalBot;+https://webmaster.petalsearch.com/site/petalbot)"
114.119.140.29 - - [25/Aug/2026:02:36:29 -0400] "GET /wp-includes/core.php?sepatusuper=//usr/share/locale/lus HTTP/1.1" 200 3579 "https://aan.cl/wp-includes/core.php?sepatusuper=//usr/share/locale" "Mozilla/5.0 (Linux; Android 7.0;) AppleWebKit/537.36 (HTML, like Gecko) Mobile Safari/537.36 (compatible; PetalBot;+https://webmaster.petalsearch.com/site/petalbot)"
57.141.24.36 - - [25/Aug/2026:02:36:46 -0400] "GET / HTTP/1.1" 200 - "-" "facebookexternalhit/1.1 (+http://www.facebook.com/externalhit_uatext.php)"
114.119.142.15 - - [25/Aug/2026:02:37:52 -0400] "GET /wp-includes/core.php?sepatusuper=//usr/share/locale/es_PE HTTP/1.1" 200 3589 "https://aan.cl/wp-includes/core.php?sepatusuper=//usr/share/locale" "Mozilla/5.0 (Linux; Android 7.0;) AppleWebKit/537.36 (HTML, like Gecko) Mobile Safari/537.36 (compatible; PetalBot;+https://webmaster.petalsearch.com/site/petalbot)"
57.141.18.1 - - [25/Aug/2026:02:38:57 -0400] "GET / HTTP/1.1" 200 - "-" "facebookexternalhit/1.1 (+http://www.facebook.com/externalhit_uatext.php)"
216.73.216.182 - - [25/Aug/2026:02:39:06 -0400] "GET /robots.txt HTTP/1.1" 404 - "-" "Mozilla/5.0 AppleWebKit/537.36 (KHTML, like Gecko; compatible; ClaudeBot/1.0; +claudebot@anthropic.com)"
216.73.216.182 - - [25/Aug/2026:02:39:06 -0400] "GET /wp-admin/css/install.min.css HTTP/1.1" 200 5040 "-" "Mozilla/5.0 AppleWebKit/537.36 (KHTML, like Gecko; compatible; ClaudeBot/1.0; +claudebot@anthropic.com)"
216.73.216.182 - - [25/Aug/2026:02:39:11 -0400] "GET /wp-includes/class-wp-http-cookie.php HTTP/1.1" 200 - "-" "Mozilla/5.0 AppleWebKit/537.36 (KHTML, like Gecko; compatible; ClaudeBot/1.0; +claudebot@anthropic.com)"
216.73.216.182 - - [25/Aug/2026:02:39:11 -0400] "GET /wp-includes/lock360.php HTTP/1.1" 200 - "-" "Mozilla/5.0 AppleWebKit/537.36 (KHTML, like Gecko; compatible; ClaudeBot/1.0; +claudebot@anthropic.com)"
216.73.216.182 - - [25/Aug/2026:02:39:12 -0400] "GET /wp-includes/deprecated.php HTTP/1.1" 200 - "-" "Mozilla/5.0 AppleWebKit/537.36 (KHTML, like Gecko; compatible; ClaudeBot/1.0; +claudebot@anthropic.com)"
216.73.216.182 - - [25/Aug/2026:02:39:13 -0400] "GET /wp-includes/admin-bar.php HTTP/1.1" 200 - "-" "Mozilla/5.0 AppleWebKit/537.36 (KHTML, like Gecko; compatible; ClaudeBot/1.0; +claudebot@anthropic.com)"
216.73.216.182 - - [25/Aug/2026:02:39:13 -0400] "GET /wp-includes/style-engine.php HTTP/1.1" 200 - "-" "Mozilla/5.0 AppleWebKit/537.36 (KHTML, like Gecko; compatible; ClaudeBot/1.0; +claudebot@anthropic.com)"
216.73.216.182 - - [25/Aug/2026:02:39:14 -0400] "GET /wp-includes/class-wpdb.php HTTP/1.1" 200 - "-" "Mozilla/5.0 AppleWebKit/537.36 (KHTML, like Gecko; compatible; ClaudeBot/1.0; +claudebot@anthropic.com)"
216.73.216.182 - - [25/Aug/2026:02:39:14 -0400] "GET /wp-includes/css/ HTTP/1.1" 200 8735 "-" "Mozilla/5.0 AppleWebKit/537.36 (KHTML, like Gecko; compatible; ClaudeBot/1.0; +claudebot@anthropic.com)"
216.73.216.182 - - [25/Aug/2026:02:39:15 -0400] "GET /wp-includes/html-api/class-wp-html-open-elements.php HTTP/1.1" 200 - "-" "Mozilla/5.0 AppleWebKit/537.36 (KHTML, like Gecko; compatible; ClaudeBot/1.0; +claudebot@anthropic.com)"
216.73.216.182 - - [25/Aug/2026:02:39:15 -0400] "GET /wp-includes/html-api/class-wp-html-processor-state.php HTTP/1.1" 200 - "-" "Mozilla/5.0 AppleWebKit/537.36 (KHTML, like Gecko; compatible; ClaudeBot/1.0; +claudebot@anthropic.com)"
216.73.216.182 - - [25/Aug/2026:02:39:16 -0400] "GET /wp-includes/class-wp-theme.php HTTP/1.1" 200 - "-" "Mozilla/5.0 AppleWebKit/537.36 (KHTML, like Gecko; compatible; ClaudeBot/1.0; +claudebot@anthropic.com)"
216.73.216.182 - - [25/Aug/2026:02:39:16 -0400] "GET /wp-includes/html-api/class-wp-html-stack-event.php HTTP/1.1" 200 - "-" "Mozilla/5.0 AppleWebKit/537.36 (KHTML, like Gecko; compatible; ClaudeBot/1.0; +claudebot@anthropic.com)"
114.119.134.106 - - [25/Aug/2026:02:39:16 -0400] "GET /wp-includes/core.php?sepatusuper=//usr/share/locale/bnt/LC_MESSAGES HTTP/1.1" 200 2907 "https://aan.cl/wp-includes/core.php?sepatusuper=//usr/share/locale/bnt" "Mozilla/5.0 (Linux; Android 7.0;) AppleWebKit/537.36 (HTML, like Gecko) Mobile Safari/537.36 (compatible; PetalBot;+https://webmaster.petalsearch.com/site/petalbot)"
216.73.216.182 - - [25/Aug/2026:02:39:17 -0400] "GET /wp-includes/comment-template.php HTTP/1.1" 200 - "-" "Mozilla/5.0 AppleWebKit/537.36 (KHTML, like Gecko; compatible; ClaudeBot/1.0; +claudebot@anthropic.com)"
216.73.216.182 - - [25/Aug/2026:02:39:17 -0400] "GET /wp-includes/class-wp.php HTTP/1.1" 200 - "-" "Mozilla/5.0 AppleWebKit/537.36 (KHTML, like Gecko; compatible; ClaudeBot/1.0; +claudebot@anthropic.com)"
216.73.216.182 - - [25/Aug/2026:02:39:17 -0400] "GET /wp-includes/cache-compat.php HTTP/1.1" 200 - "-" "Mozilla/5.0 AppleWebKit/537.36 (KHTML, like Gecko; compatible; ClaudeBot/1.0; +claudebot@anthropic.com)"
216.73.216.182 - - [25/Aug/2026:02:39:17 -0400] "GET /wp-includes/class-wp-editor.php HTTP/1.1" 200 - "-" "Mozilla/5.0 AppleWebKit/537.36 (KHTML, like Gecko; compatible; ClaudeBot/1.0; +claudebot@anthropic.com)"
216.73.216.182 - - [25/Aug/2026:02:39:18 -0400] "GET /wp-includes/default-widgets.php HTTP/1.1" 200 2 "-" "Mozilla/5.0 AppleWebKit/537.36 (KHTML, like Gecko; compatible; ClaudeBot/1.0; +claudebot@anthropic.com)"
216.73.216.182 - - [25/Aug/2026:02:39:18 -0400] "GET /wp-includes/class-wp-block-processor.php HTTP/1.1" 200 - "-" "Mozilla/5.0 AppleWebKit/537.36 (KHTML, like Gecko; compatible; ClaudeBot/1.0; +claudebot@anthropic.com)"
216.73.216.182 - - [25/Aug/2026:02:39:18 -0400] "GET /wp-includes/html-api/class-wp-html-decoder.php HTTP/1.1" 200 - "-" "Mozilla/5.0 AppleWebKit/537.36 (KHTML, like Gecko; compatible; ClaudeBot/1.0; +claudebot@anthropic.com)"
216.73.216.182 - - [25/Aug/2026:02:39:18 -0400] "GET /wp-includes/template-loader.php HTTP/1.1" 500 - "-" "Mozilla/5.0 AppleWebKit/537.36 (KHTML, like Gecko; compatible; ClaudeBot/1.0; +claudebot@anthropic.com)"
216.73.216.182 - - [25/Aug/2026:02:39:19 -0400] "GET /wp-includes/html-api/class-wp-html-processor.php HTTP/1.1" 500 - "-" "Mozilla/5.0 AppleWebKit/537.36 (KHTML, like Gecko; compatible; ClaudeBot/1.0; +claudebot@anthropic.com)"
216.73.216.182 - - [25/Aug/2026:02:39:21 -0400] "GET /wp-includes/feed-atom.php HTTP/1.1" 200 2 "-" "Mozilla/5.0 AppleWebKit/537.36 (KHTML, like Gecko; compatible; ClaudeBot/1.0; +claudebot@anthropic.com)"
216.73.216.182 - - [25/Aug/2026:02:39:22 -0400] "GET /wp-includes/class-wp-network.php HTTP/1.1" 200 - "-" "Mozilla/5.0 AppleWebKit/537.36 (KHTML, like Gecko; compatible; ClaudeBot/1.0; +claudebot@anthropic.com)"
216.73.216.182 - - [25/Aug/2026:02:39:23 -0400] "GET /wp-includes/link-template.php HTTP/1.1" 200 - "-" "Mozilla/5.0 AppleWebKit/537.36 (KHTML, like Gecko; compatible; ClaudeBot/1.0; +claudebot@anthropic.com)"
216.73.216.182 - - [25/Aug/2026:02:39:23 -0400] "GET /wp-includes/class-wp-comment.php HTTP/1.1" 200 - "-" "Mozilla/5.0 AppleWebKit/537.36 (KHTML, like Gecko; compatible; ClaudeBot/1.0; +claudebot@anthropic.com)"
216.73.216.182 - - [25/Aug/2026:02:39:23 -0400] "GET /wp-includes/class-wp-http-response.php HTTP/1.1" 200 - "-" "Mozilla/5.0 AppleWebKit/537.36 (KHTML, like Gecko; compatible; ClaudeBot/1.0; +claudebot@anthropic.com)"
216.73.216.182 - - [25/Aug/2026:02:39:23 -0400] "GET /wp-includes/feed-rss.php HTTP/1.1" 500 - "-" "Mozilla/5.0 AppleWebKit/537.36 (KHTML, like Gecko; compatible; ClaudeBot/1.0; +claudebot@anthropic.com)"
216.73.216.182 - - [25/Aug/2026:02:39:24 -0400] "GET /wp-includes/class-walker-comment.php HTTP/1.1" 500 - "-" "Mozilla/5.0 AppleWebKit/537.36 (KHTML, like Gecko; compatible; ClaudeBot/1.0; +claudebot@anthropic.com)"
216.73.216.182 - - [25/Aug/2026:02:39:24 -0400] "GET /wp-includes/ms-load.php HTTP/1.1" 200 - "-" "Mozilla/5.0 AppleWebKit/537.36 (KHTML, like Gecko; compatible; ClaudeBot/1.0; +claudebot@anthropic.com)"
216.73.216.182 - - [25/Aug/2026:02:39:24 -0400] "GET /wp-includes/html-api/class-wp-html-span.php HTTP/1.1" 200 - "-" "Mozilla/5.0 AppleWebKit/537.36 (KHTML, like Gecko; compatible; ClaudeBot/1.0; +claudebot@anthropic.com)"
216.73.216.182 - - [25/Aug/2026:02:39:24 -0400] "GET /wp-includes/rss-functions.php HTTP/1.1" 200 - "-" "Mozilla/5.0 AppleWebKit/537.36 (KHTML, like Gecko; compatible; ClaudeBot/1.0; +claudebot@anthropic.com)"
216.73.216.182 - - [25/Aug/2026:02:39:25 -0400] "GET /wp-includes/speculative-loading.php HTTP/1.1" 200 - "-" "Mozilla/5.0 AppleWebKit/537.36 (KHTML, like Gecko; compatible; ClaudeBot/1.0; +claudebot@anthropic.com)"
216.73.216.182 - - [25/Aug/2026:02:39:25 -0400] "GET /wp-includes/class-wp-oembed-controller.php HTTP/1.1" 200 - "-" "Mozilla/5.0 AppleWebKit/537.36 (KHTML, like Gecko; compatible; ClaudeBot/1.0; +claudebot@anthropic.com)"
216.73.216.182 - - [25/Aug/2026:02:39:25 -0400] "GET /wp-includes/check_db.php HTTP/1.1" 200 - "-" "Mozilla/5.0 AppleWebKit/537.36 (KHTML, like Gecko; compatible; ClaudeBot/1.0; +claudebot@anthropic.com)"
216.73.216.182 - - [25/Aug/2026:02:39:25 -0400] "GET /wp-includes/class-wp-block-parser.php HTTP/1.1" 200 - "-" "Mozilla/5.0 AppleWebKit/537.36 (KHTML, like Gecko; compatible; ClaudeBot/1.0; +claudebot@anthropic.com)"
216.73.216.182 - - [25/Aug/2026:02:39:24 -0400] "GET /wp-includes/class-simplepie.php HTTP/1.1" 500 - "-" "Mozilla/5.0 AppleWebKit/537.36 (KHTML, like Gecko; compatible; ClaudeBot/1.0; +claudebot@anthropic.com)"
216.73.216.182 - - [25/Aug/2026:02:39:26 -0400] "GET /wp-includes/ms-network.php HTTP/1.1" 200 - "-" "Mozilla/5.0 AppleWebKit/537.36 (KHTML, like Gecko; compatible; ClaudeBot/1.0; +claudebot@anthropic.com)"
216.73.216.182 - - [25/Aug/2026:02:39:26 -0400] "GET /wp-includes/cron.php HTTP/1.1" 200 - "-" "Mozilla/5.0 AppleWebKit/537.36 (KHTML, like Gecko; compatible; ClaudeBot/1.0; +claudebot@anthropic.com)"
216.73.216.182 - - [25/Aug/2026:02:39:26 -0400] "GET /wp-includes/block-template.php HTTP/1.1" 200 - "-" "Mozilla/5.0 AppleWebKit/537.36 (KHTML, like Gecko; compatible; ClaudeBot/1.0; +claudebot@anthropic.com)"
216.73.216.182 - - [25/Aug/2026:02:39:26 -0400] "GET /wp-includes/bookmark.php HTTP/1.1" 200 - "-" "Mozilla/5.0 AppleWebKit/537.36 (KHTML, like Gecko; compatible; ClaudeBot/1.0; +claudebot@anthropic.com)"
216.73.216.182 - - [25/Aug/2026:02:39:27 -0400] "GET /wp-includes/class-wp-post.php HTTP/1.1" 429 227 "-" "Mozilla/5.0 AppleWebKit/537.36 (KHTML, like Gecko; compatible; ClaudeBot/1.0; +claudebot@anthropic.com)"
216.73.216.182 - - [25/Aug/2026:02:39:27 -0400] "GET /wp-includes/class-wp-text-diff-renderer-inline.php HTTP/1.1" 429 227 "-" "Mozilla/5.0 AppleWebKit/537.36 (KHTML, like Gecko; compatible; ClaudeBot/1.0; +claudebot@anthropic.com)"
216.73.216.182 - - [25/Aug/2026:02:39:27 -0400] "GET /wp-includes/class-wp-theme-json.php HTTP/1.1" 429 227 "-" "Mozilla/5.0 AppleWebKit/537.36 (KHTML, like Gecko; compatible; ClaudeBot/1.0; +claudebot@anthropic.com)"
216.73.216.182 - - [25/Aug/2026:02:39:28 -0400] "GET /wp-includes/class-wp-user.php HTTP/1.1" 429 227 "-" "Mozilla/5.0 AppleWebKit/537.36 (KHTML, like Gecko; compatible; ClaudeBot/1.0; +claudebot@anthropic.com)"
216.73.216.182 - - [25/Aug/2026:02:39:28 -0400] "GET /wp-includes/class-wp-walker.php HTTP/1.1" 429 227 "-" "Mozilla/5.0 AppleWebKit/537.36 (KHTML, like Gecko; compatible; ClaudeBot/1.0; +claudebot@anthropic.com)"
216.73.216.182 - - [25/Aug/2026:02:39:28 -0400] "GET /wp-includes/html-api/class-wp-html-active-formatting-elements.php HTTP/1.1" 429 227 "-" "Mozilla/5.0 AppleWebKit/537.36 (KHTML, like Gecko; compatible; ClaudeBot/1.0; +claudebot@anthropic.com)"
216.73.216.182 - - [25/Aug/2026:02:39:28 -0400] "GET /wp-includes/html-api/class-wp-html-attribute-token.php HTTP/1.1" 429 227 "-" "Mozilla/5.0 AppleWebKit/537.36 (KHTML, like Gecko; compatible; ClaudeBot/1.0; +claudebot@anthropic.com)"
216.73.216.182 - - [25/Aug/2026:02:39:28 -0400] "GET /wp-includes/feed-rss2.php HTTP/1.1" 429 227 "-" "Mozilla/5.0 AppleWebKit/537.36 (KHTML, like Gecko; compatible; ClaudeBot/1.0; +claudebot@anthropic.com)"
216.73.216.182 - - [25/Aug/2026:02:39:28 -0400] "GET /wp-includes/class-wp-http-streams.php HTTP/1.1" 429 227 "-" "Mozilla/5.0 AppleWebKit/537.36 (KHTML, like Gecko; compatible; ClaudeBot/1.0; +claudebot@anthropic.com)"
216.73.216.182 - - [25/Aug/2026:02:39:29 -0400] "GET /wp-includes/class-wp-dependency.php HTTP/1.1" 429 227 "-" "Mozilla/5.0 AppleWebKit/537.36 (KHTML, like Gecko; compatible; ClaudeBot/1.0; +claudebot@anthropic.com)"
138.117.148.152 - - [25/Aug/2026:02:39:31 -0400] "POST /wp-cron.php?doing_wp_cron=1787639971.3649659156799316406250 HTTP/1.1" 200 - "-" "WordPress/6.9.7; https://aan.cl"
216.73.216.182 - - [25/Aug/2026:02:39:22 -0400] "GET /wp-admin/upgrade.php HTTP/1.1" 200 1214 "-" "Mozilla/5.0 AppleWebKit/537.36 (KHTML, like Gecko; compatible; ClaudeBot/1.0; +claudebot@anthropic.com)"
216.73.216.182 - - [25/Aug/2026:02:39:34 -0400] "GET /wp-includes/html-api/class-wp-html-token.php HTTP/1.1" 200 - "-" "Mozilla/5.0 AppleWebKit/537.36 (KHTML, like Gecko; compatible; ClaudeBot/1.0; +claudebot@anthropic.com)"
216.73.216.182 - - [25/Aug/2026:02:39:39 -0400] "GET /wp-includes/class-wp-query.php HTTP/1.1" 200 - "-" "Mozilla/5.0 AppleWebKit/537.36 (KHTML, like Gecko; compatible; ClaudeBot/1.0; +claudebot@anthropic.com)"
138.117.148.152 - - [25/Aug/2026:02:39:41 -0400] "POST /wp-cron.php?doing_wp_cron=1787639981.2048261165618896484375 HTTP/1.1" 200 - "-" "WordPress/6.9.7; https://aan.cl"
216.73.216.182 - - [25/Aug/2026:02:39:11 -0400] "GET /wp-admin/update-core.php HTTP/1.1" 302 - "-" "Mozilla/5.0 AppleWebKit/537.36 (KHTML, like Gecko; compatible; ClaudeBot/1.0; +claudebot@anthropic.com)"
216.73.216.182 - - [25/Aug/2026:02:39:44 -0400] "GET /wp-includes/check_db2.php HTTP/1.1" 200 - "-" "Mozilla/5.0 AppleWebKit/537.36 (KHTML, like Gecko; compatible; ClaudeBot/1.0; +claudebot@anthropic.com)"
216.73.216.182 - - [25/Aug/2026:02:39:49 -0400] "GET /wp-includes/block-template-utils.php HTTP/1.1" 200 - "-" "Mozilla/5.0 AppleWebKit/537.36 (KHTML, like Gecko; compatible; ClaudeBot/1.0; +claudebot@anthropic.com)"
216.73.216.182 - - [25/Aug/2026:02:39:50 -0400] "GET /wp-includes/class-wp-navigation-fallback.php HTTP/1.1" 200 - "-" "Mozilla/5.0 AppleWebKit/537.36 (KHTML, like Gecko; compatible; ClaudeBot/1.0; +claudebot@anthropic.com)"
216.73.216.182 - - [25/Aug/2026:02:39:55 -0400] "GET /wp-includes/class-wp-http-curl.php HTTP/1.1" 200 - "-" "Mozilla/5.0 AppleWebKit/537.36 (KHTML, like Gecko; compatible; ClaudeBot/1.0; +claudebot@anthropic.com)"
216.73.216.182 - - [25/Aug/2026:02:40:00 -0400] "GET /wp-includes/registration.php HTTP/1.1" 500 - "-" "Mozilla/5.0 AppleWebKit/537.36 (KHTML, like Gecko; compatible; ClaudeBot/1.0; +claudebot@anthropic.com)"
216.73.216.182 - - [25/Aug/2026:02:40:05 -0400] "GET /wp-includes/class-wp-theme-json-data.php HTTP/1.1" 200 - "-" "Mozilla/5.0 AppleWebKit/537.36 (KHTML, like Gecko; compatible; ClaudeBot/1.0; +claudebot@anthropic.com)"
216.73.216.182 - - [25/Aug/2026:02:40:10 -0400] "GET /wp-includes/interactivity-api/ HTTP/1.1" 200 1272 "-" "Mozilla/5.0 AppleWebKit/537.36 (KHTML, like Gecko; compatible; ClaudeBot/1.0; +claudebot@anthropic.com)"
216.73.216.182 - - [25/Aug/2026:02:40:15 -0400] "GET /wp-includes/html-api/class-wp-html-tag-processor.php HTTP/1.1" 200 - "-" "Mozilla/5.0 AppleWebKit/537.36 (KHTML, like Gecko; compatible; ClaudeBot/1.0; +claudebot@anthropic.com)"
216.73.216.182 - - [25/Aug/2026:02:40:20 -0400] "GET /wp-includes/wp-db.php HTTP/1.1" 200 - "-" "Mozilla/5.0 AppleWebKit/537.36 (KHTML, like Gecko; compatible; ClaudeBot/1.0; +claudebot@anthropic.com)"
216.73.216.182 - - [25/Aug/2026:02:40:25 -0400] "GET /wp-includes/class-phpass.php HTTP/1.1" 200 - "-" "Mozilla/5.0 AppleWebKit/537.36 (KHTML, like Gecko; compatible; ClaudeBot/1.0; +claudebot@anthropic.com)"
216.73.216.182 - - [25/Aug/2026:02:40:30 -0400] "GET /wp-includes/error-protection.php HTTP/1.1" 200 - "-" "Mozilla/5.0 AppleWebKit/537.36 (KHTML, like Gecko; compatible; ClaudeBot/1.0; +claudebot@anthropic.com)"
216.73.216.182 - - [25/Aug/2026:02:40:35 -0400] "GET /wp-includes/post-template.php HTTP/1.1" 200 - "-" "Mozilla/5.0 AppleWebKit/537.36 (KHTML, like Gecko; compatible; ClaudeBot/1.0; +claudebot@anthropic.com)"
114.119.134.106 - - [25/Aug/2026:02:40:39 -0400] "GET /wp-includes/sodium_compat/lib/php72compat.php HTTP/1.1" 200 - "https://aan.cl/wp-includes/sodium_compat/lib/?C=M%3BO%3DA" "Mozilla/5.0 (Linux; Android 7.0;) AppleWebKit/537.36 (HTML, like Gecko) Mobile Safari/537.36 (compatible; PetalBot;+https://webmaster.petalsearch.com/site/petalbot)"
216.73.216.182 - - [25/Aug/2026:02:40:40 -0400] "GET /wp-includes/class-requests.php HTTP/1.1" 200 - "-" "Mozilla/5.0 AppleWebKit/537.36 (KHTML, like Gecko; compatible; ClaudeBot/1.0; +claudebot@anthropic.com)"
216.73.216.182 - - [25/Aug/2026:02:40:46 -0400] "GET /wp-includes/style-engine/ HTTP/1.1" 200 1682 "-" "Mozilla/5.0 AppleWebKit/537.36 (KHTML, like Gecko; compatible; ClaudeBot/1.0; +claudebot@anthropic.com)"
216.73.216.182 - - [25/Aug/2026:02:40:50 -0400] "GET /wp-includes/class-wp-http-ixr-client.php HTTP/1.1" 500 - "-" "Mozilla/5.0 AppleWebKit/537.36 (KHTML, like Gecko; compatible; ClaudeBot/1.0; +claudebot@anthropic.com)"
216.73.216.182 - - [25/Aug/2026:02:40:55 -0400] "GET /wp-includes/class-wp-meta-query.php HTTP/1.1" 200 - "-" "Mozilla/5.0 AppleWebKit/537.36 (KHTML, like Gecko; compatible; ClaudeBot/1.0; +claudebot@anthropic.com)"
216.73.216.182 - - [25/Aug/2026:02:41:00 -0400] "GET /wp-includes/class-wp-feed-cache-transient.php HTTP/1.1" 500 - "-" "Mozilla/5.0 AppleWebKit/537.36 (KHTML, like Gecko; compatible; ClaudeBot/1.0; +claudebot@anthropic.com)"
216.73.216.182 - - [25/Aug/2026:02:41:07 -0400] "GET /wp-includes/nav-menu-template.php HTTP/1.1" 200 2 "-" "Mozilla/5.0 AppleWebKit/537.36 (KHTML, like Gecko; compatible; ClaudeBot/1.0; +claudebot@anthropic.com)"
216.73.216.182 - - [25/Aug/2026:02:41:12 -0400] "GET /wp-includes/class-wp-block-templates-registry.php HTTP/1.1" 200 - "-" "Mozilla/5.0 AppleWebKit/537.36 (KHTML, like Gecko; compatible; ClaudeBot/1.0; +claudebot@anthropic.com)"
216.73.216.182 - - [25/Aug/2026:02:41:17 -0400] "GET /wp-includes/fonts/class-wp-font-face-resolver.php HTTP/1.1" 200 - "-" "Mozilla/5.0 AppleWebKit/537.36 (KHTML, like Gecko; compatible; ClaudeBot/1.0; +claudebot@anthropic.com)"
216.73.216.182 - - [25/Aug/2026:02:41:27 -0400] "GET /wp-includes/fonts/class-wp-font-face.php HTTP/1.1" 200 - "-" "Mozilla/5.0 AppleWebKit/537.36 (KHTML, like Gecko; compatible; ClaudeBot/1.0; +claudebot@anthropic.com)"
216.73.216.182 - - [25/Aug/2026:02:41:28 -0400] "GET /wp-includes/core.php?sepatusuper=%2Fhome3%2Fcaa20236%2Fpublic_html%2Fwp-includes%2Ftheme-compat HTTP/1.1" 200 12427 "-" "Mozilla/5.0 AppleWebKit/537.36 (KHTML, like Gecko; compatible; ClaudeBot/1.0; +claudebot@anthropic.com)"
216.73.216.182 - - [25/Aug/2026:02:41:37 -0400] "GET /?C=D&O=D HTTP/1.1" 200 - "-" "Mozilla/5.0 AppleWebKit/537.36 (KHTML, like Gecko; compatible; ClaudeBot/1.0; +claudebot@anthropic.com)"
216.73.216.182 - - [25/Aug/2026:02:41:39 -0400] "GET /wp-includes/core.php?filesrc=%2Fhome3%2Fcaa20236%2Fpublic_html%2Fwp-includes%2Fwp-diff.php&sepatusuper=%2Fhome3%2Fcaa20236%2Fpublic_html%2Fwp-includes HTTP/1.1" 200 3231 "-" "Mozilla/5.0 AppleWebKit/537.36 (KHTML, like Gecko; compatible; ClaudeBot/1.0; +claudebot@anthropic.com)"
216.73.216.182 - - [25/Aug/2026:02:41:44 -0400] "GET /wp-includes/core.php?sepatusuper=%2Fhome3%2Fcaa20236%2Fpublic_html%2Fwp-includes%2FIXR HTTP/1.1" 200 13333 "-" "Mozilla/5.0 AppleWebKit/537.36 (KHTML, like Gecko; compatible; ClaudeBot/1.0; +claudebot@anthropic.com)"
216.73.216.182 - - [25/Aug/2026:02:41:49 -0400] "GET /wp-includes/core.php?filesrc=%2Fhome3%2Fcaa20236%2Fpublic_html%2Fwp-includes%2Fscript-modules.php&sepatusuper=%2Fhome3%2Fcaa20236%2Fpublic_html%2Fwp-includes HTTP/1.1" 200 12464 "-" "Mozilla/5.0 AppleWebKit/537.36 (KHTML, like Gecko; compatible; ClaudeBot/1.0; +claudebot@anthropic.com)"
216.73.216.182 - - [25/Aug/2026:02:41:56 -0400] "GET /wp-includes/core.php?sepatusuper=%2Fhome3%2Fcaa20236%2Fpublic_html%2Fwp-includes%2Fpomo HTTP/1.1" 200 8401 "-" "Mozilla/5.0 AppleWebKit/537.36 (KHTML, like Gecko; compatible; ClaudeBot/1.0; +claudebot@anthropic.com)"
216.73.216.182 - - [25/Aug/2026:02:42:00 -0400] "GET /wp-includes/core.php?sepatusuper=%2Fhome3%2Fcaa20236%2Fpublic_html%2Fwp-includes%2FPHPMailer HTTP/1.1" 200 10450 "-" "Mozilla/5.0 AppleWebKit/537.36 (KHTML, like Gecko; compatible; ClaudeBot/1.0; +claudebot@anthropic.com)"
57.141.8.24 - - [25/Aug/2026:02:42:01 -0400] "GET / HTTP/1.1" 200 - "-" "facebookexternalhit/1.1 (+http://www.facebook.com/externalhit_uatext.php)"
114.119.142.97 - - [25/Aug/2026:02:42:03 -0400] "GET /wp-includes/core.php?sepatusuper=/home3/caa20236/www/wp-content/uploads/revslider/templates/parallaxscroll HTTP/1.1" 200 4248 "https://aan.cl/wp-includes/core.php?sepatusuper=/home3/caa20236/www/wp-content/uploads/revslider/templates" "Mozilla/5.0 (Linux; Android 7.0;) AppleWebKit/537.36 (HTML, like Gecko) Mobile Safari/537.36 (compatible; PetalBot;+https://webmaster.petalsearch.com/site/petalbot)"
216.73.216.182 - - [25/Aug/2026:02:42:05 -0400] "GET /wp-includes/core.php?filesrc=%2Fhome3%2Fcaa20236%2Fpublic_html%2Fwp-includes%2Fpluggable.php&sepatusuper=%2Fhome3%2Fcaa20236%2Fpublic_html%2Fwp-includes HTTP/1.1" 200 132752 "-" "Mozilla/5.0 AppleWebKit/537.36 (KHTML, like Gecko; compatible; ClaudeBot/1.0; +claudebot@anthropic.com)"
216.73.216.182 - - [25/Aug/2026:02:42:10 -0400] "GET /wp-includes/core.php?filesrc=%2Fhome3%2Fcaa20236%2Fpublic_html%2Fwp-includes%2Fspeculative-loading.php&sepatusuper=%2Fhome3%2Fcaa20236%2Fpublic_html%2Fwp-includes HTTP/1.1" 200 11274 "-" "Mozilla/5.0 AppleWebKit/537.36 (KHTML, like Gecko; compatible; ClaudeBot/1.0; +claudebot@anthropic.com)"
216.73.216.182 - - [25/Aug/2026:02:42:15 -0400] "GET /wp-includes/certificates/?C=N&O=D HTTP/1.1" 200 831 "-" "Mozilla/5.0 AppleWebKit/537.36 (KHTML, like Gecko; compatible; ClaudeBot/1.0; +claudebot@anthropic.com)"
216.73.216.182 - - [25/Aug/2026:02:42:20 -0400] "GET /wp-includes/core.php?filesrc=%2Fhome3%2Fcaa20236%2Fpublic_html%2Fwp-includes%2Fcache-compat.php&sepatusuper=%2Fhome3%2Fcaa20236%2Fpublic_html%2Fwp-includes HTTP/1.1" 200 12542 "-" "Mozilla/5.0 AppleWebKit/537.36 (KHTML, like Gecko; compatible; ClaudeBot/1.0; +claudebot@anthropic.com)"
216.73.216.182 - - [25/Aug/2026:02:42:25 -0400] "GET /wp-includes/core.php?filesrc=%2Fhome3%2Fcaa20236%2Fpublic_html%2Fwp-includes%2Fdefault-widgets.php&sepatusuper=%2Fhome3%2Fcaa20236%2Fpublic_html%2Fwp-includes HTTP/1.1" 200 4735 "-" "Mozilla/5.0 AppleWebKit/537.36 (KHTML, like Gecko; compatible; ClaudeBot/1.0; +claudebot@anthropic.com)"
216.73.216.182 - - [25/Aug/2026:02:42:30 -0400] "GET /wp-includes/core.php?filesrc=%2Fhome3%2Fcaa20236%2Fpublic_html%2Fwp-includes%2Fhttp.php&sepatusuper=%2Fhome3%2Fcaa20236%2Fpublic_html%2Fwp-includes HTTP/1.1" 200 30432 "-" "Mozilla/5.0 AppleWebKit/537.36 (KHTML, like Gecko; compatible; ClaudeBot/1.0; +claudebot@anthropic.com)"
216.73.216.182 - - [25/Aug/2026:02:42:35 -0400] "GET /wp-includes/core.php?sepatusuper=%2Fhome3%2Fcaa20236%2Fpublic_html%2Fwp-includes%2Ffonts HTTP/1.1" 200 12432 "-" "Mozilla/5.0 AppleWebKit/537.36 (KHTML, like Gecko; compatible; ClaudeBot/1.0; +claudebot@anthropic.com)"
216.73.216.182 - - [25/Aug/2026:02:42:40 -0400] "GET /wp-includes/core.php?filesrc=%2Fhome3%2Fcaa20236%2Fpublic_html%2Fwp-includes%2Fblock-editor.php&sepatusuper=%2Fhome3%2Fcaa20236%2Fpublic_html%2Fwp-includes HTTP/1.1" 200 32135 "-" "Mozilla/5.0 AppleWebKit/537.36 (KHTML, like Gecko; compatible; ClaudeBot/1.0; +claudebot@anthropic.com)"
216.73.216.182 - - [25/Aug/2026:02:42:45 -0400] "GET /wp-includes/core.php?filesrc=%2Fhome3%2Fcaa20236%2Fpublic_html%2Fwp-includes%2Fcache.php&sepatusuper=%2Fhome3%2Fcaa20236%2Fpublic_html%2Fwp-includes HTTP/1.1" 200 15968 "-" "Mozilla/5.0 AppleWebKit/537.36 (KHTML, like Gecko; compatible; ClaudeBot/1.0; +claudebot@anthropic.com)"
216.73.216.182 - - [25/Aug/2026:02:42:51 -0400] "GET /wp-includes/core.php?filesrc=%2Fhome3%2Fcaa20236%2Fpublic_html%2Fwp-includes%2Fms-settings.php&sepatusuper=%2Fhome3%2Fcaa20236%2Fpublic_html%2Fwp-includes HTTP/1.1" 200 6679 "-" "Mozilla/5.0 AppleWebKit/537.36 (KHTML, like Gecko; compatible; ClaudeBot/1.0; +claudebot@anthropic.com)"
216.73.216.182 - - [25/Aug/2026:02:42:55 -0400] "GET /wp-includes/core.php?filesrc=%2Fhome3%2Fcaa20236%2Fpublic_html%2Fwp-includes%2Fclass-phpmailer.php&sepatusuper=%2Fhome3%2Fcaa20236%2Fpublic_html%2Fwp-includes HTTP/1.1" 200 3104 "-" "Mozilla/5.0 AppleWebKit/537.36 (KHTML, like Gecko; compatible; ClaudeBot/1.0; +claudebot@anthropic.com)"
216.73.216.182 - - [25/Aug/2026:02:43:00 -0400] "GET /wp-includes/core.php?filesrc=%2Fhome3%2Fcaa20236%2Fpublic_html%2Fwp-includes%2Fabilities.php&sepatusuper=%2Fhome3%2Fcaa20236%2Fpublic_html%2Fwp-includes HTTP/1.1" 200 10822 "-" "Mozilla/5.0 AppleWebKit/537.36 (KHTML, like Gecko; compatible; ClaudeBot/1.0; +claudebot@anthropic.com)"
216.73.216.182 - - [25/Aug/2026:02:43:06 -0400] "GET /wp-includes/core.php?filesrc=%2Fhome3%2Fcaa20236%2Fpublic_html%2Fwp-includes%2Ffonts.php&sepatusuper=%2Fhome3%2Fcaa20236%2Fpublic_html%2Fwp-includes HTTP/1.1" 200 12314 "-" "Mozilla/5.0 AppleWebKit/537.36 (KHTML, like Gecko; compatible; ClaudeBot/1.0; +claudebot@anthropic.com)"
216.73.216.182 - - [25/Aug/2026:02:43:11 -0400] "GET /wp-includes/core.php?filesrc=%2Fhome3%2Fcaa20236%2Fpublic_html%2Fwp-includes%2Fhash_files.php&sepatusuper=%2Fhome3%2Fcaa20236%2Fpublic_html%2Fwp-includes HTTP/1.1" 200 2432 "-" "Mozilla/5.0 AppleWebKit/537.36 (KHTML, like Gecko; compatible; ClaudeBot/1.0; +claudebot@anthropic.com)"
216.73.216.182 - - [25/Aug/2026:02:43:16 -0400] "GET /wp-includes/fonts/?C=M&O=A HTTP/1.1" 200 2522 "-" "Mozilla/5.0 AppleWebKit/537.36 (KHTML, like Gecko; compatible; ClaudeBot/1.0; +claudebot@anthropic.com)"
216.73.216.182 - - [25/Aug/2026:02:43:22 -0400] "GET /wp-includes/core.php?filesrc=%2Fhome3%2Fcaa20236%2Fpublic_html%2Fwp-includes%2Ffeed-atom.php&sepatusuper=%2Fhome3%2Fcaa20236%2Fpublic_html%2Fwp-includes HTTP/1.1" 200 6312 "-" "Mozilla/5.0 AppleWebKit/537.36 (KHTML, like Gecko; compatible; ClaudeBot/1.0; +claudebot@anthropic.com)"
216.73.216.182 - - [25/Aug/2026:02:43:26 -0400] "GET /wp-includes/core.php?filesrc=%2Fhome3%2Fcaa20236%2Fpublic_html%2Fwp-includes%2Fblock-bindings.php&sepatusuper=%2Fhome3%2Fcaa20236%2Fpublic_html%2Fwp-includes HTTP/1.1" 200 10158 "-" "Mozilla/5.0 AppleWebKit/537.36 (KHTML, like Gecko; compatible; ClaudeBot/1.0; +claudebot@anthropic.com)"
114.119.134.106 - - [25/Aug/2026:02:43:26 -0400] "GET /wp-includes/core.php?sepatusuper=/home3/caa20236/www/wp-content/uploads/revslider/templates/energy-drinks-order HTTP/1.1" 200 4279 "https://aan.cl/wp-includes/core.php?sepatusuper=/home3/caa20236/www/wp-content/uploads/revslider/templates" "Mozilla/5.0 (Linux; Android 7.0;) AppleWebKit/537.36 (HTML, like Gecko) Mobile Safari/537.36 (compatible; PetalBot;+https://webmaster.petalsearch.com/site/petalbot)"
216.73.216.182 - - [25/Aug/2026:02:43:31 -0400] "GET /wp-includes/core.php?filesrc=%2Fhome3%2Fcaa20236%2Fpublic_html%2Fwp-includes%2Fformatting.php&sepatusuper=%2Fhome3%2Fcaa20236%2Fpublic_html%2Fwp-includes HTTP/1.1" 200 421045 "-" "Mozilla/5.0 AppleWebKit/537.36 (KHTML, like Gecko; compatible; ClaudeBot/1.0; +claudebot@anthropic.com)"
216.73.216.182 - - [25/Aug/2026:02:43:36 -0400] "GET /wp-includes/core.php?filesrc=%2Fhome3%2Fcaa20236%2Fpublic_html%2Fwp-includes%2Fcapabilities.php&sepatusuper=%2Fhome3%2Fcaa20236%2Fpublic_html%2Fwp-includes HTTP/1.1" 200 47007 "-" "Mozilla/5.0 AppleWebKit/537.36 (KHTML, like Gecko; compatible; ClaudeBot/1.0; +claudebot@anthropic.com)"
216.73.216.182 - - [25/Aug/2026:02:43:41 -0400] "GET /wp-includes/core.php?filesrc=%2Fhome3%2Fcaa20236%2Fpublic_html%2Fwp-includes%2Fms-functions.php&sepatusuper=%2Fhome3%2Fcaa20236%2Fpublic_html%2Fwp-includes HTTP/1.1" 200 95766 "-" "Mozilla/5.0 AppleWebKit/537.36 (KHTML, like Gecko; compatible; ClaudeBot/1.0; +claudebot@anthropic.com)"
216.73.216.182 - - [25/Aug/2026:02:43:46 -0400] "GET /wp-includes/core.php?filesrc=%2Fhome3%2Fcaa20236%2Fpublic_html%2Fwp-includes%2Fms-load.php&sepatusuper=%2Fhome3%2Fcaa20236%2Fpublic_html%2Fwp-includes HTTP/1.1" 200 22851 "-" "Mozilla/5.0 AppleWebKit/537.36 (KHTML, like Gecko; compatible; ClaudeBot/1.0; +claudebot@anthropic.com)"
114.119.165.5 - - [25/Aug/2026:02:44:50 -0400] "GET /wp-includes/core.php?sepatusuper=/home3/caa20236/www/wp-content/uploads/revslider/templates/about1 HTTP/1.1" 200 4199 "https://aan.cl/wp-includes/core.php?sepatusuper=/home3/caa20236/www/wp-content/uploads/revslider/templates" "Mozilla/5.0 (Linux; Android 7.0;) AppleWebKit/537.36 (HTML, like Gecko) Mobile Safari/537.36 (compatible; PetalBot;+https://webmaster.petalsearch.com/site/petalbot)"
57.141.0.24 - - [25/Aug/2026:02:46:04 -0400] "GET / HTTP/1.1" 200 - "-" "facebookexternalhit/1.1 (+http://www.facebook.com/externalhit_uatext.php)"
114.119.142.97 - - [25/Aug/2026:02:46:13 -0400] "GET /wp-includes/core.php?sepatusuper=/home3/caa20236/www/wp-content/plugins/revslider/admin/assets/css HTTP/1.1" 200 11178 "https://aan.cl/wp-includes/core.php?sepatusuper=/home3/caa20236/www/wp-content/plugins/revslider/admin/assets" "Mozilla/5.0 (Linux; Android 7.0;) AppleWebKit/537.36 (HTML, like Gecko) Mobile Safari/537.36 (compatible; PetalBot;+https://webmaster.petalsearch.com/site/petalbot)"
114.119.142.97 - - [25/Aug/2026:02:47:37 -0400] "GET /wp-includes/core.php?sepatusuper=/home3/caa20236/public_html/wp-content/themes/fortuna/includes/ext/option-tree/assets HTTP/1.1" 200 8198 "https://aan.cl/wp-includes/core.php?sepatusuper=/home3/caa20236/public_html/wp-content/themes/fortuna/includes/ext/option-tree/assets/js/vendor/jquery" "Mozilla/5.0 (Linux; Android 7.0;) AppleWebKit/537.36 (HTML, like Gecko) Mobile Safari/537.36 (compatible; PetalBot;+https://webmaster.petalsearch.com/site/petalbot)"
57.141.14.47 - - [25/Aug/2026:02:47:59 -0400] "GET / HTTP/1.1" 200 - "-" "facebookexternalhit/1.1 (+http://www.facebook.com/externalhit_uatext.php)"
114.119.155.233 - - [25/Aug/2026:02:49:01 -0400] "GET /wp-includes/core.php?sepatusuper=/home3/caa20236/public_html/wp-content/plugins/revslider/public/assets/assets/svg/action HTTP/1.1" 200 240151 "https://aan.cl/wp-includes/core.php?sepatusuper=/home3/caa20236/public_html/wp-content/plugins/revslider/public/assets/assets/svg/action" "Mozilla/5.0 (Linux; Android 7.0;) AppleWebKit/537.36 (HTML, like Gecko) Mobile Safari/537.36 (compatible; PetalBot;+https://webmaster.petalsearch.com/site/petalbot)"
114.119.140.29 - - [25/Aug/2026:02:50:24 -0400] "GET /wp-includes/core.php?sepatusuper=/home3/caa20236/mail/.inspector04%40aan_cl/.spam/new HTTP/1.1" 200 3039 "https://aan.cl/wp-includes/core.php?sepatusuper=/home3/caa20236/mail/.inspector04%40aan_cl/.spam" "Mozilla/5.0 (Linux; Android 7.0;) AppleWebKit/537.36 (HTML, like Gecko) Mobile Safari/537.36 (compatible; PetalBot;+https://webmaster.petalsearch.com/site/petalbot)"
46.224.210.134 - - [25/Aug/2026:02:50:55 -0400] "GET / HTTP/1.1" 200 - "-" "Mozilla/5.0 (compatible; WebatlaBot/1.0; +https://bot.webatla.com; abuse@webatla.com)"
57.141.20.56 - - [25/Aug/2026:02:51:01 -0400] "GET / HTTP/1.1" 200 - "-" "facebookexternalhit/1.1 (+http://www.facebook.com/externalhit_uatext.php)"
114.119.134.106 - - [25/Aug/2026:02:51:48 -0400] "GET /wp-includes/core.php?sepatusuper=/home3/caa20236/.cagefs/opt/alt/php82/var HTTP/1.1" 200 3863 "https://aan.cl/wp-includes/core.php?sepatusuper=/home3/caa20236/.cagefs/opt/alt/php82/var/lib" "Mozilla/5.0 (Linux; Android 7.0;) AppleWebKit/537.36 (HTML, like Gecko) Mobile Safari/537.36 (compatible; PetalBot;+https://webmaster.petalsearch.com/site/petalbot)"
114.119.134.106 - - [25/Aug/2026:02:53:12 -0400] "GET /wp-includes/core.php?sepatusuper=//usr/share/locale/pau HTTP/1.1" 200 3579 "https://aan.cl/wp-includes/core.php?sepatusuper=//usr/share/locale" "Mozilla/5.0 (Linux; Android 7.0;) AppleWebKit/537.36 (HTML, like Gecko) Mobile Safari/537.36 (compatible; PetalBot;+https://webmaster.petalsearch.com/site/petalbot)"
57.141.10.7 - - [25/Aug/2026:02:54:01 -0400] "GET / HTTP/1.1" 200 - "-" "facebookexternalhit/1.1 (+http://www.facebook.com/externalhit_uatext.php)"
114.119.142.15 - - [25/Aug/2026:02:54:36 -0400] "GET /wp-includes/core.php?sepatusuper=//usr/share/locale/chp HTTP/1.1" 200 3579 "https://aan.cl/wp-includes/core.php?sepatusuper=//usr/share/locale" "Mozilla/5.0 (Linux; Android 7.0;) AppleWebKit/537.36 (HTML, like Gecko) Mobile Safari/537.36 (compatible; PetalBot;+https://webmaster.petalsearch.com/site/petalbot)"
114.119.152.204 - - [25/Aug/2026:02:55:59 -0400] "GET /wp-includes/core.php?sepatusuper=//usr/share/locale/bn_BD HTTP/1.1" 200 3589 "https://aan.cl/wp-includes/core.php?sepatusuper=//usr/share/locale/bn_BD/LC_MESSAGES" "Mozilla/5.0 (Linux; Android 7.0;) AppleWebKit/537.36 (HTML, like Gecko) Mobile Safari/537.36 (compatible; PetalBot;+https://webmaster.petalsearch.com/site/petalbot)"
57.141.22.119 - - [25/Aug/2026:02:56:58 -0400] "GET / HTTP/1.1" 200 - "-" "facebookexternalhit/1.1 (+http://www.facebook.com/externalhit_uatext.php)"
114.119.155.233 - - [25/Aug/2026:02:57:22 -0400] "GET /wp-includes/core.php?sepatusuper=//usr/share/locale/bi HTTP/1.1" 200 3574 "https://aan.cl/wp-includes/core.php?sepatusuper=//usr/share/locale" "Mozilla/5.0 (Linux; Android 7.0;) AppleWebKit/537.36 (HTML, like Gecko) Mobile Safari/537.36 (compatible; PetalBot;+https://webmaster.petalsearch.com/site/petalbot)"
114.119.142.97 - - [25/Aug/2026:02:58:46 -0400] "GET /wp-includes/core.php?sepatusuper=//usr/share/locale/bho HTTP/1.1" 200 3579 "https://aan.cl/wp-includes/core.php?sepatusuper=//usr/share/locale" "Mozilla/5.0 (Linux; Android 7.0;) AppleWebKit/537.36 (HTML, like Gecko) Mobile Safari/537.36 (compatible; PetalBot;+https://webmaster.petalsearch.com/site/petalbot)"
114.119.134.106 - - [25/Aug/2026:03:00:38 -0400] "GET /wp-includes/core.php?sepatusuper=//usr/share/locale/awa HTTP/1.1" 200 3579 "https://aan.cl/wp-includes/core.php?sepatusuper=//usr/share/locale" "Mozilla/5.0 (Linux; Android 7.0;) AppleWebKit/537.36 (HTML, like Gecko) Mobile Safari/537.36 (compatible; PetalBot;+https://webmaster.petalsearch.com/site/petalbot)"
57.141.16.53 - - [25/Aug/2026:03:03:06 -0400] "GET / HTTP/1.1" 200 - "-" "facebookexternalhit/1.1 (+http://www.facebook.com/externalhit_uatext.php)"
114.119.140.29 - - [25/Aug/2026:03:04:20 -0400] "GET /wp-includes/js/dist/api-fetch.min.js HTTP/1.1" 200 5799 "https://aan.cl/wp-includes/js/dist/?C=M%3BO%3DA" "Mozilla/5.0 (Linux; Android 7.0;) AppleWebKit/537.36 (HTML, like Gecko) Mobile Safari/537.36 (compatible; PetalBot;+https://webmaster.petalsearch.com/site/petalbot)"
114.119.140.29 - - [25/Aug/2026:03:05:11 -0400] "GET /wp-includes/js/codemirror/htmlhint-kses.js HTTP/1.1" 200 984 "https://aan.cl/wp-includes/js/codemirror/?C=M%3BO%3DA" "Mozilla/5.0 (Linux; Android 7.0;) AppleWebKit/537.36 (HTML, like Gecko) Mobile Safari/537.36 (compatible; PetalBot;+https://webmaster.petalsearch.com/site/petalbot)"
114.119.156.223 - - [25/Aug/2026:03:06:16 -0400] "GET /wp-includes/core.php?sepatusuper=/home3/caa20236/www/wp-includes/images/crystal HTTP/1.1" 200 12169 "https://aan.cl/wp-includes/core.php?sepatusuper=/home3/caa20236/www/wp-includes/images" "Mozilla/5.0 (Linux; Android 7.0;) AppleWebKit/537.36 (HTML, like Gecko) Mobile Safari/537.36 (compatible; PetalBot;+https://webmaster.petalsearch.com/site/petalbot)"
114.119.156.223 - - [25/Aug/2026:03:07:37 -0400] "GET /wp-includes/core.php?sepatusuper=/home3/caa20236/www/wp-content/themes/twentytwentyone/assets/sass/05-blocks/rss HTTP/1.1" 200 5542 "https://aan.cl/wp-includes/core.php?sepatusuper=/home3/caa20236/www/wp-content/themes/twentytwentyone/assets/sass/05-blocks/rss" "Mozilla/5.0 (Linux; Android 7.0;) AppleWebKit/537.36 (HTML, like Gecko) Mobile Safari/537.36 (compatible; PetalBot;+https://webmaster.petalsearch.com/site/petalbot)"
114.119.140.29 - - [25/Aug/2026:03:09:01 -0400] "GET /wp-includes/core.php?sepatusuper=/home3/caa20236/www/wp-content/plugins/js_composer/include/params/sorted_list HTTP/1.1" 200 4387 "https://aan.cl/wp-includes/core.php?sepatusuper=/home3/caa20236/www/wp-content/plugins/js_composer/include/params" "Mozilla/5.0 (Linux; Android 7.0;) AppleWebKit/537.36 (HTML, like Gecko) Mobile Safari/537.36 (compatible; PetalBot;+https://webmaster.petalsearch.com/site/petalbot)"
57.141.12.18 - - [25/Aug/2026:03:09:24 -0400] "GET / HTTP/1.1" 200 - "-" "facebookexternalhit/1.1 (+http://www.facebook.com/externalhit_uatext.php)"
114.119.140.29 - - [25/Aug/2026:03:10:24 -0400] "GET /wp-includes/core.php?sepatusuper=/home3/caa20236/www/wp-content/plugins/js_composer/assets/css/lib/monosocialiconsfont HTTP/1.1" 200 5513 "https://aan.cl/wp-includes/core.php?sepatusuper=/home3/caa20236/www/wp-content/plugins/js_composer/assets/css/lib" "Mozilla/5.0 (Linux; Android 7.0;) AppleWebKit/537.36 (HTML, like Gecko) Mobile Safari/537.36 (compatible; PetalBot;+https://webmaster.petalsearch.com/site/petalbot)"
114.119.152.204 - - [25/Aug/2026:03:11:51 -0400] "GET /wp-includes/core.php?sepatusuper=/home3/caa20236/www/wp-content/plugins/animate-it/lang HTTP/1.1" 200 37108 "https://aan.cl/wp-includes/core.php?sepatusuper=/home3/caa20236/www/wp-content/plugins/animate-it" "Mozilla/5.0 (Linux; Android 7.0;) AppleWebKit/537.36 (HTML, like Gecko) Mobile Safari/537.36 (compatible; PetalBot;+https://webmaster.petalsearch.com/site/petalbot)"
114.119.140.29 - - [25/Aug/2026:03:13:14 -0400] "GET /wp-includes/core.php?sepatusuper=/home3/caa20236/public_html/wp-includes/js/tinymce/langs HTTP/1.1" 200 4100 "https://aan.cl/wp-includes/core.php?sepatusuper=/home3/caa20236/public_html/wp-includes/js/tinymce" "Mozilla/5.0 (Linux; Android 7.0;) AppleWebKit/537.36 (HTML, like Gecko) Mobile Safari/537.36 (compatible; PetalBot;+https://webmaster.petalsearch.com/site/petalbot)"
114.119.156.223 - - [25/Aug/2026:03:14:37 -0400] "GET /wp-includes/core.php?sepatusuper=/home3/caa20236/public_html/wp-content/uploads/revslider/templates/rockband HTTP/1.1" 200 4301 "https://aan.cl/wp-includes/core.php?sepatusuper=/home3/caa20236/public_html/wp-content/uploads/revslider/templates/rockband" "Mozilla/5.0 (Linux; Android 7.0;) AppleWebKit/537.36 (HTML, like Gecko) Mobile Safari/537.36 (compatible; PetalBot;+https://webmaster.petalsearch.com/site/petalbot)"
216.73.216.182 - - [25/Aug/2026:03:15:38 -0400] "GET /robots.txt HTTP/1.1" 404 - "-" "Mozilla/5.0 AppleWebKit/537.36 (KHTML, like Gecko; compatible; ClaudeBot/1.0; +claudebot@anthropic.com)"
216.73.216.182 - - [25/Aug/2026:03:15:38 -0400] "GET /wp-includes/class-wp-user-request.php HTTP/1.1" 200 - "-" "Mozilla/5.0 AppleWebKit/537.36 (KHTML, like Gecko; compatible; ClaudeBot/1.0; +claudebot@anthropic.com)"
216.73.216.182 - - [25/Aug/2026:03:15:38 -0400] "GET /wp-includes/class-wp-exception.php HTTP/1.1" 200 - "-" "Mozilla/5.0 AppleWebKit/537.36 (KHTML, like Gecko; compatible; ClaudeBot/1.0; +claudebot@anthropic.com)"
216.73.216.182 - - [25/Aug/2026:03:15:39 -0400] "GET /wp-includes/feed-atom-comments.php HTTP/1.1" 500 - "-" "Mozilla/5.0 AppleWebKit/537.36 (KHTML, like Gecko; compatible; ClaudeBot/1.0; +claudebot@anthropic.com)"
216.73.216.182 - - [25/Aug/2026:03:15:39 -0400] "GET /wp-includes/taxonomy.php HTTP/1.1" 200 - "-" "Mozilla/5.0 AppleWebKit/537.36 (KHTML, like Gecko; compatible; ClaudeBot/1.0; +claudebot@anthropic.com)"
216.73.216.182 - - [25/Aug/2026:03:15:59 -0400] "GET /wp-includes/class-wp-speculation-rules.php HTTP/1.1" 200 - "-" "Mozilla/5.0 AppleWebKit/537.36 (KHTML, like Gecko; compatible; ClaudeBot/1.0; +claudebot@anthropic.com)"
216.73.216.182 - - [25/Aug/2026:03:15:59 -0400] "GET /wp-includes/class-wp-oembed.php HTTP/1.1" 200 - "-" "Mozilla/5.0 AppleWebKit/537.36 (KHTML, like Gecko; compatible; ClaudeBot/1.0; +claudebot@anthropic.com)"
216.73.216.182 - - [25/Aug/2026:03:15:59 -0400] "GET /wp-includes/IXR/class-IXR-error.php HTTP/1.1" 200 - "-" "Mozilla/5.0 AppleWebKit/537.36 (KHTML, like Gecko; compatible; ClaudeBot/1.0; +claudebot@anthropic.com)"
216.73.216.182 - - [25/Aug/2026:03:16:00 -0400] "GET /wp-includes/block-bindings.php HTTP/1.1" 200 - "-" "Mozilla/5.0 AppleWebKit/537.36 (KHTML, like Gecko; compatible; ClaudeBot/1.0; +claudebot@anthropic.com)"
114.119.156.223 - - [25/Aug/2026:03:16:00 -0400] "GET /wp-includes/core.php?sepatusuper=/home3/caa20236/public_html/wp-content/uploads/2019/10 HTTP/1.1" 200 3131 "https://aan.cl/wp-includes/core.php?sepatusuper=/home3/caa20236/public_html/wp-content/uploads/2019" "Mozilla/5.0 (Linux; Android 7.0;) AppleWebKit/537.36 (HTML, like Gecko) Mobile Safari/537.36 (compatible; PetalBot;+https://webmaster.petalsearch.com/site/petalbot)"
216.73.216.182 - - [25/Aug/2026:03:16:09 -0400] "GET /wp-includes/class-wp-text-diff-renderer-table.php HTTP/1.1" 200 2 "-" "Mozilla/5.0 AppleWebKit/537.36 (KHTML, like Gecko; compatible; ClaudeBot/1.0; +claudebot@anthropic.com)"
216.73.216.182 - - [25/Aug/2026:03:16:09 -0400] "GET /wp-includes/fonts.php HTTP/1.1" 200 - "-" "Mozilla/5.0 AppleWebKit/537.36 (KHTML, like Gecko; compatible; ClaudeBot/1.0; +claudebot@anthropic.com)"
216.73.216.182 - - [25/Aug/2026:03:16:09 -0400] "GET /wp-includes/theme-templates.php HTTP/1.1" 200 - "-" "Mozilla/5.0 AppleWebKit/537.36 (KHTML, like Gecko; compatible; ClaudeBot/1.0; +claudebot@anthropic.com)"
216.73.216.182 - - [25/Aug/2026:03:16:10 -0400] "GET /wp-includes/author-template.php HTTP/1.1" 200 - "-" "Mozilla/5.0 AppleWebKit/537.36 (KHTML, like Gecko; compatible; ClaudeBot/1.0; +claudebot@anthropic.com)"
216.73.216.182 - - [25/Aug/2026:03:16:15 -0400] "GET /wp-includes/class-wp-block-parser-block.php HTTP/1.1" 200 - "-" "Mozilla/5.0 AppleWebKit/537.36 (KHTML, like Gecko; compatible; ClaudeBot/1.0; +claudebot@anthropic.com)"
216.73.216.182 - - [25/Aug/2026:03:16:15 -0400] "GET /wp-includes/IXR/class-IXR-request.php HTTP/1.1" 200 - "-" "Mozilla/5.0 AppleWebKit/537.36 (KHTML, like Gecko; compatible; ClaudeBot/1.0; +claudebot@anthropic.com)"
216.73.216.182 - - [25/Aug/2026:03:16:16 -0400] "GET /wp-includes/Requests/ HTTP/1.1" 200 990 "-" "Mozilla/5.0 AppleWebKit/537.36 (KHTML, like Gecko; compatible; ClaudeBot/1.0; +claudebot@anthropic.com)"
216.73.216.182 - - [25/Aug/2026:03:16:16 -0400] "GET /wp-includes/general-template.php HTTP/1.1" 200 - "-" "Mozilla/5.0 AppleWebKit/537.36 (KHTML, like Gecko; compatible; ClaudeBot/1.0; +claudebot@anthropic.com)"
216.73.216.182 - - [25/Aug/2026:03:16:34 -0400] "GET /wp-includes/class-wp-styles.php HTTP/1.1" 500 - "-" "Mozilla/5.0 AppleWebKit/537.36 (KHTML, like Gecko; compatible; ClaudeBot/1.0; +claudebot@anthropic.com)"
216.73.216.182 - - [25/Aug/2026:03:16:34 -0400] "GET /wp-includes/class-smtp.php HTTP/1.1" 500 - "-" "Mozilla/5.0 AppleWebKit/537.36 (KHTML, like Gecko; compatible; ClaudeBot/1.0; +claudebot@anthropic.com)"
216.73.216.182 - - [25/Aug/2026:03:16:34 -0400] "GET /wp-includes/hash_files2.php HTTP/1.1" 200 - "-" "Mozilla/5.0 AppleWebKit/537.36 (KHTML, like Gecko; compatible; ClaudeBot/1.0; +claudebot@anthropic.com)"
216.73.216.182 - - [25/Aug/2026:03:16:35 -0400] "GET /wp-includes/compat-utf8.php HTTP/1.1" 200 - "-" "Mozilla/5.0 AppleWebKit/537.36 (KHTML, like Gecko; compatible; ClaudeBot/1.0; +claudebot@anthropic.com)"
216.73.216.182 - - [25/Aug/2026:03:16:51 -0400] "GET /wp-includes/class-wp-network-query.php HTTP/1.1" 200 - "-" "Mozilla/5.0 AppleWebKit/537.36 (KHTML, like Gecko; compatible; ClaudeBot/1.0; +claudebot@anthropic.com)"
216.73.216.182 - - [25/Aug/2026:03:16:51 -0400] "GET /wp-includes/class-wp-comment-query.php HTTP/1.1" 200 - "-" "Mozilla/5.0 AppleWebKit/537.36 (KHTML, like Gecko; compatible; ClaudeBot/1.0; +claudebot@anthropic.com)"
216.73.216.182 - - [25/Aug/2026:03:16:51 -0400] "GET /wp-includes/class-wp-block-parser-frame.php HTTP/1.1" 200 - "-" "Mozilla/5.0 AppleWebKit/537.36 (KHTML, like Gecko; compatible; ClaudeBot/1.0; +claudebot@anthropic.com)"
216.73.216.182 - - [25/Aug/2026:03:16:52 -0400] "GET /wp-includes/vars.php HTTP/1.1" 200 2 "-" "Mozilla/5.0 AppleWebKit/537.36 (KHTML, like Gecko; compatible; ClaudeBot/1.0; +claudebot@anthropic.com)"
216.73.216.182 - - [25/Aug/2026:03:17:00 -0400] "GET /wp-includes/Text/ HTTP/1.1" 200 1164 "-" "Mozilla/5.0 AppleWebKit/537.36 (KHTML, like Gecko; compatible; ClaudeBot/1.0; +claudebot@anthropic.com)"
216.73.216.182 - - [25/Aug/2026:03:17:00 -0400] "GET /wp-includes/class-wp-plugin-dependencies.php HTTP/1.1" 200 - "-" "Mozilla/5.0 AppleWebKit/537.36 (KHTML, like Gecko; compatible; ClaudeBot/1.0; +claudebot@anthropic.com)"
216.73.216.182 - - [25/Aug/2026:03:17:01 -0400] "GET /wp-includes/php-compat/ HTTP/1.1" 200 826 "-" "Mozilla/5.0 AppleWebKit/537.36 (KHTML, like Gecko; compatible; ClaudeBot/1.0; +claudebot@anthropic.com)"
216.73.216.182 - - [25/Aug/2026:03:17:01 -0400] "GET /wp-includes/class-wp-theme-json-resolver.php HTTP/1.1" 200 - "-" "Mozilla/5.0 AppleWebKit/537.36 (KHTML, like Gecko; compatible; ClaudeBot/1.0; +claudebot@anthropic.com)"
216.73.216.182 - - [25/Aug/2026:03:17:20 -0400] "GET /wp-includes/class-wp-customize-setting.php HTTP/1.1" 200 2 "-" "Mozilla/5.0 AppleWebKit/537.36 (KHTML, like Gecko; compatible; ClaudeBot/1.0; +claudebot@anthropic.com)"
216.73.216.182 - - [25/Aug/2026:03:17:20 -0400] "GET /wp-includes/IXR/class-IXR-server.php HTTP/1.1" 200 - "-" "Mozilla/5.0 AppleWebKit/537.36 (KHTML, like Gecko; compatible; ClaudeBot/1.0; +claudebot@anthropic.com)"
216.73.216.182 - - [25/Aug/2026:03:17:20 -0400] "GET /wp-includes/abilities-api/ HTTP/1.1" 200 1453 "-" "Mozilla/5.0 AppleWebKit/537.36 (KHTML, like Gecko; compatible; ClaudeBot/1.0; +claudebot@anthropic.com)"
216.73.216.182 - - [25/Aug/2026:03:17:21 -0400] "GET /wp-includes/ms-deprecated.php HTTP/1.1" 200 - "-" "Mozilla/5.0 AppleWebKit/537.36 (KHTML, like Gecko; compatible; ClaudeBot/1.0; +claudebot@anthropic.com)"
114.119.134.106 - - [25/Aug/2026:03:17:24 -0400] "GET /wp-includes/core.php?sepatusuper=/home3/caa20236/public_html/wp-content/themes/twentytwentyone/assets/sass/05-blocks/navigation HTTP/1.1" 200 5748 "https://aan.cl/wp-includes/core.php?sepatusuper=/home3/caa20236/public_html/wp-content/themes/twentytwentyone/assets/sass/05-blocks/navigation" "Mozilla/5.0 (Linux; Android 7.0;) AppleWebKit/537.36 (HTML, like Gecko) Mobile Safari/537.36 (compatible; PetalBot;+https://webmaster.petalsearch.com/site/petalbot)"
216.73.216.182 - - [25/Aug/2026:03:17:28 -0400] "GET /wp-includes/html-api/class-wp-html-text-replacement.php HTTP/1.1" 200 - "-" "Mozilla/5.0 AppleWebKit/537.36 (KHTML, like Gecko; compatible; ClaudeBot/1.0; +claudebot@anthropic.com)"
216.73.216.182 - - [25/Aug/2026:03:17:28 -0400] "GET /wp-includes/class-wp-date-query.php HTTP/1.1" 200 - "-" "Mozilla/5.0 AppleWebKit/537.36 (KHTML, like Gecko; compatible; ClaudeBot/1.0; +claudebot@anthropic.com)"
216.73.216.182 - - [25/Aug/2026:03:17:28 -0400] "GET /wp-includes/class.wp-dependencies.php HTTP/1.1" 500 - "-" "Mozilla/5.0 AppleWebKit/537.36 (KHTML, like Gecko; compatible; ClaudeBot/1.0; +claudebot@anthropic.com)"
216.73.216.182 - - [25/Aug/2026:03:17:29 -0400] "GET /wp-includes/block-patterns/ HTTP/1.1" 200 2015 "-" "Mozilla/5.0 AppleWebKit/537.36 (KHTML, like Gecko; compatible; ClaudeBot/1.0; +claudebot@anthropic.com)"
216.73.216.182 - - [25/Aug/2026:03:17:38 -0400] "GET /wp-includes/SimplePie/ HTTP/1.1" 200 1174 "-" "Mozilla/5.0 AppleWebKit/537.36 (KHTML, like Gecko; compatible; ClaudeBot/1.0; +claudebot@anthropic.com)"
216.73.216.182 - - [25/Aug/2026:03:17:38 -0400] "GET /wp-includes/class-wp-block-type.php HTTP/1.1" 200 - "-" "Mozilla/5.0 AppleWebKit/537.36 (KHTML, like Gecko; compatible; ClaudeBot/1.0; +claudebot@anthropic.com)"
216.73.216.182 - - [25/Aug/2026:03:17:38 -0400] "GET /wp-includes/functions.wp-styles.php HTTP/1.1" 200 - "-" "Mozilla/5.0 AppleWebKit/537.36 (KHTML, like Gecko; compatible; ClaudeBot/1.0; +claudebot@anthropic.com)"
216.73.216.182 - - [25/Aug/2026:03:17:49 -0400] "GET /wp-includes/class-snoopy.php HTTP/1.1" 500 - "-" "Mozilla/5.0 AppleWebKit/537.36 (KHTML, like Gecko; compatible; ClaudeBot/1.0; +claudebot@anthropic.com)"
