51.68.234.131 - - [24/Aug/2026:17:32:19 -0400] "GET /wp-includes/core.php?filesrc=//opt/imunify360/venv/lib/python3.11/site-packages/blinker/__pycache__/_utilities.cpython-311.pyc&sepatusuper=//opt/imunify360/venv/lib/python3.11/site-packages/blinker/__pycache__ HTTP/1.1" 200 2811 "-" "Mozilla/5.0 (compatible; MJ12bot/v1.4.8; http://mj12bot.com/)"
51.68.234.131 - - [24/Aug/2026:17:32:22 -0400] "GET /wp-includes/core.php?filesrc=//opt/imunify360/venv/lib/python3.11/site-packages/blinker/__pycache__/base.cpython-311.pyc&sepatusuper=//opt/imunify360/venv/lib/python3.11/site-packages/blinker/__pycache__ HTTP/1.1" 200 2805 "-" "Mozilla/5.0 (compatible; MJ12bot/v1.4.8; http://mj12bot.com/)"
51.68.234.131 - - [24/Aug/2026:17:32:25 -0400] "GET /wp-includes/core.php?filesrc=//opt/imunify360/venv/lib/python3.11/site-packages/cerberus/__pycache__/platform.cpython-311.pyc&sepatusuper=//opt/imunify360/venv/lib/python3.11/site-packages/cerberus/__pycache__ HTTP/1.1" 200 2813 "-" "Mozilla/5.0 (compatible; MJ12bot/v1.4.8; http://mj12bot.com/)"
51.68.234.131 - - [24/Aug/2026:17:32:28 -0400] "GET /wp-includes/core.php?filesrc=//opt/imunify360/venv/lib/python3.11/site-packages/cerberus/__pycache__/schema.cpython-311.pyc&sepatusuper=//opt/imunify360/venv/lib/python3.11/site-packages/cerberus/__pycache__ HTTP/1.1" 200 2811 "-" "Mozilla/5.0 (compatible; MJ12bot/v1.4.8; http://mj12bot.com/)"
51.68.234.131 - - [24/Aug/2026:17:32:32 -0400] "GET /wp-includes/core.php?filesrc=//opt/imunify360/venv/lib/python3.11/site-packages/cerberus/__pycache__/utils.cpython-311.pyc&sepatusuper=//opt/imunify360/venv/lib/python3.11/site-packages/cerberus/__pycache__ HTTP/1.1" 200 2810 "-" "Mozilla/5.0 (compatible; MJ12bot/v1.4.8; http://mj12bot.com/)"
51.68.234.131 - - [24/Aug/2026:17:32:36 -0400] "GET /wp-includes/core.php?filesrc=//opt/imunify360/venv/lib/python3.11/site-packages/cerberus/__pycache__/validator.cpython-311.pyc&sepatusuper=//opt/imunify360/venv/lib/python3.11/site-packages/cerberus/__pycache__ HTTP/1.1" 200 2814 "-" "Mozilla/5.0 (compatible; MJ12bot/v1.4.8; http://mj12bot.com/)"
51.68.234.131 - - [24/Aug/2026:17:32:38 -0400] "GET /wp-includes/core.php?filesrc=//opt/imunify360/venv/lib/python3.11/site-packages/certifi/__pycache__/__init__.cpython-311.pyc&sepatusuper=//opt/imunify360/venv/lib/python3.11/site-packages/certifi/__pycache__ HTTP/1.1" 200 2809 "-" "Mozilla/5.0 (compatible; MJ12bot/v1.4.8; http://mj12bot.com/)"
51.68.234.131 - - [24/Aug/2026:17:32:42 -0400] "GET /wp-includes/core.php?filesrc=//opt/imunify360/venv/lib/python3.11/site-packages/certifi/__pycache__/__main__.cpython-311.pyc&sepatusuper=//opt/imunify360/venv/lib/python3.11/site-packages/certifi/__pycache__ HTTP/1.1" 200 2809 "-" "Mozilla/5.0 (compatible; MJ12bot/v1.4.8; http://mj12bot.com/)"
51.68.234.131 - - [24/Aug/2026:17:32:45 -0400] "GET /wp-includes/core.php?filesrc=//opt/imunify360/venv/lib/python3.11/site-packages/certifi/__pycache__/core.cpython-311.pyc&sepatusuper=//opt/imunify360/venv/lib/python3.11/site-packages/certifi/__pycache__ HTTP/1.1" 200 2805 "-" "Mozilla/5.0 (compatible; MJ12bot/v1.4.8; http://mj12bot.com/)"
114.119.165.5 - - [24/Aug/2026:17:32:46 -0400] "GET /wp-includes/js/dist/wordcount.js HTTP/1.1" 200 13572 "https://aan.cl/wp-includes/js/dist/?C=M%3BO%3DA" "Mozilla/5.0 (Linux; Android 7.0;) AppleWebKit/537.36 (HTML, like Gecko) Mobile Safari/537.36 (compatible; PetalBot;+https://webmaster.petalsearch.com/site/petalbot)"
51.68.234.131 - - [24/Aug/2026:17:32:48 -0400] "GET /wp-includes/core.php?filesrc=//opt/imunify360/venv/lib/python3.11/site-packages/cffi/__pycache__/__init__.cpython-311.pyc&sepatusuper=//opt/imunify360/venv/lib/python3.11/site-packages/cffi/__pycache__ HTTP/1.1" 200 2797 "-" "Mozilla/5.0 (compatible; MJ12bot/v1.4.8; http://mj12bot.com/)"
57.141.2.16 - - [24/Aug/2026:17:32:49 -0400] "GET / HTTP/1.1" 200 - "-" "facebookexternalhit/1.1 (+http://www.facebook.com/externalhit_uatext.php)"
51.68.234.131 - - [24/Aug/2026:17:32:52 -0400] "GET /wp-includes/core.php?filesrc=//opt/imunify360/venv/lib/python3.11/site-packages/cffi/__pycache__/api.cpython-311.pyc&sepatusuper=//opt/imunify360/venv/lib/python3.11/site-packages/cffi/__pycache__ HTTP/1.1" 200 2792 "-" "Mozilla/5.0 (compatible; MJ12bot/v1.4.8; http://mj12bot.com/)"
51.68.234.131 - - [24/Aug/2026:17:32:56 -0400] "GET /wp-includes/core.php?filesrc=//opt/imunify360/venv/lib/python3.11/site-packages/cffi/__pycache__/backend_ctypes.cpython-311.pyc&sepatusuper=//opt/imunify360/venv/lib/python3.11/site-packages/cffi/__pycache__ HTTP/1.1" 200 2803 "-" "Mozilla/5.0 (compatible; MJ12bot/v1.4.8; http://mj12bot.com/)"
51.68.234.131 - - [24/Aug/2026:17:32:59 -0400] "GET /wp-includes/core.php?filesrc=//opt/imunify360/venv/lib/python3.11/site-packages/cffi/__pycache__/cffi_opcode.cpython-311.pyc&sepatusuper=//opt/imunify360/venv/lib/python3.11/site-packages/cffi/__pycache__ HTTP/1.1" 200 2800 "-" "Mozilla/5.0 (compatible; MJ12bot/v1.4.8; http://mj12bot.com/)"
51.68.234.131 - - [24/Aug/2026:17:33:03 -0400] "GET /wp-includes/core.php?filesrc=//opt/imunify360/venv/lib/python3.11/site-packages/cffi/__pycache__/commontypes.cpython-311.pyc&sepatusuper=//opt/imunify360/venv/lib/python3.11/site-packages/cffi/__pycache__ HTTP/1.1" 200 2800 "-" "Mozilla/5.0 (compatible; MJ12bot/v1.4.8; http://mj12bot.com/)"
51.68.234.131 - - [24/Aug/2026:17:33:06 -0400] "GET /wp-includes/core.php?filesrc=//opt/imunify360/venv/lib/python3.11/site-packages/cffi/__pycache__/cparser.cpython-311.pyc&sepatusuper=//opt/imunify360/venv/lib/python3.11/site-packages/cffi/__pycache__ HTTP/1.1" 200 2796 "-" "Mozilla/5.0 (compatible; MJ12bot/v1.4.8; http://mj12bot.com/)"
51.68.234.131 - - [24/Aug/2026:17:33:09 -0400] "GET /wp-includes/core.php?filesrc=//opt/imunify360/venv/lib/python3.11/site-packages/cffi/__pycache__/error.cpython-311.pyc&sepatusuper=//opt/imunify360/venv/lib/python3.11/site-packages/cffi/__pycache__ HTTP/1.1" 200 2794 "-" "Mozilla/5.0 (compatible; MJ12bot/v1.4.8; http://mj12bot.com/)"
51.68.234.131 - - [24/Aug/2026:17:33:13 -0400] "GET /wp-includes/core.php?filesrc=//opt/imunify360/venv/lib/python3.11/site-packages/cffi/__pycache__/ffiplatform.cpython-311.pyc&sepatusuper=//opt/imunify360/venv/lib/python3.11/site-packages/cffi/__pycache__ HTTP/1.1" 200 2800 "-" "Mozilla/5.0 (compatible; MJ12bot/v1.4.8; http://mj12bot.com/)"
51.68.234.131 - - [24/Aug/2026:17:33:18 -0400] "GET /wp-includes/core.php?filesrc=//opt/imunify360/venv/lib/python3.11/site-packages/cffi/__pycache__/lock.cpython-311.pyc&sepatusuper=//opt/imunify360/venv/lib/python3.11/site-packages/cffi/__pycache__ HTTP/1.1" 200 2793 "-" "Mozilla/5.0 (compatible; MJ12bot/v1.4.8; http://mj12bot.com/)"
51.68.234.131 - - [24/Aug/2026:17:33:21 -0400] "GET /wp-includes/core.php?filesrc=//opt/imunify360/venv/lib/python3.11/site-packages/cffi/__pycache__/model.cpython-311.pyc&sepatusuper=//opt/imunify360/venv/lib/python3.11/site-packages/cffi/__pycache__ HTTP/1.1" 200 2794 "-" "Mozilla/5.0 (compatible; MJ12bot/v1.4.8; http://mj12bot.com/)"
51.68.234.131 - - [24/Aug/2026:17:33:26 -0400] "GET /wp-includes/core.php?filesrc=//opt/imunify360/venv/lib/python3.11/site-packages/cffi/__pycache__/pkgconfig.cpython-311.pyc&sepatusuper=//opt/imunify360/venv/lib/python3.11/site-packages/cffi/__pycache__ HTTP/1.1" 200 2798 "-" "Mozilla/5.0 (compatible; MJ12bot/v1.4.8; http://mj12bot.com/)"
51.68.234.131 - - [24/Aug/2026:17:33:30 -0400] "GET /wp-includes/core.php?filesrc=//opt/imunify360/venv/lib/python3.11/site-packages/cffi/__pycache__/recompiler.cpython-311.pyc&sepatusuper=//opt/imunify360/venv/lib/python3.11/site-packages/cffi/__pycache__ HTTP/1.1" 200 2799 "-" "Mozilla/5.0 (compatible; MJ12bot/v1.4.8; http://mj12bot.com/)"
51.68.234.131 - - [24/Aug/2026:17:33:34 -0400] "GET /wp-includes/core.php?filesrc=//opt/imunify360/venv/lib/python3.11/site-packages/cffi/__pycache__/setuptools_ext.cpython-311.pyc&sepatusuper=//opt/imunify360/venv/lib/python3.11/site-packages/cffi/__pycache__ HTTP/1.1" 200 2803 "-" "Mozilla/5.0 (compatible; MJ12bot/v1.4.8; http://mj12bot.com/)"
51.68.234.131 - - [24/Aug/2026:17:33:37 -0400] "GET /wp-includes/core.php?filesrc=//opt/imunify360/venv/lib/python3.11/site-packages/cffi/__pycache__/vengine_cpy.cpython-311.pyc&sepatusuper=//opt/imunify360/venv/lib/python3.11/site-packages/cffi/__pycache__ HTTP/1.1" 200 2800 "-" "Mozilla/5.0 (compatible; MJ12bot/v1.4.8; http://mj12bot.com/)"
51.68.234.131 - - [24/Aug/2026:17:33:43 -0400] "GET /wp-includes/core.php?filesrc=//opt/imunify360/venv/lib/python3.11/site-packages/cffi/__pycache__/vengine_gen.cpython-311.pyc&sepatusuper=//opt/imunify360/venv/lib/python3.11/site-packages/cffi/__pycache__ HTTP/1.1" 200 2800 "-" "Mozilla/5.0 (compatible; MJ12bot/v1.4.8; http://mj12bot.com/)"
51.68.234.131 - - [24/Aug/2026:17:33:47 -0400] "GET /wp-includes/core.php?filesrc=//opt/imunify360/venv/lib/python3.11/site-packages/cffi/__pycache__/verifier.cpython-311.pyc&sepatusuper=//opt/imunify360/venv/lib/python3.11/site-packages/cffi/__pycache__ HTTP/1.1" 200 2797 "-" "Mozilla/5.0 (compatible; MJ12bot/v1.4.8; http://mj12bot.com/)"
51.68.234.131 - - [24/Aug/2026:17:33:51 -0400] "GET /wp-includes/core.php?filesrc=//opt/imunify360/venv/lib/python3.11/site-packages/charset_normalizer/__pycache__/__init__.cpython-311.pyc&sepatusuper=//opt/imunify360/venv/lib/python3.11/site-packages/charset_normalizer/__pycache__ HTTP/1.1" 200 2853 "-" "Mozilla/5.0 (compatible; MJ12bot/v1.4.8; http://mj12bot.com/)"
51.68.234.131 - - [24/Aug/2026:17:33:55 -0400] "GET /wp-includes/core.php?filesrc=//opt/imunify360/venv/lib/python3.11/site-packages/charset_normalizer/__pycache__/api.cpython-311.pyc&sepatusuper=//opt/imunify360/venv/lib/python3.11/site-packages/charset_normalizer/__pycache__ HTTP/1.1" 200 2848 "-" "Mozilla/5.0 (compatible; MJ12bot/v1.4.8; http://mj12bot.com/)"
51.68.234.131 - - [24/Aug/2026:17:33:59 -0400] "GET /wp-includes/core.php?filesrc=//opt/imunify360/venv/lib/python3.11/site-packages/charset_normalizer/__pycache__/cd.cpython-311.pyc&sepatusuper=//opt/imunify360/venv/lib/python3.11/site-packages/charset_normalizer/__pycache__ HTTP/1.1" 200 2847 "-" "Mozilla/5.0 (compatible; MJ12bot/v1.4.8; http://mj12bot.com/)"
51.68.234.131 - - [24/Aug/2026:17:34:04 -0400] "GET /wp-includes/core.php?filesrc=//opt/imunify360/venv/lib/python3.11/site-packages/charset_normalizer/__pycache__/constant.cpython-311.pyc&sepatusuper=//opt/imunify360/venv/lib/python3.11/site-packages/charset_normalizer/__pycache__ HTTP/1.1" 200 2853 "-" "Mozilla/5.0 (compatible; MJ12bot/v1.4.8; http://mj12bot.com/)"
51.68.234.131 - - [24/Aug/2026:17:34:07 -0400] "GET /wp-includes/core.php?filesrc=//opt/imunify360/venv/lib/python3.11/site-packages/charset_normalizer/__pycache__/legacy.cpython-311.pyc&sepatusuper=//opt/imunify360/venv/lib/python3.11/site-packages/charset_normalizer/__pycache__ HTTP/1.1" 200 2851 "-" "Mozilla/5.0 (compatible; MJ12bot/v1.4.8; http://mj12bot.com/)"
114.119.155.233 - - [24/Aug/2026:17:34:10 -0400] "GET /wp-includes/core.php?sepatusuper=/home3/caa20236/public_html/wp-content/plugins/flexa-block/build/blocks/data-table HTTP/1.1" 200 11913 "https://aan.cl/wp-includes/core.php?sepatusuper=/home3/caa20236/public_html/wp-content/plugins/flexa-block/build/blocks" "Mozilla/5.0 (Linux; Android 7.0;) AppleWebKit/537.36 (HTML, like Gecko) Mobile Safari/537.36 (compatible; PetalBot;+https://webmaster.petalsearch.com/site/petalbot)"
51.68.234.131 - - [24/Aug/2026:17:34:12 -0400] "GET /wp-includes/core.php?filesrc=//opt/imunify360/venv/lib/python3.11/site-packages/charset_normalizer/__pycache__/md.cpython-311.pyc&sepatusuper=//opt/imunify360/venv/lib/python3.11/site-packages/charset_normalizer/__pycache__ HTTP/1.1" 200 2847 "-" "Mozilla/5.0 (compatible; MJ12bot/v1.4.8; http://mj12bot.com/)"
51.68.234.131 - - [24/Aug/2026:17:34:16 -0400] "GET /wp-includes/core.php?filesrc=//opt/imunify360/venv/lib/python3.11/site-packages/charset_normalizer/__pycache__/models.cpython-311.pyc&sepatusuper=//opt/imunify360/venv/lib/python3.11/site-packages/charset_normalizer/__pycache__ HTTP/1.1" 200 2851 "-" "Mozilla/5.0 (compatible; MJ12bot/v1.4.8; http://mj12bot.com/)"
51.68.234.131 - - [24/Aug/2026:17:34:20 -0400] "GET /wp-includes/core.php?filesrc=//opt/imunify360/venv/lib/python3.11/site-packages/charset_normalizer/__pycache__/utils.cpython-311.pyc&sepatusuper=//opt/imunify360/venv/lib/python3.11/site-packages/charset_normalizer/__pycache__ HTTP/1.1" 200 2850 "-" "Mozilla/5.0 (compatible; MJ12bot/v1.4.8; http://mj12bot.com/)"
51.68.234.131 - - [24/Aug/2026:17:34:24 -0400] "GET /wp-includes/core.php?filesrc=//opt/imunify360/venv/lib/python3.11/site-packages/charset_normalizer/__pycache__/version.cpython-311.pyc&sepatusuper=//opt/imunify360/venv/lib/python3.11/site-packages/charset_normalizer/__pycache__ HTTP/1.1" 200 2852 "-" "Mozilla/5.0 (compatible; MJ12bot/v1.4.8; http://mj12bot.com/)"
51.68.234.131 - - [24/Aug/2026:17:34:34 -0400] "GET /wp-includes/core.php?filesrc=//opt/imunify360/venv/lib/python3.11/site-packages/charset_normalizer/cli/__init__.py&sepatusuper=//opt/imunify360/venv/lib/python3.11/site-packages/charset_normalizer/cli HTTP/1.1" 200 2816 "-" "Mozilla/5.0 (compatible; MJ12bot/v1.4.8; http://mj12bot.com/)"
51.68.234.131 - - [24/Aug/2026:17:34:38 -0400] "GET /wp-includes/core.php?filesrc=//opt/imunify360/venv/lib/python3.11/site-packages/charset_normalizer/cli/normalizer.py&sepatusuper=//opt/imunify360/venv/lib/python3.11/site-packages/charset_normalizer/cli HTTP/1.1" 200 13155 "-" "Mozilla/5.0 (compatible; MJ12bot/v1.4.8; http://mj12bot.com/)"
51.68.234.131 - - [24/Aug/2026:17:34:42 -0400] "GET /wp-includes/core.php?filesrc=//opt/imunify360/venv/lib/python3.11/site-packages/clcommon/__pycache__/__init__.cpython-311.pyc&sepatusuper=//opt/imunify360/venv/lib/python3.11/site-packages/clcommon/__pycache__ HTTP/1.1" 200 2813 "-" "Mozilla/5.0 (compatible; MJ12bot/v1.4.8; http://mj12bot.com/)"
51.68.234.131 - - [24/Aug/2026:17:34:49 -0400] "GET /wp-includes/core.php?filesrc=//opt/imunify360/venv/lib/python3.11/site-packages/clcommon/__pycache__/clcagefs.cpython-311.pyc&sepatusuper=//opt/imunify360/venv/lib/python3.11/site-packages/clcommon/__pycache__ HTTP/1.1" 200 2813 "-" "Mozilla/5.0 (compatible; MJ12bot/v1.4.8; http://mj12bot.com/)"
51.68.234.131 - - [24/Aug/2026:17:34:59 -0400] "GET /wp-includes/core.php?filesrc=//opt/imunify360/venv/lib/python3.11/site-packages/clcommon/__pycache__/clconfig.cpython-311.pyc&sepatusuper=//opt/imunify360/venv/lib/python3.11/site-packages/clcommon/__pycache__ HTTP/1.1" 200 2813 "-" "Mozilla/5.0 (compatible; MJ12bot/v1.4.8; http://mj12bot.com/)"
51.68.234.131 - - [24/Aug/2026:17:35:02 -0400] "GET /wp-includes/core.php?filesrc=//opt/imunify360/venv/lib/python3.11/site-packages/clcommon/__pycache__/clconfpars.cpython-311.pyc&sepatusuper=//opt/imunify360/venv/lib/python3.11/site-packages/clcommon/__pycache__ HTTP/1.1" 200 2815 "-" "Mozilla/5.0 (compatible; MJ12bot/v1.4.8; http://mj12bot.com/)"
51.68.234.131 - - [24/Aug/2026:17:35:06 -0400] "GET /wp-includes/core.php?filesrc=//opt/imunify360/venv/lib/python3.11/site-packages/clcommon/__pycache__/clcustomscript.cpython-311.pyc&sepatusuper=//opt/imunify360/venv/lib/python3.11/site-packages/clcommon/__pycache__ HTTP/1.1" 200 2819 "-" "Mozilla/5.0 (compatible; MJ12bot/v1.4.8; http://mj12bot.com/)"
51.68.234.131 - - [24/Aug/2026:17:35:10 -0400] "GET /wp-includes/core.php?filesrc=//opt/imunify360/venv/lib/python3.11/site-packages/clcommon/__pycache__/cldebug.cpython-311.pyc&sepatusuper=//opt/imunify360/venv/lib/python3.11/site-packages/clcommon/__pycache__ HTTP/1.1" 200 2812 "-" "Mozilla/5.0 (compatible; MJ12bot/v1.4.8; http://mj12bot.com/)"
51.68.234.131 - - [24/Aug/2026:17:35:13 -0400] "GET /wp-includes/core.php?filesrc=//opt/imunify360/venv/lib/python3.11/site-packages/clcommon/__pycache__/clemail.cpython-311.pyc&sepatusuper=//opt/imunify360/venv/lib/python3.11/site-packages/clcommon/__pycache__ HTTP/1.1" 200 2812 "-" "Mozilla/5.0 (compatible; MJ12bot/v1.4.8; http://mj12bot.com/)"
51.68.234.131 - - [24/Aug/2026:17:35:18 -0400] "GET /wp-includes/core.php?filesrc=//opt/imunify360/venv/lib/python3.11/site-packages/clcommon/__pycache__/clexception.cpython-311.pyc&sepatusuper=//opt/imunify360/venv/lib/python3.11/site-packages/clcommon/__pycache__ HTTP/1.1" 200 2816 "-" "Mozilla/5.0 (compatible; MJ12bot/v1.4.8; http://mj12bot.com/)"
51.68.234.131 - - [24/Aug/2026:17:35:22 -0400] "GET /wp-includes/core.php?filesrc=//opt/imunify360/venv/lib/python3.11/site-packages/clcommon/__pycache__/clfunc.cpython-311.pyc&sepatusuper=//opt/imunify360/venv/lib/python3.11/site-packages/clcommon/__pycache__ HTTP/1.1" 200 2811 "-" "Mozilla/5.0 (compatible; MJ12bot/v1.4.8; http://mj12bot.com/)"
51.68.234.131 - - [24/Aug/2026:17:35:26 -0400] "GET /wp-includes/core.php?filesrc=//opt/imunify360/venv/lib/python3.11/site-packages/clcommon/__pycache__/clhook.cpython-311.pyc&sepatusuper=//opt/imunify360/venv/lib/python3.11/site-packages/clcommon/__pycache__ HTTP/1.1" 200 2811 "-" "Mozilla/5.0 (compatible; MJ12bot/v1.4.8; http://mj12bot.com/)"
114.119.155.233 - - [24/Aug/2026:17:35:32 -0400] "GET /wp-includes/core.php?sepatusuper=//usr/share/locale/sad/LC_MESSAGES HTTP/1.1" 200 2907 "https://aan.cl/wp-includes/core.php?sepatusuper=//usr/share/locale/sad" "Mozilla/5.0 (Linux; Android 7.0;) AppleWebKit/537.36 (HTML, like Gecko) Mobile Safari/537.36 (compatible; PetalBot;+https://webmaster.petalsearch.com/site/petalbot)"
51.68.234.131 - - [24/Aug/2026:17:35:38 -0400] "GET /wp-includes/core.php?filesrc=//opt/imunify360/venv/lib/python3.11/site-packages/clcommon/__pycache__/cloutput.cpython-311.pyc&sepatusuper=//opt/imunify360/venv/lib/python3.11/site-packages/clcommon/__pycache__ HTTP/1.1" 200 2813 "-" "Mozilla/5.0 (compatible; MJ12bot/v1.4.8; http://mj12bot.com/)"
51.68.234.131 - - [24/Aug/2026:17:35:41 -0400] "GET /wp-includes/core.php?filesrc=//opt/imunify360/venv/lib/python3.11/site-packages/clcommon/__pycache__/clproc.cpython-311.pyc&sepatusuper=//opt/imunify360/venv/lib/python3.11/site-packages/clcommon/__pycache__ HTTP/1.1" 200 2811 "-" "Mozilla/5.0 (compatible; MJ12bot/v1.4.8; http://mj12bot.com/)"
51.68.234.131 - - [24/Aug/2026:17:35:45 -0400] "GET /wp-includes/core.php?filesrc=//opt/imunify360/venv/lib/python3.11/site-packages/clcommon/__pycache__/clpwd.cpython-311.pyc&sepatusuper=//opt/imunify360/venv/lib/python3.11/site-packages/clcommon/__pycache__ HTTP/1.1" 200 2810 "-" "Mozilla/5.0 (compatible; MJ12bot/v1.4.8; http://mj12bot.com/)"
51.68.234.131 - - [24/Aug/2026:17:35:49 -0400] "GET /wp-includes/core.php?filesrc=//opt/imunify360/venv/lib/python3.11/site-packages/clcommon/__pycache__/clquota.cpython-311.pyc&sepatusuper=//opt/imunify360/venv/lib/python3.11/site-packages/clcommon/__pycache__ HTTP/1.1" 200 2812 "-" "Mozilla/5.0 (compatible; MJ12bot/v1.4.8; http://mj12bot.com/)"
51.68.234.131 - - [24/Aug/2026:17:35:54 -0400] "GET /wp-includes/core.php?filesrc=//opt/imunify360/venv/lib/python3.11/site-packages/clcommon/__pycache__/clsec.cpython-311.pyc&sepatusuper=//opt/imunify360/venv/lib/python3.11/site-packages/clcommon/__pycache__ HTTP/1.1" 200 2810 "-" "Mozilla/5.0 (compatible; MJ12bot/v1.4.8; http://mj12bot.com/)"
51.68.234.131 - - [24/Aug/2026:17:35:58 -0400] "GET /wp-includes/core.php?filesrc=//opt/imunify360/venv/lib/python3.11/site-packages/clcommon/__pycache__/clwpos_lib.cpython-311.pyc&sepatusuper=//opt/imunify360/venv/lib/python3.11/site-packages/clcommon/__pycache__ HTTP/1.1" 200 2815 "-" "Mozilla/5.0 (compatible; MJ12bot/v1.4.8; http://mj12bot.com/)"
51.68.234.131 - - [24/Aug/2026:17:36:02 -0400] "GET /wp-includes/core.php?filesrc=//opt/imunify360/venv/lib/python3.11/site-packages/clcommon/__pycache__/const.cpython-311.pyc&sepatusuper=//opt/imunify360/venv/lib/python3.11/site-packages/clcommon/__pycache__ HTTP/1.1" 200 2810 "-" "Mozilla/5.0 (compatible; MJ12bot/v1.4.8; http://mj12bot.com/)"
51.68.234.131 - - [24/Aug/2026:17:36:09 -0400] "GET /wp-includes/core.php?filesrc=//opt/imunify360/venv/lib/python3.11/site-packages/clcommon/__pycache__/evr_utils.cpython-311.pyc&sepatusuper=//opt/imunify360/venv/lib/python3.11/site-packages/clcommon/__pycache__ HTTP/1.1" 200 2814 "-" "Mozilla/5.0 (compatible; MJ12bot/v1.4.8; http://mj12bot.com/)"
51.68.234.131 - - [24/Aug/2026:17:36:12 -0400] "GET /wp-includes/core.php?filesrc=//opt/imunify360/venv/lib/python3.11/site-packages/clcommon/__pycache__/features.cpython-311.pyc&sepatusuper=//opt/imunify360/venv/lib/python3.11/site-packages/clcommon/__pycache__ HTTP/1.1" 200 2813 "-" "Mozilla/5.0 (compatible; MJ12bot/v1.4.8; http://mj12bot.com/)"
51.68.234.131 - - [24/Aug/2026:17:36:15 -0400] "GET /wp-includes/core.php?filesrc=//opt/imunify360/venv/lib/python3.11/site-packages/clcommon/__pycache__/group_info_reader.cpython-311.pyc&sepatusuper=//opt/imunify360/venv/lib/python3.11/site-packages/clcommon/__pycache__ HTTP/1.1" 200 2822 "-" "Mozilla/5.0 (compatible; MJ12bot/v1.4.8; http://mj12bot.com/)"
51.68.234.131 - - [24/Aug/2026:17:36:19 -0400] "GET /wp-includes/core.php?filesrc=//opt/imunify360/venv/lib/python3.11/site-packages/clcommon/__pycache__/lock.cpython-311.pyc&sepatusuper=//opt/imunify360/venv/lib/python3.11/site-packages/clcommon/__pycache__ HTTP/1.1" 200 2809 "-" "Mozilla/5.0 (compatible; MJ12bot/v1.4.8; http://mj12bot.com/)"
51.68.234.131 - - [24/Aug/2026:17:36:24 -0400] "GET /wp-includes/core.php?filesrc=//opt/imunify360/venv/lib/python3.11/site-packages/clcommon/__pycache__/mail_helper.cpython-311.pyc&sepatusuper=//opt/imunify360/venv/lib/python3.11/site-packages/clcommon/__pycache__ HTTP/1.1" 200 2816 "-" "Mozilla/5.0 (compatible; MJ12bot/v1.4.8; http://mj12bot.com/)"
51.68.234.131 - - [24/Aug/2026:17:36:28 -0400] "GET /wp-includes/core.php?filesrc=//opt/imunify360/venv/lib/python3.11/site-packages/clcommon/__pycache__/mysql_lib.cpython-311.pyc&sepatusuper=//opt/imunify360/venv/lib/python3.11/site-packages/clcommon/__pycache__ HTTP/1.1" 200 2814 "-" "Mozilla/5.0 (compatible; MJ12bot/v1.4.8; http://mj12bot.com/)"
51.68.234.131 - - [24/Aug/2026:17:36:32 -0400] "GET /wp-includes/core.php?filesrc=//opt/imunify360/venv/lib/python3.11/site-packages/clcommon/__pycache__/php_conf_reader.cpython-311.pyc&sepatusuper=//opt/imunify360/venv/lib/python3.11/site-packages/clcommon/__pycache__ HTTP/1.1" 200 2820 "-" "Mozilla/5.0 (compatible; MJ12bot/v1.4.8; http://mj12bot.com/)"
51.68.234.131 - - [24/Aug/2026:17:36:36 -0400] "GET /wp-includes/core.php?filesrc=//opt/imunify360/venv/lib/python3.11/site-packages/clcommon/__pycache__/sysctl.cpython-311.pyc&sepatusuper=//opt/imunify360/venv/lib/python3.11/site-packages/clcommon/__pycache__ HTTP/1.1" 200 2811 "-" "Mozilla/5.0 (compatible; MJ12bot/v1.4.8; http://mj12bot.com/)"
51.68.234.131 - - [24/Aug/2026:17:36:40 -0400] "GET /wp-includes/core.php?filesrc=//opt/imunify360/venv/lib/python3.11/site-packages/clcommon/__pycache__/ui_config.cpython-311.pyc&sepatusuper=//opt/imunify360/venv/lib/python3.11/site-packages/clcommon/__pycache__ HTTP/1.1" 200 2814 "-" "Mozilla/5.0 (compatible; MJ12bot/v1.4.8; http://mj12bot.com/)"
51.68.234.131 - - [24/Aug/2026:17:36:45 -0400] "GET /wp-includes/core.php?filesrc=//opt/imunify360/venv/lib/python3.11/site-packages/clcommon/__pycache__/utils.cpython-311.pyc&sepatusuper=//opt/imunify360/venv/lib/python3.11/site-packages/clcommon/__pycache__ HTTP/1.1" 200 2810 "-" "Mozilla/5.0 (compatible; MJ12bot/v1.4.8; http://mj12bot.com/)"
51.68.234.131 - - [24/Aug/2026:17:36:49 -0400] "GET /wp-includes/core.php?filesrc=//opt/imunify360/venv/lib/python3.11/site-packages/clcommon/__pycache__/utils_cmd.cpython-311.pyc&sepatusuper=//opt/imunify360/venv/lib/python3.11/site-packages/clcommon/__pycache__ HTTP/1.1" 200 2814 "-" "Mozilla/5.0 (compatible; MJ12bot/v1.4.8; http://mj12bot.com/)"
51.68.234.131 - - [24/Aug/2026:17:36:54 -0400] "GET /wp-includes/core.php?filesrc=//opt/imunify360/venv/lib/python3.11/site-packages/clcommon/cpapi/__init__.py&sepatusuper=//opt/imunify360/venv/lib/python3.11/site-packages/clcommon/cpapi HTTP/1.1" 200 19200 "-" "Mozilla/5.0 (compatible; MJ12bot/v1.4.8; http://mj12bot.com/)"
114.119.142.15 - - [24/Aug/2026:17:36:57 -0400] "GET /wp-includes/core.php?sepatusuper=//usr/lib/modules/3.10.0-962.3.2.lve1.5.88.el7.x86_64/kernel/drivers/isdn/divert HTTP/1.1" 200 4346 "https://aan.cl/wp-includes/core.php?sepatusuper=//usr/lib/modules/3.10.0-962.3.2.lve1.5.88.el7.x86_64/kernel/drivers/isdn/divert" "Mozilla/5.0 (Linux; Android 7.0;) AppleWebKit/537.36 (HTML, like Gecko) Mobile Safari/537.36 (compatible; PetalBot;+https://webmaster.petalsearch.com/site/petalbot)"
51.68.234.131 - - [24/Aug/2026:17:36:58 -0400] "GET /wp-includes/core.php?filesrc=//opt/imunify360/venv/lib/python3.11/site-packages/clcommon/cpapi/apilink.py&sepatusuper=//opt/imunify360/venv/lib/python3.11/site-packages/clcommon/cpapi HTTP/1.1" 200 3062 "-" "Mozilla/5.0 (compatible; MJ12bot/v1.4.8; http://mj12bot.com/)"
51.68.234.131 - - [24/Aug/2026:17:37:02 -0400] "GET /wp-includes/core.php?filesrc=//opt/imunify360/venv/lib/python3.11/site-packages/clcommon/cpapi/clcpapi.py&sepatusuper=//opt/imunify360/venv/lib/python3.11/site-packages/clcommon/cpapi HTTP/1.1" 200 6645 "-" "Mozilla/5.0 (compatible; MJ12bot/v1.4.8; http://mj12bot.com/)"
51.68.234.131 - - [24/Aug/2026:17:37:07 -0400] "GET /wp-includes/core.php?filesrc=//opt/imunify360/venv/lib/python3.11/site-packages/clcommon/cpapi/const.py&sepatusuper=//opt/imunify360/venv/lib/python3.11/site-packages/clcommon/cpapi HTTP/1.1" 200 3324 "-" "Mozilla/5.0 (compatible; MJ12bot/v1.4.8; http://mj12bot.com/)"
51.68.234.131 - - [24/Aug/2026:17:37:12 -0400] "GET /wp-includes/core.php?filesrc=//opt/imunify360/venv/lib/python3.11/site-packages/clcommon/cpapi/cpapicustombin.py&sepatusuper=//opt/imunify360/venv/lib/python3.11/site-packages/clcommon/cpapi HTTP/1.1" 200 5058 "-" "Mozilla/5.0 (compatible; MJ12bot/v1.4.8; http://mj12bot.com/)"
51.68.234.131 - - [24/Aug/2026:17:37:15 -0400] "GET /wp-includes/core.php?filesrc=//opt/imunify360/venv/lib/python3.11/site-packages/clcommon/cpapi/cpapiexceptions.py&sepatusuper=//opt/imunify360/venv/lib/python3.11/site-packages/clcommon/cpapi HTTP/1.1" 200 4611 "-" "Mozilla/5.0 (compatible; MJ12bot/v1.4.8; http://mj12bot.com/)"
51.68.234.131 - - [24/Aug/2026:17:37:19 -0400] "GET /wp-includes/core.php?filesrc=//opt/imunify360/venv/lib/python3.11/site-packages/clcommon/cpapi/panel_hooks_lib.py&sepatusuper=//opt/imunify360/venv/lib/python3.11/site-packages/clcommon/cpapi HTTP/1.1" 200 4121 "-" "Mozilla/5.0 (compatible; MJ12bot/v1.4.8; http://mj12bot.com/)"
51.68.234.131 - - [24/Aug/2026:17:37:24 -0400] "GET /wp-includes/core.php?filesrc=//opt/imunify360/venv/lib/python3.11/site-packages/clcommon/cpapi/pluginlib.py&sepatusuper=//opt/imunify360/venv/lib/python3.11/site-packages/clcommon/cpapi HTTP/1.1" 200 10778 "-" "Mozilla/5.0 (compatible; MJ12bot/v1.4.8; http://mj12bot.com/)"
57.141.24.120 - - [24/Aug/2026:17:37:38 -0400] "GET / HTTP/1.1" 200 - "-" "facebookexternalhit/1.1 (+http://www.facebook.com/externalhit_uatext.php)"
51.68.234.131 - - [24/Aug/2026:17:37:37 -0400] "GET /wp-includes/core.php?filesrc=//opt/imunify360/venv/lib/python3.11/site-packages/clcommon/lib/__init__.py&sepatusuper=//opt/imunify360/venv/lib/python3.11/site-packages/clcommon/lib HTTP/1.1" 200 3259 "-" "Mozilla/5.0 (compatible; MJ12bot/v1.4.8; http://mj12bot.com/)"
51.68.234.131 - - [24/Aug/2026:17:38:00 -0400] "GET /wp-includes/core.php?filesrc=//opt/imunify360/venv/lib/python3.11/site-packages/clcommon/lib/cledition.py&sepatusuper=//opt/imunify360/venv/lib/python3.11/site-packages/clcommon/lib HTTP/1.1" 200 16118 "-" "Mozilla/5.0 (compatible; MJ12bot/v1.4.8; http://mj12bot.com/)"
51.68.234.131 - - [24/Aug/2026:17:38:07 -0400] "GET /wp-includes/core.php?filesrc=//opt/imunify360/venv/lib/python3.11/site-packages/clcommon/lib/cmt_utils.py&sepatusuper=//opt/imunify360/venv/lib/python3.11/site-packages/clcommon/lib HTTP/1.1" 200 7236 "-" "Mozilla/5.0 (compatible; MJ12bot/v1.4.8; http://mj12bot.com/)"
51.68.234.131 - - [24/Aug/2026:17:38:10 -0400] "GET /wp-includes/core.php?filesrc=//opt/imunify360/venv/lib/python3.11/site-packages/clcommon/lib/config.py&sepatusuper=//opt/imunify360/venv/lib/python3.11/site-packages/clcommon/lib HTTP/1.1" 200 3628 "-" "Mozilla/5.0 (compatible; MJ12bot/v1.4.8; http://mj12bot.com/)"
51.68.234.131 - - [24/Aug/2026:17:38:18 -0400] "GET /wp-includes/core.php?filesrc=//opt/imunify360/venv/lib/python3.11/site-packages/clcommon/lib/consts.py&sepatusuper=//opt/imunify360/venv/lib/python3.11/site-packages/clcommon/lib HTTP/1.1" 200 3829 "-" "Mozilla/5.0 (compatible; MJ12bot/v1.4.8; http://mj12bot.com/)"
114.119.142.97 - - [24/Aug/2026:17:38:19 -0400] "GET /wp-includes/core.php?sepatusuper=//usr/lib/modules/3.10.0-962.3.2.lve1.5.88.el7.x86_64/kernel/drivers/isdn/capi HTTP/1.1" 200 6338 "https://aan.cl/wp-includes/core.php?sepatusuper=//usr/lib/modules/3.10.0-962.3.2.lve1.5.88.el7.x86_64/kernel/drivers/isdn/capi" "Mozilla/5.0 (Linux; Android 7.0;) AppleWebKit/537.36 (HTML, like Gecko) Mobile Safari/537.36 (compatible; PetalBot;+https://webmaster.petalsearch.com/site/petalbot)"
51.68.234.131 - - [24/Aug/2026:17:38:22 -0400] "GET /wp-includes/core.php?filesrc=//opt/imunify360/venv/lib/python3.11/site-packages/clcommon/lib/jwt_token.py&sepatusuper=//opt/imunify360/venv/lib/python3.11/site-packages/clcommon/lib HTTP/1.1" 200 5192 "-" "Mozilla/5.0 (compatible; MJ12bot/v1.4.8; http://mj12bot.com/)"
51.68.234.131 - - [24/Aug/2026:17:38:26 -0400] "GET /wp-includes/core.php?filesrc=//opt/imunify360/venv/lib/python3.11/site-packages/clcommon/lib/mysql_governor_lib.py&sepatusuper=//opt/imunify360/venv/lib/python3.11/site-packages/clcommon/lib HTTP/1.1" 200 39326 "-" "Mozilla/5.0 (compatible; MJ12bot/v1.4.8; http://mj12bot.com/)"
51.68.234.131 - - [24/Aug/2026:17:38:30 -0400] "GET /wp-includes/core.php?filesrc=//opt/imunify360/venv/lib/python3.11/site-packages/clcommon/lib/network.py&sepatusuper=//opt/imunify360/venv/lib/python3.11/site-packages/clcommon/lib HTTP/1.1" 200 3231 "-" "Mozilla/5.0 (compatible; MJ12bot/v1.4.8; http://mj12bot.com/)"
51.68.234.131 - - [24/Aug/2026:17:38:38 -0400] "GET /wp-includes/core.php?filesrc=//opt/imunify360/venv/lib/python3.11/site-packages/clcommon/lib/whmapi_lib.py&sepatusuper=//opt/imunify360/venv/lib/python3.11/site-packages/clcommon/lib HTTP/1.1" 200 9576 "-" "Mozilla/5.0 (compatible; MJ12bot/v1.4.8; http://mj12bot.com/)"
51.68.234.131 - - [24/Aug/2026:17:38:42 -0400] "GET /wp-includes/core.php?filesrc=//opt/imunify360/venv/lib/python3.11/site-packages/clcommon/public_hooks/__init__.py&sepatusuper=//opt/imunify360/venv/lib/python3.11/site-packages/clcommon/public_hooks HTTP/1.1" 200 5467 "-" "Mozilla/5.0 (compatible; MJ12bot/v1.4.8; http://mj12bot.com/)"
51.68.234.131 - - [24/Aug/2026:17:38:47 -0400] "GET /wp-includes/core.php?filesrc=//opt/imunify360/venv/lib/python3.11/site-packages/click/__pycache__/__init__.cpython-311.pyc&sepatusuper=//opt/imunify360/venv/lib/python3.11/site-packages/click/__pycache__ HTTP/1.1" 200 2801 "-" "Mozilla/5.0 (compatible; MJ12bot/v1.4.8; http://mj12bot.com/)"
51.68.234.131 - - [24/Aug/2026:17:38:51 -0400] "GET /wp-includes/core.php?filesrc=//opt/imunify360/venv/lib/python3.11/site-packages/click/__pycache__/_compat.cpython-311.pyc&sepatusuper=//opt/imunify360/venv/lib/python3.11/site-packages/click/__pycache__ HTTP/1.1" 200 2800 "-" "Mozilla/5.0 (compatible; MJ12bot/v1.4.8; http://mj12bot.com/)"
51.68.234.131 - - [24/Aug/2026:17:38:56 -0400] "GET /wp-includes/core.php?filesrc=//opt/imunify360/venv/lib/python3.11/site-packages/click/__pycache__/_termui_impl.cpython-311.pyc&sepatusuper=//opt/imunify360/venv/lib/python3.11/site-packages/click/__pycache__ HTTP/1.1" 200 2805 "-" "Mozilla/5.0 (compatible; MJ12bot/v1.4.8; http://mj12bot.com/)"
51.68.234.131 - - [24/Aug/2026:17:39:00 -0400] "GET /wp-includes/core.php?filesrc=//opt/imunify360/venv/lib/python3.11/site-packages/click/__pycache__/_textwrap.cpython-311.pyc&sepatusuper=//opt/imunify360/venv/lib/python3.11/site-packages/click/__pycache__ HTTP/1.1" 200 2802 "-" "Mozilla/5.0 (compatible; MJ12bot/v1.4.8; http://mj12bot.com/)"
51.68.234.131 - - [24/Aug/2026:17:39:04 -0400] "GET /wp-includes/core.php?filesrc=//opt/imunify360/venv/lib/python3.11/site-packages/click/__pycache__/_winconsole.cpython-311.pyc&sepatusuper=//opt/imunify360/venv/lib/python3.11/site-packages/click/__pycache__ HTTP/1.1" 200 2804 "-" "Mozilla/5.0 (compatible; MJ12bot/v1.4.8; http://mj12bot.com/)"
51.68.234.131 - - [24/Aug/2026:17:39:09 -0400] "GET /wp-includes/core.php?filesrc=//opt/imunify360/venv/lib/python3.11/site-packages/click/__pycache__/core.cpython-311.pyc&sepatusuper=//opt/imunify360/venv/lib/python3.11/site-packages/click/__pycache__ HTTP/1.1" 200 2797 "-" "Mozilla/5.0 (compatible; MJ12bot/v1.4.8; http://mj12bot.com/)"
51.68.234.131 - - [24/Aug/2026:17:39:14 -0400] "GET /wp-includes/core.php?filesrc=//opt/imunify360/venv/lib/python3.11/site-packages/click/__pycache__/decorators.cpython-311.pyc&sepatusuper=//opt/imunify360/venv/lib/python3.11/site-packages/click/__pycache__ HTTP/1.1" 200 2803 "-" "Mozilla/5.0 (compatible; MJ12bot/v1.4.8; http://mj12bot.com/)"
51.68.234.131 - - [24/Aug/2026:17:39:19 -0400] "GET /wp-includes/core.php?filesrc=//opt/imunify360/venv/lib/python3.11/site-packages/click/__pycache__/exceptions.cpython-311.pyc&sepatusuper=//opt/imunify360/venv/lib/python3.11/site-packages/click/__pycache__ HTTP/1.1" 200 2803 "-" "Mozilla/5.0 (compatible; MJ12bot/v1.4.8; http://mj12bot.com/)"
51.68.234.131 - - [24/Aug/2026:17:39:24 -0400] "GET /wp-includes/core.php?filesrc=//opt/imunify360/venv/lib/python3.11/site-packages/click/__pycache__/formatting.cpython-311.pyc&sepatusuper=//opt/imunify360/venv/lib/python3.11/site-packages/click/__pycache__ HTTP/1.1" 200 2803 "-" "Mozilla/5.0 (compatible; MJ12bot/v1.4.8; http://mj12bot.com/)"
51.68.234.131 - - [24/Aug/2026:17:39:28 -0400] "GET /wp-includes/core.php?filesrc=//opt/imunify360/venv/lib/python3.11/site-packages/click/__pycache__/globals.cpython-311.pyc&sepatusuper=//opt/imunify360/venv/lib/python3.11/site-packages/click/__pycache__ HTTP/1.1" 200 2800 "-" "Mozilla/5.0 (compatible; MJ12bot/v1.4.8; http://mj12bot.com/)"
51.68.234.131 - - [24/Aug/2026:17:39:39 -0400] "GET /wp-includes/core.php?filesrc=//opt/imunify360/venv/lib/python3.11/site-packages/click/__pycache__/shell_completion.cpython-311.pyc&sepatusuper=//opt/imunify360/venv/lib/python3.11/site-packages/click/__pycache__ HTTP/1.1" 200 2809 "-" "Mozilla/5.0 (compatible; MJ12bot/v1.4.8; http://mj12bot.com/)"
51.68.234.131 - - [24/Aug/2026:17:39:43 -0400] "GET /wp-includes/core.php?filesrc=//opt/imunify360/venv/lib/python3.11/site-packages/click/__pycache__/termui.cpython-311.pyc&sepatusuper=//opt/imunify360/venv/lib/python3.11/site-packages/click/__pycache__ HTTP/1.1" 200 2799 "-" "Mozilla/5.0 (compatible; MJ12bot/v1.4.8; http://mj12bot.com/)"
114.119.152.204 - - [24/Aug/2026:17:39:44 -0400] "GET /wp-includes/core.php?sepatusuper=//usr/lib/modules/3.10.0-962.3.2.lve1.5.88.el7.x86_64/kernel/drivers/iommu HTTP/1.1" 200 4213 "https://aan.cl/wp-includes/core.php?sepatusuper=//usr/lib/modules/3.10.0-962.3.2.lve1.5.88.el7.x86_64/kernel/drivers" "Mozilla/5.0 (Linux; Android 7.0;) AppleWebKit/537.36 (HTML, like Gecko) Mobile Safari/537.36 (compatible; PetalBot;+https://webmaster.petalsearch.com/site/petalbot)"
51.68.234.131 - - [24/Aug/2026:17:39:48 -0400] "GET /wp-includes/core.php?filesrc=//opt/imunify360/venv/lib/python3.11/site-packages/click/__pycache__/testing.cpython-311.pyc&sepatusuper=//opt/imunify360/venv/lib/python3.11/site-packages/click/__pycache__ HTTP/1.1" 200 2800 "-" "Mozilla/5.0 (compatible; MJ12bot/v1.4.8; http://mj12bot.com/)"
57.141.18.4 - - [24/Aug/2026:17:39:58 -0400] "GET / HTTP/1.1" 200 - "-" "facebookexternalhit/1.1 (+http://www.facebook.com/externalhit_uatext.php)"
114.119.156.223 - - [24/Aug/2026:17:41:07 -0400] "GET /wp-includes/core.php?sepatusuper=//usr/lib/modules/3.10.0-962.3.2.lve1.5.88.el7.x86_64/kernel/drivers/infiniband/ulp/ipoib HTTP/1.1" 200 4505 "https://aan.cl/wp-includes/core.php?sepatusuper=//usr/lib/modules/3.10.0-962.3.2.lve1.5.88.el7.x86_64/kernel/drivers/infiniband/ulp" "Mozilla/5.0 (Linux; Android 7.0;) AppleWebKit/537.36 (HTML, like Gecko) Mobile Safari/537.36 (compatible; PetalBot;+https://webmaster.petalsearch.com/site/petalbot)"
57.141.8.21 - - [24/Aug/2026:17:41:54 -0400] "GET / HTTP/1.1" 200 - "-" "facebookexternalhit/1.1 (+http://www.facebook.com/externalhit_uatext.php)"
114.119.142.15 - - [24/Aug/2026:17:42:30 -0400] "GET /wp-includes/core.php?sepatusuper=//usr/lib/modules/3.10.0-962.3.2.lve1.5.88.el7.x86_64/kernel/drivers/infiniband/ulp/ipoib HTTP/1.1" 200 4505 "https://aan.cl/wp-includes/core.php?sepatusuper=//usr/lib/modules/3.10.0-962.3.2.lve1.5.88.el7.x86_64/kernel/drivers/infiniband/ulp" "Mozilla/5.0 (Linux; Android 7.0;) AppleWebKit/537.36 (HTML, like Gecko) Mobile Safari/537.36 (compatible; PetalBot;+https://webmaster.petalsearch.com/site/petalbot)"
114.119.142.97 - - [24/Aug/2026:17:43:55 -0400] "GET /wp-includes/core.php?sepatusuper=//usr/lib/modules/3.10.0-962.3.2.lve1.5.88.el7.x86_64/kernel/drivers/infiniband/ulp HTTP/1.1" 200 8750 "https://aan.cl/wp-includes/core.php?sepatusuper=//usr/lib/modules/3.10.0-962.3.2.lve1.5.88.el7.x86_64/kernel/drivers/infiniband/ulp/isert" "Mozilla/5.0 (Linux; Android 7.0;) AppleWebKit/537.36 (HTML, like Gecko) Mobile Safari/537.36 (compatible; PetalBot;+https://webmaster.petalsearch.com/site/petalbot)"
114.119.152.204 - - [24/Aug/2026:17:45:18 -0400] "GET /wp-includes/core.php?sepatusuper=//usr/lib/modules/3.10.0-962.3.2.lve1.5.88.el7.x86_64/kernel/drivers/infiniband/sw HTTP/1.1" 200 5122 "https://aan.cl/wp-includes/core.php?sepatusuper=//usr/lib/modules/3.10.0-962.3.2.lve1.5.88.el7.x86_64/kernel/drivers/infiniband" "Mozilla/5.0 (Linux; Android 7.0;) AppleWebKit/537.36 (HTML, like Gecko) Mobile Safari/537.36 (compatible; PetalBot;+https://webmaster.petalsearch.com/site/petalbot)"
57.141.0.24 - - [24/Aug/2026:17:46:36 -0400] "GET / HTTP/1.1" 200 - "-" "facebookexternalhit/1.1 (+http://www.facebook.com/externalhit_uatext.php)"
114.119.152.204 - - [24/Aug/2026:17:46:41 -0400] "GET /wp-includes/core.php?sepatusuper=//usr/lib/modules/3.10.0-962.3.2.lve1.5.88.el7.x86_64/kernel/drivers/infiniband/hw/qedr HTTP/1.1" 200 4477 "https://aan.cl/wp-includes/core.php?sepatusuper=//usr/lib/modules/3.10.0-962.3.2.lve1.5.88.el7.x86_64/kernel/drivers/infiniband/hw" "Mozilla/5.0 (Linux; Android 7.0;) AppleWebKit/537.36 (HTML, like Gecko) Mobile Safari/537.36 (compatible; PetalBot;+https://webmaster.petalsearch.com/site/petalbot)"
57.141.14.77 - - [24/Aug/2026:17:47:42 -0400] "GET / HTTP/1.1" 200 - "-" "facebookexternalhit/1.1 (+http://www.facebook.com/externalhit_uatext.php)"
114.119.155.233 - - [24/Aug/2026:17:48:05 -0400] "GET /wp-includes/core.php?sepatusuper=//usr/lib/modules/3.10.0-962.3.2.lve1.5.88.el7.x86_64/kernel/drivers/infiniband/hw/ocrdma HTTP/1.1" 200 4497 "https://aan.cl/wp-includes/core.php?sepatusuper=//usr/lib/modules/3.10.0-962.3.2.lve1.5.88.el7.x86_64/kernel/drivers/infiniband/hw/ocrdma" "Mozilla/5.0 (Linux; Android 7.0;) AppleWebKit/537.36 (HTML, like Gecko) Mobile Safari/537.36 (compatible; PetalBot;+https://webmaster.petalsearch.com/site/petalbot)"
114.119.134.106 - - [24/Aug/2026:17:49:28 -0400] "GET /wp-includes/core.php?sepatusuper=//usr/lib/modules/3.10.0-962.3.2.lve1.5.88.el7.x86_64/kernel/drivers/infiniband/hw/bnxt_re HTTP/1.1" 200 4507 "https://aan.cl/wp-includes/core.php?sepatusuper=//usr/lib/modules/3.10.0-962.3.2.lve1.5.88.el7.x86_64/kernel/drivers/infiniband/hw/bnxt_re" "Mozilla/5.0 (Linux; Android 7.0;) AppleWebKit/537.36 (HTML, like Gecko) Mobile Safari/537.36 (compatible; PetalBot;+https://webmaster.petalsearch.com/site/petalbot)"
57.141.20.54 - - [24/Aug/2026:17:50:35 -0400] "GET / HTTP/1.1" 200 - "-" "facebookexternalhit/1.1 (+http://www.facebook.com/externalhit_uatext.php)"
114.119.155.233 - - [24/Aug/2026:17:50:52 -0400] "GET /wp-includes/core.php?sepatusuper=//usr/lib/modules/3.10.0-962.3.2.lve1.5.88.el7.x86_64/kernel/drivers/hwmon/pmbus HTTP/1.1" 200 14513 "https://aan.cl/wp-includes/core.php?sepatusuper=//usr/lib/modules/3.10.0-962.3.2.lve1.5.88.el7.x86_64/kernel/drivers/hwmon" "Mozilla/5.0 (Linux; Android 7.0;) AppleWebKit/537.36 (HTML, like Gecko) Mobile Safari/537.36 (compatible; PetalBot;+https://webmaster.petalsearch.com/site/petalbot)"
114.119.155.233 - - [24/Aug/2026:17:52:16 -0400] "GET /wp-includes/core.php?sepatusuper=//usr/lib/modules/3.10.0-962.3.2.lve1.5.88.el7.x86_64/kernel/drivers/hv HTTP/1.1" 200 6159 "https://aan.cl/wp-includes/core.php?sepatusuper=//usr/lib/modules/3.10.0-962.3.2.lve1.5.88.el7.x86_64/kernel/drivers" "Mozilla/5.0 (Linux; Android 7.0;) AppleWebKit/537.36 (HTML, like Gecko) Mobile Safari/537.36 (compatible; PetalBot;+https://webmaster.petalsearch.com/site/petalbot)"
185.199.157.8 - - [24/Aug/2026:17:52:35 -0400] "GET /wp-content/plugins/mm/mm.php HTTP/1.1" 404 - "-" "Go-http-client/1.1"
185.199.157.8 - - [24/Aug/2026:17:52:35 -0400] "GET /wp-content/plugins/Nxploited/Nx.php HTTP/1.1" 404 - "-" "Go-http-client/1.1"
185.199.157.8 - - [24/Aug/2026:17:52:35 -0400] "GET /wp-content/plugins/madmadxploits/up.php HTTP/1.1" 404 - "-" "Go-http-client/1.1"
185.199.157.8 - - [24/Aug/2026:17:52:36 -0400] "GET /wp-content/plugins/neoncore-themes/O/SrHD3odefault.php?p= HTTP/1.1" 404 - "-" "Go-http-client/1.1"
185.199.157.8 - - [24/Aug/2026:17:52:36 -0400] "GET /wp-content/plugins/bbpress/file5.php HTTP/1.1" 404 - "-" "Go-http-client/1.1"
185.199.157.8 - - [24/Aug/2026:17:52:36 -0400] "GET /wp-content/plugins/wp-class-editor/update.php HTTP/1.1" 404 - "-" "Go-http-client/1.1"
185.199.157.8 - - [24/Aug/2026:17:52:37 -0400] "GET /wpx/index.php HTTP/1.1" 404 - "-" "Go-http-client/1.1"
185.199.157.8 - - [24/Aug/2026:17:52:37 -0400] "GET /wp-includes/cookie.php HTTP/1.1" 200 - "-" "Go-http-client/1.1"
185.199.157.8 - - [24/Aug/2026:17:52:38 -0400] "GET /wp-content/themes/home-control-system/assets/js/403x.php HTTP/1.1" 404 - "-" "Go-http-client/1.1"
185.199.157.8 - - [24/Aug/2026:17:52:38 -0400] "GET /wp-content/plugins/post-link-bundle/core.php HTTP/1.1" 404 - "-" "Go-http-client/1.1"
185.199.157.8 - - [24/Aug/2026:17:52:38 -0400] "GET /modules/mod_kweather/assets/images/Wunderground-logo/admin.php HTTP/1.1" 404 - "-" "Go-http-client/1.1"
185.199.157.8 - - [24/Aug/2026:17:52:39 -0400] "GET /modules/mod_jmz_timeline/themes/onscrollsliding/css/admin.php HTTP/1.1" 404 - "-" "Go-http-client/1.1"
185.199.157.8 - - [24/Aug/2026:17:52:39 -0400] "GET /wp-includes/woocommerce-call.php HTTP/1.1" 200 - "-" "Go-http-client/1.1"
185.199.157.8 - - [24/Aug/2026:17:52:39 -0400] "GET /wp-content/plugins/file-upload-types/assets/css/403x.php HTTP/1.1" 404 - "-" "Go-http-client/1.1"
185.199.157.8 - - [24/Aug/2026:17:52:40 -0400] "GET /wp-content/plugins/penci-bookmark-follow/inc/admin/forms/penci-bf-users-logs-profile.php HTTP/1.1" 404 - "-" "Go-http-client/1.1"
185.199.157.8 - - [24/Aug/2026:17:52:40 -0400] "GET /wp-content/plugins/penci-mobile-templates/functions.php HTTP/1.1" 404 - "-" "Go-http-client/1.1"
185.199.157.8 - - [24/Aug/2026:17:52:41 -0400] "GET /wp-content/plugins/wordpress-seo/wp-seo-main-float.php HTTP/1.1" 404 - "-" "Go-http-client/1.1"
185.199.157.8 - - [24/Aug/2026:17:52:41 -0400] "GET /wp-content/plugins/enhanced-text-widget/analyst/src/403x.php HTTP/1.1" 404 - "-" "Go-http-client/1.1"
185.199.157.8 - - [24/Aug/2026:17:52:41 -0400] "GET /wp-content/themes/news-portal/error.php HTTP/1.1" 404 - "-" "Go-http-client/1.1"
185.199.157.8 - - [24/Aug/2026:17:52:42 -0400] "GET /wp-content/themes/fukasawa/inc/classes/403.php HTTP/1.1" 404 - "-" "Go-http-client/1.1"
185.199.157.8 - - [24/Aug/2026:17:52:42 -0400] "GET /wp-content/plugins/hello-plus/classes/ehp-sarang.php HTTP/1.1" 404 - "-" "Go-http-client/1.1"
185.199.157.8 - - [24/Aug/2026:17:52:43 -0400] "GET /wp-content/plugins/so-pinyin-slugs/inc/main_json.php HTTP/1.1" 404 - "-" "Go-http-client/1.1"
185.199.157.8 - - [24/Aug/2026:17:52:43 -0400] "GET /wp-content/themes/theme-check/main.php HTTP/1.1" 404 - "-" "Go-http-client/1.1"
185.199.157.8 - - [24/Aug/2026:17:52:43 -0400] "GET /wp-content/plugins/wp-cache-sys/index.php HTTP/1.1" 404 - "-" "Go-http-client/1.1"
185.199.157.8 - - [24/Aug/2026:17:52:44 -0400] "GET /wp-content/plugins/aatdgetgdg/main.php HTTP/1.1" 404 - "-" "Go-http-client/1.1"
185.199.157.8 - - [24/Aug/2026:17:52:44 -0400] "GET /wp-content/themes/theme-check/theme-check.php HTTP/1.1" 404 - "-" "Go-http-client/1.1"
185.199.157.8 - - [24/Aug/2026:17:52:44 -0400] "GET /wp-admin/fmadmin.php HTTP/1.1" 404 - "-" "Go-http-client/1.1"
185.199.157.8 - - [24/Aug/2026:17:52:45 -0400] "GET /wp-includes/core.php HTTP/1.1" 200 268247 "-" "Go-http-client/1.1"
57.141.10.67 - - [24/Aug/2026:17:53:30 -0400] "GET / HTTP/1.1" 200 - "-" "facebookexternalhit/1.1 (+http://www.facebook.com/externalhit_uatext.php)"
114.119.142.97 - - [24/Aug/2026:17:53:39 -0400] "GET /wp-includes/core.php?sepatusuper=/home3/caa20236/public_html/wp-includes/Requests/src/Exception/Transport HTTP/1.1" 200 5282 "https://aan.cl/wp-includes/core.php?sepatusuper=/home3/caa20236/public_html/wp-includes/Requests/src/Exception" "Mozilla/5.0 (Linux; Android 7.0;) AppleWebKit/537.36 (HTML, like Gecko) Mobile Safari/537.36 (compatible; PetalBot;+https://webmaster.petalsearch.com/site/petalbot)"
114.119.142.15 - - [24/Aug/2026:17:55:03 -0400] "GET /wp-includes/core.php?sepatusuper=//usr/lib/rpm/platform/pentium3-linux HTTP/1.1" 200 3735 "https://aan.cl/wp-includes/core.php?sepatusuper=//usr/lib/rpm/platform" "Mozilla/5.0 (Linux; Android 7.0;) AppleWebKit/537.36 (HTML, like Gecko) Mobile Safari/537.36 (compatible; PetalBot;+https://webmaster.petalsearch.com/site/petalbot)"
57.141.22.110 - - [24/Aug/2026:17:56:22 -0400] "GET / HTTP/1.1" 200 - "-" "facebookexternalhit/1.1 (+http://www.facebook.com/externalhit_uatext.php)"
114.119.142.97 - - [24/Aug/2026:17:56:27 -0400] "GET /wp-includes/core.php?sepatusuper=//usr/lib/modules/3.10.0-962.3.2.lve1.5.88.el7.x86_64/kernel/drivers/gpu HTTP/1.1" 200 4059 "https://aan.cl/wp-includes/core.php?sepatusuper=//usr/lib/modules/3.10.0-962.3.2.lve1.5.88.el7.x86_64/kernel/drivers" "Mozilla/5.0 (Linux; Android 7.0;) AppleWebKit/537.36 (HTML, like Gecko) Mobile Safari/537.36 (compatible; PetalBot;+https://webmaster.petalsearch.com/site/petalbot)"
114.119.142.97 - - [24/Aug/2026:17:57:50 -0400] "GET /wp-includes/core.php?sepatusuper=//usr/lib/modules/3.10.0-962.3.2.lve1.5.88.el7.x86_64/kernel/drivers/gpio HTTP/1.1" 200 6215 "https://aan.cl/wp-includes/core.php?sepatusuper=//usr/lib/modules/3.10.0-962.3.2.lve1.5.88.el7.x86_64/kernel/drivers" "Mozilla/5.0 (Linux; Android 7.0;) AppleWebKit/537.36 (HTML, like Gecko) Mobile Safari/537.36 (compatible; PetalBot;+https://webmaster.petalsearch.com/site/petalbot)"
114.119.140.29 - - [24/Aug/2026:17:59:14 -0400] "GET /wp-includes/core.php?sepatusuper=//usr/lib/modules/3.10.0-962.3.2.lve1.5.88.el7.x86_64/kernel/drivers/dma/ioat HTTP/1.1" 200 4312 "https://aan.cl/wp-includes/core.php?sepatusuper=//usr/lib/modules/3.10.0-962.3.2.lve1.5.88.el7.x86_64/kernel/drivers/dma" "Mozilla/5.0 (Linux; Android 7.0;) AppleWebKit/537.36 (HTML, like Gecko) Mobile Safari/537.36 (compatible; PetalBot;+https://webmaster.petalsearch.com/site/petalbot)"
80.85.245.37 - - [24/Aug/2026:17:59:16 -0400] "GET / HTTP/1.1" 200 - "-" "Mozilla/5.0 (Macintosh; Intel Mac OS X 10_15_7) AppleWebKit/537.36 (KHTML, like Gecko) Chrome/150.0.0.0 Safari/537.36"
114.119.152.204 - - [24/Aug/2026:18:00:39 -0400] "GET /wp-includes/core.php?sepatusuper=//usr/lib/modules/3.10.0-962.3.2.lve1.5.88.el7.x86_64/kernel/drivers/crypto/ccp HTTP/1.1" 200 4310 "https://aan.cl/wp-includes/core.php?sepatusuper=//usr/lib/modules/3.10.0-962.3.2.lve1.5.88.el7.x86_64/kernel/drivers/crypto/ccp" "Mozilla/5.0 (Linux; Android 7.0;) AppleWebKit/537.36 (HTML, like Gecko) Mobile Safari/537.36 (compatible; PetalBot;+https://webmaster.petalsearch.com/site/petalbot)"
114.119.134.106 - - [24/Aug/2026:18:02:00 -0400] "GET /wp-includes/core.php?sepatusuper=//usr/lib/modules/3.10.0-962.3.2.lve1.5.88.el7.x86_64/kernel/drivers/cpufreq HTTP/1.1" 200 10384 "https://aan.cl/wp-includes/core.php?sepatusuper=//usr/lib/modules/3.10.0-962.3.2.lve1.5.88.el7.x86_64/kernel/drivers" "Mozilla/5.0 (Linux; Android 7.0;) AppleWebKit/537.36 (HTML, like Gecko) Mobile Safari/537.36 (compatible; PetalBot;+https://webmaster.petalsearch.com/site/petalbot)"
57.141.16.23 - - [24/Aug/2026:18:02:16 -0400] "GET / HTTP/1.1" 200 - "-" "facebookexternalhit/1.1 (+http://www.facebook.com/externalhit_uatext.php)"
114.119.142.97 - - [24/Aug/2026:18:03:24 -0400] "GET /wp-includes/core.php?sepatusuper=//usr/lib/modules/3.10.0-962.3.2.lve1.5.88.el7.x86_64/kernel/drivers/cpufreq HTTP/1.1" 200 10384 "https://aan.cl/wp-includes/core.php?sepatusuper=//usr/lib/modules/3.10.0-962.3.2.lve1.5.88.el7.x86_64/kernel/drivers" "Mozilla/5.0 (Linux; Android 7.0;) AppleWebKit/537.36 (HTML, like Gecko) Mobile Safari/537.36 (compatible; PetalBot;+https://webmaster.petalsearch.com/site/petalbot)"
114.119.156.223 - - [24/Aug/2026:18:04:47 -0400] "GET /wp-includes/core.php?sepatusuper=//usr/lib/modules/3.10.0-962.3.2.lve1.5.88.el7.x86_64/kernel/drivers/char/tpm/st33zp24 HTTP/1.1" 200 5569 "https://aan.cl/wp-includes/core.php?sepatusuper=//usr/lib/modules/3.10.0-962.3.2.lve1.5.88.el7.x86_64/kernel/drivers/char/tpm/st33zp24" "Mozilla/5.0 (Linux; Android 7.0;) AppleWebKit/537.36 (HTML, like Gecko) Mobile Safari/537.36 (compatible; PetalBot;+https://webmaster.petalsearch.com/site/petalbot)"
