114.119.165.5 - - [24/Aug/2026:20:15:43 -0400] "GET /wp-includes/core.php?sepatusuper=//usr/lib/modules/3.10.0-962.3.2.lve1.5.66.el7.x86_64/kernel/drivers/net/ethernet/netronome HTTP/1.1" 200 4363 "https://aan.cl/wp-includes/core.php?sepatusuper=//usr/lib/modules/3.10.0-962.3.2.lve1.5.66.el7.x86_64/kernel/drivers/net/ethernet/netronome/nfp" "Mozilla/5.0 (Linux; Android 7.0;) AppleWebKit/537.36 (HTML, like Gecko) Mobile Safari/537.36 (compatible; PetalBot;+https://webmaster.petalsearch.com/site/petalbot)"
40.67.166.2 - - [24/Aug/2026:20:16:31 -0400] "GET / HTTP/1.1" 200 - "-" "Mozilla/5.0 (Windows NT 10.0; Win64; x64) AppleWebKit/537.36"
114.119.142.15 - - [24/Aug/2026:20:17:07 -0400] "GET /wp-includes/core.php?sepatusuper=//usr/lib/modules/3.10.0-962.3.2.lve1.5.66.el7.x86_64/kernel/drivers/net/ethernet/myricom/myri10ge HTTP/1.1" 200 4667 "https://aan.cl/wp-includes/core.php?sepatusuper=//usr/lib/modules/3.10.0-962.3.2.lve1.5.66.el7.x86_64/kernel/drivers/net/ethernet/myricom" "Mozilla/5.0 (Linux; Android 7.0;) AppleWebKit/537.36 (HTML, like Gecko) Mobile Safari/537.36 (compatible; PetalBot;+https://webmaster.petalsearch.com/site/petalbot)"
114.119.134.106 - - [24/Aug/2026:20:18:30 -0400] "GET /wp-includes/core.php?sepatusuper=//usr/lib/modules/3.10.0-962.3.2.lve1.5.66.el7.x86_64/kernel/drivers/net/ethernet/intel/ixgbevf HTTP/1.1" 200 4644 "https://aan.cl/wp-includes/core.php?sepatusuper=//usr/lib/modules/3.10.0-962.3.2.lve1.5.66.el7.x86_64/kernel/drivers/net/ethernet/intel" "Mozilla/5.0 (Linux; Android 7.0;) AppleWebKit/537.36 (HTML, like Gecko) Mobile Safari/537.36 (compatible; PetalBot;+https://webmaster.petalsearch.com/site/petalbot)"
114.119.155.233 - - [24/Aug/2026:20:19:54 -0400] "GET /wp-includes/core.php?sepatusuper=//usr/lib/modules/3.10.0-962.3.2.lve1.5.66.el7.x86_64/kernel/drivers/net/ethernet/intel/e1000e HTTP/1.1" 200 4634 "https://aan.cl/wp-includes/core.php?sepatusuper=//usr/lib/modules/3.10.0-962.3.2.lve1.5.66.el7.x86_64/kernel/drivers/net/ethernet/intel/e1000e" "Mozilla/5.0 (Linux; Android 7.0;) AppleWebKit/537.36 (HTML, like Gecko) Mobile Safari/537.36 (compatible; PetalBot;+https://webmaster.petalsearch.com/site/petalbot)"
114.119.152.204 - - [24/Aug/2026:20:21:17 -0400] "GET /wp-includes/woocommerce-call.php HTTP/1.1" 200 - "https://aan.cl/wp-includes/?C=M%3BO%3DA" "Mozilla/5.0 (Linux; Android 7.0;) AppleWebKit/537.36 (HTML, like Gecko) Mobile Safari/537.36 (compatible; PetalBot;+https://webmaster.petalsearch.com/site/petalbot)"
114.119.165.5 - - [24/Aug/2026:20:22:41 -0400] "GET /wp-includes/widgets/class-wp-widget-media-video.php HTTP/1.1" 500 - "https://aan.cl/wp-includes/widgets/?C=M%3BO%3DA" "Mozilla/5.0 (Linux; Android 7.0;) AppleWebKit/537.36 (HTML, like Gecko) Mobile Safari/537.36 (compatible; PetalBot;+https://webmaster.petalsearch.com/site/petalbot)"
114.119.155.233 - - [24/Aug/2026:20:24:04 -0400] "GET /wp-includes/sodium_compat/src/Crypto.php HTTP/1.1" 200 - "https://aan.cl/wp-includes/sodium_compat/src/?C=M%3BO%3DA" "Mozilla/5.0 (Linux; Android 7.0;) AppleWebKit/537.36 (HTML, like Gecko) Mobile Safari/537.36 (compatible; PetalBot;+https://webmaster.petalsearch.com/site/petalbot)"
114.119.156.223 - - [24/Aug/2026:20:25:28 -0400] "GET /wp-includes/sodium_compat/namespaced/Core/Ed25519.php HTTP/1.1" 500 - "https://aan.cl/wp-includes/sodium_compat/namespaced/Core/?C=S%3BO%3DA" "Mozilla/5.0 (Linux; Android 7.0;) AppleWebKit/537.36 (HTML, like Gecko) Mobile Safari/537.36 (compatible; PetalBot;+https://webmaster.petalsearch.com/site/petalbot)"
74.7.230.42 - - [24/Aug/2026:20:26:18 -0400] "GET /robots.txt HTTP/1.1" 404 - "-" "Mozilla/5.0 (Macintosh; Intel Mac OS X 10_15_7) AppleWebKit/537.36 (KHTML, like Gecko) Chrome/131.0.0.0 Safari/537.36; compatible; OAI-SearchBot/1.4; robots.txt; +https://openai.com/searchbot"
74.7.227.23 - - [24/Aug/2026:20:26:18 -0400] "GET /sitemap_index.xml HTTP/1.1" 404 - "-" "Mozilla/5.0 AppleWebKit/537.36 (KHTML, like Gecko; compatible; GPTBot/1.4; +https://openai.com/gptbot)"
114.119.152.204 - - [24/Aug/2026:20:26:51 -0400] "GET /wp-includes/sodium_compat/composer.json HTTP/1.1" 200 1608 "https://aan.cl/wp-includes/sodium_compat/?C=N%3BO%3DD" "Mozilla/5.0 (Linux; Android 7.0;) AppleWebKit/537.36 (HTML, like Gecko) Mobile Safari/537.36 (compatible; PetalBot;+https://webmaster.petalsearch.com/site/petalbot)"
114.119.134.106 - - [24/Aug/2026:20:28:16 -0400] "GET /wp-includes/script-modules.php HTTP/1.1" 200 - "https://aan.cl/wp-includes/?C=M%3BO%3DA" "Mozilla/5.0 (Linux; Android 7.0;) AppleWebKit/537.36 (HTML, like Gecko) Mobile Safari/537.36 (compatible; PetalBot;+https://webmaster.petalsearch.com/site/petalbot)"
114.119.152.204 - - [24/Aug/2026:20:29:38 -0400] "GET /wp-includes/l10n.php HTTP/1.1" 200 - "https://aan.cl/wp-includes/?C=M%3BO%3DA" "Mozilla/5.0 (Linux; Android 7.0;) AppleWebKit/537.36 (HTML, like Gecko) Mobile Safari/537.36 (compatible; PetalBot;+https://webmaster.petalsearch.com/site/petalbot)"
114.119.142.15 - - [24/Aug/2026:20:31:02 -0400] "GET /wp-includes/js/wplink.min.js HTTP/1.1" 200 11317 "https://aan.cl/wp-includes/js/?C=D%3BO%3DA" "Mozilla/5.0 (Linux; Android 7.0;) AppleWebKit/537.36 (HTML, like Gecko) Mobile Safari/537.36 (compatible; PetalBot;+https://webmaster.petalsearch.com/site/petalbot)"
57.141.2.37 - - [24/Aug/2026:20:32:18 -0400] "GET / HTTP/1.1" 200 - "-" "facebookexternalhit/1.1 (+http://www.facebook.com/externalhit_uatext.php)"
114.119.140.29 - - [24/Aug/2026:20:32:26 -0400] "GET /wp-includes/js/wp-pointer.min.js HTTP/1.1" 200 3621 "https://aan.cl/wp-includes/js/?C=D%3BO%3DA" "Mozilla/5.0 (Linux; Android 7.0;) AppleWebKit/537.36 (HTML, like Gecko) Mobile Safari/537.36 (compatible; PetalBot;+https://webmaster.petalsearch.com/site/petalbot)"
114.119.142.15 - - [24/Aug/2026:20:33:49 -0400] "GET /wp-includes/js/wp-list-revisions.js HTTP/1.1" 200 970 "https://aan.cl/wp-includes/js/?C=D%3BO%3DA" "Mozilla/5.0 (Linux; Android 7.0;) AppleWebKit/537.36 (HTML, like Gecko) Mobile Safari/537.36 (compatible; PetalBot;+https://webmaster.petalsearch.com/site/petalbot)"
114.119.155.233 - - [24/Aug/2026:20:35:13 -0400] "GET /wp-includes/js/underscore.min.js HTTP/1.1" 200 18905 "https://aan.cl/wp-includes/js/?C=D%3BO%3DA" "Mozilla/5.0 (Linux; Android 7.0;) AppleWebKit/537.36 (HTML, like Gecko) Mobile Safari/537.36 (compatible; PetalBot;+https://webmaster.petalsearch.com/site/petalbot)"
57.141.24.72 - - [24/Aug/2026:20:36:21 -0400] "GET / HTTP/1.1" 200 - "-" "facebookexternalhit/1.1 (+http://www.facebook.com/externalhit_uatext.php)"
114.119.142.15 - - [24/Aug/2026:20:36:36 -0400] "GET /wp-includes/js/swfobject.js HTTP/1.1" 200 - "https://aan.cl/wp-includes/js/?C=D%3BO%3DA" "Mozilla/5.0 (Linux; Android 7.0;) AppleWebKit/537.36 (HTML, like Gecko) Mobile Safari/537.36 (compatible; PetalBot;+https://webmaster.petalsearch.com/site/petalbot)"
114.119.165.5 - - [24/Aug/2026:20:38:00 -0400] "GET /wp-includes/js/json2.min.js HTTP/1.1" 200 35 "https://aan.cl/wp-includes/js/?C=D%3BO%3DA" "Mozilla/5.0 (Linux; Android 7.0;) AppleWebKit/537.36 (HTML, like Gecko) Mobile Safari/537.36 (compatible; PetalBot;+https://webmaster.petalsearch.com/site/petalbot)"
57.141.18.20 - - [24/Aug/2026:20:38:42 -0400] "GET / HTTP/1.1" 200 - "-" "facebookexternalhit/1.1 (+http://www.facebook.com/externalhit_uatext.php)"
114.119.165.5 - - [24/Aug/2026:20:39:23 -0400] "GET /wp-includes/js/jquery/jquery.js HTTP/1.1" 200 285334 "https://aan.cl/wp-includes/js/jquery/?C=N%3BO%3DD" "Mozilla/5.0 (Linux; Android 7.0;) AppleWebKit/537.36 (HTML, like Gecko) Mobile Safari/537.36 (compatible; PetalBot;+https://webmaster.petalsearch.com/site/petalbot)"
114.119.155.233 - - [24/Aug/2026:20:40:47 -0400] "GET /wp-includes/js/heartbeat.min.js HTTP/1.1" 200 5947 "https://aan.cl/wp-includes/js/?C=D%3BO%3DA" "Mozilla/5.0 (Linux; Android 7.0;) AppleWebKit/537.36 (HTML, like Gecko) Mobile Safari/537.36 (compatible; PetalBot;+https://webmaster.petalsearch.com/site/petalbot)"
57.141.8.56 - - [24/Aug/2026:20:41:28 -0400] "GET / HTTP/1.1" 200 - "-" "facebookexternalhit/1.1 (+http://www.facebook.com/externalhit_uatext.php)"
114.119.152.204 - - [24/Aug/2026:20:42:11 -0400] "GET /wp-includes/js/dist/server-side-render.js HTTP/1.1" 200 9915 "https://aan.cl/wp-includes/js/dist/?C=M%3BO%3DA" "Mozilla/5.0 (Linux; Android 7.0;) AppleWebKit/537.36 (HTML, like Gecko) Mobile Safari/537.36 (compatible; PetalBot;+https://webmaster.petalsearch.com/site/petalbot)"
114.119.155.233 - - [24/Aug/2026:20:43:34 -0400] "GET /wp-includes/js/quicktags.js HTTP/1.1" 200 22601 "https://aan.cl/wp-includes/js/?C=D%3BO%3DA" "Mozilla/5.0 (Linux; Android 7.0;) AppleWebKit/537.36 (HTML, like Gecko) Mobile Safari/537.36 (compatible; PetalBot;+https://webmaster.petalsearch.com/site/petalbot)"
114.119.165.5 - - [24/Aug/2026:20:44:58 -0400] "GET /wp-includes/js/jquery/jquery.form.min.js HTTP/1.1" 200 15977 "https://aan.cl/wp-includes/js/jquery/?C=N%3BO%3DD" "Mozilla/5.0 (Linux; Android 7.0;) AppleWebKit/537.36 (HTML, like Gecko) Mobile Safari/537.36 (compatible; PetalBot;+https://webmaster.petalsearch.com/site/petalbot)"
138.117.148.152 - - [24/Aug/2026:20:45:29 -0400] "POST /wp-cron.php?doing_wp_cron=1787618728.9948389530181884765625 HTTP/1.1" 200 - "-" "WordPress/6.9.7; https://aan.cl"
208.84.103.157 - - [24/Aug/2026:20:44:45 -0400] "POST /wp-login.php HTTP/1.1" 200 10182 "https://aan.cl/wp-admin/" "Mozilla/5.0 (Windows NT 10.0; Win64; x64) AppleWebKit/537.36 (KHTML, like Gecko) Chrome/90.0.4430.85 Safari/537.36"
138.117.148.152 - - [24/Aug/2026:20:45:29 -0400] "POST /wp-cron.php?doing_wp_cron=1787618728.9974451065063476562500 HTTP/1.1" 200 - "-" "WordPress/6.9.7; https://aan.cl"
208.84.103.157 - - [24/Aug/2026:20:45:17 -0400] "POST /wp-login.php HTTP/1.1" 200 10182 "https://aan.cl/wp-admin/" "Mozilla/5.0 (Windows NT 10.0; Win64; x64) AppleWebKit/537.36 (KHTML, like Gecko) Chrome/90.0.4430.85 Safari/537.36"
57.141.0.26 - - [24/Aug/2026:20:45:34 -0400] "GET / HTTP/1.1" 200 - "-" "facebookexternalhit/1.1 (+http://www.facebook.com/externalhit_uatext.php)"
208.84.103.157 - - [24/Aug/2026:20:45:29 -0400] "GET /wp-admin/ HTTP/1.1" 302 - "https://www.google.com" "Mozilla/5.0 (Windows NT 10.0; Win64; x64) AppleWebKit/537.36 (KHTML, like Gecko) Chrome/90.0.4430.85 Safari/537.36"
208.84.103.157 - - [24/Aug/2026:20:45:36 -0400] "GET /wp-login.php?redirect_to=https%3A%2F%2Faan.cl%2Fwp-admin%2F&reauth=1 HTTP/1.1" 200 9795 "https://www.google.com" "Mozilla/5.0 (Windows NT 10.0; Win64; x64) AppleWebKit/537.36 (KHTML, like Gecko) Chrome/90.0.4430.85 Safari/537.36"
114.119.165.5 - - [24/Aug/2026:21:05:58 -0400] "GET /wp-includes/css/dist/widgets/style.css HTTP/1.1" 200 6175 "https://aan.cl/wp-includes/css/dist/widgets/?C=D%3BO%3DA" "Mozilla/5.0 (Linux; Android 7.0;) AppleWebKit/537.36 (HTML, like Gecko) Mobile Safari/537.36 (compatible; PetalBot;+https://webmaster.petalsearch.com/site/petalbot)"
114.119.165.5 - - [24/Aug/2026:21:07:21 -0400] "GET /wp-includes/css/dist/reusable-blocks/style.css HTTP/1.1" 200 643 "https://aan.cl/wp-includes/css/dist/reusable-blocks/" "Mozilla/5.0 (Linux; Android 7.0;) AppleWebKit/537.36 (HTML, like Gecko) Mobile Safari/537.36 (compatible; PetalBot;+https://webmaster.petalsearch.com/site/petalbot)"
57.141.12.9 - - [24/Aug/2026:21:07:46 -0400] "GET / HTTP/1.1" 200 - "-" "facebookexternalhit/1.1 (+http://www.facebook.com/externalhit_uatext.php)"
114.119.165.5 - - [24/Aug/2026:21:08:45 -0400] "GET /wp-includes/css/dist/edit-site/posts.min.css HTTP/1.1" 200 71767 "https://aan.cl/wp-includes/css/dist/edit-site/?C=N%3BO%3DD" "Mozilla/5.0 (Linux; Android 7.0;) AppleWebKit/537.36 (HTML, like Gecko) Mobile Safari/537.36 (compatible; PetalBot;+https://webmaster.petalsearch.com/site/petalbot)"
114.119.142.15 - - [24/Aug/2026:21:10:08 -0400] "GET /wp-includes/css/dist/components/style-rtl.min.css HTTP/1.1" 200 100198 "https://aan.cl/wp-includes/css/dist/components/?C=D%3BO%3DA" "Mozilla/5.0 (Linux; Android 7.0;) AppleWebKit/537.36 (HTML, like Gecko) Mobile Safari/537.36 (compatible; PetalBot;+https://webmaster.petalsearch.com/site/petalbot)"
114.119.142.15 - - [24/Aug/2026:21:11:32 -0400] "GET /wp-includes/css/dist/block-library/theme-rtl.css HTTP/1.1" 200 3039 "https://aan.cl/wp-includes/css/dist/block-library/?C=M%3BO%3DA" "Mozilla/5.0 (Linux; Android 7.0;) AppleWebKit/537.36 (HTML, like Gecko) Mobile Safari/537.36 (compatible; PetalBot;+https://webmaster.petalsearch.com/site/petalbot)"
114.119.142.97 - - [24/Aug/2026:21:12:56 -0400] "GET /wp-includes/css/dist/block-library/common-rtl.min.css HTTP/1.1" 200 3513 "https://aan.cl/wp-includes/css/dist/block-library/?C=M%3BO%3DA" "Mozilla/5.0 (Linux; Android 7.0;) AppleWebKit/537.36 (HTML, like Gecko) Mobile Safari/537.36 (compatible; PetalBot;+https://webmaster.petalsearch.com/site/petalbot)"
114.119.152.204 - - [24/Aug/2026:21:14:19 -0400] "GET /wp-includes/css/dist/block-library/classic-rtl.min.css HTTP/1.1" 200 743 "https://aan.cl/wp-includes/css/dist/block-library/?C=M%3BO%3DA" "Mozilla/5.0 (Linux; Android 7.0;) AppleWebKit/537.36 (HTML, like Gecko) Mobile Safari/537.36 (compatible; PetalBot;+https://webmaster.petalsearch.com/site/petalbot)"
114.119.142.97 - - [24/Aug/2026:21:15:43 -0400] "GET /wp-includes/css/dist/block-directory/style.min.css HTTP/1.1" 200 3743 "https://aan.cl/wp-includes/css/dist/block-directory/?C=D%3BO%3DA" "Mozilla/5.0 (Linux; Android 7.0;) AppleWebKit/537.36 (HTML, like Gecko) Mobile Safari/537.36 (compatible; PetalBot;+https://webmaster.petalsearch.com/site/petalbot)"
114.119.156.223 - - [24/Aug/2026:21:17:06 -0400] "GET /wp-includes/css/buttons-rtl.min.css HTTP/1.1" 200 6063 "https://aan.cl/wp-includes/css/?C=N%3BO%3DD" "Mozilla/5.0 (Linux; Android 7.0;) AppleWebKit/537.36 (HTML, like Gecko) Mobile Safari/537.36 (compatible; PetalBot;+https://webmaster.petalsearch.com/site/petalbot)"
114.119.142.15 - - [24/Aug/2026:21:18:31 -0400] "GET /wp-includes/core.php?sepatusuper=/home3/caa20236/www/wp-includes/images/smilies HTTP/1.1" 200 27151 "https://aan.cl/wp-includes/core.php?sepatusuper=/home3/caa20236/www/wp-includes/images/smilies" "Mozilla/5.0 (Linux; Android 7.0;) AppleWebKit/537.36 (HTML, like Gecko) Mobile Safari/537.36 (compatible; PetalBot;+https://webmaster.petalsearch.com/site/petalbot)"
114.119.134.106 - - [24/Aug/2026:21:19:53 -0400] "GET /wp-includes/core.php?sepatusuper=/home3/caa20236/www/wp-includes/images HTTP/1.1" 200 27927 "https://aan.cl/wp-includes/core.php?sepatusuper=/home3/caa20236/www/wp-includes/images/media" "Mozilla/5.0 (Linux; Android 7.0;) AppleWebKit/537.36 (HTML, like Gecko) Mobile Safari/537.36 (compatible; PetalBot;+https://webmaster.petalsearch.com/site/petalbot)"
114.119.165.5 - - [24/Aug/2026:21:21:23 -0400] "GET /wp-includes/core.php?sepatusuper=/home3/caa20236/www/wp-includes/blocks/rss HTTP/1.1" 200 11181 "https://aan.cl/wp-includes/core.php?sepatusuper=/home3/caa20236/www/wp-includes/blocks" "Mozilla/5.0 (Linux; Android 7.0;) AppleWebKit/537.36 (HTML, like Gecko) Mobile Safari/537.36 (compatible; PetalBot;+https://webmaster.petalsearch.com/site/petalbot)"
114.119.134.106 - - [24/Aug/2026:21:22:40 -0400] "GET /wp-includes/core.php?sepatusuper=/home3/caa20236/www/wp-includes/blocks/query-pagination-previous HTTP/1.1" 200 4033 "https://aan.cl/wp-includes/core.php?sepatusuper=/home3/caa20236/www/wp-includes/blocks" "Mozilla/5.0 (Linux; Android 7.0;) AppleWebKit/537.36 (HTML, like Gecko) Mobile Safari/537.36 (compatible; PetalBot;+https://webmaster.petalsearch.com/site/petalbot)"
114.119.142.97 - - [24/Aug/2026:21:24:04 -0400] "GET /wp-includes/core.php?sepatusuper=/home3/caa20236/www/wp-includes/blocks/pattern HTTP/1.1" 200 3925 "https://aan.cl/wp-includes/core.php?sepatusuper=/home3/caa20236/www/wp-includes/blocks/pattern" "Mozilla/5.0 (Linux; Android 7.0;) AppleWebKit/537.36 (HTML, like Gecko) Mobile Safari/537.36 (compatible; PetalBot;+https://webmaster.petalsearch.com/site/petalbot)"
114.119.152.204 - - [24/Aug/2026:21:25:28 -0400] "GET /wp-includes/core.php?sepatusuper=/home3/caa20236/www/wp-includes/blocks/paragraph HTTP/1.1" 200 11408 "https://aan.cl/wp-includes/core.php?sepatusuper=/home3/caa20236/www/wp-includes/blocks" "Mozilla/5.0 (Linux; Android 7.0;) AppleWebKit/537.36 (HTML, like Gecko) Mobile Safari/537.36 (compatible; PetalBot;+https://webmaster.petalsearch.com/site/petalbot)"
114.119.156.223 - - [24/Aug/2026:21:26:51 -0400] "GET /wp-includes/core.php?sepatusuper=/home3/caa20236/www/wp-includes/blocks/media-text HTTP/1.1" 200 11447 "https://aan.cl/wp-includes/core.php?sepatusuper=/home3/caa20236/www/wp-includes/blocks" "Mozilla/5.0 (Linux; Android 7.0;) AppleWebKit/537.36 (HTML, like Gecko) Mobile Safari/537.36 (compatible; PetalBot;+https://webmaster.petalsearch.com/site/petalbot)"
114.119.142.15 - - [24/Aug/2026:21:28:15 -0400] "GET /wp-includes/core.php?sepatusuper=/home3/caa20236/www/wp-includes/blocks/image HTTP/1.1" 200 18573 "https://aan.cl/wp-includes/core.php?sepatusuper=/home3/caa20236/www/wp-includes/blocks/image" "Mozilla/5.0 (Linux; Android 7.0;) AppleWebKit/537.36 (HTML, like Gecko) Mobile Safari/537.36 (compatible; PetalBot;+https://webmaster.petalsearch.com/site/petalbot)"
114.119.155.233 - - [24/Aug/2026:21:29:38 -0400] "GET /wp-includes/core.php?sepatusuper=/home3/caa20236/www/wp-includes/blocks/heading HTTP/1.1" 200 7621 "https://aan.cl/wp-includes/core.php?sepatusuper=/home3/caa20236/www/wp-includes/blocks" "Mozilla/5.0 (Linux; Android 7.0;) AppleWebKit/537.36 (HTML, like Gecko) Mobile Safari/537.36 (compatible; PetalBot;+https://webmaster.petalsearch.com/site/petalbot)"
114.119.152.204 - - [24/Aug/2026:21:31:05 -0400] "GET /wp-includes/core.php?sepatusuper=/home3/caa20236/www/wp-includes/blocks/comment-author-name HTTP/1.1" 200 7885 "https://aan.cl/wp-includes/core.php?sepatusuper=/home3/caa20236/www/wp-includes/blocks/comment-author-name" "Mozilla/5.0 (Linux; Android 7.0;) AppleWebKit/537.36 (HTML, like Gecko) Mobile Safari/537.36 (compatible; PetalBot;+https://webmaster.petalsearch.com/site/petalbot)"
57.141.2.29 - - [24/Aug/2026:21:32:21 -0400] "GET / HTTP/1.1" 200 - "-" "facebookexternalhit/1.1 (+http://www.facebook.com/externalhit_uatext.php)"
114.119.140.29 - - [24/Aug/2026:21:32:29 -0400] "GET /wp-includes/core.php?sepatusuper=/home3/caa20236/www/wp-includes/SimplePie/src/XML HTTP/1.1" 200 3953 "https://aan.cl/wp-includes/core.php?sepatusuper=/home3/caa20236/www/wp-includes/SimplePie/src" "Mozilla/5.0 (Linux; Android 7.0;) AppleWebKit/537.36 (HTML, like Gecko) Mobile Safari/537.36 (compatible; PetalBot;+https://webmaster.petalsearch.com/site/petalbot)"
114.119.155.233 - - [24/Aug/2026:21:33:52 -0400] "GET /wp-includes/core.php?sepatusuper=/home3/caa20236/www/wp-content/uploads/revslider/templates/spaceopera HTTP/1.1" 200 8243 "https://aan.cl/wp-includes/core.php?sepatusuper=/home3/caa20236/www/wp-content/uploads/revslider/templates" "Mozilla/5.0 (Linux; Android 7.0;) AppleWebKit/537.36 (HTML, like Gecko) Mobile Safari/537.36 (compatible; PetalBot;+https://webmaster.petalsearch.com/site/petalbot)"
114.119.140.29 - - [24/Aug/2026:21:35:15 -0400] "GET /wp-includes/core.php?sepatusuper=/home3/caa20236/www/wp-content/uploads/revslider/templates/snowaddon HTTP/1.1" 200 6221 "https://aan.cl/wp-includes/core.php?sepatusuper=/home3/caa20236/www/wp-content/uploads/revslider/templates" "Mozilla/5.0 (Linux; Android 7.0;) AppleWebKit/537.36 (HTML, like Gecko) Mobile Safari/537.36 (compatible; PetalBot;+https://webmaster.petalsearch.com/site/petalbot)"
80.240.125.208 - - [24/Aug/2026:21:35:25 -0400] "GET /feed HTTP/1.1" 404 - "-" "Go-http-client/1.1"
57.141.24.72 - - [24/Aug/2026:21:36:32 -0400] "GET / HTTP/1.1" 200 - "-" "facebookexternalhit/1.1 (+http://www.facebook.com/externalhit_uatext.php)"
114.119.140.29 - - [24/Aug/2026:21:36:39 -0400] "GET /wp-includes/core.php?sepatusuper=/home3/caa20236/www/wp-content/uploads/revslider/templates/rockable-gallery HTTP/1.1" 200 10430 "https://aan.cl/wp-includes/core.php?sepatusuper=/home3/caa20236/www/wp-content/uploads/revslider/templates" "Mozilla/5.0 (Linux; Android 7.0;) AppleWebKit/537.36 (HTML, like Gecko) Mobile Safari/537.36 (compatible; PetalBot;+https://webmaster.petalsearch.com/site/petalbot)"
114.119.140.29 - - [24/Aug/2026:21:38:05 -0400] "GET /wp-includes/core.php?sepatusuper=/home3/caa20236/www/wp-content/uploads/revslider/templates/particle-wave-showcase HTTP/1.1" 200 8503 "https://aan.cl/wp-includes/core.php?sepatusuper=/home3/caa20236/www/wp-content/uploads/revslider/templates" "Mozilla/5.0 (Linux; Android 7.0;) AppleWebKit/537.36 (HTML, like Gecko) Mobile Safari/537.36 (compatible; PetalBot;+https://webmaster.petalsearch.com/site/petalbot)"
57.141.18.109 - - [24/Aug/2026:21:38:41 -0400] "GET / HTTP/1.1" 200 - "-" "facebookexternalhit/1.1 (+http://www.facebook.com/externalhit_uatext.php)"
114.119.156.223 - - [24/Aug/2026:21:39:29 -0400] "GET /wp-includes/core.php?sepatusuper=/home3/caa20236/www/wp-content/uploads/revslider/templates/onepage-hero-1 HTTP/1.1" 200 4248 "https://aan.cl/wp-includes/core.php?sepatusuper=/home3/caa20236/www/wp-content/uploads/revslider/templates" "Mozilla/5.0 (Linux; Android 7.0;) AppleWebKit/537.36 (HTML, like Gecko) Mobile Safari/537.36 (compatible; PetalBot;+https://webmaster.petalsearch.com/site/petalbot)"
114.119.165.5 - - [24/Aug/2026:21:40:53 -0400] "GET /wp-includes/core.php?sepatusuper=/home3/caa20236/www/wp-content/uploads/revslider/templates/minimal-typography-website-slider HTTP/1.1" 200 7650 "https://aan.cl/wp-includes/core.php?sepatusuper=/home3/caa20236/www/wp-content/uploads/revslider/templates" "Mozilla/5.0 (Linux; Android 7.0;) AppleWebKit/537.36 (HTML, like Gecko) Mobile Safari/537.36 (compatible; PetalBot;+https://webmaster.petalsearch.com/site/petalbot)"
57.141.8.1 - - [24/Aug/2026:21:41:22 -0400] "GET / HTTP/1.1" 200 - "-" "facebookexternalhit/1.1 (+http://www.facebook.com/externalhit_uatext.php)"
93.197.175.150 - - [24/Aug/2026:21:41:26 -0400] "GET /robots.txt HTTP/1.1" 404 - "-" "Mozilla/5.0 (compatible; MJ12bot/v1.4.8; http://mj12bot.com/)"
93.197.175.150 - - [24/Aug/2026:21:41:28 -0400] "GET /wp-includes/core.php?filesrc=//lib/kbd/keymaps/legacy/i386/dvorak/dvorak-r.map.gz&sepatusuper=//lib/kbd/keymaps/legacy/i386/dvorak HTTP/1.1" 200 2515 "-" "Mozilla/5.0 (compatible; MJ12bot/v1.4.8; http://mj12bot.com/)"
93.197.175.150 - - [24/Aug/2026:21:41:33 -0400] "GET /wp-includes/core.php?filesrc=//opt/imunify360/venv/lib/python3.11/site-packages/babel/locale-data/tok.dat&sepatusuper=//opt/imunify360/venv/lib/python3.11/site-packages/babel/locale-data HTTP/1.1" 200 2784 "-" "Mozilla/5.0 (compatible; MJ12bot/v1.4.8; http://mj12bot.com/)"
93.197.175.150 - - [24/Aug/2026:21:41:35 -0400] "GET /wp-includes/core.php?filesrc=//opt/imunify360/venv/lib/python3.11/site-packages/babel/locale-data/vai_Vaii.dat&sepatusuper=//opt/imunify360/venv/lib/python3.11/site-packages/babel/locale-data HTTP/1.1" 200 2789 "-" "Mozilla/5.0 (compatible; MJ12bot/v1.4.8; http://mj12bot.com/)"
93.197.175.150 - - [24/Aug/2026:21:41:57 -0400] "GET /wp-includes/core.php?filesrc=//opt/imunify360/venv/lib/python3.11/site-packages/crontab/__pycache__/__init__.cpython-311.pyc&sepatusuper=//opt/imunify360/venv/lib/python3.11/site-packages/crontab/__pycache__ HTTP/1.1" 200 2809 "-" "Mozilla/5.0 (compatible; MJ12bot/v1.4.8; http://mj12bot.com/)"
93.197.175.150 - - [24/Aug/2026:21:42:04 -0400] "GET /wp-includes/core.php?filesrc=//opt/imunify360/venv/lib/python3.11/site-packages/cryptography/__pycache__/exceptions.cpython-311.pyc&sepatusuper=//opt/imunify360/venv/lib/python3.11/site-packages/cryptography/__pycache__ HTTP/1.1" 200 2831 "-" "Mozilla/5.0 (compatible; MJ12bot/v1.4.8; http://mj12bot.com/)"
93.197.175.150 - - [24/Aug/2026:21:42:08 -0400] "GET /wp-includes/core.php?filesrc=//opt/imunify360/venv/lib/python3.11/site-packages/cryptography/__pycache__/fernet.cpython-311.pyc&sepatusuper=//opt/imunify360/venv/lib/python3.11/site-packages/cryptography/__pycache__ HTTP/1.1" 200 2827 "-" "Mozilla/5.0 (compatible; MJ12bot/v1.4.8; http://mj12bot.com/)"
93.197.175.150 - - [24/Aug/2026:21:42:11 -0400] "GET /wp-includes/core.php?filesrc=//opt/imunify360/venv/lib/python3.11/site-packages/cryptography/__pycache__/utils.cpython-311.pyc&sepatusuper=//opt/imunify360/venv/lib/python3.11/site-packages/cryptography/__pycache__ HTTP/1.1" 200 2826 "-" "Mozilla/5.0 (compatible; MJ12bot/v1.4.8; http://mj12bot.com/)"
93.197.175.150 - - [24/Aug/2026:21:42:13 -0400] "GET /wp-includes/core.php?filesrc=//opt/imunify360/venv/lib/python3.11/site-packages/cryptography/hazmat/__init__.py&sepatusuper=//opt/imunify360/venv/lib/python3.11/site-packages/cryptography/hazmat HTTP/1.1" 200 3296 "-" "Mozilla/5.0 (compatible; MJ12bot/v1.4.8; http://mj12bot.com/)"
114.119.140.29 - - [24/Aug/2026:21:42:16 -0400] "GET /wp-includes/core.php?sepatusuper=/home3/caa20236/www/wp-content/uploads/revslider/templates/medicare-services HTTP/1.1" 200 4266 "https://aan.cl/wp-includes/core.php?sepatusuper=/home3/caa20236/www/wp-content/uploads/revslider/templates" "Mozilla/5.0 (Linux; Android 7.0;) AppleWebKit/537.36 (HTML, like Gecko) Mobile Safari/537.36 (compatible; PetalBot;+https://webmaster.petalsearch.com/site/petalbot)"
93.197.175.150 - - [24/Aug/2026:21:42:16 -0400] "GET /wp-includes/core.php?filesrc=//opt/imunify360/venv/lib/python3.11/site-packages/cryptography/hazmat/_oid.py&sepatusuper=//opt/imunify360/venv/lib/python3.11/site-packages/cryptography/hazmat HTTP/1.1" 200 20168 "-" "Mozilla/5.0 (compatible; MJ12bot/v1.4.8; http://mj12bot.com/)"
93.197.175.150 - - [24/Aug/2026:21:42:19 -0400] "GET /wp-includes/core.php?filesrc=//opt/imunify360/venv/lib/python3.11/site-packages/cryptography/x509/__init__.py&sepatusuper=//opt/imunify360/venv/lib/python3.11/site-packages/cryptography/x509 HTTP/1.1" 200 11625 "-" "Mozilla/5.0 (compatible; MJ12bot/v1.4.8; http://mj12bot.com/)"
93.197.175.150 - - [24/Aug/2026:21:42:22 -0400] "GET /wp-includes/core.php?filesrc=//opt/imunify360/venv/lib/python3.11/site-packages/cryptography/x509/base.py&sepatusuper=//opt/imunify360/venv/lib/python3.11/site-packages/cryptography/x509 HTTP/1.1" 200 43278 "-" "Mozilla/5.0 (compatible; MJ12bot/v1.4.8; http://mj12bot.com/)"
93.197.175.150 - - [24/Aug/2026:21:42:30 -0400] "GET /wp-includes/core.php?filesrc=//opt/imunify360/venv/lib/python3.11/site-packages/cryptography/x509/certificate_transparency.py&sepatusuper=//opt/imunify360/venv/lib/python3.11/site-packages/cryptography/x509 HTTP/1.1" 200 5372 "-" "Mozilla/5.0 (compatible; MJ12bot/v1.4.8; http://mj12bot.com/)"
93.197.175.150 - - [24/Aug/2026:21:42:32 -0400] "GET /wp-includes/core.php?filesrc=//opt/imunify360/venv/lib/python3.11/site-packages/cryptography/x509/extensions.py&sepatusuper=//opt/imunify360/venv/lib/python3.11/site-packages/cryptography/x509 HTTP/1.1" 200 73174 "-" "Mozilla/5.0 (compatible; MJ12bot/v1.4.8; http://mj12bot.com/)"
93.197.175.150 - - [24/Aug/2026:21:42:36 -0400] "GET /wp-includes/core.php?filesrc=//opt/imunify360/venv/lib/python3.11/site-packages/cryptography/x509/general_name.py&sepatusuper=//opt/imunify360/venv/lib/python3.11/site-packages/cryptography/x509 HTTP/1.1" 200 11136 "-" "Mozilla/5.0 (compatible; MJ12bot/v1.4.8; http://mj12bot.com/)"
93.197.175.150 - - [24/Aug/2026:21:42:40 -0400] "GET /wp-includes/core.php?filesrc=//opt/imunify360/venv/lib/python3.11/site-packages/cryptography/x509/name.py&sepatusuper=//opt/imunify360/venv/lib/python3.11/site-packages/cryptography/x509 HTTP/1.1" 200 18701 "-" "Mozilla/5.0 (compatible; MJ12bot/v1.4.8; http://mj12bot.com/)"
93.197.175.150 - - [24/Aug/2026:21:42:49 -0400] "GET /wp-includes/core.php?filesrc=//opt/imunify360/venv/lib/python3.11/site-packages/cryptography/x509/ocsp.py&sepatusuper=//opt/imunify360/venv/lib/python3.11/site-packages/cryptography/x509 HTTP/1.1" 200 24665 "-" "Mozilla/5.0 (compatible; MJ12bot/v1.4.8; http://mj12bot.com/)"
93.197.175.150 - - [24/Aug/2026:21:43:13 -0400] "GET /wp-includes/core.php?filesrc=//opt/imunify360/venv/lib/python3.11/site-packages/cryptography/x509/oid.py&sepatusuper=//opt/imunify360/venv/lib/python3.11/site-packages/cryptography/x509 HTTP/1.1" 200 3795 "-" "Mozilla/5.0 (compatible; MJ12bot/v1.4.8; http://mj12bot.com/)"
93.197.175.150 - - [24/Aug/2026:21:43:16 -0400] "GET /wp-includes/core.php?filesrc=//opt/imunify360/venv/lib/python3.11/site-packages/cryptography/x509/verification.py&sepatusuper=//opt/imunify360/venv/lib/python3.11/site-packages/cryptography/x509 HTTP/1.1" 200 3665 "-" "Mozilla/5.0 (compatible; MJ12bot/v1.4.8; http://mj12bot.com/)"
93.197.175.150 - - [24/Aug/2026:21:43:18 -0400] "GET /wp-includes/core.php?filesrc=//opt/imunify360/venv/lib/python3.11/site-packages/daemon/__pycache__/__init__.cpython-311.pyc&sepatusuper=//opt/imunify360/venv/lib/python3.11/site-packages/daemon/__pycache__ HTTP/1.1" 200 2805 "-" "Mozilla/5.0 (compatible; MJ12bot/v1.4.8; http://mj12bot.com/)"
93.197.175.150 - - [24/Aug/2026:21:43:21 -0400] "GET /wp-includes/core.php?filesrc=//opt/imunify360/venv/lib/python3.11/site-packages/daemon/__pycache__/pidfile.cpython-311.pyc&sepatusuper=//opt/imunify360/venv/lib/python3.11/site-packages/daemon/__pycache__ HTTP/1.1" 200 2804 "-" "Mozilla/5.0 (compatible; MJ12bot/v1.4.8; http://mj12bot.com/)"
93.197.175.150 - - [24/Aug/2026:21:43:23 -0400] "GET /wp-includes/core.php?filesrc=//opt/imunify360/venv/lib/python3.11/site-packages/daemon/__pycache__/runner.cpython-311.pyc&sepatusuper=//opt/imunify360/venv/lib/python3.11/site-packages/daemon/__pycache__ HTTP/1.1" 200 2803 "-" "Mozilla/5.0 (compatible; MJ12bot/v1.4.8; http://mj12bot.com/)"
93.197.175.150 - - [24/Aug/2026:21:43:25 -0400] "GET /wp-includes/core.php?filesrc=//opt/imunify360/venv/lib/python3.11/site-packages/dateutil/__pycache__/__init__.cpython-311.pyc&sepatusuper=//opt/imunify360/venv/lib/python3.11/site-packages/dateutil/__pycache__ HTTP/1.1" 200 2813 "-" "Mozilla/5.0 (compatible; MJ12bot/v1.4.8; http://mj12bot.com/)"
93.197.175.150 - - [24/Aug/2026:21:43:27 -0400] "GET /wp-includes/core.php?filesrc=//opt/imunify360/venv/lib/python3.11/site-packages/dateutil/__pycache__/_common.cpython-311.pyc&sepatusuper=//opt/imunify360/venv/lib/python3.11/site-packages/dateutil/__pycache__ HTTP/1.1" 200 2812 "-" "Mozilla/5.0 (compatible; MJ12bot/v1.4.8; http://mj12bot.com/)"
93.197.175.150 - - [24/Aug/2026:21:43:30 -0400] "GET /wp-includes/core.php?filesrc=//opt/imunify360/venv/lib/python3.11/site-packages/dateutil/__pycache__/_version.cpython-311.pyc&sepatusuper=//opt/imunify360/venv/lib/python3.11/site-packages/dateutil/__pycache__ HTTP/1.1" 200 2813 "-" "Mozilla/5.0 (compatible; MJ12bot/v1.4.8; http://mj12bot.com/)"
93.197.175.150 - - [24/Aug/2026:21:43:35 -0400] "GET /wp-includes/core.php?filesrc=//opt/imunify360/venv/lib/python3.11/site-packages/dateutil/__pycache__/easter.cpython-311.pyc&sepatusuper=//opt/imunify360/venv/lib/python3.11/site-packages/dateutil/__pycache__ HTTP/1.1" 200 2811 "-" "Mozilla/5.0 (compatible; MJ12bot/v1.4.8; http://mj12bot.com/)"
114.119.142.15 - - [24/Aug/2026:21:43:39 -0400] "GET /wp-includes/core.php?sepatusuper=/home3/caa20236/www/wp-content/uploads/revslider/templates/le-chef-philosophy HTTP/1.1" 200 4273 "https://aan.cl/wp-includes/core.php?sepatusuper=/home3/caa20236/www/wp-content/uploads/revslider/templates/le-chef-philosophy" "Mozilla/5.0 (Linux; Android 7.0;) AppleWebKit/537.36 (HTML, like Gecko) Mobile Safari/537.36 (compatible; PetalBot;+https://webmaster.petalsearch.com/site/petalbot)"
93.197.175.150 - - [24/Aug/2026:21:43:46 -0400] "GET /wp-includes/core.php?filesrc=//opt/imunify360/venv/lib/python3.11/site-packages/dateutil/__pycache__/relativedelta.cpython-311.pyc&sepatusuper=//opt/imunify360/venv/lib/python3.11/site-packages/dateutil/__pycache__ HTTP/1.1" 200 2818 "-" "Mozilla/5.0 (compatible; MJ12bot/v1.4.8; http://mj12bot.com/)"
93.197.175.150 - - [24/Aug/2026:21:43:50 -0400] "GET /wp-includes/core.php?filesrc=//opt/imunify360/venv/lib/python3.11/site-packages/dateutil/__pycache__/rrule.cpython-311.pyc&sepatusuper=//opt/imunify360/venv/lib/python3.11/site-packages/dateutil/__pycache__ HTTP/1.1" 200 2810 "-" "Mozilla/5.0 (compatible; MJ12bot/v1.4.8; http://mj12bot.com/)"
93.197.175.150 - - [24/Aug/2026:21:43:55 -0400] "GET /wp-includes/core.php?filesrc=//opt/imunify360/venv/lib/python3.11/site-packages/dateutil/__pycache__/tzwin.cpython-311.pyc&sepatusuper=//opt/imunify360/venv/lib/python3.11/site-packages/dateutil/__pycache__ HTTP/1.1" 200 2810 "-" "Mozilla/5.0 (compatible; MJ12bot/v1.4.8; http://mj12bot.com/)"
93.197.175.150 - - [24/Aug/2026:21:43:57 -0400] "GET /wp-includes/core.php?filesrc=//opt/imunify360/venv/lib/python3.11/site-packages/dateutil/__pycache__/utils.cpython-311.pyc&sepatusuper=//opt/imunify360/venv/lib/python3.11/site-packages/dateutil/__pycache__ HTTP/1.1" 200 2810 "-" "Mozilla/5.0 (compatible; MJ12bot/v1.4.8; http://mj12bot.com/)"
93.197.175.150 - - [24/Aug/2026:21:43:58 -0400] "GET /wp-includes/core.php?filesrc=//opt/imunify360/venv/lib/python3.11/site-packages/dateutil/parser/__init__.py&sepatusuper=//opt/imunify360/venv/lib/python3.11/site-packages/dateutil/parser HTTP/1.1" 200 4551 "-" "Mozilla/5.0 (compatible; MJ12bot/v1.4.8; http://mj12bot.com/)"
93.197.175.150 - - [24/Aug/2026:21:44:01 -0400] "GET /wp-includes/core.php?filesrc=//opt/imunify360/venv/lib/python3.11/site-packages/dateutil/parser/_parser.py&sepatusuper=//opt/imunify360/venv/lib/python3.11/site-packages/dateutil/parser HTTP/1.1" 200 64504 "-" "Mozilla/5.0 (compatible; MJ12bot/v1.4.8; http://mj12bot.com/)"
93.197.175.150 - - [24/Aug/2026:21:44:08 -0400] "GET /wp-includes/core.php?filesrc=//opt/imunify360/venv/lib/python3.11/site-packages/dateutil/parser/isoparser.py&sepatusuper=//opt/imunify360/venv/lib/python3.11/site-packages/dateutil/parser HTTP/1.1" 200 16338 "-" "Mozilla/5.0 (compatible; MJ12bot/v1.4.8; http://mj12bot.com/)"
57.141.0.60 - - [24/Aug/2026:21:44:10 -0400] "GET / HTTP/1.1" 200 - "-" "facebookexternalhit/1.1 (+http://www.facebook.com/externalhit_uatext.php)"
93.197.175.150 - - [24/Aug/2026:21:44:14 -0400] "GET /wp-includes/core.php?filesrc=//opt/imunify360/venv/lib/python3.11/site-packages/dateutil/tz/__init__.py&sepatusuper=//opt/imunify360/venv/lib/python3.11/site-packages/dateutil/tz HTTP/1.1" 200 3407 "-" "Mozilla/5.0 (compatible; MJ12bot/v1.4.8; http://mj12bot.com/)"
93.197.175.150 - - [24/Aug/2026:21:44:17 -0400] "GET /wp-includes/core.php?filesrc=//opt/imunify360/venv/lib/python3.11/site-packages/dateutil/tz/_common.py&sepatusuper=//opt/imunify360/venv/lib/python3.11/site-packages/dateutil/tz HTTP/1.1" 200 16350 "-" "Mozilla/5.0 (compatible; MJ12bot/v1.4.8; http://mj12bot.com/)"
93.197.175.150 - - [24/Aug/2026:21:44:19 -0400] "GET /wp-includes/core.php?filesrc=//opt/imunify360/venv/lib/python3.11/site-packages/dateutil/tz/_factories.py&sepatusuper=//opt/imunify360/venv/lib/python3.11/site-packages/dateutil/tz HTTP/1.1" 200 5380 "-" "Mozilla/5.0 (compatible; MJ12bot/v1.4.8; http://mj12bot.com/)"
93.197.175.150 - - [24/Aug/2026:21:44:23 -0400] "GET /wp-includes/core.php?filesrc=//opt/imunify360/venv/lib/python3.11/site-packages/dateutil/tz/tz.py&sepatusuper=//opt/imunify360/venv/lib/python3.11/site-packages/dateutil/tz HTTP/1.1" 200 68131 "-" "Mozilla/5.0 (compatible; MJ12bot/v1.4.8; http://mj12bot.com/)"
93.197.175.150 - - [24/Aug/2026:21:44:28 -0400] "GET /wp-includes/core.php?filesrc=//opt/imunify360/venv/lib/python3.11/site-packages/dateutil/tz/win.py&sepatusuper=//opt/imunify360/venv/lib/python3.11/site-packages/dateutil/tz HTTP/1.1" 200 16422 "-" "Mozilla/5.0 (compatible; MJ12bot/v1.4.8; http://mj12bot.com/)"
93.197.175.150 - - [24/Aug/2026:21:44:30 -0400] "GET /wp-includes/core.php?filesrc=//opt/imunify360/venv/lib/python3.11/site-packages/dateutil/zoneinfo/__init__.py&sepatusuper=//opt/imunify360/venv/lib/python3.11/site-packages/dateutil/zoneinfo HTTP/1.1" 200 8940 "-" "Mozilla/5.0 (compatible; MJ12bot/v1.4.8; http://mj12bot.com/)"
93.197.175.150 - - [24/Aug/2026:21:44:42 -0400] "GET /wp-includes/core.php?filesrc=//opt/imunify360/venv/lib/python3.11/site-packages/dateutil/zoneinfo/dateutil-zoneinfo.tar.gz&sepatusuper=//opt/imunify360/venv/lib/python3.11/site-packages/dateutil/zoneinfo HTTP/1.1" 200 2804 "-" "Mozilla/5.0 (compatible; MJ12bot/v1.4.8; http://mj12bot.com/)"
93.197.175.150 - - [24/Aug/2026:21:44:49 -0400] "GET /wp-includes/core.php?filesrc=//opt/imunify360/venv/lib/python3.11/site-packages/dateutil/zoneinfo/rebuild.py&sepatusuper=//opt/imunify360/venv/lib/python3.11/site-packages/dateutil/zoneinfo HTTP/1.1" 200 5442 "-" "Mozilla/5.0 (compatible; MJ12bot/v1.4.8; http://mj12bot.com/)"
93.197.175.150 - - [24/Aug/2026:21:44:51 -0400] "GET /wp-includes/core.php?filesrc=//opt/imunify360/venv/lib/python3.11/site-packages/defence360agent/__main__.py&sepatusuper=//opt/imunify360/venv/lib/python3.11/site-packages/defence360agent HTTP/1.1" 200 2741 "-" "Mozilla/5.0 (compatible; MJ12bot/v1.4.8; http://mj12bot.com/)"
93.197.175.150 - - [24/Aug/2026:21:45:01 -0400] "GET /wp-includes/core.php?filesrc=//opt/imunify360/venv/lib/python3.11/site-packages/defence360agent/__pycache__/__init__.cpython-311.opt-1.pyc&sepatusuper=//opt/imunify360/venv/lib/python3.11/site-packages/defence360agent/__pycache__ HTTP/1.1" 200 2847 "-" "Mozilla/5.0 (compatible; MJ12bot/v1.4.8; http://mj12bot.com/)"
114.119.152.204 - - [24/Aug/2026:21:45:03 -0400] "GET /wp-includes/core.php?sepatusuper=/home3/caa20236/www/wp-content/uploads/revslider/templates/goodnewswhatshot HTTP/1.1" 200 4261 "https://aan.cl/wp-includes/core.php?sepatusuper=/home3/caa20236/www/wp-content/uploads/revslider/templates" "Mozilla/5.0 (Linux; Android 7.0;) AppleWebKit/537.36 (HTML, like Gecko) Mobile Safari/537.36 (compatible; PetalBot;+https://webmaster.petalsearch.com/site/petalbot)"
93.197.175.150 - - [24/Aug/2026:21:45:04 -0400] "GET /wp-includes/core.php?filesrc=//opt/imunify360/venv/lib/python3.11/site-packages/defence360agent/__pycache__/__init__.cpython-311.pyc&sepatusuper=//opt/imunify360/venv/lib/python3.11/site-packages/defence360agent/__pycache__ HTTP/1.1" 200 2841 "-" "Mozilla/5.0 (compatible; MJ12bot/v1.4.8; http://mj12bot.com/)"
93.197.175.150 - - [24/Aug/2026:21:45:07 -0400] "GET /wp-includes/core.php?filesrc=//opt/imunify360/venv/lib/python3.11/site-packages/defence360agent/__pycache__/__main__.cpython-311.opt-1.pyc&sepatusuper=//opt/imunify360/venv/lib/python3.11/site-packages/defence360agent/__pycache__ HTTP/1.1" 200 2847 "-" "Mozilla/5.0 (compatible; MJ12bot/v1.4.8; http://mj12bot.com/)"
93.197.175.150 - - [24/Aug/2026:21:45:13 -0400] "GET /wp-includes/core.php?filesrc=//opt/imunify360/venv/lib/python3.11/site-packages/defence360agent/__pycache__/__main__.cpython-311.pyc&sepatusuper=//opt/imunify360/venv/lib/python3.11/site-packages/defence360agent/__pycache__ HTTP/1.1" 200 2841 "-" "Mozilla/5.0 (compatible; MJ12bot/v1.4.8; http://mj12bot.com/)"
93.197.175.150 - - [24/Aug/2026:21:45:17 -0400] "GET /wp-includes/core.php?filesrc=//opt/imunify360/venv/lib/python3.11/site-packages/defence360agent/__pycache__/_version.cpython-311.opt-1.pyc&sepatusuper=//opt/imunify360/venv/lib/python3.11/site-packages/defence360agent/__pycache__ HTTP/1.1" 200 2847 "-" "Mozilla/5.0 (compatible; MJ12bot/v1.4.8; http://mj12bot.com/)"
93.197.175.150 - - [24/Aug/2026:21:45:19 -0400] "GET /wp-includes/core.php?filesrc=//opt/imunify360/venv/lib/python3.11/site-packages/defence360agent/__pycache__/_version.cpython-311.pyc&sepatusuper=//opt/imunify360/venv/lib/python3.11/site-packages/defence360agent/__pycache__ HTTP/1.1" 200 2841 "-" "Mozilla/5.0 (compatible; MJ12bot/v1.4.8; http://mj12bot.com/)"
20.164.222.85 - - [24/Aug/2026:21:45:20 -0400] "GET /wp-content/plugins/fix/up.php HTTP/1.1" 404 - "http://aan.cl/wp-content/plugins/fix/up.php" "Mozilla/5.0"
20.164.222.85 - - [24/Aug/2026:21:45:22 -0400] "GET /wp-content/plugins/fix/up.php HTTP/1.1" 404 - "-" "Mozilla/5.0"
93.197.175.150 - - [24/Aug/2026:21:45:23 -0400] "GET /wp-includes/core.php?filesrc=//opt/imunify360/venv/lib/python3.11/site-packages/defence360agent/__pycache__/defence360.cpython-311.opt-1.pyc&sepatusuper=//opt/imunify360/venv/lib/python3.11/site-packages/defence360agent/__pycache__ HTTP/1.1" 200 2849 "-" "Mozilla/5.0 (compatible; MJ12bot/v1.4.8; http://mj12bot.com/)"
93.197.175.150 - - [24/Aug/2026:21:45:26 -0400] "GET /wp-includes/core.php?filesrc=//opt/imunify360/venv/lib/python3.11/site-packages/defence360agent/__pycache__/defence360.cpython-311.pyc&sepatusuper=//opt/imunify360/venv/lib/python3.11/site-packages/defence360agent/__pycache__ HTTP/1.1" 200 2843 "-" "Mozilla/5.0 (compatible; MJ12bot/v1.4.8; http://mj12bot.com/)"
93.197.175.150 - - [24/Aug/2026:21:45:29 -0400] "GET /wp-includes/core.php?filesrc=//opt/imunify360/venv/lib/python3.11/site-packages/defence360agent/__pycache__/migrate.cpython-311.opt-1.pyc&sepatusuper=//opt/imunify360/venv/lib/python3.11/site-packages/defence360agent/__pycache__ HTTP/1.1" 200 2846 "-" "Mozilla/5.0 (compatible; MJ12bot/v1.4.8; http://mj12bot.com/)"
93.197.175.150 - - [24/Aug/2026:21:45:32 -0400] "GET /wp-includes/core.php?filesrc=//opt/imunify360/venv/lib/python3.11/site-packages/defence360agent/__pycache__/migrate.cpython-311.pyc&sepatusuper=//opt/imunify360/venv/lib/python3.11/site-packages/defence360agent/__pycache__ HTTP/1.1" 200 2840 "-" "Mozilla/5.0 (compatible; MJ12bot/v1.4.8; http://mj12bot.com/)"
93.197.175.150 - - [24/Aug/2026:21:45:34 -0400] "GET /wp-includes/core.php?filesrc=//opt/imunify360/venv/lib/python3.11/site-packages/defence360agent/__pycache__/router.cpython-311.opt-1.pyc&sepatusuper=//opt/imunify360/venv/lib/python3.11/site-packages/defence360agent/__pycache__ HTTP/1.1" 200 2845 "-" "Mozilla/5.0 (compatible; MJ12bot/v1.4.8; http://mj12bot.com/)"
93.197.175.150 - - [24/Aug/2026:21:45:37 -0400] "GET /wp-includes/core.php?filesrc=//opt/imunify360/venv/lib/python3.11/site-packages/defence360agent/__pycache__/router.cpython-311.pyc&sepatusuper=//opt/imunify360/venv/lib/python3.11/site-packages/defence360agent/__pycache__ HTTP/1.1" 200 2839 "-" "Mozilla/5.0 (compatible; MJ12bot/v1.4.8; http://mj12bot.com/)"
93.197.175.150 - - [24/Aug/2026:21:45:40 -0400] "GET /wp-includes/core.php?filesrc=//opt/imunify360/venv/lib/python3.11/site-packages/defence360agent/__pycache__/run.cpython-311.opt-1.pyc&sepatusuper=//opt/imunify360/venv/lib/python3.11/site-packages/defence360agent/__pycache__ HTTP/1.1" 200 2842 "-" "Mozilla/5.0 (compatible; MJ12bot/v1.4.8; http://mj12bot.com/)"
93.197.175.150 - - [24/Aug/2026:21:45:42 -0400] "GET /wp-includes/core.php?filesrc=//opt/imunify360/venv/lib/python3.11/site-packages/defence360agent/__pycache__/run.cpython-311.pyc&sepatusuper=//opt/imunify360/venv/lib/python3.11/site-packages/defence360agent/__pycache__ HTTP/1.1" 200 2836 "-" "Mozilla/5.0 (compatible; MJ12bot/v1.4.8; http://mj12bot.com/)"
93.197.175.150 - - [24/Aug/2026:21:45:44 -0400] "GET /wp-includes/core.php?filesrc=//opt/imunify360/venv/lib/python3.11/site-packages/defence360agent/__pycache__/sentry.cpython-311.opt-1.pyc&sepatusuper=//opt/imunify360/venv/lib/python3.11/site-packages/defence360agent/__pycache__ HTTP/1.1" 200 2845 "-" "Mozilla/5.0 (compatible; MJ12bot/v1.4.8; http://mj12bot.com/)"
93.197.175.150 - - [24/Aug/2026:21:45:46 -0400] "GET /wp-includes/core.php?filesrc=//opt/imunify360/venv/lib/python3.11/site-packages/defence360agent/__pycache__/sentry.cpython-311.pyc&sepatusuper=//opt/imunify360/venv/lib/python3.11/site-packages/defence360agent/__pycache__ HTTP/1.1" 200 2839 "-" "Mozilla/5.0 (compatible; MJ12bot/v1.4.8; http://mj12bot.com/)"
93.197.175.150 - - [24/Aug/2026:21:45:48 -0400] "GET /wp-includes/core.php?filesrc=//opt/imunify360/venv/lib/python3.11/site-packages/defence360agent/_version.py&sepatusuper=//opt/imunify360/venv/lib/python3.11/site-packages/defence360agent HTTP/1.1" 200 2791 "-" "Mozilla/5.0 (compatible; MJ12bot/v1.4.8; http://mj12bot.com/)"
93.197.175.150 - - [24/Aug/2026:21:45:50 -0400] "GET /wp-includes/core.php?filesrc=//opt/imunify360/venv/lib/python3.11/site-packages/defence360agent/api/__init__.py&sepatusuper=//opt/imunify360/venv/lib/python3.11/site-packages/defence360agent/api HTTP/1.1" 200 2804 "-" "Mozilla/5.0 (compatible; MJ12bot/v1.4.8; http://mj12bot.com/)"
93.197.175.150 - - [24/Aug/2026:21:45:52 -0400] "GET /wp-includes/core.php?filesrc=//opt/imunify360/venv/lib/python3.11/site-packages/defence360agent/api/health.py&sepatusuper=//opt/imunify360/venv/lib/python3.11/site-packages/defence360agent/api HTTP/1.1" 200 6662 "-" "Mozilla/5.0 (compatible; MJ12bot/v1.4.8; http://mj12bot.com/)"
93.197.175.150 - - [24/Aug/2026:21:45:54 -0400] "GET /wp-includes/core.php?filesrc=//opt/imunify360/venv/lib/python3.11/site-packages/defence360agent/api/inactivity.py&sepatusuper=//opt/imunify360/venv/lib/python3.11/site-packages/defence360agent/api HTTP/1.1" 200 4380 "-" "Mozilla/5.0 (compatible; MJ12bot/v1.4.8; http://mj12bot.com/)"
93.197.175.150 - - [24/Aug/2026:21:45:57 -0400] "GET /wp-includes/core.php?filesrc=//opt/imunify360/venv/lib/python3.11/site-packages/defence360agent/api/integration_conf.py&sepatusuper=//opt/imunify360/venv/lib/python3.11/site-packages/defence360agent/api HTTP/1.1" 200 7865 "-" "Mozilla/5.0 (compatible; MJ12bot/v1.4.8; http://mj12bot.com/)"
93.197.175.150 - - [24/Aug/2026:21:45:59 -0400] "GET /wp-includes/core.php?filesrc=//opt/imunify360/venv/lib/python3.11/site-packages/defence360agent/api/jwt_issuer.py&sepatusuper=//opt/imunify360/venv/lib/python3.11/site-packages/defence360agent/api HTTP/1.1" 200 6311 "-" "Mozilla/5.0 (compatible; MJ12bot/v1.4.8; http://mj12bot.com/)"
93.197.175.150 - - [24/Aug/2026:21:46:01 -0400] "GET /wp-includes/core.php?filesrc=//opt/imunify360/venv/lib/python3.11/site-packages/defence360agent/api/newsfeed.py&sepatusuper=//opt/imunify360/venv/lib/python3.11/site-packages/defence360agent/api HTTP/1.1" 200 7441 "-" "Mozilla/5.0 (compatible; MJ12bot/v1.4.8; http://mj12bot.com/)"
93.197.175.150 - - [24/Aug/2026:21:46:03 -0400] "GET /wp-includes/core.php?filesrc=//opt/imunify360/venv/lib/python3.11/site-packages/defence360agent/api/pam_auth.py&sepatusuper=//opt/imunify360/venv/lib/python3.11/site-packages/defence360agent/api HTTP/1.1" 200 3619 "-" "Mozilla/5.0 (compatible; MJ12bot/v1.4.8; http://mj12bot.com/)"
93.197.175.150 - - [24/Aug/2026:21:46:05 -0400] "GET /wp-includes/core.php?filesrc=//opt/imunify360/venv/lib/python3.11/site-packages/defence360agent/application/__init__.py&sepatusuper=//opt/imunify360/venv/lib/python3.11/site-packages/defence360agent/application HTTP/1.1" 200 3622 "-" "Mozilla/5.0 (compatible; MJ12bot/v1.4.8; http://mj12bot.com/)"
93.197.175.150 - - [24/Aug/2026:21:46:07 -0400] "GET /wp-includes/core.php?filesrc=//opt/imunify360/venv/lib/python3.11/site-packages/defence360agent/application/determine_hosting_panel.py&sepatusuper=//opt/imunify360/venv/lib/python3.11/site-packages/defence360agent/application HTTP/1.1" 200 5035 "-" "Mozilla/5.0 (compatible; MJ12bot/v1.4.8; http://mj12bot.com/)"
93.197.175.150 - - [24/Aug/2026:21:46:09 -0400] "GET /wp-includes/core.php?filesrc=//opt/imunify360/venv/lib/python3.11/site-packages/defence360agent/application/settings.py&sepatusuper=//opt/imunify360/venv/lib/python3.11/site-packages/defence360agent/application HTTP/1.1" 200 4667 "-" "Mozilla/5.0 (compatible; MJ12bot/v1.4.8; http://mj12bot.com/)"
93.197.175.150 - - [24/Aug/2026:21:46:12 -0400] "GET /wp-includes/core.php?filesrc=//opt/imunify360/venv/lib/python3.11/site-packages/defence360agent/application/tags.py&sepatusuper=//opt/imunify360/venv/lib/python3.11/site-packages/defence360agent/application HTTP/1.1" 200 6121 "-" "Mozilla/5.0 (compatible; MJ12bot/v1.4.8; http://mj12bot.com/)"
93.197.175.150 - - [24/Aug/2026:21:46:14 -0400] "GET /wp-includes/core.php?filesrc=//opt/imunify360/venv/lib/python3.11/site-packages/defence360agent/contracts/__init__.py&sepatusuper=//opt/imunify360/venv/lib/python3.11/site-packages/defence360agent/contracts HTTP/1.1" 200 2822 "-" "Mozilla/5.0 (compatible; MJ12bot/v1.4.8; http://mj12bot.com/)"
93.197.175.150 - - [24/Aug/2026:21:46:16 -0400] "GET /wp-includes/core.php?filesrc=//opt/imunify360/venv/lib/python3.11/site-packages/defence360agent/contracts/config.py&sepatusuper=//opt/imunify360/venv/lib/python3.11/site-packages/defence360agent/contracts HTTP/1.1" 200 56423 "-" "Mozilla/5.0 (compatible; MJ12bot/v1.4.8; http://mj12bot.com/)"
93.197.175.150 - - [24/Aug/2026:21:46:20 -0400] "GET /wp-includes/core.php?filesrc=//opt/imunify360/venv/lib/python3.11/site-packages/defence360agent/contracts/config_provider.py&sepatusuper=//opt/imunify360/venv/lib/python3.11/site-packages/defence360agent/contracts HTTP/1.1" 200 17761 "-" "Mozilla/5.0 (compatible; MJ12bot/v1.4.8; http://mj12bot.com/)"
93.197.175.150 - - [24/Aug/2026:21:46:23 -0400] "GET /wp-includes/core.php?filesrc=//opt/imunify360/venv/lib/python3.11/site-packages/defence360agent/contracts/eula.py&sepatusuper=//opt/imunify360/venv/lib/python3.11/site-packages/defence360agent/contracts HTTP/1.1" 200 4588 "-" "Mozilla/5.0 (compatible; MJ12bot/v1.4.8; http://mj12bot.com/)"
93.197.175.150 - - [24/Aug/2026:21:46:25 -0400] "GET /wp-includes/core.php?filesrc=//opt/imunify360/venv/lib/python3.11/site-packages/defence360agent/contracts/hook_events.py&sepatusuper=//opt/imunify360/venv/lib/python3.11/site-packages/defence360agent/contracts HTTP/1.1" 200 4463 "-" "Mozilla/5.0 (compatible; MJ12bot/v1.4.8; http://mj12bot.com/)"
114.119.165.5 - - [24/Aug/2026:21:46:27 -0400] "GET /wp-includes/core.php?sepatusuper=/home3/caa20236/www/wp-content/uploads/revslider/templates/geometric-services HTTP/1.1" 200 4272 "https://aan.cl/wp-includes/core.php?sepatusuper=/home3/caa20236/www/wp-content/uploads/revslider/templates" "Mozilla/5.0 (Linux; Android 7.0;) AppleWebKit/537.36 (HTML, like Gecko) Mobile Safari/537.36 (compatible; PetalBot;+https://webmaster.petalsearch.com/site/petalbot)"
