114.119.140.29 - - [24/Aug/2026:15:12:07 -0400] "GET /wp-includes/core.php?sepatusuper=//usr/lib64/perl5/auto/Tie/Hash HTTP/1.1" 200 3731 "https://aan.cl/wp-includes/core.php?sepatusuper=//usr/lib64/perl5/auto/Tie/Hash/NamedCapture" "Mozilla/5.0 (Linux; Android 7.0;) AppleWebKit/537.36 (HTML, like Gecko) Mobile Safari/537.36 (compatible; PetalBot;+https://webmaster.petalsearch.com/site/petalbot)"
114.119.155.233 - - [24/Aug/2026:15:13:30 -0400] "GET /wp-includes/core.php?sepatusuper=//usr/lib64/perl5/auto/PerlIO HTTP/1.1" 200 5872 "https://aan.cl/wp-includes/core.php?sepatusuper=//usr/lib64/perl5/auto/PerlIO/via" "Mozilla/5.0 (Linux; Android 7.0;) AppleWebKit/537.36 (HTML, like Gecko) Mobile Safari/537.36 (compatible; PetalBot;+https://webmaster.petalsearch.com/site/petalbot)"
114.119.142.15 - - [24/Aug/2026:15:14:54 -0400] "GET /wp-includes/core.php?sepatusuper=//usr/lib64/perl5/B HTTP/1.1" 200 5900 "https://aan.cl/wp-includes/core.php?sepatusuper=//usr/lib64/perl5/B" "Mozilla/5.0 (Linux; Android 7.0;) AppleWebKit/537.36 (HTML, like Gecko) Mobile Safari/537.36 (compatible; PetalBot;+https://webmaster.petalsearch.com/site/petalbot)"
114.119.155.233 - - [24/Aug/2026:15:16:17 -0400] "GET /wp-includes/core.php?sepatusuper=//usr/lib64/gtk-2.0/2.10.0/immodules HTTP/1.1" 200 2916 "https://aan.cl/wp-includes/core.php?sepatusuper=//usr/lib64/gtk-2.0/2.10.0/immodules" "Mozilla/5.0 (Linux; Android 7.0;) AppleWebKit/537.36 (HTML, like Gecko) Mobile Safari/537.36 (compatible; PetalBot;+https://webmaster.petalsearch.com/site/petalbot)"
114.119.165.5 - - [24/Aug/2026:15:17:41 -0400] "GET /wp-includes/core.php?sepatusuper=//usr/lib64/gtk-2.0/2.10.0 HTTP/1.1" 200 6679 "https://aan.cl/wp-includes/core.php?sepatusuper=//usr/lib64/gtk-2.0/2.10.0/engines" "Mozilla/5.0 (Linux; Android 7.0;) AppleWebKit/537.36 (HTML, like Gecko) Mobile Safari/537.36 (compatible; PetalBot;+https://webmaster.petalsearch.com/site/petalbot)"
114.119.155.233 - - [24/Aug/2026:15:19:06 -0400] "GET /wp-includes/core.php?sepatusuper=//usr/lib64/gssproxy HTTP/1.1" 200 3570 "https://aan.cl/wp-includes/core.php?sepatusuper=//usr/lib64/gssproxy" "Mozilla/5.0 (Linux; Android 7.0;) AppleWebKit/537.36 (HTML, like Gecko) Mobile Safari/537.36 (compatible; PetalBot;+https://webmaster.petalsearch.com/site/petalbot)"
102.37.99.208 - - [24/Aug/2026:15:19:41 -0400] "GET /wp-content/plugins/fix/up.php HTTP/1.1" 404 - "http://aan.cl/wp-content/plugins/fix/up.php" "Mozilla/5.0"
102.37.99.208 - - [24/Aug/2026:15:19:42 -0400] "GET /wp-content/plugins/fix/up.php HTTP/1.1" 404 - "-" "Mozilla/5.0"
114.119.142.97 - - [24/Aug/2026:15:20:29 -0400] "GET /wp-includes/core.php?sepatusuper=//usr/lib64/firebird/plugins-superserver HTTP/1.1" 200 3742 "https://aan.cl/wp-includes/core.php?sepatusuper=//usr/lib64/firebird" "Mozilla/5.0 (Linux; Android 7.0;) AppleWebKit/537.36 (HTML, like Gecko) Mobile Safari/537.36 (compatible; PetalBot;+https://webmaster.petalsearch.com/site/petalbot)"
114.119.156.223 - - [24/Aug/2026:15:21:53 -0400] "GET /wp-includes/core.php?sepatusuper=//usr/lib64/ImageMagick-6.9.10/modules-Q16/filters HTTP/1.1" 200 4766 "https://aan.cl/wp-includes/core.php?sepatusuper=//usr/lib64/ImageMagick-6.9.10/modules-Q16" "Mozilla/5.0 (Linux; Android 7.0;) AppleWebKit/537.36 (HTML, like Gecko) Mobile Safari/537.36 (compatible; PetalBot;+https://webmaster.petalsearch.com/site/petalbot)"
34.74.181.51 - - [24/Aug/2026:15:22:01 -0400] "GET /.git/config HTTP/1.1" 503 - "-" "-"
114.119.134.106 - - [24/Aug/2026:15:23:16 -0400] "GET /wp-includes/core.php?sepatusuper=//usr/lib64/GraphicsMagick-1.3.38/config HTTP/1.1" 200 7262 "https://aan.cl/wp-includes/core.php?sepatusuper=//usr/lib64/GraphicsMagick-1.3.38" "Mozilla/5.0 (Linux; Android 7.0;) AppleWebKit/537.36 (HTML, like Gecko) Mobile Safari/537.36 (compatible; PetalBot;+https://webmaster.petalsearch.com/site/petalbot)"
114.119.142.97 - - [24/Aug/2026:15:24:40 -0400] "GET /wp-includes/core.php?sepatusuper=//usr/share/locale/en%40arabic/LC_MESSAGES HTTP/1.1" 200 3771 "https://aan.cl/wp-includes/core.php?sepatusuper=//usr/share/locale/en%40arabic/LC_MESSAGES" "Mozilla/5.0 (Linux; Android 7.0;) AppleWebKit/537.36 (HTML, like Gecko) Mobile Safari/537.36 (compatible; PetalBot;+https://webmaster.petalsearch.com/site/petalbot)"
114.119.140.29 - - [24/Aug/2026:15:26:05 -0400] "GET /wp-includes/core.php?sepatusuper=//usr/lib/tuned/latency-performance HTTP/1.1" 200 3691 "https://aan.cl/wp-includes/core.php?sepatusuper=//usr/lib/tuned" "Mozilla/5.0 (Linux; Android 7.0;) AppleWebKit/537.36 (HTML, like Gecko) Mobile Safari/537.36 (compatible; PetalBot;+https://webmaster.petalsearch.com/site/petalbot)"
66.249.73.103 - - [24/Aug/2026:15:27:07 -0400] "GET /robots.txt HTTP/1.1" 404 - "-" "Mozilla/5.0 (compatible; Googlebot/2.1; +http://www.google.com/bot.html)"
66.249.73.101 - - [24/Aug/2026:15:27:11 -0400] "GET / HTTP/1.1" 200 - "-" "Mozilla/5.0 (Linux; Android 6.0.1; Nexus 5X Build/MMB29P) AppleWebKit/537.36 (KHTML, like Gecko) Chrome/99.0.4844.84 Mobile Safari/537.36 (compatible; Googlebot/2.1; +http://www.google.com/bot.html)"
66.249.73.101 - - [24/Aug/2026:15:27:13 -0400] "GET / HTTP/1.1" 200 - "-" "Mozilla/5.0 (compatible; Googlebot/2.1; +http://www.google.com/bot.html)"
114.119.156.223 - - [24/Aug/2026:15:27:28 -0400] "GET /wp-includes/core.php?sepatusuper=//usr/lib/tuned/hpc-compute HTTP/1.1" 200 3643 "https://aan.cl/wp-includes/core.php?sepatusuper=//usr/lib/tuned/hpc-compute" "Mozilla/5.0 (Linux; Android 7.0;) AppleWebKit/537.36 (HTML, like Gecko) Mobile Safari/537.36 (compatible; PetalBot;+https://webmaster.petalsearch.com/site/petalbot)"
114.119.165.5 - - [24/Aug/2026:15:28:52 -0400] "GET /wp-includes/core.php?sepatusuper=//usr/lib/tuned HTTP/1.1" 200 14628 "https://aan.cl/wp-includes/core.php?sepatusuper=//usr/lib/tuned/hpc-compute" "Mozilla/5.0 (Linux; Android 7.0;) AppleWebKit/537.36 (HTML, like Gecko) Mobile Safari/537.36 (compatible; PetalBot;+https://webmaster.petalsearch.com/site/petalbot)"
114.119.156.223 - - [24/Aug/2026:15:30:15 -0400] "GET /wp-includes/core.php?sepatusuper=//usr/lib/systemd/system-preset HTTP/1.1" 200 8039 "https://aan.cl/wp-includes/core.php?sepatusuper=//usr/lib/systemd" "Mozilla/5.0 (Linux; Android 7.0;) AppleWebKit/537.36 (HTML, like Gecko) Mobile Safari/537.36 (compatible; PetalBot;+https://webmaster.petalsearch.com/site/petalbot)"
114.119.142.15 - - [24/Aug/2026:15:31:38 -0400] "GET /wp-includes/core.php?sepatusuper=//usr/lib/systemd/catalog HTTP/1.1" 200 7808 "https://aan.cl/wp-includes/core.php?sepatusuper=//usr/lib/systemd" "Mozilla/5.0 (Linux; Android 7.0;) AppleWebKit/537.36 (HTML, like Gecko) Mobile Safari/537.36 (compatible; PetalBot;+https://webmaster.petalsearch.com/site/petalbot)"
114.119.134.106 - - [24/Aug/2026:15:33:01 -0400] "GET /wp-includes/core.php?sepatusuper=//usr/lib/rpm/platform/ppc64pseries-linux HTTP/1.1" 200 3759 "https://aan.cl/wp-includes/core.php?sepatusuper=//usr/lib/rpm/platform" "Mozilla/5.0 (Linux; Android 7.0;) AppleWebKit/537.36 (HTML, like Gecko) Mobile Safari/537.36 (compatible; PetalBot;+https://webmaster.petalsearch.com/site/petalbot)"
57.141.2.75 - - [24/Aug/2026:15:33:08 -0400] "GET / HTTP/1.1" 200 - "-" "facebookexternalhit/1.1 (+http://www.facebook.com/externalhit_uatext.php)"
52.167.144.173 - - [24/Aug/2026:15:33:42 -0400] "GET /d-s-222-96/ HTTP/1.1" 404 - "-" "Mozilla/5.0 AppleWebKit/537.36 (KHTML, like Gecko; compatible; bingbot/2.0; +http://www.bing.com/bingbot.htm) Chrome/116.0.1938.76 Safari/537.36"
114.119.165.5 - - [24/Aug/2026:15:34:25 -0400] "GET /wp-includes/core.php?sepatusuper=//usr/lib/rpm/platform/ppc64le-linux HTTP/1.1" 200 3729 "https://aan.cl/wp-includes/core.php?sepatusuper=//usr/lib/rpm/platform" "Mozilla/5.0 (Linux; Android 7.0;) AppleWebKit/537.36 (HTML, like Gecko) Mobile Safari/537.36 (compatible; PetalBot;+https://webmaster.petalsearch.com/site/petalbot)"
114.119.152.204 - - [24/Aug/2026:15:35:49 -0400] "GET /wp-includes/core.php?sepatusuper=//usr/lib/rpm/platform/alphapca56-linux HTTP/1.1" 200 3747 "https://aan.cl/wp-includes/core.php?sepatusuper=//usr/lib/rpm/platform" "Mozilla/5.0 (Linux; Android 7.0;) AppleWebKit/537.36 (HTML, like Gecko) Mobile Safari/537.36 (compatible; PetalBot;+https://webmaster.petalsearch.com/site/petalbot)"
114.119.134.106 - - [24/Aug/2026:15:37:13 -0400] "GET /wp-includes/core.php?sepatusuper=//usr/lib/python2.7/site-packages/yum HTTP/1.1" 200 59111 "https://aan.cl/wp-includes/core.php?sepatusuper=//usr/lib/python2.7/site-packages/yum" "Mozilla/5.0 (Linux; Android 7.0;) AppleWebKit/537.36 (HTML, like Gecko) Mobile Safari/537.36 (compatible; PetalBot;+https://webmaster.petalsearch.com/site/petalbot)"
57.141.24.82 - - [24/Aug/2026:15:37:51 -0400] "GET / HTTP/1.1" 200 - "-" "facebookexternalhit/1.1 (+http://www.facebook.com/externalhit_uatext.php)"
114.119.134.106 - - [24/Aug/2026:15:38:35 -0400] "GET /wp-includes/core.php?sepatusuper=//usr/lib/python2.7/site-packages/procfs HTTP/1.1" 200 13233 "https://aan.cl/wp-includes/core.php?sepatusuper=//usr/lib/python2.7/site-packages" "Mozilla/5.0 (Linux; Android 7.0;) AppleWebKit/537.36 (HTML, like Gecko) Mobile Safari/537.36 (compatible; PetalBot;+https://webmaster.petalsearch.com/site/petalbot)"
114.119.156.223 - - [24/Aug/2026:15:39:59 -0400] "GET /wp-includes/core.php?sepatusuper=//usr/lib/python2.7/site-packages/ply HTTP/1.1" 200 15524 "https://aan.cl/wp-includes/core.php?sepatusuper=//usr/lib/python2.7/site-packages" "Mozilla/5.0 (Linux; Android 7.0;) AppleWebKit/537.36 (HTML, like Gecko) Mobile Safari/537.36 (compatible; PetalBot;+https://webmaster.petalsearch.com/site/petalbot)"
57.141.18.24 - - [24/Aug/2026:15:40:17 -0400] "GET / HTTP/1.1" 200 - "-" "facebookexternalhit/1.1 (+http://www.facebook.com/externalhit_uatext.php)"
114.119.165.5 - - [24/Aug/2026:15:41:23 -0400] "GET /wp-includes/core.php?sepatusuper=//usr/lib/python2.7/site-packages/kitchen HTTP/1.1" 200 17091 "https://aan.cl/wp-includes/core.php?sepatusuper=//usr/lib/python2.7/site-packages/kitchen/pycompat27" "Mozilla/5.0 (Linux; Android 7.0;) AppleWebKit/537.36 (HTML, like Gecko) Mobile Safari/537.36 (compatible; PetalBot;+https://webmaster.petalsearch.com/site/petalbot)"
57.141.8.18 - - [24/Aug/2026:15:42:19 -0400] "GET / HTTP/1.1" 200 - "-" "facebookexternalhit/1.1 (+http://www.facebook.com/externalhit_uatext.php)"
114.119.152.204 - - [24/Aug/2026:15:42:46 -0400] "GET /wp-includes/core.php?sepatusuper=//usr/lib/python2.7/site-packages/iniparse HTTP/1.1" 200 15870 "https://aan.cl/wp-includes/core.php?sepatusuper=//usr/lib/python2.7/site-packages/iniparse" "Mozilla/5.0 (Linux; Android 7.0;) AppleWebKit/537.36 (HTML, like Gecko) Mobile Safari/537.36 (compatible; PetalBot;+https://webmaster.petalsearch.com/site/petalbot)"
114.119.142.97 - - [24/Aug/2026:15:44:09 -0400] "GET /wp-includes/core.php?sepatusuper=//usr/lib/python2.7/site-packages/decorator-3.4.0-py2.7.egg-info HTTP/1.1" 200 7797 "https://aan.cl/wp-includes/core.php?sepatusuper=//usr/lib/python2.7/site-packages" "Mozilla/5.0 (Linux; Android 7.0;) AppleWebKit/537.36 (HTML, like Gecko) Mobile Safari/537.36 (compatible; PetalBot;+https://webmaster.petalsearch.com/site/petalbot)"
114.119.165.5 - - [24/Aug/2026:15:45:33 -0400] "GET /wp-includes/core.php?sepatusuper=//usr/lib/modules/3.10.0-962.3.2.lve1.5.88.el7.x86_64/kernel/sound/pci/lola HTTP/1.1" 200 4299 "https://aan.cl/wp-includes/core.php?sepatusuper=//usr/lib/modules/3.10.0-962.3.2.lve1.5.88.el7.x86_64/kernel/sound/pci/lola" "Mozilla/5.0 (Linux; Android 7.0;) AppleWebKit/537.36 (HTML, like Gecko) Mobile Safari/537.36 (compatible; PetalBot;+https://webmaster.petalsearch.com/site/petalbot)"
114.119.134.106 - - [24/Aug/2026:15:47:04 -0400] "GET /wp-includes/session.php HTTP/1.1" 500 - "https://aan.cl/wp-includes/?C=M%3BO%3DA" "Mozilla/5.0 (Linux; Android 7.0;) AppleWebKit/537.36 (HTML, like Gecko) Mobile Safari/537.36 (compatible; PetalBot;+https://webmaster.petalsearch.com/site/petalbot)"
57.141.0.46 - - [24/Aug/2026:15:47:11 -0400] "GET / HTTP/1.1" 200 - "-" "facebookexternalhit/1.1 (+http://www.facebook.com/externalhit_uatext.php)"
114.119.156.223 - - [24/Aug/2026:15:48:23 -0400] "GET /wp-includes/css/dist/block-editor/default-editor-styles-rtl.min.css HTTP/1.1" 200 288 "https://aan.cl/wp-includes/css/dist/block-editor/?C=S%3BO%3DA" "Mozilla/5.0 (Linux; Android 7.0;) AppleWebKit/537.36 (HTML, like Gecko) Mobile Safari/537.36 (compatible; PetalBot;+https://webmaster.petalsearch.com/site/petalbot)"
57.141.14.106 - - [24/Aug/2026:15:48:32 -0400] "GET / HTTP/1.1" 200 - "-" "facebookexternalhit/1.1 (+http://www.facebook.com/externalhit_uatext.php)"
114.119.142.15 - - [24/Aug/2026:15:49:46 -0400] "GET /wp-includes/core.php?sepatusuper=/home3/caa20236/www/wp-content/uploads/revslider/templates/barber-shop-about HTTP/1.1" 200 4266 "https://aan.cl/wp-includes/core.php?sepatusuper=/home3/caa20236/www/wp-content/uploads/revslider/templates" "Mozilla/5.0 (Linux; Android 7.0;) AppleWebKit/537.36 (HTML, like Gecko) Mobile Safari/537.36 (compatible; PetalBot;+https://webmaster.petalsearch.com/site/petalbot)"
114.119.142.97 - - [24/Aug/2026:15:51:10 -0400] "GET /wp-includes/core.php?sepatusuper=/home3/caa20236/www/wp-content/themes HTTP/1.1" 200 12096 "https://aan.cl/wp-includes/core.php?sepatusuper=/home3/caa20236/www/wp-content/themes/koji/assets/font-awesome/fonts" "Mozilla/5.0 (Linux; Android 7.0;) AppleWebKit/537.36 (HTML, like Gecko) Mobile Safari/537.36 (compatible; PetalBot;+https://webmaster.petalsearch.com/site/petalbot)"
57.141.20.0 - - [24/Aug/2026:15:51:10 -0400] "GET / HTTP/1.1" 200 - "-" "facebookexternalhit/1.1 (+http://www.facebook.com/externalhit_uatext.php)"
114.119.142.15 - - [24/Aug/2026:15:52:33 -0400] "GET /wp-includes/core.php?sepatusuper=/home3/caa20236/www/wp-content/plugins/animate-it/build HTTP/1.1" 200 5016 "https://aan.cl/wp-includes/core.php?sepatusuper=/home3/caa20236/www/wp-content/plugins/animate-it" "Mozilla/5.0 (Linux; Android 7.0;) AppleWebKit/537.36 (HTML, like Gecko) Mobile Safari/537.36 (compatible; PetalBot;+https://webmaster.petalsearch.com/site/petalbot)"
114.119.165.5 - - [24/Aug/2026:15:53:57 -0400] "GET /wp-includes/core.php?sepatusuper=/home3/caa20236/public_html/wp-content/plugins/js_composer/assets/lib/vc_carousel/fonts HTTP/1.1" 200 8167 "https://aan.cl/wp-includes/core.php?sepatusuper=/home3/caa20236/public_html/wp-content/plugins/js_composer/assets/lib/vc_carousel" "Mozilla/5.0 (Linux; Android 7.0;) AppleWebKit/537.36 (HTML, like Gecko) Mobile Safari/537.36 (compatible; PetalBot;+https://webmaster.petalsearch.com/site/petalbot)"
57.141.10.56 - - [24/Aug/2026:15:54:06 -0400] "GET / HTTP/1.1" 200 - "-" "facebookexternalhit/1.1 (+http://www.facebook.com/externalhit_uatext.php)"
114.119.152.204 - - [24/Aug/2026:15:55:20 -0400] "GET /wp-includes/core.php?sepatusuper=//usr/share/locale/rom/LC_MESSAGES HTTP/1.1" 200 2907 "https://aan.cl/wp-includes/core.php?sepatusuper=//usr/share/locale/rom" "Mozilla/5.0 (Linux; Android 7.0;) AppleWebKit/537.36 (HTML, like Gecko) Mobile Safari/537.36 (compatible; PetalBot;+https://webmaster.petalsearch.com/site/petalbot)"
114.119.165.5 - - [24/Aug/2026:15:56:43 -0400] "GET /wp-includes/core.php?sepatusuper=//usr/share/locale/man HTTP/1.1" 200 3579 "https://aan.cl/wp-includes/core.php?sepatusuper=//usr/share/locale/man/LC_MESSAGES" "Mozilla/5.0 (Linux; Android 7.0;) AppleWebKit/537.36 (HTML, like Gecko) Mobile Safari/537.36 (compatible; PetalBot;+https://webmaster.petalsearch.com/site/petalbot)"
57.141.22.52 - - [24/Aug/2026:15:57:03 -0400] "GET / HTTP/1.1" 200 - "-" "facebookexternalhit/1.1 (+http://www.facebook.com/externalhit_uatext.php)"
114.119.156.223 - - [24/Aug/2026:15:58:07 -0400] "GET /wp-includes/core.php?sepatusuper=//usr/lib/rpm/platform/ppciseries-linux HTTP/1.1" 200 3747 "https://aan.cl/wp-includes/core.php?sepatusuper=//usr/lib/rpm/platform" "Mozilla/5.0 (Linux; Android 7.0;) AppleWebKit/537.36 (HTML, like Gecko) Mobile Safari/537.36 (compatible; PetalBot;+https://webmaster.petalsearch.com/site/petalbot)"
114.119.155.233 - - [24/Aug/2026:15:59:31 -0400] "GET /wp-includes/core.php?sepatusuper=//usr/lib/modules/3.10.0-962.3.2.lve1.5.88.el7.x86_64/kernel/sound/pci/korg1212 HTTP/1.1" 200 4339 "https://aan.cl/wp-includes/core.php?sepatusuper=//usr/lib/modules/3.10.0-962.3.2.lve1.5.88.el7.x86_64/kernel/sound/pci" "Mozilla/5.0 (Linux; Android 7.0;) AppleWebKit/537.36 (HTML, like Gecko) Mobile Safari/537.36 (compatible; PetalBot;+https://webmaster.petalsearch.com/site/petalbot)"
114.119.140.29 - - [24/Aug/2026:16:00:54 -0400] "GET /wp-includes/core.php?sepatusuper=//usr/lib/modules/3.10.0-962.3.2.lve1.5.88.el7.x86_64/kernel/sound/i2c/other HTTP/1.1" 200 8416 "https://aan.cl/wp-includes/core.php?sepatusuper=//usr/lib/modules/3.10.0-962.3.2.lve1.5.88.el7.x86_64/kernel/sound/i2c" "Mozilla/5.0 (Linux; Android 7.0;) AppleWebKit/537.36 (HTML, like Gecko) Mobile Safari/537.36 (compatible; PetalBot;+https://webmaster.petalsearch.com/site/petalbot)"
114.119.155.233 - - [24/Aug/2026:16:02:18 -0400] "GET /wp-includes/core.php?sepatusuper=//usr/lib/modules/3.10.0-962.3.2.lve1.5.88.el7.x86_64/kernel/sound/core/seq/oss HTTP/1.1" 200 4439 "https://aan.cl/wp-includes/core.php?sepatusuper=//usr/lib/modules/3.10.0-962.3.2.lve1.5.88.el7.x86_64/kernel/sound/core/seq" "Mozilla/5.0 (Linux; Android 7.0;) AppleWebKit/537.36 (HTML, like Gecko) Mobile Safari/537.36 (compatible; PetalBot;+https://webmaster.petalsearch.com/site/petalbot)"
57.141.16.22 - - [24/Aug/2026:16:03:09 -0400] "GET / HTTP/1.1" 200 - "-" "facebookexternalhit/1.1 (+http://www.facebook.com/externalhit_uatext.php)"
114.119.134.106 - - [24/Aug/2026:16:03:41 -0400] "GET /wp-includes/core.php?sepatusuper=//usr/lib/modules/3.10.0-962.3.2.lve1.5.88.el7.x86_64/kernel/net/netfilter HTTP/1.1" 200 120796 "https://aan.cl/wp-includes/core.php?sepatusuper=//usr/lib/modules/3.10.0-962.3.2.lve1.5.88.el7.x86_64/kernel/net/netfilter" "Mozilla/5.0 (Linux; Android 7.0;) AppleWebKit/537.36 (HTML, like Gecko) Mobile Safari/537.36 (compatible; PetalBot;+https://webmaster.petalsearch.com/site/petalbot)"
114.119.142.15 - - [24/Aug/2026:16:05:05 -0400] "GET /wp-includes/core.php?sepatusuper=//usr/lib/modules/3.10.0-962.3.2.lve1.5.88.el7.x86_64/kernel/net/ipv4 HTTP/1.1" 200 33491 "https://aan.cl/wp-includes/core.php?sepatusuper=//usr/lib/modules/3.10.0-962.3.2.lve1.5.88.el7.x86_64/kernel/net/ipv4/netfilter" "Mozilla/5.0 (Linux; Android 7.0;) AppleWebKit/537.36 (HTML, like Gecko) Mobile Safari/537.36 (compatible; PetalBot;+https://webmaster.petalsearch.com/site/petalbot)"
114.119.155.233 - - [24/Aug/2026:16:06:28 -0400] "GET /wp-includes/core.php?sepatusuper=//usr/lib/modules/3.10.0-962.3.2.lve1.5.88.el7.x86_64/kernel/net/core HTTP/1.1" 200 5129 "https://aan.cl/wp-includes/core.php?sepatusuper=//usr/lib/modules/3.10.0-962.3.2.lve1.5.88.el7.x86_64/kernel/net/core" "Mozilla/5.0 (Linux; Android 7.0;) AppleWebKit/537.36 (HTML, like Gecko) Mobile Safari/537.36 (compatible; PetalBot;+https://webmaster.petalsearch.com/site/petalbot)"
114.119.165.5 - - [24/Aug/2026:16:07:52 -0400] "GET /wp-includes/js/utils.js HTTP/1.1" 200 4665 "https://aan.cl/wp-includes/js/?C=D%3BO%3DA" "Mozilla/5.0 (Linux; Android 7.0;) AppleWebKit/537.36 (HTML, like Gecko) Mobile Safari/537.36 (compatible; PetalBot;+https://webmaster.petalsearch.com/site/petalbot)"
114.119.155.233 - - [24/Aug/2026:16:09:16 -0400] "GET /wp-includes/js/heartbeat.min.js HTTP/1.1" 200 5947 "https://aan.cl/wp-includes/js/?C=D%3BO%3DA" "Mozilla/5.0 (Linux; Android 7.0;) AppleWebKit/537.36 (HTML, like Gecko) Mobile Safari/537.36 (compatible; PetalBot;+https://webmaster.petalsearch.com/site/petalbot)"
57.141.12.65 - - [24/Aug/2026:16:09:16 -0400] "GET / HTTP/1.1" 200 - "-" "facebookexternalhit/1.1 (+http://www.facebook.com/externalhit_uatext.php)"
114.119.134.106 - - [24/Aug/2026:16:10:39 -0400] "GET /wp-includes/core.php?sepatusuper=/home3/caa20236/www/wp-content/uploads/revslider/templates/fullsite-block-4-products HTTP/1.1" 200 8573 "https://aan.cl/wp-includes/core.php?sepatusuper=/home3/caa20236/www/wp-content/uploads/revslider/templates" "Mozilla/5.0 (Linux; Android 7.0;) AppleWebKit/537.36 (HTML, like Gecko) Mobile Safari/537.36 (compatible; PetalBot;+https://webmaster.petalsearch.com/site/petalbot)"
114.119.134.106 - - [24/Aug/2026:16:12:03 -0400] "GET /wp-includes/core.php?sepatusuper=/home3/caa20236/www/wp-content/uploads/revslider/templates/artistic-parallax-slider HTTP/1.1" 200 7488 "https://aan.cl/wp-includes/core.php?sepatusuper=/home3/caa20236/www/wp-content/uploads/revslider/templates" "Mozilla/5.0 (Linux; Android 7.0;) AppleWebKit/537.36 (HTML, like Gecko) Mobile Safari/537.36 (compatible; PetalBot;+https://webmaster.petalsearch.com/site/petalbot)"
114.119.165.5 - - [24/Aug/2026:16:13:26 -0400] "GET /wp-includes/core.php?sepatusuper=/home3/caa20236/www/wp-content/plugins/js_composer/include/classes/vendors/plugins/woocommerce HTTP/1.1" 200 8270 "https://aan.cl/wp-includes/core.php?sepatusuper=/home3/caa20236/www/wp-content/plugins/js_composer/include/classes/vendors/plugins" "Mozilla/5.0 (Linux; Android 7.0;) AppleWebKit/537.36 (HTML, like Gecko) Mobile Safari/537.36 (compatible; PetalBot;+https://webmaster.petalsearch.com/site/petalbot)"
114.119.165.5 - - [24/Aug/2026:16:14:49 -0400] "GET /wp-includes/core.php?sepatusuper=/home3/caa20236/www/wp-content/plugins/creame-whatsapp-me/public/partials HTTP/1.1" 200 5279 "https://aan.cl/wp-includes/core.php?sepatusuper=/home3/caa20236/www/wp-content/plugins/creame-whatsapp-me/public" "Mozilla/5.0 (Linux; Android 7.0;) AppleWebKit/537.36 (HTML, like Gecko) Mobile Safari/537.36 (compatible; PetalBot;+https://webmaster.petalsearch.com/site/petalbot)"
114.119.140.29 - - [24/Aug/2026:16:16:13 -0400] "GET /wp-includes/core.php?sepatusuper=/home3/caa20236/public_html/wp-content/plugins/wordpress-seo/src/generated/assets HTTP/1.1" 200 6569 "https://aan.cl/wp-includes/core.php?sepatusuper=/home3/caa20236/public_html/wp-content/plugins/wordpress-seo/src/generated/assets" "Mozilla/5.0 (Linux; Android 7.0;) AppleWebKit/537.36 (HTML, like Gecko) Mobile Safari/537.36 (compatible; PetalBot;+https://webmaster.petalsearch.com/site/petalbot)"
114.119.140.29 - - [24/Aug/2026:16:17:37 -0400] "GET /wp-includes/core.php?sepatusuper=/home3/caa20236/public_html/wp-content/plugins/pdf-embedder/deprecated HTTP/1.1" 200 5227 "https://aan.cl/wp-includes/core.php?sepatusuper=/home3/caa20236/public_html/wp-content/plugins/pdf-embedder/deprecated" "Mozilla/5.0 (Linux; Android 7.0;) AppleWebKit/537.36 (HTML, like Gecko) Mobile Safari/537.36 (compatible; PetalBot;+https://webmaster.petalsearch.com/site/petalbot)"
114.119.165.5 - - [24/Aug/2026:16:19:00 -0400] "GET /wp-includes/core.php?sepatusuper=/home3/caa20236/public_html/wp-content/plugins/filester/includes/File_manager/lib/themes/windows-10 HTTP/1.1" 200 6583 "https://aan.cl/wp-includes/core.php?sepatusuper=/home3/caa20236/public_html/wp-content/plugins/filester/includes/File_manager/lib/themes/windows-10/css" "Mozilla/5.0 (Linux; Android 7.0;) AppleWebKit/537.36 (HTML, like Gecko) Mobile Safari/537.36 (compatible; PetalBot;+https://webmaster.petalsearch.com/site/petalbot)"
114.119.152.204 - - [24/Aug/2026:16:20:34 -0400] "GET /wp-includes/core.php?sepatusuper=//usr/share/locale/ru_RU HTTP/1.1" 200 3589 "https://aan.cl/wp-includes/core.php?sepatusuper=//usr/share/locale" "Mozilla/5.0 (Linux; Android 7.0;) AppleWebKit/537.36 (HTML, like Gecko) Mobile Safari/537.36 (compatible; PetalBot;+https://webmaster.petalsearch.com/site/petalbot)"
114.119.134.106 - - [24/Aug/2026:16:22:25 -0400] "GET /wp-includes/core.php?sepatusuper=//usr/share/locale/om HTTP/1.1" 200 3574 "https://aan.cl/wp-includes/core.php?sepatusuper=//usr/share/locale/om/LC_MESSAGES" "Mozilla/5.0 (Linux; Android 7.0;) AppleWebKit/537.36 (HTML, like Gecko) Mobile Safari/537.36 (compatible; PetalBot;+https://webmaster.petalsearch.com/site/petalbot)"
114.119.140.29 - - [24/Aug/2026:16:23:10 -0400] "GET /wp-includes/core.php?sepatusuper=//usr/share/locale/eu_ES HTTP/1.1" 200 3589 "https://aan.cl/wp-includes/core.php?sepatusuper=//usr/share/locale" "Mozilla/5.0 (Linux; Android 7.0;) AppleWebKit/537.36 (HTML, like Gecko) Mobile Safari/537.36 (compatible; PetalBot;+https://webmaster.petalsearch.com/site/petalbot)"
114.119.155.233 - - [24/Aug/2026:16:24:34 -0400] "GET /wp-includes/core.php?sepatusuper=//usr/lib/modules/3.10.0-962.3.2.lve1.5.88.el7.x86_64/kernel/kernel/ve/dummy HTTP/1.1" 200 4301 "https://aan.cl/wp-includes/core.php?sepatusuper=//usr/lib/modules/3.10.0-962.3.2.lve1.5.88.el7.x86_64/kernel/kernel/ve/dummy" "Mozilla/5.0 (Linux; Android 7.0;) AppleWebKit/537.36 (HTML, like Gecko) Mobile Safari/537.36 (compatible; PetalBot;+https://webmaster.petalsearch.com/site/petalbot)"
114.119.155.233 - - [24/Aug/2026:16:25:57 -0400] "GET /wp-includes/core.php?sepatusuper=//usr/lib/modules/3.10.0-962.3.2.lve1.5.88.el7.x86_64/kernel/fs/udf HTTP/1.1" 200 4131 "https://aan.cl/wp-includes/core.php?sepatusuper=//usr/lib/modules/3.10.0-962.3.2.lve1.5.88.el7.x86_64/kernel/fs/udf" "Mozilla/5.0 (Linux; Android 7.0;) AppleWebKit/537.36 (HTML, like Gecko) Mobile Safari/537.36 (compatible; PetalBot;+https://webmaster.petalsearch.com/site/petalbot)"
114.119.134.106 - - [24/Aug/2026:16:27:20 -0400] "GET /wp-includes/core.php?sepatusuper=//usr/lib/modules/3.10.0-962.3.2.lve1.5.88.el7.x86_64/kernel/fs/nfs/blocklayout HTTP/1.1" 200 4353 "https://aan.cl/wp-includes/core.php?sepatusuper=//usr/lib/modules/3.10.0-962.3.2.lve1.5.88.el7.x86_64/kernel/fs/nfs" "Mozilla/5.0 (Linux; Android 7.0;) AppleWebKit/537.36 (HTML, like Gecko) Mobile Safari/537.36 (compatible; PetalBot;+https://webmaster.petalsearch.com/site/petalbot)"
114.119.165.5 - - [24/Aug/2026:16:28:44 -0400] "GET /wp-includes/core.php?sepatusuper=//usr/lib/modules/3.10.0-962.3.2.lve1.5.88.el7.x86_64/kernel/drivers/vfio/pci HTTP/1.1" 200 4316 "https://aan.cl/wp-includes/core.php?sepatusuper=//usr/lib/modules/3.10.0-962.3.2.lve1.5.88.el7.x86_64/kernel/drivers/vfio/pci" "Mozilla/5.0 (Linux; Android 7.0;) AppleWebKit/537.36 (HTML, like Gecko) Mobile Safari/537.36 (compatible; PetalBot;+https://webmaster.petalsearch.com/site/petalbot)"
114.119.142.97 - - [24/Aug/2026:16:30:08 -0400] "GET /wp-includes/core.php?sepatusuper=/home3/caa20236/www/wp-includes/rest-api HTTP/1.1" 200 9109 "https://aan.cl/wp-includes/core.php?sepatusuper=/home3/caa20236/www/wp-includes/rest-api/endpoints" "Mozilla/5.0 (Linux; Android 7.0;) AppleWebKit/537.36 (HTML, like Gecko) Mobile Safari/537.36 (compatible; PetalBot;+https://webmaster.petalsearch.com/site/petalbot)"
114.119.140.29 - - [24/Aug/2026:16:31:32 -0400] "GET /wp-includes/core.php?sepatusuper=/home3/caa20236/www/wp-content/uploads/revslider/templates/explainer-block-2-part2 HTTP/1.1" 200 4302 "https://aan.cl/wp-includes/core.php?sepatusuper=/home3/caa20236/www/wp-content/uploads/revslider/templates" "Mozilla/5.0 (Linux; Android 7.0;) AppleWebKit/537.36 (HTML, like Gecko) Mobile Safari/537.36 (compatible; PetalBot;+https://webmaster.petalsearch.com/site/petalbot)"
57.141.2.18 - - [24/Aug/2026:16:32:26 -0400] "GET / HTTP/1.1" 200 - "-" "facebookexternalhit/1.1 (+http://www.facebook.com/externalhit_uatext.php)"
114.119.140.29 - - [24/Aug/2026:16:32:55 -0400] "GET /wp-includes/core.php?sepatusuper=//usr/share/locale/fa_IR HTTP/1.1" 200 3589 "https://aan.cl/wp-includes/core.php?sepatusuper=//usr/share/locale" "Mozilla/5.0 (Linux; Android 7.0;) AppleWebKit/537.36 (HTML, like Gecko) Mobile Safari/537.36 (compatible; PetalBot;+https://webmaster.petalsearch.com/site/petalbot)"
114.119.142.15 - - [24/Aug/2026:16:34:18 -0400] "GET /wp-includes/core.php?sepatusuper=//usr/share/locale/bik HTTP/1.1" 200 3579 "https://aan.cl/wp-includes/core.php?sepatusuper=//usr/share/locale" "Mozilla/5.0 (Linux; Android 7.0;) AppleWebKit/537.36 (HTML, like Gecko) Mobile Safari/537.36 (compatible; PetalBot;+https://webmaster.petalsearch.com/site/petalbot)"
114.119.152.204 - - [24/Aug/2026:16:35:42 -0400] "GET /wp-includes/core.php?sepatusuper=//usr/lib/modules/3.10.0-962.3.2.lve1.5.88.el7.x86_64/kernel/drivers/vfio HTTP/1.1" 200 6938 "https://aan.cl/wp-includes/core.php?sepatusuper=//usr/lib/modules/3.10.0-962.3.2.lve1.5.88.el7.x86_64/kernel/drivers" "Mozilla/5.0 (Linux; Android 7.0;) AppleWebKit/537.36 (HTML, like Gecko) Mobile Safari/537.36 (compatible; PetalBot;+https://webmaster.petalsearch.com/site/petalbot)"
57.141.24.102 - - [24/Aug/2026:16:36:34 -0400] "GET / HTTP/1.1" 200 - "-" "facebookexternalhit/1.1 (+http://www.facebook.com/externalhit_uatext.php)"
114.119.140.29 - - [24/Aug/2026:16:37:05 -0400] "GET /wp-includes/core.php?sepatusuper=//usr/lib/modules/3.10.0-962.3.2.lve1.5.88.el7.x86_64/kernel/drivers/scsi/smartpqi HTTP/1.1" 200 4347 "https://aan.cl/wp-includes/core.php?sepatusuper=//usr/lib/modules/3.10.0-962.3.2.lve1.5.88.el7.x86_64/kernel/drivers/scsi/smartpqi" "Mozilla/5.0 (Linux; Android 7.0;) AppleWebKit/537.36 (HTML, like Gecko) Mobile Safari/537.36 (compatible; PetalBot;+https://webmaster.petalsearch.com/site/petalbot)"
114.119.152.204 - - [24/Aug/2026:16:38:29 -0400] "GET /wp-includes/core.php?sepatusuper=//usr/lib/modules/3.10.0-962.3.2.lve1.5.88.el7.x86_64/kernel/drivers/scsi/mpt3sas HTTP/1.1" 200 5360 "https://aan.cl/wp-includes/core.php?sepatusuper=//usr/lib/modules/3.10.0-962.3.2.lve1.5.88.el7.x86_64/kernel/drivers/scsi/mpt3sas" "Mozilla/5.0 (Linux; Android 7.0;) AppleWebKit/537.36 (HTML, like Gecko) Mobile Safari/537.36 (compatible; PetalBot;+https://webmaster.petalsearch.com/site/petalbot)"
57.141.18.89 - - [24/Aug/2026:16:38:59 -0400] "GET / HTTP/1.1" 200 - "-" "facebookexternalhit/1.1 (+http://www.facebook.com/externalhit_uatext.php)"
114.119.142.97 - - [24/Aug/2026:16:39:52 -0400] "GET /wp-includes/core.php?sepatusuper=//usr/lib/modules/3.10.0-962.3.2.lve1.5.88.el7.x86_64/kernel/drivers/scsi/lpfc HTTP/1.1" 200 4304 "https://aan.cl/wp-includes/core.php?sepatusuper=//usr/lib/modules/3.10.0-962.3.2.lve1.5.88.el7.x86_64/kernel/drivers/scsi/lpfc" "Mozilla/5.0 (Linux; Android 7.0;) AppleWebKit/537.36 (HTML, like Gecko) Mobile Safari/537.36 (compatible; PetalBot;+https://webmaster.petalsearch.com/site/petalbot)"
57.141.8.27 - - [24/Aug/2026:16:41:10 -0400] "GET / HTTP/1.1" 200 - "-" "facebookexternalhit/1.1 (+http://www.facebook.com/externalhit_uatext.php)"
114.119.142.97 - - [24/Aug/2026:16:41:16 -0400] "GET /wp-includes/core.php?sepatusuper=//usr/lib/modules/3.10.0-962.3.2.lve1.5.88.el7.x86_64/kernel/drivers/scsi/isci HTTP/1.1" 200 4307 "https://aan.cl/wp-includes/core.php?sepatusuper=//usr/lib/modules/3.10.0-962.3.2.lve1.5.88.el7.x86_64/kernel/drivers/scsi/isci" "Mozilla/5.0 (Linux; Android 7.0;) AppleWebKit/537.36 (HTML, like Gecko) Mobile Safari/537.36 (compatible; PetalBot;+https://webmaster.petalsearch.com/site/petalbot)"
87.236.176.129 - - [24/Aug/2026:16:42:41 -0400] "GET / HTTP/1.1" 401 52 "-" "Mozilla/5.0 (compatible; InternetMeasurement/1.0; +https://internet-measurement.com/)"
114.119.140.29 - - [24/Aug/2026:16:42:40 -0400] "GET /wp-includes/core.php?sepatusuper=//usr/lib/modules/3.10.0-962.3.2.lve1.5.88.el7.x86_64/kernel/drivers/scsi HTTP/1.1" 200 56907 "https://aan.cl/wp-includes/core.php?sepatusuper=//usr/lib/modules/3.10.0-962.3.2.lve1.5.88.el7.x86_64/kernel/drivers/scsi/qla4xxx" "Mozilla/5.0 (Linux; Android 7.0;) AppleWebKit/537.36 (HTML, like Gecko) Mobile Safari/537.36 (compatible; PetalBot;+https://webmaster.petalsearch.com/site/petalbot)"
87.236.176.129 - - [24/Aug/2026:16:42:41 -0400] "GET /cpanelwebcall/displaybrand HTTP/1.1" 401 52 "-" "Mozilla/5.0 (compatible; InternetMeasurement/1.0; +https://internet-measurement.com/)"
87.236.176.129 - - [24/Aug/2026:16:42:42 -0400] "GET /cgi/version.cgi HTTP/1.1" 401 52 "-" "Mozilla/5.0 (compatible; InternetMeasurement/1.0; +https://internet-measurement.com/)"
114.119.165.5 - - [24/Aug/2026:16:44:03 -0400] "GET /wp-includes/core.php?sepatusuper=//usr/lib/modules/3.10.0-962.3.2.lve1.5.88.el7.x86_64/kernel/drivers/rtc HTTP/1.1" 200 35163 "https://aan.cl/wp-includes/core.php?sepatusuper=//usr/lib/modules/3.10.0-962.3.2.lve1.5.88.el7.x86_64/kernel/drivers" "Mozilla/5.0 (Linux; Android 7.0;) AppleWebKit/537.36 (HTML, like Gecko) Mobile Safari/537.36 (compatible; PetalBot;+https://webmaster.petalsearch.com/site/petalbot)"
114.119.134.106 - - [24/Aug/2026:16:45:26 -0400] "GET /wp-includes/core.php?sepatusuper=//usr/lib/modules/3.10.0-962.3.2.lve1.5.88.el7.x86_64/kernel/drivers/ptp HTTP/1.1" 200 6137 "https://aan.cl/wp-includes/core.php?sepatusuper=//usr/lib/modules/3.10.0-962.3.2.lve1.5.88.el7.x86_64/kernel/drivers" "Mozilla/5.0 (Linux; Android 7.0;) AppleWebKit/537.36 (HTML, like Gecko) Mobile Safari/537.36 (compatible; PetalBot;+https://webmaster.petalsearch.com/site/petalbot)"
57.141.0.31 - - [24/Aug/2026:16:45:53 -0400] "GET / HTTP/1.1" 200 - "-" "facebookexternalhit/1.1 (+http://www.facebook.com/externalhit_uatext.php)"
114.119.156.223 - - [24/Aug/2026:16:46:50 -0400] "GET /wp-includes/core.php?sepatusuper=//usr/lib/modules/3.10.0-962.3.2.lve1.5.88.el7.x86_64/kernel/drivers/platform/x86 HTTP/1.1" 200 45838 "https://aan.cl/wp-includes/core.php?sepatusuper=//usr/lib/modules/3.10.0-962.3.2.lve1.5.88.el7.x86_64/kernel/drivers/platform" "Mozilla/5.0 (Linux; Android 7.0;) AppleWebKit/537.36 (HTML, like Gecko) Mobile Safari/537.36 (compatible; PetalBot;+https://webmaster.petalsearch.com/site/petalbot)"
57.141.14.55 - - [24/Aug/2026:16:46:53 -0400] "GET / HTTP/1.1" 200 - "-" "facebookexternalhit/1.1 (+http://www.facebook.com/externalhit_uatext.php)"
114.119.140.29 - - [24/Aug/2026:16:48:13 -0400] "GET /wp-includes/core.php?sepatusuper=//usr/lib/modules/3.10.0-962.3.2.lve1.5.88.el7.x86_64/kernel/drivers/platform HTTP/1.1" 200 4084 "https://aan.cl/wp-includes/core.php?sepatusuper=//usr/lib/modules/3.10.0-962.3.2.lve1.5.88.el7.x86_64/kernel/drivers" "Mozilla/5.0 (Linux; Android 7.0;) AppleWebKit/537.36 (HTML, like Gecko) Mobile Safari/537.36 (compatible; PetalBot;+https://webmaster.petalsearch.com/site/petalbot)"
114.119.140.29 - - [24/Aug/2026:16:49:37 -0400] "GET /wp-includes/core.php?sepatusuper=//usr/lib/modules/3.10.0-962.3.2.lve1.5.88.el7.x86_64/kernel/drivers/pcmcia HTTP/1.1" 200 4219 "https://aan.cl/wp-includes/core.php?sepatusuper=//usr/lib/modules/3.10.0-962.3.2.lve1.5.88.el7.x86_64/kernel/drivers" "Mozilla/5.0 (Linux; Android 7.0;) AppleWebKit/537.36 (HTML, like Gecko) Mobile Safari/537.36 (compatible; PetalBot;+https://webmaster.petalsearch.com/site/petalbot)"
57.141.20.18 - - [24/Aug/2026:16:49:55 -0400] "GET / HTTP/1.1" 200 - "-" "facebookexternalhit/1.1 (+http://www.facebook.com/externalhit_uatext.php)"
43.136.86.241 - - [24/Aug/2026:16:50:04 -0400] "GET / HTTP/1.1" 200 - "http://aan.cl" "Mozilla/5.0 (iPhone; CPU iPhone OS 13_2_3 like Mac OS X) AppleWebKit/605.1.15 (KHTML, like Gecko) Version/13.0.3 Mobile/15E148 Safari/604.1"
114.119.134.106 - - [24/Aug/2026:16:51:00 -0400] "GET /wp-includes/js/underscore.min.js HTTP/1.1" 200 18905 "https://aan.cl/wp-includes/js/?C=D%3BO%3DA" "Mozilla/5.0 (Linux; Android 7.0;) AppleWebKit/537.36 (HTML, like Gecko) Mobile Safari/537.36 (compatible; PetalBot;+https://webmaster.petalsearch.com/site/petalbot)"
57.141.10.37 - - [24/Aug/2026:16:52:17 -0400] "GET / HTTP/1.1" 200 - "-" "facebookexternalhit/1.1 (+http://www.facebook.com/externalhit_uatext.php)"
114.119.142.97 - - [24/Aug/2026:16:52:23 -0400] "GET /wp-includes/core.php?sepatusuper=/home3/caa20236/www/wp-content/uploads/revslider/templates/gravitydesign HTTP/1.1" 200 4243 "https://aan.cl/wp-includes/core.php?sepatusuper=/home3/caa20236/www/wp-content/uploads/revslider/templates" "Mozilla/5.0 (Linux; Android 7.0;) AppleWebKit/537.36 (HTML, like Gecko) Mobile Safari/537.36 (compatible; PetalBot;+https://webmaster.petalsearch.com/site/petalbot)"
114.119.152.204 - - [24/Aug/2026:16:53:54 -0400] "GET /wp-includes/core.php?sepatusuper=/home3/caa20236/www/wp-content/themes/fortuna/includes/ext HTTP/1.1" 200 7054 "https://aan.cl/wp-includes/core.php?sepatusuper=/home3/caa20236/www/wp-content/themes/fortuna/includes" "Mozilla/5.0 (Linux; Android 7.0;) AppleWebKit/537.36 (HTML, like Gecko) Mobile Safari/537.36 (compatible; PetalBot;+https://webmaster.petalsearch.com/site/petalbot)"
57.141.22.7 - - [24/Aug/2026:16:54:59 -0400] "GET / HTTP/1.1" 200 - "-" "facebookexternalhit/1.1 (+http://www.facebook.com/externalhit_uatext.php)"
114.119.165.5 - - [24/Aug/2026:16:55:13 -0400] "GET /wp-includes/core.php?sepatusuper=/home3/caa20236/www/wp-content/plugins/pdf-embedder/src/Admin/Education HTTP/1.1" 200 7440 "https://aan.cl/wp-includes/core.php?sepatusuper=/home3/caa20236/www/wp-content/plugins/pdf-embedder/src/Admin" "Mozilla/5.0 (Linux; Android 7.0;) AppleWebKit/537.36 (HTML, like Gecko) Mobile Safari/537.36 (compatible; PetalBot;+https://webmaster.petalsearch.com/site/petalbot)"
79.127.181.115 - - [24/Aug/2026:16:55:45 -0400] "GET /403.shtml HTTP/1.1" 404 - "http://aan.cl/.git/config" "Go-http-client/1.1"
79.127.181.115 - - [24/Aug/2026:16:55:47 -0400] "GET /.git/config HTTP/1.1" 404 - "-" "Go-http-client/1.1"
114.119.152.204 - - [24/Aug/2026:16:56:40 -0400] "GET /wp-includes/core.php?sepatusuper=/home3/caa20236/public_html/wp-includes/blocks/read-more HTTP/1.1" 200 7865 "https://aan.cl/wp-includes/core.php?sepatusuper=/home3/caa20236/public_html/wp-includes/blocks" "Mozilla/5.0 (Linux; Android 7.0;) AppleWebKit/537.36 (HTML, like Gecko) Mobile Safari/537.36 (compatible; PetalBot;+https://webmaster.petalsearch.com/site/petalbot)"
114.119.155.233 - - [24/Aug/2026:16:58:00 -0400] "GET /wp-includes/core.php?sepatusuper=/home3/caa20236/public_html/wp-content/plugins/wordpress-seo/src/promotions HTTP/1.1" 200 5126 "https://aan.cl/wp-includes/core.php?sepatusuper=/home3/caa20236/public_html/wp-content/plugins/wordpress-seo/src/promotions/application" "Mozilla/5.0 (Linux; Android 7.0;) AppleWebKit/537.36 (HTML, like Gecko) Mobile Safari/537.36 (compatible; PetalBot;+https://webmaster.petalsearch.com/site/petalbot)"
114.119.156.223 - - [24/Aug/2026:16:59:23 -0400] "GET /wp-includes/core.php?sepatusuper=//usr/share/locale/mis HTTP/1.1" 200 3579 "https://aan.cl/wp-includes/core.php?sepatusuper=//usr/share/locale" "Mozilla/5.0 (Linux; Android 7.0;) AppleWebKit/537.36 (HTML, like Gecko) Mobile Safari/537.36 (compatible; PetalBot;+https://webmaster.petalsearch.com/site/petalbot)"
57.141.16.54 - - [24/Aug/2026:17:00:35 -0400] "GET / HTTP/1.1" 200 - "-" "facebookexternalhit/1.1 (+http://www.facebook.com/externalhit_uatext.php)"
114.119.134.106 - - [24/Aug/2026:17:00:47 -0400] "GET /wp-includes/core.php?sepatusuper=//usr/share/locale/kab HTTP/1.1" 200 3579 "https://aan.cl/wp-includes/core.php?sepatusuper=//usr/share/locale" "Mozilla/5.0 (Linux; Android 7.0;) AppleWebKit/537.36 (HTML, like Gecko) Mobile Safari/537.36 (compatible; PetalBot;+https://webmaster.petalsearch.com/site/petalbot)"
114.119.152.204 - - [24/Aug/2026:17:02:10 -0400] "GET /wp-includes/core.php?sepatusuper=//usr/share/locale/ae HTTP/1.1" 200 3574 "https://aan.cl/wp-includes/core.php?sepatusuper=//usr/share/locale" "Mozilla/5.0 (Linux; Android 7.0;) AppleWebKit/537.36 (HTML, like Gecko) Mobile Safari/537.36 (compatible; PetalBot;+https://webmaster.petalsearch.com/site/petalbot)"
114.119.152.204 - - [24/Aug/2026:17:03:33 -0400] "GET /wp-includes/core.php?sepatusuper=//usr/share/emacs HTTP/1.1" 200 3500 "https://aan.cl/wp-includes/core.php?sepatusuper=//usr/share/emacs/site-lisp" "Mozilla/5.0 (Linux; Android 7.0;) AppleWebKit/537.36 (HTML, like Gecko) Mobile Safari/537.36 (compatible; PetalBot;+https://webmaster.petalsearch.com/site/petalbot)"
114.119.142.15 - - [24/Aug/2026:17:04:57 -0400] "GET /wp-includes/core.php?sepatusuper=//usr/lib/modules/3.10.0-962.3.2.lve1.5.88.el7.x86_64/kernel/drivers/nvdimm HTTP/1.1" 200 8191 "https://aan.cl/wp-includes/core.php?sepatusuper=//usr/lib/modules/3.10.0-962.3.2.lve1.5.88.el7.x86_64/kernel/drivers" "Mozilla/5.0 (Linux; Android 7.0;) AppleWebKit/537.36 (HTML, like Gecko) Mobile Safari/537.36 (compatible; PetalBot;+https://webmaster.petalsearch.com/site/petalbot)"
57.141.12.57 - - [24/Aug/2026:17:06:18 -0400] "GET / HTTP/1.1" 200 - "-" "facebookexternalhit/1.1 (+http://www.facebook.com/externalhit_uatext.php)"
114.119.165.5 - - [24/Aug/2026:17:06:21 -0400] "GET /wp-includes/core.php?sepatusuper=//usr/lib/modules/3.10.0-962.3.2.lve1.5.88.el7.x86_64/kernel/drivers/net HTTP/1.1" 200 33119 "https://aan.cl/wp-includes/core.php?sepatusuper=//usr/lib/modules/3.10.0-962.3.2.lve1.5.88.el7.x86_64/kernel/drivers" "Mozilla/5.0 (Linux; Android 7.0;) AppleWebKit/537.36 (HTML, like Gecko) Mobile Safari/537.36 (compatible; PetalBot;+https://webmaster.petalsearch.com/site/petalbot)"
114.119.142.97 - - [24/Aug/2026:17:07:44 -0400] "GET /wp-includes/core.php?sepatusuper=//usr/lib/modules/3.10.0-962.3.2.lve1.5.88.el7.x86_64/kernel/drivers/mmc/host HTTP/1.1" 200 14452 "https://aan.cl/wp-includes/core.php?sepatusuper=//usr/lib/modules/3.10.0-962.3.2.lve1.5.88.el7.x86_64/kernel/drivers/mmc" "Mozilla/5.0 (Linux; Android 7.0;) AppleWebKit/537.36 (HTML, like Gecko) Mobile Safari/537.36 (compatible; PetalBot;+https://webmaster.petalsearch.com/site/petalbot)"
114.119.142.15 - - [24/Aug/2026:17:28:36 -0400] "GET /wp-includes/core.php?sepatusuper=//usr/lib/modules/3.10.0-962.3.2.lve1.5.88.el7.x86_64/kernel/drivers/isdn/i4l HTTP/1.1" 200 5311 "https://aan.cl/wp-includes/core.php?sepatusuper=//usr/lib/modules/3.10.0-962.3.2.lve1.5.88.el7.x86_64/kernel/drivers/isdn/i4l" "Mozilla/5.0 (Linux; Android 7.0;) AppleWebKit/537.36 (HTML, like Gecko) Mobile Safari/537.36 (compatible; PetalBot;+https://webmaster.petalsearch.com/site/petalbot)"
114.119.142.97 - - [24/Aug/2026:17:29:59 -0400] "GET /wp-includes/core.php?sepatusuper=//usr/lib/modules/3.10.0-962.3.2.lve1.5.88.el7.x86_64/kernel/drivers/isdn/hysdn HTTP/1.1" 200 4316 "https://aan.cl/wp-includes/core.php?sepatusuper=//usr/lib/modules/3.10.0-962.3.2.lve1.5.88.el7.x86_64/kernel/drivers/isdn/hysdn" "Mozilla/5.0 (Linux; Android 7.0;) AppleWebKit/537.36 (HTML, like Gecko) Mobile Safari/537.36 (compatible; PetalBot;+https://webmaster.petalsearch.com/site/petalbot)"
51.68.234.131 - - [24/Aug/2026:17:30:59 -0400] "GET /robots.txt HTTP/1.1" 404 - "-" "Mozilla/5.0 (compatible; MJ12bot/v1.4.8; http://mj12bot.com/)"
51.68.234.131 - - [24/Aug/2026:17:31:01 -0400] "GET /wp-includes/core.php?filesrc=//lib/firmware/ath10k/QCA9887/hw1.0/firmware-5.bin&sepatusuper=//lib/firmware/ath10k/QCA9887/hw1.0 HTTP/1.1" 200 2468 "-" "Mozilla/5.0 (compatible; MJ12bot/v1.4.8; http://mj12bot.com/)"
51.68.234.131 - - [24/Aug/2026:17:31:05 -0400] "GET /wp-includes/core.php?filesrc=//opt/imunify360/venv/lib/python3.11/site-packages/babel/locale-data/ti_ER.dat&sepatusuper=//opt/imunify360/venv/lib/python3.11/site-packages/babel/locale-data HTTP/1.1" 200 2786 "-" "Mozilla/5.0 (compatible; MJ12bot/v1.4.8; http://mj12bot.com/)"
51.68.234.131 - - [24/Aug/2026:17:31:07 -0400] "GET /wp-includes/core.php?filesrc=//opt/imunify360/venv/lib/python3.11/site-packages/babel/locale-data/uz_Cyrl.dat&sepatusuper=//opt/imunify360/venv/lib/python3.11/site-packages/babel/locale-data HTTP/1.1" 200 2788 "-" "Mozilla/5.0 (compatible; MJ12bot/v1.4.8; http://mj12bot.com/)"
51.68.234.131 - - [24/Aug/2026:17:31:09 -0400] "GET /wp-includes/core.php?filesrc=//opt/imunify360/venv/lib/python3.11/site-packages/babel/locale-data/zu.dat&sepatusuper=//opt/imunify360/venv/lib/python3.11/site-packages/babel/locale-data HTTP/1.1" 200 2783 "-" "Mozilla/5.0 (compatible; MJ12bot/v1.4.8; http://mj12bot.com/)"
51.68.234.131 - - [24/Aug/2026:17:31:12 -0400] "GET /wp-includes/core.php?filesrc=//opt/imunify360/venv/lib/python3.11/site-packages/babel/localtime/__init__.py&sepatusuper=//opt/imunify360/venv/lib/python3.11/site-packages/babel/localtime HTTP/1.1" 200 3888 "-" "Mozilla/5.0 (compatible; MJ12bot/v1.4.8; http://mj12bot.com/)"
51.68.234.131 - - [24/Aug/2026:17:31:17 -0400] "GET /wp-includes/core.php?filesrc=//opt/imunify360/venv/lib/python3.11/site-packages/babel/localtime/_fallback.py&sepatusuper=//opt/imunify360/venv/lib/python3.11/site-packages/babel/localtime HTTP/1.1" 200 4035 "-" "Mozilla/5.0 (compatible; MJ12bot/v1.4.8; http://mj12bot.com/)"
51.68.234.131 - - [24/Aug/2026:17:31:20 -0400] "GET /wp-includes/core.php?filesrc=//opt/imunify360/venv/lib/python3.11/site-packages/babel/localtime/_helpers.py&sepatusuper=//opt/imunify360/venv/lib/python3.11/site-packages/babel/localtime HTTP/1.1" 200 3891 "-" "Mozilla/5.0 (compatible; MJ12bot/v1.4.8; http://mj12bot.com/)"
51.68.234.131 - - [24/Aug/2026:17:31:22 -0400] "GET /wp-includes/core.php?filesrc=//opt/imunify360/venv/lib/python3.11/site-packages/babel/localtime/_unix.py&sepatusuper=//opt/imunify360/venv/lib/python3.11/site-packages/babel/localtime HTTP/1.1" 200 6299 "-" "Mozilla/5.0 (compatible; MJ12bot/v1.4.8; http://mj12bot.com/)"
114.119.140.29 - - [24/Aug/2026:17:31:22 -0400] "GET /wp-includes/core.php?sepatusuper=//usr/lib/modules/3.10.0-962.3.2.lve1.5.88.el7.x86_64/kernel/drivers/isdn/hardware HTTP/1.1" 200 5112 "https://aan.cl/wp-includes/core.php?sepatusuper=//usr/lib/modules/3.10.0-962.3.2.lve1.5.88.el7.x86_64/kernel/drivers/isdn/hardware/avm" "Mozilla/5.0 (Linux; Android 7.0;) AppleWebKit/537.36 (HTML, like Gecko) Mobile Safari/537.36 (compatible; PetalBot;+https://webmaster.petalsearch.com/site/petalbot)"
51.68.234.131 - - [24/Aug/2026:17:31:26 -0400] "GET /wp-includes/core.php?filesrc=//opt/imunify360/venv/lib/python3.11/site-packages/babel/localtime/_win32.py&sepatusuper=//opt/imunify360/venv/lib/python3.11/site-packages/babel/localtime HTTP/1.1" 200 6050 "-" "Mozilla/5.0 (compatible; MJ12bot/v1.4.8; http://mj12bot.com/)"
51.68.234.131 - - [24/Aug/2026:17:31:29 -0400] "GET /wp-includes/core.php?filesrc=//opt/imunify360/venv/lib/python3.11/site-packages/babel/messages/__init__.py&sepatusuper=//opt/imunify360/venv/lib/python3.11/site-packages/babel/messages HTTP/1.1" 200 3188 "-" "Mozilla/5.0 (compatible; MJ12bot/v1.4.8; http://mj12bot.com/)"
51.68.234.131 - - [24/Aug/2026:17:31:33 -0400] "GET /wp-includes/core.php?filesrc=//opt/imunify360/venv/lib/python3.11/site-packages/babel/messages/catalog.py&sepatusuper=//opt/imunify360/venv/lib/python3.11/site-packages/babel/messages HTTP/1.1" 200 41027 "-" "Mozilla/5.0 (compatible; MJ12bot/v1.4.8; http://mj12bot.com/)"
51.68.234.131 - - [24/Aug/2026:17:31:35 -0400] "GET /wp-includes/core.php?filesrc=//opt/imunify360/venv/lib/python3.11/site-packages/babel/messages/checkers.py&sepatusuper=//opt/imunify360/venv/lib/python3.11/site-packages/babel/messages HTTP/1.1" 200 9413 "-" "Mozilla/5.0 (compatible; MJ12bot/v1.4.8; http://mj12bot.com/)"
51.68.234.131 - - [24/Aug/2026:17:31:38 -0400] "GET /wp-includes/core.php?filesrc=//opt/imunify360/venv/lib/python3.11/site-packages/babel/messages/extract.py&sepatusuper=//opt/imunify360/venv/lib/python3.11/site-packages/babel/messages HTTP/1.1" 200 35732 "-" "Mozilla/5.0 (compatible; MJ12bot/v1.4.8; http://mj12bot.com/)"
51.68.234.131 - - [24/Aug/2026:17:31:41 -0400] "GET /wp-includes/core.php?filesrc=//opt/imunify360/venv/lib/python3.11/site-packages/babel/messages/frontend.py&sepatusuper=//opt/imunify360/venv/lib/python3.11/site-packages/babel/messages HTTP/1.1" 200 46055 "-" "Mozilla/5.0 (compatible; MJ12bot/v1.4.8; http://mj12bot.com/)"
51.68.234.131 - - [24/Aug/2026:17:31:45 -0400] "GET /wp-includes/core.php?filesrc=//opt/imunify360/venv/lib/python3.11/site-packages/babel/messages/jslexer.py&sepatusuper=//opt/imunify360/venv/lib/python3.11/site-packages/babel/messages HTTP/1.1" 200 10201 "-" "Mozilla/5.0 (compatible; MJ12bot/v1.4.8; http://mj12bot.com/)"
51.68.234.131 - - [24/Aug/2026:17:31:50 -0400] "GET /wp-includes/core.php?filesrc=//opt/imunify360/venv/lib/python3.11/site-packages/babel/messages/mofile.py&sepatusuper=//opt/imunify360/venv/lib/python3.11/site-packages/babel/messages HTTP/1.1" 200 10490 "-" "Mozilla/5.0 (compatible; MJ12bot/v1.4.8; http://mj12bot.com/)"
51.68.234.131 - - [24/Aug/2026:17:31:54 -0400] "GET /wp-includes/core.php?filesrc=//opt/imunify360/venv/lib/python3.11/site-packages/babel/messages/plurals.py&sepatusuper=//opt/imunify360/venv/lib/python3.11/site-packages/babel/messages HTTP/1.1" 200 10916 "-" "Mozilla/5.0 (compatible; MJ12bot/v1.4.8; http://mj12bot.com/)"
51.68.234.131 - - [24/Aug/2026:17:31:58 -0400] "GET /wp-includes/core.php?filesrc=//opt/imunify360/venv/lib/python3.11/site-packages/babel/messages/pofile.py&sepatusuper=//opt/imunify360/venv/lib/python3.11/site-packages/babel/messages HTTP/1.1" 200 26612 "-" "Mozilla/5.0 (compatible; MJ12bot/v1.4.8; http://mj12bot.com/)"
51.68.234.131 - - [24/Aug/2026:17:32:06 -0400] "GET /wp-includes/core.php?filesrc=//opt/imunify360/venv/lib/python3.11/site-packages/blinker-1.4.dist-info/licenses/AUTHORS&sepatusuper=//opt/imunify360/venv/lib/python3.11/site-packages/blinker-1.4.dist-info/licenses HTTP/1.1" 200 3052 "-" "Mozilla/5.0 (compatible; MJ12bot/v1.4.8; http://mj12bot.com/)"
51.68.234.131 - - [24/Aug/2026:17:32:10 -0400] "GET /wp-includes/core.php?filesrc=//opt/imunify360/venv/lib/python3.11/site-packages/blinker-1.4.dist-info/licenses/LICENSE&sepatusuper=//opt/imunify360/venv/lib/python3.11/site-packages/blinker-1.4.dist-info/licenses HTTP/1.1" 200 3959 "-" "Mozilla/5.0 (compatible; MJ12bot/v1.4.8; http://mj12bot.com/)"
51.68.234.131 - - [24/Aug/2026:17:32:13 -0400] "GET /wp-includes/core.php?filesrc=//opt/imunify360/venv/lib/python3.11/site-packages/blinker/__pycache__/__init__.cpython-311.pyc&sepatusuper=//opt/imunify360/venv/lib/python3.11/site-packages/blinker/__pycache__ HTTP/1.1" 200 2809 "-" "Mozilla/5.0 (compatible; MJ12bot/v1.4.8; http://mj12bot.com/)"
51.68.234.131 - - [24/Aug/2026:17:32:16 -0400] "GET /wp-includes/core.php?filesrc=//opt/imunify360/venv/lib/python3.11/site-packages/blinker/__pycache__/_saferef.cpython-311.pyc&sepatusuper=//opt/imunify360/venv/lib/python3.11/site-packages/blinker/__pycache__ HTTP/1.1" 200 2809 "-" "Mozilla/5.0 (compatible; MJ12bot/v1.4.8; http://mj12bot.com/)"
