114.119.134.106 - - [24/Aug/2026:13:08:17 -0400] "GET /wp-includes/core.php?sepatusuper=/home3/caa20236/public_html/wp-content/uploads/revslider/templates/particle-effect-two HTTP/1.1" 200 4366 "https://aan.cl/wp-includes/core.php?sepatusuper=/home3/caa20236/public_html/wp-content/uploads/revslider/templates/particle-effect-two" "Mozilla/5.0 (Linux; Android 7.0;) AppleWebKit/537.36 (HTML, like Gecko) Mobile Safari/537.36 (compatible; PetalBot;+https://webmaster.petalsearch.com/site/petalbot)"
114.119.155.233 - - [24/Aug/2026:13:09:41 -0400] "GET /wp-includes/core.php?sepatusuper=/home3/caa20236/public_html/wp-content/plugins/wordpress-seo/src/llms-txt/application HTTP/1.1" 200 9357 "https://aan.cl/wp-includes/core.php?sepatusuper=/home3/caa20236/public_html/wp-content/plugins/wordpress-seo/src/llms-txt/application/file/commands" "Mozilla/5.0 (Linux; Android 7.0;) AppleWebKit/537.36 (HTML, like Gecko) Mobile Safari/537.36 (compatible; PetalBot;+https://webmaster.petalsearch.com/site/petalbot)"
57.141.12.62 - - [24/Aug/2026:13:09:48 -0400] "GET / HTTP/1.1" 200 - "-" "facebookexternalhit/1.1 (+http://www.facebook.com/externalhit_uatext.php)"
114.119.142.97 - - [24/Aug/2026:13:11:04 -0400] "GET /wp-includes/core.php?sepatusuper=/home3/caa20236/public_html/wp-content/plugins/wordpress-importer/php-toolkit/DataLiberation/vendor-patched/symfony/polyfill-ctype HTTP/1.1" 200 11311 "https://aan.cl/wp-includes/core.php?sepatusuper=/home3/caa20236/public_html/wp-content/plugins/wordpress-importer/php-toolkit/DataLiberation/vendor-patched/symfony" "Mozilla/5.0 (Linux; Android 7.0;) AppleWebKit/537.36 (HTML, like Gecko) Mobile Safari/537.36 (compatible; PetalBot;+https://webmaster.petalsearch.com/site/petalbot)"
114.119.165.5 - - [24/Aug/2026:13:12:27 -0400] "GET /wp-includes/core.php?sepatusuper=/home3/caa20236/public_html/wp-content/plugins/revslider/public/assets/assets/svg/action HTTP/1.1" 200 240151 "https://aan.cl/wp-includes/core.php?sepatusuper=/home3/caa20236/public_html/wp-content/plugins/revslider/public/assets/assets/svg/action" "Mozilla/5.0 (Linux; Android 7.0;) AppleWebKit/537.36 (HTML, like Gecko) Mobile Safari/537.36 (compatible; PetalBot;+https://webmaster.petalsearch.com/site/petalbot)"
114.119.142.97 - - [24/Aug/2026:13:13:50 -0400] "GET /wp-includes/core.php?sepatusuper=/home3/caa20236/public_html/wp-content/plugins/google-site-kit/third-party/ralouphie HTTP/1.1" 200 4275 "https://aan.cl/wp-includes/core.php?sepatusuper=/home3/caa20236/public_html/wp-content/plugins/google-site-kit/third-party" "Mozilla/5.0 (Linux; Android 7.0;) AppleWebKit/537.36 (HTML, like Gecko) Mobile Safari/537.36 (compatible; PetalBot;+https://webmaster.petalsearch.com/site/petalbot)"
114.119.156.223 - - [24/Aug/2026:13:15:14 -0400] "GET /wp-includes/core.php?sepatusuper=/home3/caa20236/mail/.administracion%40aan_cl/.Junk/cur HTTP/1.1" 200 3051 "https://aan.cl/wp-includes/core.php?sepatusuper=/home3/caa20236/mail/.administracion%40aan_cl/.Junk" "Mozilla/5.0 (Linux; Android 7.0;) AppleWebKit/537.36 (HTML, like Gecko) Mobile Safari/537.36 (compatible; PetalBot;+https://webmaster.petalsearch.com/site/petalbot)"
114.119.165.5 - - [24/Aug/2026:13:16:37 -0400] "GET /wp-includes/core.php?sepatusuper=//usr/share/mysql/czech HTTP/1.1" 200 3624 "https://aan.cl/wp-includes/core.php?sepatusuper=//usr/share/mysql" "Mozilla/5.0 (Linux; Android 7.0;) AppleWebKit/537.36 (HTML, like Gecko) Mobile Safari/537.36 (compatible; PetalBot;+https://webmaster.petalsearch.com/site/petalbot)"
114.119.140.29 - - [24/Aug/2026:13:18:01 -0400] "GET /wp-includes/core.php?sepatusuper=//usr/share/locale/phn/LC_MESSAGES HTTP/1.1" 200 2907 "https://aan.cl/wp-includes/core.php?sepatusuper=//usr/share/locale/phn/LC_MESSAGES" "Mozilla/5.0 (Linux; Android 7.0;) AppleWebKit/537.36 (HTML, like Gecko) Mobile Safari/537.36 (compatible; PetalBot;+https://webmaster.petalsearch.com/site/petalbot)"
45.76.46.149 - - [24/Aug/2026:13:18:01 -0400] "GET /wp-content/index.php HTTP/1.1" 200 - "-" "Mozilla/5.0 (X11; Linux x86_64) AppleWebKit/537.36 (KHTML, like Gecko) Chrome/143.0.0.0 Safari/537.36"
114.119.142.97 - - [24/Aug/2026:13:19:25 -0400] "GET /wp-includes/core.php?sepatusuper=//usr/share/locale/mn HTTP/1.1" 200 3574 "https://aan.cl/wp-includes/core.php?sepatusuper=//usr/share/locale/mn/LC_MESSAGES" "Mozilla/5.0 (Linux; Android 7.0;) AppleWebKit/537.36 (HTML, like Gecko) Mobile Safari/537.36 (compatible; PetalBot;+https://webmaster.petalsearch.com/site/petalbot)"
114.119.140.29 - - [24/Aug/2026:13:20:47 -0400] "GET /wp-includes/core.php?sepatusuper=//usr/share/locale/jv HTTP/1.1" 200 3574 "https://aan.cl/wp-includes/core.php?sepatusuper=//usr/share/locale" "Mozilla/5.0 (Linux; Android 7.0;) AppleWebKit/537.36 (HTML, like Gecko) Mobile Safari/537.36 (compatible; PetalBot;+https://webmaster.petalsearch.com/site/petalbot)"
114.119.142.97 - - [24/Aug/2026:13:22:11 -0400] "GET /wp-includes/core.php?sepatusuper=/home3/caa20236/www/wp-content/themes/twentytwentyfour/assets/fonts/inter HTTP/1.1" 200 5473 "https://aan.cl/wp-includes/core.php?sepatusuper=/home3/caa20236/www/wp-content/themes/twentytwentyfour/assets/fonts" "Mozilla/5.0 (Linux; Android 7.0;) AppleWebKit/537.36 (HTML, like Gecko) Mobile Safari/537.36 (compatible; PetalBot;+https://webmaster.petalsearch.com/site/petalbot)"
114.119.140.29 - - [24/Aug/2026:13:23:34 -0400] "GET /wp-includes/core.php?sepatusuper=/home3/caa20236/www/wp-content/plugins/google-site-kit/dist/assets/css HTTP/1.1" 200 8135 "https://aan.cl/wp-includes/core.php?sepatusuper=/home3/caa20236/www/wp-content/plugins/google-site-kit/dist/assets" "Mozilla/5.0 (Linux; Android 7.0;) AppleWebKit/537.36 (HTML, like Gecko) Mobile Safari/537.36 (compatible; PetalBot;+https://webmaster.petalsearch.com/site/petalbot)"
114.119.155.233 - - [24/Aug/2026:13:24:58 -0400] "GET /wp-includes/core.php?sepatusuper=/home3/caa20236/public_html/wp-content/plugins/js_composer/include/params/vc_grid_item/editor/popups HTTP/1.1" 200 6144 "https://aan.cl/wp-includes/core.php?sepatusuper=/home3/caa20236/public_html/wp-content/plugins/js_composer/include/params/vc_grid_item/editor" "Mozilla/5.0 (Linux; Android 7.0;) AppleWebKit/537.36 (HTML, like Gecko) Mobile Safari/537.36 (compatible; PetalBot;+https://webmaster.petalsearch.com/site/petalbot)"
114.119.152.204 - - [24/Aug/2026:13:26:21 -0400] "GET /wp-includes/core.php?sepatusuper=//usr/share/man/tr/man5 HTTP/1.1" 200 3671 "https://aan.cl/wp-includes/core.php?sepatusuper=//usr/share/man/tr/man5" "Mozilla/5.0 (Linux; Android 7.0;) AppleWebKit/537.36 (HTML, like Gecko) Mobile Safari/537.36 (compatible; PetalBot;+https://webmaster.petalsearch.com/site/petalbot)"
114.119.156.223 - - [24/Aug/2026:13:27:45 -0400] "GET /wp-includes/core.php?sepatusuper=//usr/share/locale/nn/LC_MESSAGES HTTP/1.1" 200 22094 "https://aan.cl/wp-includes/core.php?sepatusuper=//usr/share/locale/nn/LC_MESSAGES" "Mozilla/5.0 (Linux; Android 7.0;) AppleWebKit/537.36 (HTML, like Gecko) Mobile Safari/537.36 (compatible; PetalBot;+https://webmaster.petalsearch.com/site/petalbot)"
114.119.152.204 - - [24/Aug/2026:13:29:08 -0400] "GET /wp-includes/core.php?sepatusuper=//usr/share/locale/grc/LC_MESSAGES HTTP/1.1" 200 2907 "https://aan.cl/wp-includes/core.php?sepatusuper=//usr/share/locale/grc" "Mozilla/5.0 (Linux; Android 7.0;) AppleWebKit/537.36 (HTML, like Gecko) Mobile Safari/537.36 (compatible; PetalBot;+https://webmaster.petalsearch.com/site/petalbot)"
114.119.152.204 - - [24/Aug/2026:13:30:32 -0400] "GET /wp-includes/core.php?sepatusuper=//usr/share/locale/ga/LC_TIME HTTP/1.1" 200 3719 "https://aan.cl/wp-includes/core.php?sepatusuper=//usr/share/locale/ga" "Mozilla/5.0 (Linux; Android 7.0;) AppleWebKit/537.36 (HTML, like Gecko) Mobile Safari/537.36 (compatible; PetalBot;+https://webmaster.petalsearch.com/site/petalbot)"
114.119.142.15 - - [24/Aug/2026:13:31:56 -0400] "GET /wp-includes/core.php?sepatusuper=//usr/share/locale/eu/LC_TIME HTTP/1.1" 200 3718 "https://aan.cl/wp-includes/core.php?sepatusuper=//usr/share/locale/eu/LC_TIME" "Mozilla/5.0 (Linux; Android 7.0;) AppleWebKit/537.36 (HTML, like Gecko) Mobile Safari/537.36 (compatible; PetalBot;+https://webmaster.petalsearch.com/site/petalbot)"
57.141.2.43 - - [24/Aug/2026:13:32:42 -0400] "GET / HTTP/1.1" 200 - "-" "facebookexternalhit/1.1 (+http://www.facebook.com/externalhit_uatext.php)"
114.119.142.97 - - [24/Aug/2026:13:33:19 -0400] "GET /wp-includes/core.php?sepatusuper=//usr/share/locale/es_EC HTTP/1.1" 200 3589 "https://aan.cl/wp-includes/core.php?sepatusuper=//usr/share/locale" "Mozilla/5.0 (Linux; Android 7.0;) AppleWebKit/537.36 (HTML, like Gecko) Mobile Safari/537.36 (compatible; PetalBot;+https://webmaster.petalsearch.com/site/petalbot)"
114.119.152.204 - - [24/Aug/2026:13:34:45 -0400] "GET /wp-includes/core.php?sepatusuper=//usr/share/locale/eka/LC_MESSAGES HTTP/1.1" 200 2907 "https://aan.cl/wp-includes/core.php?sepatusuper=//usr/share/locale/eka/LC_MESSAGES" "Mozilla/5.0 (Linux; Android 7.0;) AppleWebKit/537.36 (HTML, like Gecko) Mobile Safari/537.36 (compatible; PetalBot;+https://webmaster.petalsearch.com/site/petalbot)"
114.119.155.233 - - [24/Aug/2026:13:36:05 -0400] "GET /wp-includes/core.php?sepatusuper=//usr/share/locale/cs HTTP/1.1" 200 4301 "https://aan.cl/wp-includes/core.php?sepatusuper=//usr/share/locale" "Mozilla/5.0 (Linux; Android 7.0;) AppleWebKit/537.36 (HTML, like Gecko) Mobile Safari/537.36 (compatible; PetalBot;+https://webmaster.petalsearch.com/site/petalbot)"
57.141.24.39 - - [24/Aug/2026:13:37:07 -0400] "GET / HTTP/1.1" 200 - "-" "facebookexternalhit/1.1 (+http://www.facebook.com/externalhit_uatext.php)"
114.119.140.29 - - [24/Aug/2026:13:37:30 -0400] "GET /wp-includes/core.php?sepatusuper=//usr/share/locale/cai HTTP/1.1" 200 3579 "https://aan.cl/wp-includes/core.php?sepatusuper=//usr/share/locale/cai" "Mozilla/5.0 (Linux; Android 7.0;) AppleWebKit/537.36 (HTML, like Gecko) Mobile Safari/537.36 (compatible; PetalBot;+https://webmaster.petalsearch.com/site/petalbot)"
114.119.142.15 - - [24/Aug/2026:13:38:53 -0400] "GET /wp-includes/core.php?sepatusuper=//usr/share/locale/btk HTTP/1.1" 200 3579 "https://aan.cl/wp-includes/core.php?sepatusuper=//usr/share/locale/btk/LC_MESSAGES" "Mozilla/5.0 (Linux; Android 7.0;) AppleWebKit/537.36 (HTML, like Gecko) Mobile Safari/537.36 (compatible; PetalBot;+https://webmaster.petalsearch.com/site/petalbot)"
57.141.18.17 - - [24/Aug/2026:13:39:30 -0400] "GET / HTTP/1.1" 200 - "-" "facebookexternalhit/1.1 (+http://www.facebook.com/externalhit_uatext.php)"
114.119.142.15 - - [24/Aug/2026:13:40:16 -0400] "GET /wp-includes/core.php?sepatusuper=//usr/share/locale/bm HTTP/1.1" 200 3574 "https://aan.cl/wp-includes/core.php?sepatusuper=//usr/share/locale" "Mozilla/5.0 (Linux; Android 7.0;) AppleWebKit/537.36 (HTML, like Gecko) Mobile Safari/537.36 (compatible; PetalBot;+https://webmaster.petalsearch.com/site/petalbot)"
114.119.155.233 - - [24/Aug/2026:13:41:39 -0400] "GET /wp-includes/core.php?sepatusuper=//usr/share/locale/bg_BG HTTP/1.1" 200 3589 "https://aan.cl/wp-includes/core.php?sepatusuper=//usr/share/locale/bg_BG" "Mozilla/5.0 (Linux; Android 7.0;) AppleWebKit/537.36 (HTML, like Gecko) Mobile Safari/537.36 (compatible; PetalBot;+https://webmaster.petalsearch.com/site/petalbot)"
57.141.8.27 - - [24/Aug/2026:13:41:50 -0400] "GET / HTTP/1.1" 200 - "-" "facebookexternalhit/1.1 (+http://www.facebook.com/externalhit_uatext.php)"
114.119.152.204 - - [24/Aug/2026:13:43:03 -0400] "GET /wp-includes/core.php?sepatusuper=//usr/share/locale/be/LC_TIME HTTP/1.1" 200 3718 "https://aan.cl/wp-includes/core.php?sepatusuper=//usr/share/locale/be" "Mozilla/5.0 (Linux; Android 7.0;) AppleWebKit/537.36 (HTML, like Gecko) Mobile Safari/537.36 (compatible; PetalBot;+https://webmaster.petalsearch.com/site/petalbot)"
114.119.156.223 - - [24/Aug/2026:13:44:27 -0400] "GET /wp-includes/core.php?sepatusuper=/home3/caa20236/www/wp-content/plugins/js_composer/assets/css/lib/typicons HTTP/1.1" 200 4314 "https://aan.cl/wp-includes/core.php?sepatusuper=/home3/caa20236/www/wp-content/plugins/js_composer/assets/css/lib" "Mozilla/5.0 (Linux; Android 7.0;) AppleWebKit/537.36 (HTML, like Gecko) Mobile Safari/537.36 (compatible; PetalBot;+https://webmaster.petalsearch.com/site/petalbot)"
114.119.152.204 - - [24/Aug/2026:13:45:50 -0400] "GET /wp-includes/core.php?sepatusuper=//usr/share/locale/en%40arabic HTTP/1.1" 200 3609 "https://aan.cl/wp-includes/core.php?sepatusuper=//usr/share/locale" "Mozilla/5.0 (Linux; Android 7.0;) AppleWebKit/537.36 (HTML, like Gecko) Mobile Safari/537.36 (compatible; PetalBot;+https://webmaster.petalsearch.com/site/petalbot)"
57.141.0.36 - - [24/Aug/2026:13:46:19 -0400] "GET / HTTP/1.1" 200 - "-" "facebookexternalhit/1.1 (+http://www.facebook.com/externalhit_uatext.php)"
114.119.142.97 - - [24/Aug/2026:13:47:14 -0400] "GET /wp-includes/core.php?sepatusuper=//usr/share/locale/afh HTTP/1.1" 200 3579 "https://aan.cl/wp-includes/core.php?sepatusuper=//usr/share/locale" "Mozilla/5.0 (Linux; Android 7.0;) AppleWebKit/537.36 (HTML, like Gecko) Mobile Safari/537.36 (compatible; PetalBot;+https://webmaster.petalsearch.com/site/petalbot)"
57.141.14.18 - - [24/Aug/2026:13:47:42 -0400] "GET / HTTP/1.1" 200 - "-" "facebookexternalhit/1.1 (+http://www.facebook.com/externalhit_uatext.php)"
114.119.156.223 - - [24/Aug/2026:13:48:37 -0400] "GET /wp-includes/core.php?sepatusuper=//usr/share/ghostscript/Resource/Init HTTP/1.1" 200 55441 "https://aan.cl/wp-includes/core.php?sepatusuper=//usr/share/ghostscript/Resource" "Mozilla/5.0 (Linux; Android 7.0;) AppleWebKit/537.36 (HTML, like Gecko) Mobile Safari/537.36 (compatible; PetalBot;+https://webmaster.petalsearch.com/site/petalbot)"
114.119.156.223 - - [24/Aug/2026:13:50:00 -0400] "GET /wp-includes/core.php?sepatusuper=//usr/share/adobe/resources/mapping/Identity HTTP/1.1" 200 3778 "https://aan.cl/wp-includes/core.php?sepatusuper=//usr/share/adobe/resources/mapping" "Mozilla/5.0 (Linux; Android 7.0;) AppleWebKit/537.36 (HTML, like Gecko) Mobile Safari/537.36 (compatible; PetalBot;+https://webmaster.petalsearch.com/site/petalbot)"
57.141.20.20 - - [24/Aug/2026:13:50:38 -0400] "GET / HTTP/1.1" 200 - "-" "facebookexternalhit/1.1 (+http://www.facebook.com/externalhit_uatext.php)"
114.119.165.5 - - [24/Aug/2026:13:51:25 -0400] "GET /wp-includes/core.php?sepatusuper=//usr/local/share/perl5/x86_64-linux-thread-multi/.meta/YAML-Syck-1.34 HTTP/1.1" 200 5105 "https://aan.cl/wp-includes/core.php?sepatusuper=//usr/local/share/perl5/x86_64-linux-thread-multi/.meta/YAML-Syck-1.34" "Mozilla/5.0 (Linux; Android 7.0;) AppleWebKit/537.36 (HTML, like Gecko) Mobile Safari/537.36 (compatible; PetalBot;+https://webmaster.petalsearch.com/site/petalbot)"
51.68.111.240 - - [24/Aug/2026:13:52:20 -0400] "GET /robots.txt HTTP/1.1" 404 - "-" "Mozilla/5.0 (compatible; MJ12bot/v2.0.5; http://mj12bot.com/)"
51.68.111.240 - - [24/Aug/2026:13:52:20 -0400] "GET / HTTP/1.1" 200 - "-" "Mozilla/5.0 (compatible; MJ12bot/v2.0.5; http://mj12bot.com/)"
114.119.156.223 - - [24/Aug/2026:13:52:47 -0400] "GET /wp-includes/core.php?sepatusuper=//usr/local/share/perl5/x86_64-linux-thread-multi/.meta/Template-Toolkit-3.010 HTTP/1.1" 200 5185 "https://aan.cl/wp-includes/core.php?sepatusuper=//usr/local/share/perl5/x86_64-linux-thread-multi/.meta/Template-Toolkit-3.010" "Mozilla/5.0 (Linux; Android 7.0;) AppleWebKit/537.36 (HTML, like Gecko) Mobile Safari/537.36 (compatible; PetalBot;+https://webmaster.petalsearch.com/site/petalbot)"
57.141.10.68 - - [24/Aug/2026:13:53:35 -0400] "GET / HTTP/1.1" 200 - "-" "facebookexternalhit/1.1 (+http://www.facebook.com/externalhit_uatext.php)"
114.119.142.15 - - [24/Aug/2026:13:54:11 -0400] "GET /wp-includes/core.php?sepatusuper=//usr/local/share/perl5/x86_64-linux-thread-multi/.meta/HTTP-Tiny-0.080 HTTP/1.1" 200 5114 "https://aan.cl/wp-includes/core.php?sepatusuper=//usr/local/share/perl5/x86_64-linux-thread-multi/.meta/HTTP-Tiny-0.080" "Mozilla/5.0 (Linux; Android 7.0;) AppleWebKit/537.36 (HTML, like Gecko) Mobile Safari/537.36 (compatible; PetalBot;+https://webmaster.petalsearch.com/site/petalbot)"
114.119.134.106 - - [24/Aug/2026:13:55:34 -0400] "GET /wp-includes/core.php?sepatusuper=//usr/local/share/perl5/x86_64-linux-thread-multi/.meta/CPAN-2.29 HTTP/1.1" 200 5055 "https://aan.cl/wp-includes/core.php?sepatusuper=//usr/local/share/perl5/x86_64-linux-thread-multi/.meta/CPAN-2.29" "Mozilla/5.0 (Linux; Android 7.0;) AppleWebKit/537.36 (HTML, like Gecko) Mobile Safari/537.36 (compatible; PetalBot;+https://webmaster.petalsearch.com/site/petalbot)"
57.141.22.27 - - [24/Aug/2026:13:56:30 -0400] "GET / HTTP/1.1" 200 - "-" "facebookexternalhit/1.1 (+http://www.facebook.com/externalhit_uatext.php)"
114.119.155.233 - - [24/Aug/2026:13:56:58 -0400] "GET /wp-includes/core.php?sepatusuper=//usr/local/share/perl5/x86_64-linux-thread-multi/.meta/Alien-Libxml2-0.17 HTTP/1.1" 200 5145 "https://aan.cl/wp-includes/core.php?sepatusuper=//usr/local/share/perl5/x86_64-linux-thread-multi/.meta/Alien-Libxml2-0.17" "Mozilla/5.0 (Linux; Android 7.0;) AppleWebKit/537.36 (HTML, like Gecko) Mobile Safari/537.36 (compatible; PetalBot;+https://webmaster.petalsearch.com/site/petalbot)"
114.119.142.97 - - [24/Aug/2026:13:58:21 -0400] "GET /wp-includes/core.php?sepatusuper=//usr/local/share/perl5/x86_64-linux-thread-multi HTTP/1.1" 200 3740 "https://aan.cl/wp-includes/core.php?sepatusuper=//usr/local/share/perl5/x86_64-linux-thread-multi/.meta/XML-NamespaceSupport-1.12" "Mozilla/5.0 (Linux; Android 7.0;) AppleWebKit/537.36 (HTML, like Gecko) Mobile Safari/537.36 (compatible; PetalBot;+https://webmaster.petalsearch.com/site/petalbot)"
114.119.165.5 - - [24/Aug/2026:13:59:45 -0400] "GET /wp-includes/core.php?sepatusuper=//usr/local/share/perl5/Test/Tester HTTP/1.1" 200 5503 "https://aan.cl/wp-includes/core.php?sepatusuper=//usr/local/share/perl5/Test/Tester" "Mozilla/5.0 (Linux; Android 7.0;) AppleWebKit/537.36 (HTML, like Gecko) Mobile Safari/537.36 (compatible; PetalBot;+https://webmaster.petalsearch.com/site/petalbot)"
114.119.142.97 - - [24/Aug/2026:14:01:08 -0400] "GET /wp-includes/core.php?sepatusuper=//usr/local/share/perl5/JSON/PP HTTP/1.1" 200 3778 "https://aan.cl/wp-includes/core.php?sepatusuper=//usr/local/share/perl5/JSON" "Mozilla/5.0 (Linux; Android 7.0;) AppleWebKit/537.36 (HTML, like Gecko) Mobile Safari/537.36 (compatible; PetalBot;+https://webmaster.petalsearch.com/site/petalbot)"
57.141.16.55 - - [24/Aug/2026:14:02:28 -0400] "GET / HTTP/1.1" 200 - "-" "facebookexternalhit/1.1 (+http://www.facebook.com/externalhit_uatext.php)"
114.119.134.106 - - [24/Aug/2026:14:02:32 -0400] "GET /wp-includes/core.php?sepatusuper=//usr/local/share/perl5/File HTTP/1.1" 200 4498 "https://aan.cl/wp-includes/core.php?sepatusuper=//usr/local/share/perl5" "Mozilla/5.0 (Linux; Android 7.0;) AppleWebKit/537.36 (HTML, like Gecko) Mobile Safari/537.36 (compatible; PetalBot;+https://webmaster.petalsearch.com/site/petalbot)"
114.119.165.5 - - [24/Aug/2026:14:03:56 -0400] "GET /wp-includes/core.php?sepatusuper=//usr/local/share/perl5/FFI HTTP/1.1" 200 3703 "https://aan.cl/wp-includes/core.php?sepatusuper=//usr/local/share/perl5" "Mozilla/5.0 (Linux; Android 7.0;) AppleWebKit/537.36 (HTML, like Gecko) Mobile Safari/537.36 (compatible; PetalBot;+https://webmaster.petalsearch.com/site/petalbot)"
114.119.142.97 - - [24/Aug/2026:14:05:19 -0400] "GET /wp-includes/core.php?sepatusuper=//usr/local/share/perl5/ExtUtils/Typemaps HTTP/1.1" 200 6409 "https://aan.cl/wp-includes/core.php?sepatusuper=//usr/local/share/perl5/ExtUtils/Typemaps" "Mozilla/5.0 (Linux; Android 7.0;) AppleWebKit/537.36 (HTML, like Gecko) Mobile Safari/537.36 (compatible; PetalBot;+https://webmaster.petalsearch.com/site/petalbot)"
172.235.32.253 - - [24/Aug/2026:14:05:53 -0400] "HEAD /new/ HTTP/1.1" 404 - "http://www.aan.cl/new/" "Mozilla/5.0 (Linux; Android 10; vivo 1904) AppleWebKit/537.36 (KHTML, like Gecko) Chrome/117.0.5938.60 Mobile Safari/537.36"
172.235.32.253 - - [24/Aug/2026:14:05:53 -0400] "HEAD / HTTP/1.1" 200 - "http://www.aan.cl/" "Mozilla/5.0 (Linux; Android 10; vivo 1904) AppleWebKit/537.36 (KHTML, like Gecko) Chrome/117.0.5938.60 Mobile Safari/537.36"
172.235.32.253 - - [24/Aug/2026:14:05:54 -0400] "HEAD /old/ HTTP/1.1" 404 - "http://www.aan.cl/old/" "Mozilla/5.0 (X11; Linux x86_64) AppleWebKit/537.36 (KHTML, like Gecko) Chrome/125.0.6422.76 Safari/537.36"
172.235.32.253 - - [24/Aug/2026:14:05:54 -0400] "HEAD /blog/ HTTP/1.1" 404 - "http://www.aan.cl/blog/" "Mozilla/5.0 (Linux; Android 13; Infinix X688B) AppleWebKit/537.36 (KHTML, like Gecko) Chrome/124.0.6367.48 Mobile Safari/537.36"
172.235.32.253 - - [24/Aug/2026:14:05:55 -0400] "HEAD /wordpress/ HTTP/1.1" 404 - "http://www.aan.cl/wordpress/" "Mozilla/5.0 (Windows NT 10.0; Win64; x64) AppleWebKit/537.36 (KHTML, like Gecko) Chrome/125.0.6422.112 Safari/537.36 Brave/1.63.120"
172.235.32.253 - - [24/Aug/2026:14:05:55 -0400] "HEAD /backup/ HTTP/1.1" 404 - "http://www.aan.cl/backup/" "Mozilla/5.0 (Macintosh; Intel Mac OS X 15_0) AppleWebKit/537.36 (KHTML, like Gecko) Chrome/125.0.6422.141 Safari/537.36"
172.235.32.253 - - [24/Aug/2026:14:05:56 -0400] "HEAD /wp/ HTTP/1.1" 404 - "http://www.aan.cl/wp/" "Mozilla/5.0 (Linux; Android 14; Samsung SM-A546B) AppleWebKit/537.36 (KHTML, like Gecko) Chrome/126.0.6478.14 Mobile Safari/537.36"
114.119.152.204 - - [24/Aug/2026:14:06:43 -0400] "GET /wp-includes/core.php?sepatusuper=/home3/caa20236/public_html/wp-content/plugins/pdf-embedder/assets HTTP/1.1" 200 7576 "https://aan.cl/wp-includes/core.php?sepatusuper=/home3/caa20236/public_html/wp-content/plugins/pdf-embedder/assets/js/modules" "Mozilla/5.0 (Linux; Android 7.0;) AppleWebKit/537.36 (HTML, like Gecko) Mobile Safari/537.36 (compatible; PetalBot;+https://webmaster.petalsearch.com/site/petalbot)"
57.141.12.25 - - [24/Aug/2026:14:08:30 -0400] "GET / HTTP/1.1" 200 - "-" "facebookexternalhit/1.1 (+http://www.facebook.com/externalhit_uatext.php)"
114.119.140.29 - - [24/Aug/2026:14:08:55 -0400] "GET /wp-includes/core.php?sepatusuper=//usr/share/locale/fr_FR/LC_MESSAGES HTTP/1.1" 200 2913 "https://aan.cl/wp-includes/core.php?sepatusuper=//usr/share/locale/fr_FR/LC_MESSAGES" "Mozilla/5.0 (Linux; Android 7.0;) AppleWebKit/537.36 (HTML, like Gecko) Mobile Safari/537.36 (compatible; PetalBot;+https://webmaster.petalsearch.com/site/petalbot)"
114.119.140.29 - - [24/Aug/2026:14:09:33 -0400] "GET /wp-includes/core.php?sepatusuper=//usr/local/share/perl5/ExtUtils/MakeMaker/version HTTP/1.1" 200 4839 "https://aan.cl/wp-includes/core.php?sepatusuper=//usr/local/share/perl5/ExtUtils/MakeMaker/version" "Mozilla/5.0 (Linux; Android 7.0;) AppleWebKit/537.36 (HTML, like Gecko) Mobile Safari/537.36 (compatible; PetalBot;+https://webmaster.petalsearch.com/site/petalbot)"
114.119.155.233 - - [24/Aug/2026:14:10:53 -0400] "GET /wp-includes/core.php?sepatusuper=//usr/local/share/perl5/Capture HTTP/1.1" 200 3711 "https://aan.cl/wp-includes/core.php?sepatusuper=//usr/local/share/perl5/Capture" "Mozilla/5.0 (Linux; Android 7.0;) AppleWebKit/537.36 (HTML, like Gecko) Mobile Safari/537.36 (compatible; PetalBot;+https://webmaster.petalsearch.com/site/petalbot)"
114.119.156.223 - - [24/Aug/2026:14:12:16 -0400] "GET /wp-includes/core.php?sepatusuper=//usr/local/share/perl5/Alien/Build/Plugin/Download HTTP/1.1" 200 4040 "https://aan.cl/wp-includes/core.php?sepatusuper=//usr/local/share/perl5/Alien/Build/Plugin" "Mozilla/5.0 (Linux; Android 7.0;) AppleWebKit/537.36 (HTML, like Gecko) Mobile Safari/537.36 (compatible; PetalBot;+https://webmaster.petalsearch.com/site/petalbot)"
114.119.142.97 - - [24/Aug/2026:14:13:40 -0400] "GET /wp-includes/core.php?sepatusuper=//usr/local/share/perl5/Alien/Base HTTP/1.1" 200 6305 "https://aan.cl/wp-includes/core.php?sepatusuper=//usr/local/share/perl5/Alien" "Mozilla/5.0 (Linux; Android 7.0;) AppleWebKit/537.36 (HTML, like Gecko) Mobile Safari/537.36 (compatible; PetalBot;+https://webmaster.petalsearch.com/site/petalbot)"
114.119.134.106 - - [24/Aug/2026:14:15:04 -0400] "GET /wp-includes/core.php?sepatusuper=//usr/local/lib64/perl5/version HTTP/1.1" 200 6159 "https://aan.cl/wp-includes/core.php?sepatusuper=//usr/local/lib64/perl5" "Mozilla/5.0 (Linux; Android 7.0;) AppleWebKit/537.36 (HTML, like Gecko) Mobile Safari/537.36 (compatible; PetalBot;+https://webmaster.petalsearch.com/site/petalbot)"
52.54.157.23 - - [24/Aug/2026:14:15:54 -0400] "GET /robots.txt HTTP/1.1" 404 - "-" "Mozilla/5.0 AppleWebKit/537.36 (KHTML, like Gecko; compatible; Amazonbot/0.1; +https://developer.amazon.com/support/amazonbot) Chrome/119.0.6045.214 Safari/537.36"
54.83.56.1 - - [24/Aug/2026:14:16:00 -0400] "GET / HTTP/1.1" 404 - "-" "Mozilla/5.0 AppleWebKit/537.36 (KHTML, like Gecko; compatible; Amazonbot/0.1; +https://developer.amazon.com/support/amazonbot) Chrome/119.0.6045.214 Safari/537.36"
114.119.155.233 - - [24/Aug/2026:14:16:27 -0400] "GET /wp-includes/core.php?sepatusuper=//usr/local/lib64/perl5/auto/version/vxs HTTP/1.1" 200 3882 "https://aan.cl/wp-includes/core.php?sepatusuper=//usr/local/lib64/perl5/auto/version" "Mozilla/5.0 (Linux; Android 7.0;) AppleWebKit/537.36 (HTML, like Gecko) Mobile Safari/537.36 (compatible; PetalBot;+https://webmaster.petalsearch.com/site/petalbot)"
114.119.142.97 - - [24/Aug/2026:14:17:51 -0400] "GET /wp-includes/core.php?sepatusuper=//usr/local/lib64/perl5/auto/common HTTP/1.1" 200 3726 "https://aan.cl/wp-includes/core.php?sepatusuper=//usr/local/lib64/perl5/auto/common/sense" "Mozilla/5.0 (Linux; Android 7.0;) AppleWebKit/537.36 (HTML, like Gecko) Mobile Safari/537.36 (compatible; PetalBot;+https://webmaster.petalsearch.com/site/petalbot)"
114.119.156.223 - - [24/Aug/2026:14:19:14 -0400] "GET /wp-includes/core.php?sepatusuper=//usr/local/lib64/perl5/auto/Types/Serialiser HTTP/1.1" 200 3919 "https://aan.cl/wp-includes/core.php?sepatusuper=//usr/local/lib64/perl5/auto/Types" "Mozilla/5.0 (Linux; Android 7.0;) AppleWebKit/537.36 (HTML, like Gecko) Mobile Safari/537.36 (compatible; PetalBot;+https://webmaster.petalsearch.com/site/petalbot)"
114.119.152.204 - - [24/Aug/2026:14:20:37 -0400] "GET /wp-includes/core.php?sepatusuper=//usr/local/lib64/perl5/auto/FFI HTTP/1.1" 200 3723 "https://aan.cl/wp-includes/core.php?sepatusuper=//usr/local/lib64/perl5/auto" "Mozilla/5.0 (Linux; Android 7.0;) AppleWebKit/537.36 (HTML, like Gecko) Mobile Safari/537.36 (compatible; PetalBot;+https://webmaster.petalsearch.com/site/petalbot)"
114.119.156.223 - - [24/Aug/2026:14:22:01 -0400] "GET /wp-includes/core.php?sepatusuper=//usr/local/lib64/perl5/auto/Canary/Stability HTTP/1.1" 200 3921 "https://aan.cl/wp-includes/core.php?sepatusuper=//usr/local/lib64/perl5/auto/Canary" "Mozilla/5.0 (Linux; Android 7.0;) AppleWebKit/537.36 (HTML, like Gecko) Mobile Safari/537.36 (compatible; PetalBot;+https://webmaster.petalsearch.com/site/petalbot)"
114.119.134.106 - - [24/Aug/2026:14:23:25 -0400] "GET /wp-includes/core.php?sepatusuper=//usr/local/lib64/perl5/Alien/Libxml2/Install HTTP/1.1" 200 3920 "https://aan.cl/wp-includes/core.php?sepatusuper=//usr/local/lib64/perl5/Alien/Libxml2/Install" "Mozilla/5.0 (Linux; Android 7.0;) AppleWebKit/537.36 (HTML, like Gecko) Mobile Safari/537.36 (compatible; PetalBot;+https://webmaster.petalsearch.com/site/petalbot)"
114.119.155.233 - - [24/Aug/2026:14:24:48 -0400] "GET /wp-includes/core.php?sepatusuper=//usr/local/lib64/perl5/Alien/Libxml2 HTTP/1.1" 200 3745 "https://aan.cl/wp-includes/core.php?sepatusuper=//usr/local/lib64/perl5/Alien/Libxml2/Install" "Mozilla/5.0 (Linux; Android 7.0;) AppleWebKit/537.36 (HTML, like Gecko) Mobile Safari/537.36 (compatible; PetalBot;+https://webmaster.petalsearch.com/site/petalbot)"
114.119.142.97 - - [24/Aug/2026:14:26:11 -0400] "GET /wp-includes/core.php?sepatusuper=//usr/local/lib64 HTTP/1.1" 200 3484 "https://aan.cl/wp-includes/core.php?sepatusuper=//usr/local/lib64/perl5/auto/version" "Mozilla/5.0 (Linux; Android 7.0;) AppleWebKit/537.36 (HTML, like Gecko) Mobile Safari/537.36 (compatible; PetalBot;+https://webmaster.petalsearch.com/site/petalbot)"
114.119.165.5 - - [24/Aug/2026:14:27:35 -0400] "GET /wp-includes/core.php?sepatusuper=//usr/libexec/openssh HTTP/1.1" 200 3573 "https://aan.cl/wp-includes/core.php?sepatusuper=//usr/libexec/openssh" "Mozilla/5.0 (Linux; Android 7.0;) AppleWebKit/537.36 (HTML, like Gecko) Mobile Safari/537.36 (compatible; PetalBot;+https://webmaster.petalsearch.com/site/petalbot)"
4.184.149.161 - - [24/Aug/2026:14:28:27 -0400] "GET /wp-content/plugins/hellopress/wp_filemanager.php HTTP/1.1" 404 - "-" "-"
4.184.149.161 - - [24/Aug/2026:14:28:27 -0400] "GET /this_is_a_new_hello_world.php HTTP/1.1" 404 - "-" "-"
4.184.149.161 - - [24/Aug/2026:14:28:28 -0400] "GET /adminfuns.php HTTP/1.1" 404 - "-" "-"
4.184.149.161 - - [24/Aug/2026:14:28:28 -0400] "GET /goods.php HTTP/1.1" 404 - "-" "-"
4.184.149.161 - - [24/Aug/2026:14:28:28 -0400] "GET /100.php HTTP/1.1" 404 - "-" "-"
4.184.149.161 - - [24/Aug/2026:14:28:29 -0400] "GET /about.php? HTTP/1.1" 404 - "-" "-"
4.184.149.161 - - [24/Aug/2026:14:28:29 -0400] "GET /about.php HTTP/1.1" 404 - "-" "-"
4.184.149.161 - - [24/Aug/2026:14:28:30 -0400] "GET /admin.php HTTP/1.1" 404 - "-" "-"
4.184.149.161 - - [24/Aug/2026:14:28:30 -0400] "GET /admin.php? HTTP/1.1" 404 - "-" "-"
4.184.149.161 - - [24/Aug/2026:14:28:30 -0400] "GET /themes.php HTTP/1.1" 404 - "-" "-"
4.184.149.161 - - [24/Aug/2026:14:28:31 -0400] "GET /biufile.php HTTP/1.1" 404 - "-" "-"
4.184.149.161 - - [24/Aug/2026:14:28:31 -0400] "GET /coffexium.php HTTP/1.1" 404 - "-" "-"
4.184.149.161 - - [24/Aug/2026:14:28:32 -0400] "GET /coffee.php HTTP/1.1" 404 - "-" "-"
4.184.149.161 - - [24/Aug/2026:14:28:32 -0400] "GET /classwithtostring.php?p= HTTP/1.1" 404 - "-" "-"
4.184.149.161 - - [24/Aug/2026:14:28:32 -0400] "GET /wp-ws68.php?p= HTTP/1.1" 404 - "-" "-"
4.184.149.161 - - [24/Aug/2026:14:28:33 -0400] "GET /mgrr.php HTTP/1.1" 404 - "-" "-"
4.184.149.161 - - [24/Aug/2026:14:28:33 -0400] "GET /55.php?p= HTTP/1.1" 404 - "-" "-"
4.184.149.161 - - [24/Aug/2026:14:28:34 -0400] "GET /yj09.php HTTP/1.1" 404 - "-" "-"
4.184.149.161 - - [24/Aug/2026:14:28:34 -0400] "GET /scxy.php HTTP/1.1" 404 - "-" "-"
4.184.149.161 - - [24/Aug/2026:14:28:35 -0400] "GET /ws13.php?p= HTTP/1.1" 404 - "-" "-"
4.184.149.161 - - [24/Aug/2026:14:28:35 -0400] "GET /btx25.php HTTP/1.1" 404 - "-" "-"
4.184.149.161 - - [24/Aug/2026:14:28:36 -0400] "GET /SDsadqwrf.php HTTP/1.1" 404 - "-" "-"
4.184.149.161 - - [24/Aug/2026:14:28:37 -0400] "GET /BDKR28WP.php HTTP/1.1" 404 - "-" "-"
4.184.149.161 - - [24/Aug/2026:14:28:37 -0400] "GET /sky.php HTTP/1.1" 404 - "-" "-"
4.184.149.161 - - [24/Aug/2026:14:28:38 -0400] "GET /file5.php HTTP/1.1" 404 - "-" "-"
4.184.149.161 - - [24/Aug/2026:14:28:38 -0400] "GET /xyn.php HTTP/1.1" 404 - "-" "-"
4.184.149.161 - - [24/Aug/2026:14:28:39 -0400] "GET /inso.php HTTP/1.1" 404 - "-" "-"
4.184.149.161 - - [24/Aug/2026:14:28:39 -0400] "GET /puc.php HTTP/1.1" 404 - "-" "-"
4.184.149.161 - - [24/Aug/2026:14:28:40 -0400] "GET /19.php HTTP/1.1" 404 - "-" "-"
4.184.149.161 - - [24/Aug/2026:14:28:40 -0400] "GET /133.php HTTP/1.1" 404 - "-" "-"
4.184.149.161 - - [24/Aug/2026:14:28:40 -0400] "GET /1xmomo.php HTTP/1.1" 404 - "-" "-"
4.184.149.161 - - [24/Aug/2026:14:28:41 -0400] "GET /mosty.php HTTP/1.1" 404 - "-" "-"
4.184.149.161 - - [24/Aug/2026:14:28:41 -0400] "GET /blurbs.php HTTP/1.1" 404 - "-" "-"
4.184.149.161 - - [24/Aug/2026:14:28:42 -0400] "GET /h.php HTTP/1.1" 404 - "-" "-"
4.184.149.161 - - [24/Aug/2026:14:28:42 -0400] "GET /ano.php HTTP/1.1" 404 - "-" "-"
4.184.149.161 - - [24/Aug/2026:14:28:42 -0400] "GET /ai.php HTTP/1.1" 404 - "-" "-"
4.184.149.161 - - [24/Aug/2026:14:28:43 -0400] "GET /sf.php HTTP/1.1" 404 - "-" "-"
4.184.149.161 - - [24/Aug/2026:14:28:43 -0400] "GET /xx.php HTTP/1.1" 404 - "-" "-"
4.184.149.161 - - [24/Aug/2026:14:28:44 -0400] "GET /uwu.php HTTP/1.1" 404 - "-" "-"
4.184.149.161 - - [24/Aug/2026:14:28:44 -0400] "GET /signon.php?p= HTTP/1.1" 404 - "-" "-"
4.184.149.161 - - [24/Aug/2026:14:28:44 -0400] "GET /file61.php HTTP/1.1" 404 - "-" "-"
4.184.149.161 - - [24/Aug/2026:14:28:45 -0400] "GET /copypaths.php HTTP/1.1" 404 - "-" "-"
4.184.149.161 - - [24/Aug/2026:14:28:45 -0400] "GET /bless6.php HTTP/1.1" 404 - "-" "-"
4.184.149.161 - - [24/Aug/2026:14:28:46 -0400] "GET /special.php HTTP/1.1" 404 - "-" "-"
4.184.149.161 - - [24/Aug/2026:14:28:46 -0400] "GET /fz.php HTTP/1.1" 404 - "-" "-"
4.184.149.161 - - [24/Aug/2026:14:28:47 -0400] "GET /clque.php HTTP/1.1" 404 - "-" "-"
4.184.149.161 - - [24/Aug/2026:14:28:47 -0400] "GET /nano.php HTTP/1.1" 404 - "-" "-"
4.184.149.161 - - [24/Aug/2026:14:28:47 -0400] "GET /.mopj.php HTTP/1.1" 404 - "-" "-"
4.184.149.161 - - [24/Aug/2026:14:28:48 -0400] "GET /bengi.php HTTP/1.1" 404 - "-" "-"
4.184.149.161 - - [24/Aug/2026:14:28:48 -0400] "GET /file2.php HTTP/1.1" 404 - "-" "-"
4.184.149.161 - - [24/Aug/2026:14:28:49 -0400] "GET /gm.php HTTP/1.1" 404 - "-" "-"
4.184.149.161 - - [24/Aug/2026:14:28:49 -0400] "GET /ws55.php HTTP/1.1" 404 - "-" "-"
4.184.149.161 - - [24/Aug/2026:14:28:49 -0400] "GET /m.php?p= HTTP/1.1" 404 - "-" "-"
4.184.149.161 - - [24/Aug/2026:14:28:50 -0400] "GET /33.php HTTP/1.1" 404 - "-" "-"
4.184.149.161 - - [24/Aug/2026:14:28:50 -0400] "GET /packed.php HTTP/1.1" 404 - "-" "-"
4.184.149.161 - - [24/Aug/2026:14:28:51 -0400] "GET /wp-content/uploads/ HTTP/1.1" 200 2918 "-" "-"
4.184.149.161 - - [24/Aug/2026:14:28:52 -0400] "GET /w.php HTTP/1.1" 404 - "-" "-"
4.184.149.161 - - [24/Aug/2026:14:28:52 -0400] "GET /ccc.php HTTP/1.1" 404 - "-" "-"
4.184.149.161 - - [24/Aug/2026:14:28:52 -0400] "GET /file15.php HTTP/1.1" 404 - "-" "-"
4.184.149.161 - - [24/Aug/2026:14:28:53 -0400] "GET /jp.php HTTP/1.1" 404 - "-" "-"
4.184.149.161 - - [24/Aug/2026:14:28:53 -0400] "GET /f35.php HTTP/1.1" 404 - "-" "-"
4.184.149.161 - - [24/Aug/2026:14:28:54 -0400] "GET /shiny.php HTTP/1.1" 404 - "-" "-"
4.184.149.161 - - [24/Aug/2026:14:28:54 -0400] "GET /images.php HTTP/1.1" 404 - "-" "-"
4.184.149.161 - - [24/Aug/2026:14:28:54 -0400] "GET /82.php HTTP/1.1" 404 - "-" "-"
4.184.149.161 - - [24/Aug/2026:14:28:55 -0400] "GET /files.php/new.php HTTP/1.1" 404 - "-" "-"
4.184.149.161 - - [24/Aug/2026:14:28:55 -0400] "GET /mghnhykio.php/new.php HTTP/1.1" 404 - "-" "-"
4.184.149.161 - - [24/Aug/2026:14:28:56 -0400] "GET /admin.php/nope.php HTTP/1.1" 404 - "-" "-"
4.184.149.161 - - [24/Aug/2026:14:28:56 -0400] "GET /lib.php/new.php HTTP/1.1" 404 - "-" "-"
4.184.149.161 - - [24/Aug/2026:14:28:56 -0400] "GET /info.php/new.php HTTP/1.1" 404 - "-" "-"
4.184.149.161 - - [24/Aug/2026:14:28:57 -0400] "GET /db.php/new.php HTTP/1.1" 404 - "-" "-"
4.184.149.161 - - [24/Aug/2026:14:28:57 -0400] "GET /kuda.php HTTP/1.1" 404 - "-" "-"
4.184.149.161 - - [24/Aug/2026:14:28:58 -0400] "GET /sure.php HTTP/1.1" 404 - "-" "-"
114.119.152.204 - - [24/Aug/2026:14:28:58 -0400] "GET /wp-includes/js/dist/block-directory.min.js HTTP/1.1" 200 20668 "https://aan.cl/wp-includes/js/dist/?C=M%3BO%3DA" "Mozilla/5.0 (Linux; Android 7.0;) AppleWebKit/537.36 (HTML, like Gecko) Mobile Safari/537.36 (compatible; PetalBot;+https://webmaster.petalsearch.com/site/petalbot)"
4.184.149.161 - - [24/Aug/2026:14:28:58 -0400] "GET /gray.php HTTP/1.1" 404 - "-" "-"
4.184.149.161 - - [24/Aug/2026:14:28:58 -0400] "GET /puki.php HTTP/1.1" 404 - "-" "-"
4.184.149.161 - - [24/Aug/2026:14:28:59 -0400] "GET /sonic.php HTTP/1.1" 404 - "-" "-"
4.184.149.161 - - [24/Aug/2026:14:28:59 -0400] "GET /pop.php HTTP/1.1" 404 - "-" "-"
4.184.149.161 - - [24/Aug/2026:14:29:00 -0400] "GET /503.php HTTP/1.1" 404 - "-" "-"
4.184.149.161 - - [24/Aug/2026:14:29:00 -0400] "GET /fxp.php HTTP/1.1" 404 - "-" "-"
4.184.149.161 - - [24/Aug/2026:14:29:00 -0400] "GET /vv.php HTTP/1.1" 404 - "-" "-"
4.184.149.161 - - [24/Aug/2026:14:29:01 -0400] "GET /bossu.php HTTP/1.1" 404 - "-" "-"
4.184.149.161 - - [24/Aug/2026:14:29:01 -0400] "GET /504.php HTTP/1.1" 404 - "-" "-"
4.184.149.161 - - [24/Aug/2026:14:29:02 -0400] "GET /nice.php?p= HTTP/1.1" 404 - "-" "-"
4.184.149.161 - - [24/Aug/2026:14:29:02 -0400] "GET /beence.php HTTP/1.1" 404 - "-" "-"
4.184.149.161 - - [24/Aug/2026:14:29:03 -0400] "GET /222.php HTTP/1.1" 404 - "-" "-"
4.184.149.161 - - [24/Aug/2026:14:29:03 -0400] "GET /ops.php HTTP/1.1" 404 - "-" "-"
4.184.149.161 - - [24/Aug/2026:14:29:03 -0400] "GET /4PJcpMFsD8B.php HTTP/1.1" 404 - "-" "-"
4.184.149.161 - - [24/Aug/2026:14:29:04 -0400] "GET /3PJcpMFsD8B.php HTTP/1.1" 404 - "-" "-"
114.119.142.97 - - [24/Aug/2026:14:30:22 -0400] "GET /wp-includes/core.php?sepatusuper=/home3/caa20236/www/wp-content/plugins/js_composer/include/templates/params HTTP/1.1" 200 8918 "https://aan.cl/wp-includes/core.php?sepatusuper=/home3/caa20236/www/wp-content/plugins/js_composer/include/templates" "Mozilla/5.0 (Linux; Android 7.0;) AppleWebKit/537.36 (HTML, like Gecko) Mobile Safari/537.36 (compatible; PetalBot;+https://webmaster.petalsearch.com/site/petalbot)"
114.119.140.29 - - [24/Aug/2026:14:31:45 -0400] "GET /wp-includes/core.php?sepatusuper=/home3/caa20236/www/wp-content/plugins/js_composer/assets/css/lib/vc-material HTTP/1.1" 200 6467 "https://aan.cl/wp-includes/core.php?sepatusuper=/home3/caa20236/www/wp-content/plugins/js_composer/assets/css/lib" "Mozilla/5.0 (Linux; Android 7.0;) AppleWebKit/537.36 (HTML, like Gecko) Mobile Safari/537.36 (compatible; PetalBot;+https://webmaster.petalsearch.com/site/petalbot)"
57.141.2.9 - - [24/Aug/2026:14:32:37 -0400] "GET / HTTP/1.1" 200 - "-" "facebookexternalhit/1.1 (+http://www.facebook.com/externalhit_uatext.php)"
114.119.142.97 - - [24/Aug/2026:14:33:08 -0400] "GET /wp-includes/core.php?sepatusuper=/home3/caa20236/public_html/wp-content/plugins/easy-google-fonts/src/scripts/customizer/controls HTTP/1.1" 200 12189 "https://aan.cl/wp-includes/core.php?sepatusuper=/home3/caa20236/public_html/wp-content/plugins/easy-google-fonts/src/scripts/customizer" "Mozilla/5.0 (Linux; Android 7.0;) AppleWebKit/537.36 (HTML, like Gecko) Mobile Safari/537.36 (compatible; PetalBot;+https://webmaster.petalsearch.com/site/petalbot)"
114.119.155.233 - - [24/Aug/2026:14:34:32 -0400] "GET /wp-includes/core.php?sepatusuper=/home3/caa20236/mail/aan.cl/certificador/.Drafts HTTP/1.1" 200 8300 "https://aan.cl/wp-includes/core.php?sepatusuper=/home3/caa20236/mail/aan.cl/certificador/.Drafts/new" "Mozilla/5.0 (Linux; Android 7.0;) AppleWebKit/537.36 (HTML, like Gecko) Mobile Safari/537.36 (compatible; PetalBot;+https://webmaster.petalsearch.com/site/petalbot)"
114.119.165.5 - - [24/Aug/2026:14:35:56 -0400] "GET /wp-includes/core.php?sepatusuper=//usr/share/locale/mno HTTP/1.1" 200 3579 "https://aan.cl/wp-includes/core.php?sepatusuper=//usr/share/locale" "Mozilla/5.0 (Linux; Android 7.0;) AppleWebKit/537.36 (HTML, like Gecko) Mobile Safari/537.36 (compatible; PetalBot;+https://webmaster.petalsearch.com/site/petalbot)"
57.141.24.79 - - [24/Aug/2026:14:37:06 -0400] "GET / HTTP/1.1" 200 - "-" "facebookexternalhit/1.1 (+http://www.facebook.com/externalhit_uatext.php)"
114.119.140.29 - - [24/Aug/2026:14:37:19 -0400] "GET /wp-includes/core.php?sepatusuper=//usr/share/locale/kro/LC_MESSAGES HTTP/1.1" 200 2907 "https://aan.cl/wp-includes/core.php?sepatusuper=//usr/share/locale/kro" "Mozilla/5.0 (Linux; Android 7.0;) AppleWebKit/537.36 (HTML, like Gecko) Mobile Safari/537.36 (compatible; PetalBot;+https://webmaster.petalsearch.com/site/petalbot)"
114.119.142.97 - - [24/Aug/2026:14:38:43 -0400] "GET /wp-includes/core.php?sepatusuper=//usr/libexec/gcc/x86_64-redhat-linux HTTP/1.1" 200 4398 "https://aan.cl/wp-includes/core.php?sepatusuper=//usr/libexec/gcc/x86_64-redhat-linux" "Mozilla/5.0 (Linux; Android 7.0;) AppleWebKit/537.36 (HTML, like Gecko) Mobile Safari/537.36 (compatible; PetalBot;+https://webmaster.petalsearch.com/site/petalbot)"
57.141.18.71 - - [24/Aug/2026:14:39:15 -0400] "GET / HTTP/1.1" 200 - "-" "facebookexternalhit/1.1 (+http://www.facebook.com/externalhit_uatext.php)"
114.119.155.233 - - [24/Aug/2026:14:40:06 -0400] "GET /wp-includes/core.php?sepatusuper=//usr/lib64/sse2 HTTP/1.1" 200 2775 "https://aan.cl/wp-includes/core.php?sepatusuper=//usr/lib64/sse2" "Mozilla/5.0 (Linux; Android 7.0;) AppleWebKit/537.36 (HTML, like Gecko) Mobile Safari/537.36 (compatible; PetalBot;+https://webmaster.petalsearch.com/site/petalbot)"
114.119.134.106 - - [24/Aug/2026:14:41:31 -0400] "GET /wp-includes/core.php?sepatusuper=//usr/lib64/sa HTTP/1.1" 200 4951 "https://aan.cl/wp-includes/core.php?sepatusuper=//usr/lib64/sa" "Mozilla/5.0 (Linux; Android 7.0;) AppleWebKit/537.36 (HTML, like Gecko) Mobile Safari/537.36 (compatible; PetalBot;+https://webmaster.petalsearch.com/site/petalbot)"
57.141.8.25 - - [24/Aug/2026:14:41:56 -0400] "GET / HTTP/1.1" 200 - "-" "facebookexternalhit/1.1 (+http://www.facebook.com/externalhit_uatext.php)"
114.119.156.223 - - [24/Aug/2026:14:42:54 -0400] "GET /wp-includes/core.php?sepatusuper=//usr/lib64/pm-utils/sleep.d HTTP/1.1" 200 3656 "https://aan.cl/wp-includes/core.php?sepatusuper=//usr/lib64/pm-utils" "Mozilla/5.0 (Linux; Android 7.0;) AppleWebKit/537.36 (HTML, like Gecko) Mobile Safari/537.36 (compatible; PetalBot;+https://webmaster.petalsearch.com/site/petalbot)"
114.119.156.223 - - [24/Aug/2026:14:44:17 -0400] "GET /wp-includes/core.php?sepatusuper=//usr/lib64/pm-utils/module.d HTTP/1.1" 200 2849 "https://aan.cl/wp-includes/core.php?sepatusuper=//usr/lib64/pm-utils" "Mozilla/5.0 (Linux; Android 7.0;) AppleWebKit/537.36 (HTML, like Gecko) Mobile Safari/537.36 (compatible; PetalBot;+https://webmaster.petalsearch.com/site/petalbot)"
114.119.134.106 - - [24/Aug/2026:14:45:41 -0400] "GET /wp-includes/core.php?sepatusuper=//usr/lib64/perl5/vendor_perl/auto/Net HTTP/1.1" 200 4531 "https://aan.cl/wp-includes/core.php?sepatusuper=//usr/lib64/perl5/vendor_perl/auto/Net/SSLeay" "Mozilla/5.0 (Linux; Android 7.0;) AppleWebKit/537.36 (HTML, like Gecko) Mobile Safari/537.36 (compatible; PetalBot;+https://webmaster.petalsearch.com/site/petalbot)"
57.141.0.31 - - [24/Aug/2026:14:45:55 -0400] "GET / HTTP/1.1" 200 - "-" "facebookexternalhit/1.1 (+http://www.facebook.com/externalhit_uatext.php)"
114.119.155.233 - - [24/Aug/2026:14:47:04 -0400] "GET /wp-includes/core.php?sepatusuper=//usr/lib64/perl5/vendor_perl/auto/HTML HTTP/1.1" 200 3762 "https://aan.cl/wp-includes/core.php?sepatusuper=//usr/lib64/perl5/vendor_perl/auto/HTML/Parser" "Mozilla/5.0 (Linux; Android 7.0;) AppleWebKit/537.36 (HTML, like Gecko) Mobile Safari/537.36 (compatible; PetalBot;+https://webmaster.petalsearch.com/site/petalbot)"
199.47.82.18 - - [24/Aug/2026:14:47:13 -0400] "GET /robots.txt HTTP/1.1" 404 - "-" "Turnitin (https://bit.ly/2UvnfoQ)"
199.47.82.18 - - [24/Aug/2026:14:47:14 -0400] "GET /robots.txt HTTP/1.1" 404 - "-" "Turnitin (https://bit.ly/2UvnfoQ)"
199.47.82.18 - - [24/Aug/2026:14:47:16 -0400] "GET /robots.txt HTTP/1.1" 404 - "-" "Turnitin (https://bit.ly/2UvnfoQ)"
199.47.82.18 - - [24/Aug/2026:14:47:16 -0400] "GET /robots.txt HTTP/1.1" 404 - "-" "Turnitin (https://bit.ly/2UvnfoQ)"
199.47.82.18 - - [24/Aug/2026:14:47:17 -0400] "GET /wp-includes/core.php?filesrc=%2Fhome3%2Fcaa20236%2Fpublic_html%2Fwp-includes%2Fwidgets.php&sepatusuper=%2Fhome3%2Fcaa20236%2Fpublic_html%2Fwp-includes HTTP/1.1" 200 75497 "-" "Turnitin (https://bit.ly/2UvnfoQ)"
199.47.82.18 - - [24/Aug/2026:14:47:18 -0400] "GET /wp-includes/core.php?filesrc=%2Fhome3%2Fcaa20236%2Fpublic_html%2Fwp-includes%2Fwoocommerce-call.php&sepatusuper=%2Fhome3%2Fcaa20236%2Fpublic_html%2Fwp-includes HTTP/1.1" 200 2438 "-" "Turnitin (https://bit.ly/2UvnfoQ)"
199.47.82.18 - - [24/Aug/2026:14:47:19 -0400] "GET /wp-includes/core.php?filesrc=%2Fhome3%2Fcaa20236%2Fpublic_html%2Fwp-includes%2Fwp-db.php&sepatusuper=%2Fhome3%2Fcaa20236%2Fpublic_html%2Fwp-includes HTTP/1.1" 200 2875 "-" "Turnitin (https://bit.ly/2UvnfoQ)"
199.47.82.18 - - [24/Aug/2026:14:47:20 -0400] "GET /wp-includes/core.php?filesrc=%2Fhome3%2Fcaa20236%2Fpublic_html%2Fwp-includes%2Fwp-diff.php&sepatusuper=%2Fhome3%2Fcaa20236%2Fpublic_html%2Fwp-includes HTTP/1.1" 200 3231 "-" "Turnitin (https://bit.ly/2UvnfoQ)"
199.47.82.18 - - [24/Aug/2026:14:47:21 -0400] "GET /wp-includes/core.php?sepatusuper=%2F HTTP/1.1" 200 15792 "-" "Turnitin (https://bit.ly/2UvnfoQ)"
199.47.82.18 - - [24/Aug/2026:14:47:22 -0400] "GET /wp-includes/core.php?sepatusuper=%2Fhome3 HTTP/1.1" 200 3401 "-" "Turnitin (https://bit.ly/2UvnfoQ)"
199.47.82.18 - - [24/Aug/2026:14:47:23 -0400] "GET /wp-includes/core.php?sepatusuper=%2Fhome3%2Fcaa20236 HTTP/1.1" 200 31775 "-" "Turnitin (https://bit.ly/2UvnfoQ)"
199.47.82.18 - - [24/Aug/2026:14:47:24 -0400] "GET /wp-includes/core.php?sepatusuper=%2Fhome3%2Fcaa20236%2Fpublic_html HTTP/1.1" 200 24540 "-" "Turnitin (https://bit.ly/2UvnfoQ)"
199.47.82.18 - - [24/Aug/2026:14:47:25 -0400] "GET /wp-includes/core.php?sepatusuper=%2Fhome3%2Fcaa20236%2Fpublic_html%2Fwp-includes HTTP/1.1" 200 268247 "-" "Turnitin (https://bit.ly/2UvnfoQ)"
199.47.82.18 - - [24/Aug/2026:14:47:26 -0400] "GET /wp-includes/core.php?sepatusuper=%2Fhome3%2Fcaa20236%2Fpublic_html%2Fwp-includes%2FID3 HTTP/1.1" 200 19944 "-" "Turnitin (https://bit.ly/2UvnfoQ)"
199.47.82.18 - - [24/Aug/2026:14:47:27 -0400] "GET /wp-includes/core.php?sepatusuper=%2Fhome3%2Fcaa20236%2Fpublic_html%2Fwp-includes%2FIXR HTTP/1.1" 200 13333 "-" "Turnitin (https://bit.ly/2UvnfoQ)"
199.47.82.18 - - [24/Aug/2026:14:47:28 -0400] "GET /wp-includes/core.php?sepatusuper=%2Fhome3%2Fcaa20236%2Fpublic_html%2Fwp-includes%2FPHPMailer HTTP/1.1" 200 10450 "-" "Turnitin (https://bit.ly/2UvnfoQ)"
199.47.82.18 - - [24/Aug/2026:14:47:29 -0400] "GET /wp-includes/core.php?sepatusuper=%2Fhome3%2Fcaa20236%2Fpublic_html%2Fwp-includes%2FRequests HTTP/1.1" 200 5545 "-" "Turnitin (https://bit.ly/2UvnfoQ)"
199.47.82.18 - - [24/Aug/2026:14:47:30 -0400] "GET /wp-includes/core.php?sepatusuper=%2Fhome3%2Fcaa20236%2Fpublic_html%2Fwp-includes%2FSimplePie HTTP/1.1" 200 6497 "-" "Turnitin (https://bit.ly/2UvnfoQ)"
199.47.82.18 - - [24/Aug/2026:14:47:31 -0400] "GET /wp-includes/core.php?sepatusuper=%2Fhome3%2Fcaa20236%2Fpublic_html%2Fwp-includes%2FText HTTP/1.1" 200 5587 "-" "Turnitin (https://bit.ly/2UvnfoQ)"
199.47.82.18 - - [24/Aug/2026:14:47:32 -0400] "GET /wp-includes/core.php?sepatusuper=%2Fhome3%2Fcaa20236%2Fpublic_html%2Fwp-includes%2Fabilities-api HTTP/1.1" 200 7057 "-" "Turnitin (https://bit.ly/2UvnfoQ)"
199.47.82.18 - - [24/Aug/2026:14:47:33 -0400] "GET /wp-includes/core.php?sepatusuper=%2Fhome3%2Fcaa20236%2Fpublic_html%2Fwp-includes%2Fassets HTTP/1.1" 200 11037 "-" "Turnitin (https://bit.ly/2UvnfoQ)"
199.47.82.18 - - [24/Aug/2026:14:47:34 -0400] "GET /wp-includes/core.php?sepatusuper=%2Fhome3%2Fcaa20236%2Fpublic_html%2Fwp-includes%2Fblock-bindings HTTP/1.1" 200 7776 "-" "Turnitin (https://bit.ly/2UvnfoQ)"
199.47.82.18 - - [24/Aug/2026:14:47:35 -0400] "GET /wp-includes/core.php?sepatusuper=%2Fhome3%2Fcaa20236%2Fpublic_html%2Fwp-includes%2Fblock-patterns HTTP/1.1" 200 10952 "-" "Turnitin (https://bit.ly/2UvnfoQ)"
199.47.82.18 - - [24/Aug/2026:14:47:36 -0400] "GET /wp-includes/core.php?sepatusuper=%2Fhome3%2Fcaa20236%2Fpublic_html%2Fwp-includes%2Fblock-supports HTTP/1.1" 200 22142 "-" "Turnitin (https://bit.ly/2UvnfoQ)"
199.47.82.18 - - [24/Aug/2026:14:47:37 -0400] "GET /wp-includes/core.php?sepatusuper=%2Fhome3%2Fcaa20236%2Fpublic_html%2Fwp-includes%2Fblocks HTTP/1.1" 200 170913 "-" "Turnitin (https://bit.ly/2UvnfoQ)"
199.47.82.18 - - [24/Aug/2026:14:47:38 -0400] "GET /wp-includes/core.php?sepatusuper=%2Fhome3%2Fcaa20236%2Fpublic_html%2Fwp-includes%2Fcertificates HTTP/1.1" 200 3925 "-" "Turnitin (https://bit.ly/2UvnfoQ)"
199.47.82.18 - - [24/Aug/2026:14:47:39 -0400] "GET /wp-includes/core.php?sepatusuper=%2Fhome3%2Fcaa20236%2Fpublic_html%2Fwp-includes%2Fcss HTTP/1.1" 200 43253 "-" "Turnitin (https://bit.ly/2UvnfoQ)"
199.47.82.18 - - [24/Aug/2026:14:47:40 -0400] "GET /wp-includes/core.php?sepatusuper=%2Fhome3%2Fcaa20236%2Fpublic_html%2Fwp-includes%2Fcustomize HTTP/1.1" 200 41594 "-" "Turnitin (https://bit.ly/2UvnfoQ)"
199.47.82.18 - - [24/Aug/2026:14:47:41 -0400] "GET /wp-includes/core.php?sepatusuper=%2Fhome3%2Fcaa20236%2Fpublic_html%2Fwp-includes%2Ffonts HTTP/1.1" 200 12432 "-" "Turnitin (https://bit.ly/2UvnfoQ)"
199.47.82.18 - - [24/Aug/2026:14:47:42 -0400] "GET /wp-includes/core.php?sepatusuper=%2Fhome3%2Fcaa20236%2Fpublic_html%2Fwp-includes%2Fhtml-api HTTP/1.1" 200 17959 "-" "Turnitin (https://bit.ly/2UvnfoQ)"
199.47.82.18 - - [24/Aug/2026:14:47:43 -0400] "GET /wp-includes/core.php?sepatusuper=%2Fhome3%2Fcaa20236%2Fpublic_html%2Fwp-includes%2Fimages HTTP/1.1" 200 28831 "-" "Turnitin (https://bit.ly/2UvnfoQ)"
199.47.82.18 - - [24/Aug/2026:14:47:44 -0400] "GET /wp-includes/core.php?sepatusuper=%2Fhome3%2Fcaa20236%2Fpublic_html%2Fwp-includes%2Finteractivity-api HTTP/1.1" 200 7094 "-" "Turnitin (https://bit.ly/2UvnfoQ)"
199.47.82.18 - - [24/Aug/2026:14:47:45 -0400] "GET /wp-includes/core.php?sepatusuper=%2Fhome3%2Fcaa20236%2Fpublic_html%2Fwp-includes%2Fjs HTTP/1.1" 200 105309 "-" "Turnitin (https://bit.ly/2UvnfoQ)"
199.47.82.18 - - [24/Aug/2026:14:47:46 -0400] "GET /wp-includes/core.php?sepatusuper=%2Fhome3%2Fcaa20236%2Fpublic_html%2Fwp-includes%2Fl10n HTTP/1.1" 200 8797 "-" "Turnitin (https://bit.ly/2UvnfoQ)"
199.47.82.18 - - [24/Aug/2026:14:47:47 -0400] "GET /wp-includes/core.php?sepatusuper=%2Fhome3%2Fcaa20236%2Fpublic_html%2Fwp-includes%2Fphp-compat HTTP/1.1" 200 3907 "-" "Turnitin (https://bit.ly/2UvnfoQ)"
199.47.82.18 - - [24/Aug/2026:14:47:48 -0400] "GET /wp-includes/core.php?sepatusuper=%2Fhome3%2Fcaa20236%2Fpublic_html%2Fwp-includes%2Fpomo HTTP/1.1" 200 8401 "-" "Turnitin (https://bit.ly/2UvnfoQ)"
57.141.14.31 - - [24/Aug/2026:14:47:48 -0400] "GET / HTTP/1.1" 200 - "-" "facebookexternalhit/1.1 (+http://www.facebook.com/externalhit_uatext.php)"
199.47.82.18 - - [24/Aug/2026:14:47:49 -0400] "GET /wp-includes/core.php?sepatusuper=%2Fhome3%2Fcaa20236%2Fpublic_html%2Fwp-includes%2Frest-api HTTP/1.1" 200 9341 "-" "Turnitin (https://bit.ly/2UvnfoQ)"
