54.37.252.131 - - [24/Aug/2026:10:58:56 -0400] "GET /wp-includes/core.php?filesrc=//opt/imunify360/venv/lib/python3.11/site-packages/Crypto/Hash/_SHA224.abi3.so&sepatusuper=//opt/imunify360/venv/lib/python3.11/site-packages/Crypto/Hash HTTP/1.1" 200 2775 "-" "Mozilla/5.0 (compatible; MJ12bot/v1.4.8; http://mj12bot.com/)"
54.37.252.131 - - [24/Aug/2026:10:58:58 -0400] "GET /wp-includes/core.php?filesrc=//opt/imunify360/venv/lib/python3.11/site-packages/Crypto/Hash/_SHA256.abi3.so&sepatusuper=//opt/imunify360/venv/lib/python3.11/site-packages/Crypto/Hash HTTP/1.1" 200 2775 "-" "Mozilla/5.0 (compatible; MJ12bot/v1.4.8; http://mj12bot.com/)"
54.37.252.131 - - [24/Aug/2026:10:59:00 -0400] "GET /wp-includes/core.php?filesrc=//opt/imunify360/venv/lib/python3.11/site-packages/Crypto/Hash/_SHA384.abi3.so&sepatusuper=//opt/imunify360/venv/lib/python3.11/site-packages/Crypto/Hash HTTP/1.1" 200 2775 "-" "Mozilla/5.0 (compatible; MJ12bot/v1.4.8; http://mj12bot.com/)"
54.37.252.131 - - [24/Aug/2026:10:59:02 -0400] "GET /wp-includes/core.php?filesrc=//opt/imunify360/venv/lib/python3.11/site-packages/Crypto/Hash/_SHA512.abi3.so&sepatusuper=//opt/imunify360/venv/lib/python3.11/site-packages/Crypto/Hash HTTP/1.1" 200 2775 "-" "Mozilla/5.0 (compatible; MJ12bot/v1.4.8; http://mj12bot.com/)"
54.37.252.131 - - [24/Aug/2026:10:59:04 -0400] "GET /wp-includes/core.php?filesrc=//opt/imunify360/venv/lib/python3.11/site-packages/Crypto/Hash/__init__.py&sepatusuper=//opt/imunify360/venv/lib/python3.11/site-packages/Crypto/Hash HTTP/1.1" 200 4020 "-" "Mozilla/5.0 (compatible; MJ12bot/v1.4.8; http://mj12bot.com/)"
54.37.252.131 - - [24/Aug/2026:10:59:06 -0400] "GET /wp-includes/core.php?filesrc=//opt/imunify360/venv/lib/python3.11/site-packages/Crypto/Hash/__init__.pyi&sepatusuper=//opt/imunify360/venv/lib/python3.11/site-packages/Crypto/Hash HTTP/1.1" 200 2772 "-" "Mozilla/5.0 (compatible; MJ12bot/v1.4.8; http://mj12bot.com/)"
54.37.252.131 - - [24/Aug/2026:10:59:08 -0400] "GET /wp-includes/core.php?filesrc=//opt/imunify360/venv/lib/python3.11/site-packages/Crypto/Hash/_ghash_clmul.abi3.so&sepatusuper=//opt/imunify360/venv/lib/python3.11/site-packages/Crypto/Hash HTTP/1.1" 200 2780 "-" "Mozilla/5.0 (compatible; MJ12bot/v1.4.8; http://mj12bot.com/)"
54.37.252.131 - - [24/Aug/2026:10:59:10 -0400] "GET /wp-includes/core.php?filesrc=//opt/imunify360/venv/lib/python3.11/site-packages/Crypto/Hash/_ghash_portable.abi3.so&sepatusuper=//opt/imunify360/venv/lib/python3.11/site-packages/Crypto/Hash HTTP/1.1" 200 2783 "-" "Mozilla/5.0 (compatible; MJ12bot/v1.4.8; http://mj12bot.com/)"
54.37.252.131 - - [24/Aug/2026:10:59:13 -0400] "GET /wp-includes/core.php?filesrc=//opt/imunify360/venv/lib/python3.11/site-packages/Crypto/Hash/_keccak.abi3.so&sepatusuper=//opt/imunify360/venv/lib/python3.11/site-packages/Crypto/Hash HTTP/1.1" 200 2775 "-" "Mozilla/5.0 (compatible; MJ12bot/v1.4.8; http://mj12bot.com/)"
54.37.252.131 - - [24/Aug/2026:10:59:15 -0400] "GET /wp-includes/core.php?filesrc=//opt/imunify360/venv/lib/python3.11/site-packages/Crypto/Hash/_poly1305.abi3.so&sepatusuper=//opt/imunify360/venv/lib/python3.11/site-packages/Crypto/Hash HTTP/1.1" 200 2777 "-" "Mozilla/5.0 (compatible; MJ12bot/v1.4.8; http://mj12bot.com/)"
54.37.252.131 - - [24/Aug/2026:10:59:17 -0400] "GET /wp-includes/core.php?filesrc=//opt/imunify360/venv/lib/python3.11/site-packages/Crypto/Hash/cSHAKE128.py&sepatusuper=//opt/imunify360/venv/lib/python3.11/site-packages/Crypto/Hash HTTP/1.1" 200 9428 "-" "Mozilla/5.0 (compatible; MJ12bot/v1.4.8; http://mj12bot.com/)"
54.37.252.131 - - [24/Aug/2026:10:59:18 -0400] "GET /wp-includes/core.php?filesrc=//opt/imunify360/venv/lib/python3.11/site-packages/Crypto/Hash/cSHAKE128.pyi&sepatusuper=//opt/imunify360/venv/lib/python3.11/site-packages/Crypto/Hash HTTP/1.1" 200 3284 "-" "Mozilla/5.0 (compatible; MJ12bot/v1.4.8; http://mj12bot.com/)"
54.37.252.131 - - [24/Aug/2026:10:59:21 -0400] "GET /wp-includes/core.php?filesrc=//opt/imunify360/venv/lib/python3.11/site-packages/Crypto/Hash/cSHAKE256.py&sepatusuper=//opt/imunify360/venv/lib/python3.11/site-packages/Crypto/Hash HTTP/1.1" 200 5020 "-" "Mozilla/5.0 (compatible; MJ12bot/v1.4.8; http://mj12bot.com/)"
54.37.252.131 - - [24/Aug/2026:10:59:22 -0400] "GET /wp-includes/core.php?filesrc=//opt/imunify360/venv/lib/python3.11/site-packages/Crypto/Hash/cSHAKE256.pyi&sepatusuper=//opt/imunify360/venv/lib/python3.11/site-packages/Crypto/Hash HTTP/1.1" 200 3007 "-" "Mozilla/5.0 (compatible; MJ12bot/v1.4.8; http://mj12bot.com/)"
54.37.252.131 - - [24/Aug/2026:10:59:24 -0400] "GET /wp-includes/core.php?filesrc=//opt/imunify360/venv/lib/python3.11/site-packages/Crypto/Hash/keccak.py&sepatusuper=//opt/imunify360/venv/lib/python3.11/site-packages/Crypto/Hash HTTP/1.1" 200 10728 "-" "Mozilla/5.0 (compatible; MJ12bot/v1.4.8; http://mj12bot.com/)"
54.37.252.131 - - [24/Aug/2026:10:59:26 -0400] "GET /wp-includes/core.php?filesrc=//opt/imunify360/venv/lib/python3.11/site-packages/Crypto/Hash/keccak.pyi&sepatusuper=//opt/imunify360/venv/lib/python3.11/site-packages/Crypto/Hash HTTP/1.1" 200 3529 "-" "Mozilla/5.0 (compatible; MJ12bot/v1.4.8; http://mj12bot.com/)"
54.37.252.131 - - [24/Aug/2026:10:59:28 -0400] "GET /wp-includes/core.php?filesrc=//opt/imunify360/venv/lib/python3.11/site-packages/Crypto/IO/PEM.py&sepatusuper=//opt/imunify360/venv/lib/python3.11/site-packages/Crypto/IO HTTP/1.1" 200 9994 "-" "Mozilla/5.0 (compatible; MJ12bot/v1.4.8; http://mj12bot.com/)"
54.37.252.131 - - [24/Aug/2026:10:59:31 -0400] "GET /wp-includes/core.php?filesrc=//opt/imunify360/venv/lib/python3.11/site-packages/Crypto/IO/PEM.pyi&sepatusuper=//opt/imunify360/venv/lib/python3.11/site-packages/Crypto/IO HTTP/1.1" 200 3070 "-" "Mozilla/5.0 (compatible; MJ12bot/v1.4.8; http://mj12bot.com/)"
54.37.252.131 - - [24/Aug/2026:10:59:33 -0400] "GET /wp-includes/core.php?filesrc=//opt/imunify360/venv/lib/python3.11/site-packages/Crypto/IO/PKCS8.py&sepatusuper=//opt/imunify360/venv/lib/python3.11/site-packages/Crypto/IO HTTP/1.1" 200 12018 "-" "Mozilla/5.0 (compatible; MJ12bot/v1.4.8; http://mj12bot.com/)"
54.37.252.131 - - [24/Aug/2026:10:59:35 -0400] "GET /wp-includes/core.php?filesrc=//opt/imunify360/venv/lib/python3.11/site-packages/Crypto/IO/PKCS8.pyi&sepatusuper=//opt/imunify360/venv/lib/python3.11/site-packages/Crypto/IO HTTP/1.1" 200 3249 "-" "Mozilla/5.0 (compatible; MJ12bot/v1.4.8; http://mj12bot.com/)"
54.37.252.131 - - [24/Aug/2026:10:59:38 -0400] "GET /wp-includes/core.php?filesrc=//opt/imunify360/venv/lib/python3.11/site-packages/Crypto/IO/_PBES.py&sepatusuper=//opt/imunify360/venv/lib/python3.11/site-packages/Crypto/IO HTTP/1.1" 200 19541 "-" "Mozilla/5.0 (compatible; MJ12bot/v1.4.8; http://mj12bot.com/)"
54.37.252.131 - - [24/Aug/2026:10:59:40 -0400] "GET /wp-includes/core.php?filesrc=//opt/imunify360/venv/lib/python3.11/site-packages/Crypto/IO/_PBES.pyi&sepatusuper=//opt/imunify360/venv/lib/python3.11/site-packages/Crypto/IO HTTP/1.1" 200 3261 "-" "Mozilla/5.0 (compatible; MJ12bot/v1.4.8; http://mj12bot.com/)"
54.37.252.131 - - [24/Aug/2026:10:59:42 -0400] "GET /wp-includes/core.php?filesrc=//opt/imunify360/venv/lib/python3.11/site-packages/Crypto/IO/__init__.py&sepatusuper=//opt/imunify360/venv/lib/python3.11/site-packages/Crypto/IO HTTP/1.1" 200 4321 "-" "Mozilla/5.0 (compatible; MJ12bot/v1.4.8; http://mj12bot.com/)"
54.37.252.131 - - [24/Aug/2026:10:59:44 -0400] "GET /wp-includes/core.php?filesrc=//opt/imunify360/venv/lib/python3.11/site-packages/Crypto/Math/Numbers.py&sepatusuper=//opt/imunify360/venv/lib/python3.11/site-packages/Crypto/Math HTTP/1.1" 200 4818 "-" "Mozilla/5.0 (compatible; MJ12bot/v1.4.8; http://mj12bot.com/)"
54.37.252.131 - - [24/Aug/2026:10:59:46 -0400] "GET /wp-includes/core.php?filesrc=//opt/imunify360/venv/lib/python3.11/site-packages/Crypto/Math/Numbers.pyi&sepatusuper=//opt/imunify360/venv/lib/python3.11/site-packages/Crypto/Math HTTP/1.1" 200 2853 "-" "Mozilla/5.0 (compatible; MJ12bot/v1.4.8; http://mj12bot.com/)"
54.37.252.131 - - [24/Aug/2026:10:59:48 -0400] "GET /wp-includes/core.php?filesrc=//opt/imunify360/venv/lib/python3.11/site-packages/Crypto/Math/Primality.py&sepatusuper=//opt/imunify360/venv/lib/python3.11/site-packages/Crypto/Math HTTP/1.1" 200 14501 "-" "Mozilla/5.0 (compatible; MJ12bot/v1.4.8; http://mj12bot.com/)"
54.37.252.131 - - [24/Aug/2026:10:59:50 -0400] "GET /wp-includes/core.php?filesrc=//opt/imunify360/venv/lib/python3.11/site-packages/Crypto/Math/Primality.pyi&sepatusuper=//opt/imunify360/venv/lib/python3.11/site-packages/Crypto/Math HTTP/1.1" 200 3611 "-" "Mozilla/5.0 (compatible; MJ12bot/v1.4.8; http://mj12bot.com/)"
114.119.152.204 - - [24/Aug/2026:10:59:52 -0400] "GET /wp-includes/core.php?sepatusuper=/home3/caa20236/public_html/wp-content/plugins/js_composer/assets/lib/vc-tta-autoplay HTTP/1.1" 200 4506 "https://aan.cl/wp-includes/core.php?sepatusuper=/home3/caa20236/public_html/wp-content/plugins/js_composer/assets/lib/vc-tta-autoplay" "Mozilla/5.0 (Linux; Android 7.0;) AppleWebKit/537.36 (HTML, like Gecko) Mobile Safari/537.36 (compatible; PetalBot;+https://webmaster.petalsearch.com/site/petalbot)"
54.37.252.131 - - [24/Aug/2026:10:59:53 -0400] "GET /wp-includes/core.php?filesrc=//opt/imunify360/venv/lib/python3.11/site-packages/Crypto/Math/_IntegerBase.py&sepatusuper=//opt/imunify360/venv/lib/python3.11/site-packages/Crypto/Math HTTP/1.1" 200 13603 "-" "Mozilla/5.0 (compatible; MJ12bot/v1.4.8; http://mj12bot.com/)"
54.37.252.131 - - [24/Aug/2026:10:59:55 -0400] "GET /wp-includes/core.php?filesrc=//opt/imunify360/venv/lib/python3.11/site-packages/Crypto/Math/_IntegerBase.pyi&sepatusuper=//opt/imunify360/venv/lib/python3.11/site-packages/Crypto/Math HTTP/1.1" 200 6454 "-" "Mozilla/5.0 (compatible; MJ12bot/v1.4.8; http://mj12bot.com/)"
54.37.252.131 - - [24/Aug/2026:10:59:57 -0400] "GET /wp-includes/core.php?filesrc=//opt/imunify360/venv/lib/python3.11/site-packages/Crypto/Math/_IntegerCustom.py&sepatusuper=//opt/imunify360/venv/lib/python3.11/site-packages/Crypto/Math HTTP/1.1" 200 7176 "-" "Mozilla/5.0 (compatible; MJ12bot/v1.4.8; http://mj12bot.com/)"
54.37.252.131 - - [24/Aug/2026:10:59:59 -0400] "GET /wp-includes/core.php?filesrc=//opt/imunify360/venv/lib/python3.11/site-packages/Crypto/Math/_IntegerCustom.pyi&sepatusuper=//opt/imunify360/venv/lib/python3.11/site-packages/Crypto/Math HTTP/1.1" 200 2913 "-" "Mozilla/5.0 (compatible; MJ12bot/v1.4.8; http://mj12bot.com/)"
54.37.252.131 - - [24/Aug/2026:11:00:01 -0400] "GET /wp-includes/core.php?filesrc=//opt/imunify360/venv/lib/python3.11/site-packages/Crypto/Math/_IntegerGMP.py&sepatusuper=//opt/imunify360/venv/lib/python3.11/site-packages/Crypto/Math HTTP/1.1" 200 30688 "-" "Mozilla/5.0 (compatible; MJ12bot/v1.4.8; http://mj12bot.com/)"
54.37.252.131 - - [24/Aug/2026:11:00:04 -0400] "GET /wp-includes/core.php?filesrc=//opt/imunify360/venv/lib/python3.11/site-packages/Crypto/Math/_IntegerGMP.pyi&sepatusuper=//opt/imunify360/venv/lib/python3.11/site-packages/Crypto/Math HTTP/1.1" 200 2853 "-" "Mozilla/5.0 (compatible; MJ12bot/v1.4.8; http://mj12bot.com/)"
54.37.252.131 - - [24/Aug/2026:11:00:06 -0400] "GET /wp-includes/core.php?filesrc=//opt/imunify360/venv/lib/python3.11/site-packages/Crypto/Math/_IntegerNative.py&sepatusuper=//opt/imunify360/venv/lib/python3.11/site-packages/Crypto/Math HTTP/1.1" 200 14071 "-" "Mozilla/5.0 (compatible; MJ12bot/v1.4.8; http://mj12bot.com/)"
54.37.252.131 - - [24/Aug/2026:11:00:09 -0400] "GET /wp-includes/core.php?filesrc=//opt/imunify360/venv/lib/python3.11/site-packages/Crypto/Math/_IntegerNative.pyi&sepatusuper=//opt/imunify360/venv/lib/python3.11/site-packages/Crypto/Math HTTP/1.1" 200 2859 "-" "Mozilla/5.0 (compatible; MJ12bot/v1.4.8; http://mj12bot.com/)"
54.37.252.131 - - [24/Aug/2026:11:00:10 -0400] "GET /wp-includes/core.php?filesrc=//opt/imunify360/venv/lib/python3.11/site-packages/Crypto/Math/__init__.py&sepatusuper=//opt/imunify360/venv/lib/python3.11/site-packages/Crypto/Math HTTP/1.1" 200 2771 "-" "Mozilla/5.0 (compatible; MJ12bot/v1.4.8; http://mj12bot.com/)"
54.37.252.131 - - [24/Aug/2026:11:00:13 -0400] "GET /wp-includes/core.php?filesrc=//opt/imunify360/venv/lib/python3.11/site-packages/Crypto/Math/_modexp.abi3.so&sepatusuper=//opt/imunify360/venv/lib/python3.11/site-packages/Crypto/Math HTTP/1.1" 200 2775 "-" "Mozilla/5.0 (compatible; MJ12bot/v1.4.8; http://mj12bot.com/)"
54.37.252.131 - - [24/Aug/2026:11:00:15 -0400] "GET /wp-includes/core.php?filesrc=//opt/imunify360/venv/lib/python3.11/site-packages/Crypto/Protocol/KDF.py&sepatusuper=//opt/imunify360/venv/lib/python3.11/site-packages/Crypto/Protocol HTTP/1.1" 200 26068 "-" "Mozilla/5.0 (compatible; MJ12bot/v1.4.8; http://mj12bot.com/)"
54.37.252.131 - - [24/Aug/2026:11:00:17 -0400] "GET /wp-includes/core.php?filesrc=//opt/imunify360/venv/lib/python3.11/site-packages/Crypto/Protocol/KDF.pyi&sepatusuper=//opt/imunify360/venv/lib/python3.11/site-packages/Crypto/Protocol HTTP/1.1" 200 4818 "-" "Mozilla/5.0 (compatible; MJ12bot/v1.4.8; http://mj12bot.com/)"
54.37.252.131 - - [24/Aug/2026:11:00:19 -0400] "GET /wp-includes/core.php?filesrc=//opt/imunify360/venv/lib/python3.11/site-packages/Crypto/Protocol/SecretSharing.py&sepatusuper=//opt/imunify360/venv/lib/python3.11/site-packages/Crypto/Protocol HTTP/1.1" 200 12001 "-" "Mozilla/5.0 (compatible; MJ12bot/v1.4.8; http://mj12bot.com/)"
54.37.252.131 - - [24/Aug/2026:11:00:21 -0400] "GET /wp-includes/core.php?filesrc=//opt/imunify360/venv/lib/python3.11/site-packages/Crypto/Protocol/SecretSharing.pyi&sepatusuper=//opt/imunify360/venv/lib/python3.11/site-packages/Crypto/Protocol HTTP/1.1" 200 3623 "-" "Mozilla/5.0 (compatible; MJ12bot/v1.4.8; http://mj12bot.com/)"
54.37.252.131 - - [24/Aug/2026:11:00:23 -0400] "GET /wp-includes/core.php?filesrc=//opt/imunify360/venv/lib/python3.11/site-packages/Crypto/Protocol/__init__.py&sepatusuper=//opt/imunify360/venv/lib/python3.11/site-packages/Crypto/Protocol HTTP/1.1" 200 4347 "-" "Mozilla/5.0 (compatible; MJ12bot/v1.4.8; http://mj12bot.com/)"
54.37.252.131 - - [24/Aug/2026:11:00:25 -0400] "GET /wp-includes/core.php?filesrc=//opt/imunify360/venv/lib/python3.11/site-packages/Crypto/Protocol/__init__.pyi&sepatusuper=//opt/imunify360/venv/lib/python3.11/site-packages/Crypto/Protocol HTTP/1.1" 200 2827 "-" "Mozilla/5.0 (compatible; MJ12bot/v1.4.8; http://mj12bot.com/)"
54.37.252.131 - - [24/Aug/2026:11:00:27 -0400] "GET /wp-includes/core.php?filesrc=//opt/imunify360/venv/lib/python3.11/site-packages/Crypto/Protocol/_scrypt.abi3.so&sepatusuper=//opt/imunify360/venv/lib/python3.11/site-packages/Crypto/Protocol HTTP/1.1" 200 2787 "-" "Mozilla/5.0 (compatible; MJ12bot/v1.4.8; http://mj12bot.com/)"
54.37.252.131 - - [24/Aug/2026:11:00:29 -0400] "GET /wp-includes/core.php?filesrc=//opt/imunify360/venv/lib/python3.11/site-packages/Crypto/PublicKey/DSA.py&sepatusuper=//opt/imunify360/venv/lib/python3.11/site-packages/Crypto/PublicKey HTTP/1.1" 200 25965 "-" "Mozilla/5.0 (compatible; MJ12bot/v1.4.8; http://mj12bot.com/)"
54.37.252.131 - - [24/Aug/2026:11:00:31 -0400] "GET /wp-includes/core.php?filesrc=//opt/imunify360/venv/lib/python3.11/site-packages/Crypto/PublicKey/DSA.pyi&sepatusuper=//opt/imunify360/venv/lib/python3.11/site-packages/Crypto/PublicKey HTTP/1.1" 200 4218 "-" "Mozilla/5.0 (compatible; MJ12bot/v1.4.8; http://mj12bot.com/)"
54.37.252.131 - - [24/Aug/2026:11:00:33 -0400] "GET /wp-includes/core.php?filesrc=//opt/imunify360/venv/lib/python3.11/site-packages/Crypto/PublicKey/ECC.py&sepatusuper=//opt/imunify360/venv/lib/python3.11/site-packages/Crypto/PublicKey HTTP/1.1" 200 70967 "-" "Mozilla/5.0 (compatible; MJ12bot/v1.4.8; http://mj12bot.com/)"
54.37.252.131 - - [24/Aug/2026:11:00:36 -0400] "GET /wp-includes/core.php?filesrc=//opt/imunify360/venv/lib/python3.11/site-packages/Crypto/PublicKey/ECC.pyi&sepatusuper=//opt/imunify360/venv/lib/python3.11/site-packages/Crypto/PublicKey HTTP/1.1" 200 5445 "-" "Mozilla/5.0 (compatible; MJ12bot/v1.4.8; http://mj12bot.com/)"
54.37.252.131 - - [24/Aug/2026:11:00:38 -0400] "GET /wp-includes/core.php?filesrc=//opt/imunify360/venv/lib/python3.11/site-packages/Crypto/PublicKey/ElGamal.py&sepatusuper=//opt/imunify360/venv/lib/python3.11/site-packages/Crypto/PublicKey HTTP/1.1" 200 11651 "-" "Mozilla/5.0 (compatible; MJ12bot/v1.4.8; http://mj12bot.com/)"
54.37.252.131 - - [24/Aug/2026:11:00:41 -0400] "GET /wp-includes/core.php?filesrc=//opt/imunify360/venv/lib/python3.11/site-packages/Crypto/PublicKey/ElGamal.pyi&sepatusuper=//opt/imunify360/venv/lib/python3.11/site-packages/Crypto/PublicKey HTTP/1.1" 200 3490 "-" "Mozilla/5.0 (compatible; MJ12bot/v1.4.8; http://mj12bot.com/)"
54.37.252.131 - - [24/Aug/2026:11:00:43 -0400] "GET /wp-includes/core.php?filesrc=//opt/imunify360/venv/lib/python3.11/site-packages/Crypto/PublicKey/RSA.py&sepatusuper=//opt/imunify360/venv/lib/python3.11/site-packages/Crypto/PublicKey HTTP/1.1" 200 33745 "-" "Mozilla/5.0 (compatible; MJ12bot/v1.4.8; http://mj12bot.com/)"
54.37.252.131 - - [24/Aug/2026:11:00:45 -0400] "GET /wp-includes/core.php?filesrc=//opt/imunify360/venv/lib/python3.11/site-packages/Crypto/PublicKey/RSA.pyi&sepatusuper=//opt/imunify360/venv/lib/python3.11/site-packages/Crypto/PublicKey HTTP/1.1" 200 4889 "-" "Mozilla/5.0 (compatible; MJ12bot/v1.4.8; http://mj12bot.com/)"
54.37.252.131 - - [24/Aug/2026:11:00:47 -0400] "GET /wp-includes/core.php?filesrc=//opt/imunify360/venv/lib/python3.11/site-packages/Crypto/PublicKey/__init__.py&sepatusuper=//opt/imunify360/venv/lib/python3.11/site-packages/Crypto/PublicKey HTTP/1.1" 200 6008 "-" "Mozilla/5.0 (compatible; MJ12bot/v1.4.8; http://mj12bot.com/)"
54.37.252.131 - - [24/Aug/2026:11:00:51 -0400] "GET /wp-includes/core.php?filesrc=//opt/imunify360/venv/lib/python3.11/site-packages/Crypto/PublicKey/__init__.pyi&sepatusuper=//opt/imunify360/venv/lib/python3.11/site-packages/Crypto/PublicKey HTTP/1.1" 200 2787 "-" "Mozilla/5.0 (compatible; MJ12bot/v1.4.8; http://mj12bot.com/)"
54.37.252.131 - - [24/Aug/2026:11:00:53 -0400] "GET /wp-includes/core.php?filesrc=//opt/imunify360/venv/lib/python3.11/site-packages/Crypto/PublicKey/_ec_ws.abi3.so&sepatusuper=//opt/imunify360/venv/lib/python3.11/site-packages/Crypto/PublicKey HTTP/1.1" 200 2789 "-" "Mozilla/5.0 (compatible; MJ12bot/v1.4.8; http://mj12bot.com/)"
54.37.252.131 - - [24/Aug/2026:11:00:56 -0400] "GET /wp-includes/core.php?filesrc=//opt/imunify360/venv/lib/python3.11/site-packages/Crypto/PublicKey/_ed25519.abi3.so&sepatusuper=//opt/imunify360/venv/lib/python3.11/site-packages/Crypto/PublicKey HTTP/1.1" 200 2791 "-" "Mozilla/5.0 (compatible; MJ12bot/v1.4.8; http://mj12bot.com/)"
54.37.252.131 - - [24/Aug/2026:11:00:58 -0400] "GET /wp-includes/core.php?filesrc=//opt/imunify360/venv/lib/python3.11/site-packages/Crypto/PublicKey/_ed448.abi3.so&sepatusuper=//opt/imunify360/venv/lib/python3.11/site-packages/Crypto/PublicKey HTTP/1.1" 200 2789 "-" "Mozilla/5.0 (compatible; MJ12bot/v1.4.8; http://mj12bot.com/)"
54.37.252.131 - - [24/Aug/2026:11:01:01 -0400] "GET /wp-includes/core.php?filesrc=//opt/imunify360/venv/lib/python3.11/site-packages/Crypto/PublicKey/_openssh.py&sepatusuper=//opt/imunify360/venv/lib/python3.11/site-packages/Crypto/PublicKey HTTP/1.1" 200 8156 "-" "Mozilla/5.0 (compatible; MJ12bot/v1.4.8; http://mj12bot.com/)"
54.37.252.131 - - [24/Aug/2026:11:01:03 -0400] "GET /wp-includes/core.php?filesrc=//opt/imunify360/venv/lib/python3.11/site-packages/Crypto/PublicKey/_openssh.pyi&sepatusuper=//opt/imunify360/venv/lib/python3.11/site-packages/Crypto/PublicKey HTTP/1.1" 200 3126 "-" "Mozilla/5.0 (compatible; MJ12bot/v1.4.8; http://mj12bot.com/)"
54.37.252.131 - - [24/Aug/2026:11:01:05 -0400] "GET /wp-includes/core.php?filesrc=//opt/imunify360/venv/lib/python3.11/site-packages/Crypto/PublicKey/_x25519.abi3.so&sepatusuper=//opt/imunify360/venv/lib/python3.11/site-packages/Crypto/PublicKey HTTP/1.1" 200 2790 "-" "Mozilla/5.0 (compatible; MJ12bot/v1.4.8; http://mj12bot.com/)"
54.37.252.131 - - [24/Aug/2026:11:01:07 -0400] "GET /wp-includes/core.php?filesrc=//opt/imunify360/venv/lib/python3.11/site-packages/Crypto/Random/__init__.py&sepatusuper=//opt/imunify360/venv/lib/python3.11/site-packages/Crypto/Random HTTP/1.1" 200 4746 "-" "Mozilla/5.0 (compatible; MJ12bot/v1.4.8; http://mj12bot.com/)"
54.37.252.131 - - [24/Aug/2026:11:01:09 -0400] "GET /wp-includes/core.php?filesrc=//opt/imunify360/venv/lib/python3.11/site-packages/Crypto/Random/__init__.pyi&sepatusuper=//opt/imunify360/venv/lib/python3.11/site-packages/Crypto/Random HTTP/1.1" 200 3163 "-" "Mozilla/5.0 (compatible; MJ12bot/v1.4.8; http://mj12bot.com/)"
54.37.252.131 - - [24/Aug/2026:11:01:11 -0400] "GET /wp-includes/core.php?filesrc=//opt/imunify360/venv/lib/python3.11/site-packages/Crypto/Random/random.py&sepatusuper=//opt/imunify360/venv/lib/python3.11/site-packages/Crypto/Random HTTP/1.1" 200 8325 "-" "Mozilla/5.0 (compatible; MJ12bot/v1.4.8; http://mj12bot.com/)"
54.37.252.131 - - [24/Aug/2026:11:01:13 -0400] "GET /wp-includes/core.php?filesrc=//opt/imunify360/venv/lib/python3.11/site-packages/Crypto/Random/random.pyi&sepatusuper=//opt/imunify360/venv/lib/python3.11/site-packages/Crypto/Random HTTP/1.1" 200 3629 "-" "Mozilla/5.0 (compatible; MJ12bot/v1.4.8; http://mj12bot.com/)"
114.119.156.223 - - [24/Aug/2026:11:01:14 -0400] "GET /wp-includes/core.php?sepatusuper=/home3/caa20236/public_html/wp-content/plugins/js_composer/assets/js/frontend_editor/shortcodes/containers HTTP/1.1" 200 11862 "https://aan.cl/wp-includes/core.php?sepatusuper=/home3/caa20236/public_html/wp-content/plugins/js_composer/assets/js/frontend_editor/shortcodes/containers" "Mozilla/5.0 (Linux; Android 7.0;) AppleWebKit/537.36 (HTML, like Gecko) Mobile Safari/537.36 (compatible; PetalBot;+https://webmaster.petalsearch.com/site/petalbot)"
54.37.252.131 - - [24/Aug/2026:11:01:15 -0400] "GET /wp-includes/core.php?filesrc=//opt/imunify360/venv/lib/python3.11/site-packages/Crypto/SelfTest/__init__.py&sepatusuper=//opt/imunify360/venv/lib/python3.11/site-packages/Crypto/SelfTest HTTP/1.1" 200 6529 "-" "Mozilla/5.0 (compatible; MJ12bot/v1.4.8; http://mj12bot.com/)"
54.37.252.131 - - [24/Aug/2026:11:01:17 -0400] "GET /wp-includes/core.php?filesrc=//opt/imunify360/venv/lib/python3.11/site-packages/Crypto/SelfTest/__main__.py&sepatusuper=//opt/imunify360/venv/lib/python3.11/site-packages/Crypto/SelfTest HTTP/1.1" 200 4335 "-" "Mozilla/5.0 (compatible; MJ12bot/v1.4.8; http://mj12bot.com/)"
54.37.252.131 - - [24/Aug/2026:11:01:19 -0400] "GET /wp-includes/core.php?filesrc=//opt/imunify360/venv/lib/python3.11/site-packages/Crypto/SelfTest/loader.py&sepatusuper=//opt/imunify360/venv/lib/python3.11/site-packages/Crypto/SelfTest HTTP/1.1" 200 10964 "-" "Mozilla/5.0 (compatible; MJ12bot/v1.4.8; http://mj12bot.com/)"
54.37.252.131 - - [24/Aug/2026:11:01:21 -0400] "GET /wp-includes/core.php?filesrc=//opt/imunify360/venv/lib/python3.11/site-packages/Crypto/SelfTest/st_common.py&sepatusuper=//opt/imunify360/venv/lib/python3.11/site-packages/Crypto/SelfTest HTTP/1.1" 200 4915 "-" "Mozilla/5.0 (compatible; MJ12bot/v1.4.8; http://mj12bot.com/)"
54.37.252.131 - - [24/Aug/2026:11:01:23 -0400] "GET /wp-includes/core.php?filesrc=//opt/imunify360/venv/lib/python3.11/site-packages/Crypto/Signature/DSS.py&sepatusuper=//opt/imunify360/venv/lib/python3.11/site-packages/Crypto/Signature HTTP/1.1" 200 18796 "-" "Mozilla/5.0 (compatible; MJ12bot/v1.4.8; http://mj12bot.com/)"
54.37.252.131 - - [24/Aug/2026:11:01:26 -0400] "GET /wp-includes/core.php?filesrc=//opt/imunify360/venv/lib/python3.11/site-packages/Crypto/Signature/DSS.pyi&sepatusuper=//opt/imunify360/venv/lib/python3.11/site-packages/Crypto/Signature HTTP/1.1" 200 3903 "-" "Mozilla/5.0 (compatible; MJ12bot/v1.4.8; http://mj12bot.com/)"
54.37.252.131 - - [24/Aug/2026:11:01:28 -0400] "GET /wp-includes/core.php?filesrc=//opt/imunify360/venv/lib/python3.11/site-packages/Crypto/Signature/PKCS1_PSS.py&sepatusuper=//opt/imunify360/venv/lib/python3.11/site-packages/Crypto/Signature HTTP/1.1" 200 4932 "-" "Mozilla/5.0 (compatible; MJ12bot/v1.4.8; http://mj12bot.com/)"
54.37.252.131 - - [24/Aug/2026:11:01:30 -0400] "GET /wp-includes/core.php?filesrc=//opt/imunify360/venv/lib/python3.11/site-packages/Crypto/Signature/PKCS1_PSS.pyi&sepatusuper=//opt/imunify360/venv/lib/python3.11/site-packages/Crypto/Signature HTTP/1.1" 200 3679 "-" "Mozilla/5.0 (compatible; MJ12bot/v1.4.8; http://mj12bot.com/)"
54.37.252.131 - - [24/Aug/2026:11:01:32 -0400] "GET /wp-includes/core.php?filesrc=//opt/imunify360/venv/lib/python3.11/site-packages/Crypto/Signature/PKCS1_v1_5.py&sepatusuper=//opt/imunify360/venv/lib/python3.11/site-packages/Crypto/Signature HTTP/1.1" 200 4823 "-" "Mozilla/5.0 (compatible; MJ12bot/v1.4.8; http://mj12bot.com/)"
54.37.252.131 - - [24/Aug/2026:11:01:34 -0400] "GET /wp-includes/core.php?filesrc=//opt/imunify360/venv/lib/python3.11/site-packages/Crypto/Signature/PKCS1_v1_5.pyi&sepatusuper=//opt/imunify360/venv/lib/python3.11/site-packages/Crypto/Signature HTTP/1.1" 200 3258 "-" "Mozilla/5.0 (compatible; MJ12bot/v1.4.8; http://mj12bot.com/)"
54.37.252.131 - - [24/Aug/2026:11:01:36 -0400] "GET /wp-includes/core.php?filesrc=//opt/imunify360/venv/lib/python3.11/site-packages/Crypto/Signature/__init__.py&sepatusuper=//opt/imunify360/venv/lib/python3.11/site-packages/Crypto/Signature HTTP/1.1" 200 4527 "-" "Mozilla/5.0 (compatible; MJ12bot/v1.4.8; http://mj12bot.com/)"
54.37.252.131 - - [24/Aug/2026:11:01:38 -0400] "GET /wp-includes/core.php?filesrc=//opt/imunify360/venv/lib/python3.11/site-packages/Crypto/Signature/eddsa.py&sepatusuper=//opt/imunify360/venv/lib/python3.11/site-packages/Crypto/Signature HTTP/1.1" 200 15749 "-" "Mozilla/5.0 (compatible; MJ12bot/v1.4.8; http://mj12bot.com/)"
54.37.252.131 - - [24/Aug/2026:11:01:40 -0400] "GET /wp-includes/core.php?filesrc=//opt/imunify360/venv/lib/python3.11/site-packages/Crypto/Signature/eddsa.pyi&sepatusuper=//opt/imunify360/venv/lib/python3.11/site-packages/Crypto/Signature HTTP/1.1" 200 3537 "-" "Mozilla/5.0 (compatible; MJ12bot/v1.4.8; http://mj12bot.com/)"
54.37.252.131 - - [24/Aug/2026:11:01:42 -0400] "GET /wp-includes/core.php?filesrc=//opt/imunify360/venv/lib/python3.11/site-packages/Crypto/Signature/pkcs1_15.py&sepatusuper=//opt/imunify360/venv/lib/python3.11/site-packages/Crypto/Signature HTTP/1.1" 200 11781 "-" "Mozilla/5.0 (compatible; MJ12bot/v1.4.8; http://mj12bot.com/)"
54.37.252.131 - - [24/Aug/2026:11:01:44 -0400] "GET /wp-includes/core.php?filesrc=//opt/imunify360/venv/lib/python3.11/site-packages/Crypto/Signature/pkcs1_15.pyi&sepatusuper=//opt/imunify360/venv/lib/python3.11/site-packages/Crypto/Signature HTTP/1.1" 200 3372 "-" "Mozilla/5.0 (compatible; MJ12bot/v1.4.8; http://mj12bot.com/)"
54.37.252.131 - - [24/Aug/2026:11:01:47 -0400] "GET /wp-includes/core.php?filesrc=//opt/imunify360/venv/lib/python3.11/site-packages/Crypto/Signature/pss.py&sepatusuper=//opt/imunify360/venv/lib/python3.11/site-packages/Crypto/Signature HTTP/1.1" 200 16701 "-" "Mozilla/5.0 (compatible; MJ12bot/v1.4.8; http://mj12bot.com/)"
54.37.252.131 - - [24/Aug/2026:11:01:49 -0400] "GET /wp-includes/core.php?filesrc=//opt/imunify360/venv/lib/python3.11/site-packages/Crypto/Signature/pss.pyi&sepatusuper=//opt/imunify360/venv/lib/python3.11/site-packages/Crypto/Signature HTTP/1.1" 200 3853 "-" "Mozilla/5.0 (compatible; MJ12bot/v1.4.8; http://mj12bot.com/)"
54.37.252.131 - - [24/Aug/2026:11:01:51 -0400] "GET /wp-includes/core.php?filesrc=//opt/imunify360/venv/lib/python3.11/site-packages/Crypto/Util/Counter.py&sepatusuper=//opt/imunify360/venv/lib/python3.11/site-packages/Crypto/Util HTTP/1.1" 200 6029 "-" "Mozilla/5.0 (compatible; MJ12bot/v1.4.8; http://mj12bot.com/)"
54.37.252.131 - - [24/Aug/2026:11:01:53 -0400] "GET /wp-includes/core.php?filesrc=//opt/imunify360/venv/lib/python3.11/site-packages/Crypto/Util/Counter.pyi&sepatusuper=//opt/imunify360/venv/lib/python3.11/site-packages/Crypto/Util HTTP/1.1" 200 3064 "-" "Mozilla/5.0 (compatible; MJ12bot/v1.4.8; http://mj12bot.com/)"
54.37.252.131 - - [24/Aug/2026:11:01:55 -0400] "GET /wp-includes/core.php?filesrc=//opt/imunify360/venv/lib/python3.11/site-packages/Crypto/Util/Padding.py&sepatusuper=//opt/imunify360/venv/lib/python3.11/site-packages/Crypto/Util HTTP/1.1" 200 7264 "-" "Mozilla/5.0 (compatible; MJ12bot/v1.4.8; http://mj12bot.com/)"
54.37.252.131 - - [24/Aug/2026:11:01:57 -0400] "GET /wp-includes/core.php?filesrc=//opt/imunify360/venv/lib/python3.11/site-packages/Crypto/Util/Padding.pyi&sepatusuper=//opt/imunify360/venv/lib/python3.11/site-packages/Crypto/Util HTTP/1.1" 200 3015 "-" "Mozilla/5.0 (compatible; MJ12bot/v1.4.8; http://mj12bot.com/)"
114.119.134.106 - - [24/Aug/2026:11:02:38 -0400] "GET /wp-includes/core.php?sepatusuper=/home3/caa20236/public_html/wp-content/plugins/google-site-kit/includes/Core/Dashboard_Sharing HTTP/1.1" 200 6734 "https://aan.cl/wp-includes/core.php?sepatusuper=/home3/caa20236/public_html/wp-content/plugins/google-site-kit/includes/Core/Dashboard_Sharing" "Mozilla/5.0 (Linux; Android 7.0;) AppleWebKit/537.36 (HTML, like Gecko) Mobile Safari/537.36 (compatible; PetalBot;+https://webmaster.petalsearch.com/site/petalbot)"
114.119.152.204 - - [24/Aug/2026:11:04:02 -0400] "GET /wp-includes/core.php?sepatusuper=/home3/caa20236/mail/.inspector05%40aan_cl/.Sent HTTP/1.1" 200 8199 "https://aan.cl/wp-includes/core.php?sepatusuper=/home3/caa20236/mail/.inspector05%40aan_cl/.Sent/new" "Mozilla/5.0 (Linux; Android 7.0;) AppleWebKit/537.36 (HTML, like Gecko) Mobile Safari/537.36 (compatible; PetalBot;+https://webmaster.petalsearch.com/site/petalbot)"
57.141.16.59 - - [24/Aug/2026:11:04:37 -0400] "GET / HTTP/1.1" 200 - "-" "facebookexternalhit/1.1 (+http://www.facebook.com/externalhit_uatext.php)"
205.210.31.21 - - [24/Aug/2026:11:05:30 -0400] "GET / HTTP/1.1" 200 - "-" "Hello from Palo Alto Networks, find out more about our scans in https://docs-cortex.paloaltonetworks.com/r/1/Cortex-Xpanse/Scanning-activity"
114.119.142.15 - - [24/Aug/2026:11:05:27 -0400] "GET /wp-includes/core.php?sepatusuper=//usr/share/locale/si_LK/LC_MESSAGES HTTP/1.1" 200 3786 "https://aan.cl/wp-includes/core.php?sepatusuper=//usr/share/locale/si_LK/LC_MESSAGES" "Mozilla/5.0 (Linux; Android 7.0;) AppleWebKit/537.36 (HTML, like Gecko) Mobile Safari/537.36 (compatible; PetalBot;+https://webmaster.petalsearch.com/site/petalbot)"
114.119.152.204 - - [24/Aug/2026:11:06:53 -0400] "GET /wp-includes/core.php?sepatusuper=//usr/share/locale/doi/LC_MESSAGES HTTP/1.1" 200 2907 "https://aan.cl/wp-includes/core.php?sepatusuper=//usr/share/locale/doi/LC_MESSAGES" "Mozilla/5.0 (Linux; Android 7.0;) AppleWebKit/537.36 (HTML, like Gecko) Mobile Safari/537.36 (compatible; PetalBot;+https://webmaster.petalsearch.com/site/petalbot)"
114.119.165.5 - - [24/Aug/2026:11:08:16 -0400] "GET /wp-includes/core.php?sepatusuper=/home3/caa20236/www/wp-content/uploads/revslider/templates/charity-success HTTP/1.1" 200 4254 "https://aan.cl/wp-includes/core.php?sepatusuper=/home3/caa20236/www/wp-content/uploads/revslider/templates" "Mozilla/5.0 (Linux; Android 7.0;) AppleWebKit/537.36 (HTML, like Gecko) Mobile Safari/537.36 (compatible; PetalBot;+https://webmaster.petalsearch.com/site/petalbot)"
114.119.152.204 - - [24/Aug/2026:11:09:38 -0400] "GET /wp-includes/core.php?sepatusuper=/home3/caa20236/www/wp-content/uploads/revslider/templates/blooming-about HTTP/1.1" 200 4247 "https://aan.cl/wp-includes/core.php?sepatusuper=/home3/caa20236/www/wp-content/uploads/revslider/templates" "Mozilla/5.0 (Linux; Android 7.0;) AppleWebKit/537.36 (HTML, like Gecko) Mobile Safari/537.36 (compatible; PetalBot;+https://webmaster.petalsearch.com/site/petalbot)"
114.119.155.233 - - [24/Aug/2026:11:11:02 -0400] "GET /wp-includes/core.php?sepatusuper=/home3/caa20236/www/wp-content/plugins/js_composer/assets/css/lib/vc-open-iconic HTTP/1.1" 200 5444 "https://aan.cl/wp-includes/core.php?sepatusuper=/home3/caa20236/www/wp-content/plugins/js_composer/assets/css/lib" "Mozilla/5.0 (Linux; Android 7.0;) AppleWebKit/537.36 (HTML, like Gecko) Mobile Safari/537.36 (compatible; PetalBot;+https://webmaster.petalsearch.com/site/petalbot)"
57.141.12.58 - - [24/Aug/2026:11:11:10 -0400] "GET / HTTP/1.1" 200 - "-" "facebookexternalhit/1.1 (+http://www.facebook.com/externalhit_uatext.php)"
4.180.62.30 - - [24/Aug/2026:11:11:37 -0400] "GET /?here=1 HTTP/1.1" 200 - "-" "Mozilla/5.0 (Windows NT 10.0; Win64; x64; rv:69.0) Gecko/20100101 Firefox/69.0"
51.89.72.2 - - [24/Aug/2026:11:11:48 -0400] "GET /robots.txt HTTP/1.1" 404 - "-" "Mozilla/5.0 (compatible; AhrefsBot/7.0; +http://ahrefs.com/robot/)"
54.39.136.206 - - [24/Aug/2026:11:11:50 -0400] "GET / HTTP/1.1" 200 - "-" "Mozilla/5.0 (compatible; AhrefsBot/7.0; +http://ahrefs.com/robot/)"
114.119.165.5 - - [24/Aug/2026:11:12:26 -0400] "GET /wp-includes/core.php?sepatusuper=/home3/caa20236/www/wp-content/plugins/google-site-kit/third-party/psr HTTP/1.1" 200 5947 "https://aan.cl/wp-includes/core.php?sepatusuper=/home3/caa20236/www/wp-content/plugins/google-site-kit/third-party" "Mozilla/5.0 (Linux; Android 7.0;) AppleWebKit/537.36 (HTML, like Gecko) Mobile Safari/537.36 (compatible; PetalBot;+https://webmaster.petalsearch.com/site/petalbot)"
114.119.140.29 - - [24/Aug/2026:11:13:50 -0400] "GET /wp-includes/core.php?sepatusuper=/home3/caa20236/public_html/wp-content/plugins/revslider/admin/assets/imports/newsletter-hero HTTP/1.1" 200 6800 "https://aan.cl/wp-includes/core.php?sepatusuper=/home3/caa20236/public_html/wp-content/plugins/revslider/admin/assets/imports/newsletter-hero" "Mozilla/5.0 (Linux; Android 7.0;) AppleWebKit/537.36 (HTML, like Gecko) Mobile Safari/537.36 (compatible; PetalBot;+https://webmaster.petalsearch.com/site/petalbot)"
114.119.140.29 - - [24/Aug/2026:11:15:13 -0400] "GET /wp-includes/core.php?sepatusuper=/home3/caa20236/public_html/wp-content/plugins/filester/assets/js/toastr HTTP/1.1" 200 5414 "https://aan.cl/wp-includes/core.php?sepatusuper=/home3/caa20236/public_html/wp-content/plugins/filester/assets/js" "Mozilla/5.0 (Linux; Android 7.0;) AppleWebKit/537.36 (HTML, like Gecko) Mobile Safari/537.36 (compatible; PetalBot;+https://webmaster.petalsearch.com/site/petalbot)"
114.119.152.204 - - [24/Aug/2026:11:16:36 -0400] "GET /wp-includes/core.php?sepatusuper=/home3/caa20236/public_html/wp-content/plugins/contact-form-7/includes/swv HTTP/1.1" 200 8193 "https://aan.cl/wp-includes/core.php?sepatusuper=/home3/caa20236/public_html/wp-content/plugins/contact-form-7/includes/swv/php" "Mozilla/5.0 (Linux; Android 7.0;) AppleWebKit/537.36 (HTML, like Gecko) Mobile Safari/537.36 (compatible; PetalBot;+https://webmaster.petalsearch.com/site/petalbot)"
43.165.7.132 - - [24/Aug/2026:11:17:46 -0400] "GET / HTTP/1.1" 200 - "http://www.aan.cl" "Mozilla/5.0 (iPhone; CPU iPhone OS 13_2_3 like Mac OS X) AppleWebKit/605.1.15 (KHTML, like Gecko) Version/13.0.3 Mobile/15E148 Safari/604.1"
114.119.142.15 - - [24/Aug/2026:11:18:00 -0400] "GET /wp-includes/core.php?sepatusuper=//usr/share/perl5/unicore/lib/CWCF HTTP/1.1" 200 3775 "https://aan.cl/wp-includes/core.php?sepatusuper=//usr/share/perl5/unicore/lib/CWCF" "Mozilla/5.0 (Linux; Android 7.0;) AppleWebKit/537.36 (HTML, like Gecko) Mobile Safari/537.36 (compatible; PetalBot;+https://webmaster.petalsearch.com/site/petalbot)"
114.119.152.204 - - [24/Aug/2026:11:19:25 -0400] "GET /wp-includes/core.php?sepatusuper=//usr/share/locale/smi HTTP/1.1" 200 3579 "https://aan.cl/wp-includes/core.php?sepatusuper=//usr/share/locale" "Mozilla/5.0 (Linux; Android 7.0;) AppleWebKit/537.36 (HTML, like Gecko) Mobile Safari/537.36 (compatible; PetalBot;+https://webmaster.petalsearch.com/site/petalbot)"
114.119.142.15 - - [24/Aug/2026:11:21:08 -0400] "GET /wp-includes/core.php?sepatusuper=//usr/share/locale/sgn HTTP/1.1" 200 3579 "https://aan.cl/wp-includes/core.php?sepatusuper=//usr/share/locale" "Mozilla/5.0 (Linux; Android 7.0;) AppleWebKit/537.36 (HTML, like Gecko) Mobile Safari/537.36 (compatible; PetalBot;+https://webmaster.petalsearch.com/site/petalbot)"
114.119.165.5 - - [24/Aug/2026:11:22:19 -0400] "GET /wp-includes/core.php?sepatusuper=//usr/share/locale/sga HTTP/1.1" 200 3579 "https://aan.cl/wp-includes/core.php?sepatusuper=//usr/share/locale" "Mozilla/5.0 (Linux; Android 7.0;) AppleWebKit/537.36 (HTML, like Gecko) Mobile Safari/537.36 (compatible; PetalBot;+https://webmaster.petalsearch.com/site/petalbot)"
114.119.134.106 - - [24/Aug/2026:11:23:37 -0400] "GET /wp-includes/core.php?sepatusuper=//usr/share/locale/ii HTTP/1.1" 200 3574 "https://aan.cl/wp-includes/core.php?sepatusuper=//usr/share/locale" "Mozilla/5.0 (Linux; Android 7.0;) AppleWebKit/537.36 (HTML, like Gecko) Mobile Safari/537.36 (compatible; PetalBot;+https://webmaster.petalsearch.com/site/petalbot)"
114.119.140.29 - - [24/Aug/2026:11:25:01 -0400] "GET /wp-includes/core.php?sepatusuper=//usr/share/locale/din/LC_MESSAGES HTTP/1.1" 200 2907 "https://aan.cl/wp-includes/core.php?sepatusuper=//usr/share/locale/din" "Mozilla/5.0 (Linux; Android 7.0;) AppleWebKit/537.36 (HTML, like Gecko) Mobile Safari/537.36 (compatible; PetalBot;+https://webmaster.petalsearch.com/site/petalbot)"
114.119.165.5 - - [24/Aug/2026:11:26:24 -0400] "GET /wp-includes/core.php?sepatusuper=//usr/share/locale/cs/LC_TIME HTTP/1.1" 200 3719 "https://aan.cl/wp-includes/core.php?sepatusuper=//usr/share/locale/cs" "Mozilla/5.0 (Linux; Android 7.0;) AppleWebKit/537.36 (HTML, like Gecko) Mobile Safari/537.36 (compatible; PetalBot;+https://webmaster.petalsearch.com/site/petalbot)"
114.119.156.223 - - [24/Aug/2026:11:27:48 -0400] "GET /wp-includes/core.php?sepatusuper=//usr/share/locale/cpp HTTP/1.1" 200 3579 "https://aan.cl/wp-includes/core.php?sepatusuper=//usr/share/locale/cpp" "Mozilla/5.0 (Linux; Android 7.0;) AppleWebKit/537.36 (HTML, like Gecko) Mobile Safari/537.36 (compatible; PetalBot;+https://webmaster.petalsearch.com/site/petalbot)"
114.119.142.97 - - [24/Aug/2026:11:29:11 -0400] "GET /wp-includes/core.php?sepatusuper=//usr/share/locale/cmc/LC_MESSAGES HTTP/1.1" 200 2907 "https://aan.cl/wp-includes/core.php?sepatusuper=//usr/share/locale/cmc/LC_MESSAGES" "Mozilla/5.0 (Linux; Android 7.0;) AppleWebKit/537.36 (HTML, like Gecko) Mobile Safari/537.36 (compatible; PetalBot;+https://webmaster.petalsearch.com/site/petalbot)"
114.119.156.223 - - [24/Aug/2026:11:30:35 -0400] "GET /wp-includes/rest-api/endpoints/class-wp-rest-block-pattern-categories-controller.php HTTP/1.1" 500 - "https://aan.cl/wp-includes/rest-api/endpoints/?C=M%3BO%3DA" "Mozilla/5.0 (Linux; Android 7.0;) AppleWebKit/537.36 (HTML, like Gecko) Mobile Safari/537.36 (compatible; PetalBot;+https://webmaster.petalsearch.com/site/petalbot)"
114.119.156.223 - - [24/Aug/2026:11:31:58 -0400] "GET /wp-includes/nav-menu.php HTTP/1.1" 200 - "https://aan.cl/wp-includes/?C=M%3BO%3DA" "Mozilla/5.0 (Linux; Android 7.0;) AppleWebKit/537.36 (HTML, like Gecko) Mobile Safari/537.36 (compatible; PetalBot;+https://webmaster.petalsearch.com/site/petalbot)"
57.141.2.11 - - [24/Aug/2026:11:33:05 -0400] "GET / HTTP/1.1" 200 - "-" "facebookexternalhit/1.1 (+http://www.facebook.com/externalhit_uatext.php)"
114.119.152.204 - - [24/Aug/2026:11:33:23 -0400] "GET /wp-includes/js/shortcode.js HTTP/1.1" 200 10758 "https://aan.cl/wp-includes/js/?C=D%3BO%3DA" "Mozilla/5.0 (Linux; Android 7.0;) AppleWebKit/537.36 (HTML, like Gecko) Mobile Safari/537.36 (compatible; PetalBot;+https://webmaster.petalsearch.com/site/petalbot)"
114.119.134.106 - - [24/Aug/2026:11:34:46 -0400] "GET /wp-includes/js/dist/plugins.js HTTP/1.1" 200 13976 "https://aan.cl/wp-includes/js/dist/?C=M%3BO%3DA" "Mozilla/5.0 (Linux; Android 7.0;) AppleWebKit/537.36 (HTML, like Gecko) Mobile Safari/537.36 (compatible; PetalBot;+https://webmaster.petalsearch.com/site/petalbot)"
114.119.165.5 - - [24/Aug/2026:11:36:10 -0400] "GET /wp-includes/core.php?sepatusuper=/home3/caa20236/www/wp-includes/SimplePie/library/SimplePie/HTTP HTTP/1.1" 200 4200 "https://aan.cl/wp-includes/core.php?sepatusuper=/home3/caa20236/www/wp-includes/SimplePie/library/SimplePie" "Mozilla/5.0 (Linux; Android 7.0;) AppleWebKit/537.36 (HTML, like Gecko) Mobile Safari/537.36 (compatible; PetalBot;+https://webmaster.petalsearch.com/site/petalbot)"
114.119.165.5 - - [24/Aug/2026:11:37:34 -0400] "GET /wp-includes/core.php?sepatusuper=/home3/caa20236/www/wp-content/uploads/revslider/templates/solar-system-showcase-slider HTTP/1.1" 200 12938 "https://aan.cl/wp-includes/core.php?sepatusuper=/home3/caa20236/www/wp-content/uploads/revslider/templates" "Mozilla/5.0 (Linux; Android 7.0;) AppleWebKit/537.36 (HTML, like Gecko) Mobile Safari/537.36 (compatible; PetalBot;+https://webmaster.petalsearch.com/site/petalbot)"
57.141.24.18 - - [24/Aug/2026:11:37:59 -0400] "GET / HTTP/1.1" 200 - "-" "facebookexternalhit/1.1 (+http://www.facebook.com/externalhit_uatext.php)"
114.119.142.15 - - [24/Aug/2026:11:38:57 -0400] "GET /wp-includes/core.php?sepatusuper=/home3/caa20236/www/wp-content/uploads/revslider/templates/dark-fullsite-block-2-about HTTP/1.1" 200 5397 "https://aan.cl/wp-includes/core.php?sepatusuper=/home3/caa20236/www/wp-content/uploads/revslider/templates" "Mozilla/5.0 (Linux; Android 7.0;) AppleWebKit/537.36 (HTML, like Gecko) Mobile Safari/537.36 (compatible; PetalBot;+https://webmaster.petalsearch.com/site/petalbot)"
114.119.134.106 - - [24/Aug/2026:11:40:22 -0400] "GET /wp-includes/core.php?sepatusuper=/home3/caa20236/www/wp-content/plugins/js_composer/assets/less/shortcodes/tta HTTP/1.1" 200 12064 "https://aan.cl/wp-includes/core.php?sepatusuper=/home3/caa20236/www/wp-content/plugins/js_composer/assets/less/shortcodes" "Mozilla/5.0 (Linux; Android 7.0;) AppleWebKit/537.36 (HTML, like Gecko) Mobile Safari/537.36 (compatible; PetalBot;+https://webmaster.petalsearch.com/site/petalbot)"
57.141.18.4 - - [24/Aug/2026:11:40:25 -0400] "GET / HTTP/1.1" 200 - "-" "facebookexternalhit/1.1 (+http://www.facebook.com/externalhit_uatext.php)"
114.119.165.5 - - [24/Aug/2026:11:41:44 -0400] "GET /wp-includes/core.php?sepatusuper=/home3/caa20236/www/wp-content/plugins/easy-google-fonts/src/includes HTTP/1.1" 200 13310 "https://aan.cl/wp-includes/core.php?sepatusuper=/home3/caa20236/www/wp-content/plugins/easy-google-fonts/src" "Mozilla/5.0 (Linux; Android 7.0;) AppleWebKit/537.36 (HTML, like Gecko) Mobile Safari/537.36 (compatible; PetalBot;+https://webmaster.petalsearch.com/site/petalbot)"
57.141.8.58 - - [24/Aug/2026:11:42:40 -0400] "GET / HTTP/1.1" 200 - "-" "facebookexternalhit/1.1 (+http://www.facebook.com/externalhit_uatext.php)"
114.119.142.97 - - [24/Aug/2026:11:43:08 -0400] "GET /wp-includes/core.php?sepatusuper=/home3/caa20236/public_html/wp-content/uploads/2019/11 HTTP/1.1" 200 3131 "https://aan.cl/wp-includes/core.php?sepatusuper=/home3/caa20236/public_html/wp-content/uploads/2019" "Mozilla/5.0 (Linux; Android 7.0;) AppleWebKit/537.36 (HTML, like Gecko) Mobile Safari/537.36 (compatible; PetalBot;+https://webmaster.petalsearch.com/site/petalbot)"
114.119.156.223 - - [24/Aug/2026:11:44:32 -0400] "GET /wp-includes/core.php?sepatusuper=/home3/caa20236/public_html/wp-content/themes/twentytwentyfive/patterns HTTP/1.1" 200 108089 "https://aan.cl/wp-includes/core.php?sepatusuper=/home3/caa20236/public_html/wp-content/themes/twentytwentyfive" "Mozilla/5.0 (Linux; Android 7.0;) AppleWebKit/537.36 (HTML, like Gecko) Mobile Safari/537.36 (compatible; PetalBot;+https://webmaster.petalsearch.com/site/petalbot)"
114.119.155.233 - - [24/Aug/2026:11:45:55 -0400] "GET /wp-includes/core.php?sepatusuper=/home3/caa20236/public_html/wp-content/plugins/google-site-kit/third-party/google/auth HTTP/1.1" 200 6495 "https://aan.cl/wp-includes/core.php?sepatusuper=/home3/caa20236/public_html/wp-content/plugins/google-site-kit/third-party/google/auth/src/HttpHandler" "Mozilla/5.0 (Linux; Android 7.0;) AppleWebKit/537.36 (HTML, like Gecko) Mobile Safari/537.36 (compatible; PetalBot;+https://webmaster.petalsearch.com/site/petalbot)"
57.141.0.64 - - [24/Aug/2026:11:46:00 -0400] "GET / HTTP/1.1" 200 - "-" "facebookexternalhit/1.1 (+http://www.facebook.com/externalhit_uatext.php)"
114.119.142.97 - - [24/Aug/2026:11:47:18 -0400] "GET /wp-includes/core.php?sepatusuper=/home3/caa20236/public_html/wp-content/plugins/flexa-block/data HTTP/1.1" 200 4044 "https://aan.cl/wp-includes/core.php?sepatusuper=/home3/caa20236/public_html/wp-content/plugins/flexa-block/data/manifest/classes/settings" "Mozilla/5.0 (Linux; Android 7.0;) AppleWebKit/537.36 (HTML, like Gecko) Mobile Safari/537.36 (compatible; PetalBot;+https://webmaster.petalsearch.com/site/petalbot)"
114.119.142.15 - - [24/Aug/2026:11:48:42 -0400] "GET /wp-includes/core.php?sepatusuper=/home3/caa20236/public_html/wp-content/plugins/custom-post-template/view/admin HTTP/1.1" 200 4391 "https://aan.cl/wp-includes/core.php?sepatusuper=/home3/caa20236/public_html/wp-content/plugins/custom-post-template/view/admin" "Mozilla/5.0 (Linux; Android 7.0;) AppleWebKit/537.36 (HTML, like Gecko) Mobile Safari/537.36 (compatible; PetalBot;+https://webmaster.petalsearch.com/site/petalbot)"
57.141.14.84 - - [24/Aug/2026:11:48:49 -0400] "GET / HTTP/1.1" 200 - "-" "facebookexternalhit/1.1 (+http://www.facebook.com/externalhit_uatext.php)"
114.119.165.5 - - [24/Aug/2026:11:50:06 -0400] "GET /wp-includes/core.php?sepatusuper=/home3/caa20236/mail/.inspector04%40aan_cl/.Junk HTTP/1.1" 200 8199 "https://aan.cl/wp-includes/core.php?sepatusuper=/home3/caa20236/mail/.inspector04%40aan_cl" "Mozilla/5.0 (Linux; Android 7.0;) AppleWebKit/537.36 (HTML, like Gecko) Mobile Safari/537.36 (compatible; PetalBot;+https://webmaster.petalsearch.com/site/petalbot)"
114.119.165.5 - - [24/Aug/2026:11:51:29 -0400] "GET /wp-includes/core.php?sepatusuper=//usr/share/locale/krc HTTP/1.1" 200 3579 "https://aan.cl/wp-includes/core.php?sepatusuper=//usr/share/locale" "Mozilla/5.0 (Linux; Android 7.0;) AppleWebKit/537.36 (HTML, like Gecko) Mobile Safari/537.36 (compatible; PetalBot;+https://webmaster.petalsearch.com/site/petalbot)"
57.141.20.60 - - [24/Aug/2026:11:51:53 -0400] "GET / HTTP/1.1" 200 - "-" "facebookexternalhit/1.1 (+http://www.facebook.com/externalhit_uatext.php)"
2a06:98c0:3600::103 - - [24/Aug/2026:11:52:53 -0400] "GET /.git/HEAD HTTP/1.1" 503 - "-" "Mozilla/5.0 (Macintosh; Intel Mac OS X 10_15_7) AppleWebKit/537.36 (KHTML, like Gecko) Chrome/125.0.0.0 Safari/537.36"
2a06:98c0:3600::103 - - [24/Aug/2026:11:52:53 -0400] "GET /.git/config HTTP/1.1" 503 - "-" "Mozilla/5.0 (Macintosh; Intel Mac OS X 10_15_7) AppleWebKit/537.36 (KHTML, like Gecko) Chrome/125.0.0.0 Safari/537.36"
114.119.142.15 - - [24/Aug/2026:11:52:54 -0400] "GET /wp-includes/widgets/class-wp-widget-media-gallery.php HTTP/1.1" 500 - "https://aan.cl/wp-includes/widgets/?C=M%3BO%3DA" "Mozilla/5.0 (Linux; Android 7.0;) AppleWebKit/537.36 (HTML, like Gecko) Mobile Safari/537.36 (compatible; PetalBot;+https://webmaster.petalsearch.com/site/petalbot)"
57.141.10.71 - - [24/Aug/2026:11:54:56 -0400] "GET / HTTP/1.1" 200 - "-" "facebookexternalhit/1.1 (+http://www.facebook.com/externalhit_uatext.php)"
198.235.24.135 - - [24/Aug/2026:11:55:05 -0400] "GET / HTTP/1.1" 200 - "http://mail.aan.cl/" "Hello from Palo Alto Networks, find out more about our scans in https://docs-cortex.paloaltonetworks.com/r/1/Cortex-Xpanse/Scanning-activity"
114.119.165.5 - - [24/Aug/2026:11:57:46 -0400] "GET /wp-includes/js/wp-embed.min.js HTTP/1.1" 200 1251 "https://aan.cl/wp-includes/js/?C=D%3BO%3DA" "Mozilla/5.0 (Linux; Android 7.0;) AppleWebKit/537.36 (HTML, like Gecko) Mobile Safari/537.36 (compatible; PetalBot;+https://webmaster.petalsearch.com/site/petalbot)"
57.141.22.18 - - [24/Aug/2026:11:57:57 -0400] "GET / HTTP/1.1" 200 - "-" "facebookexternalhit/1.1 (+http://www.facebook.com/externalhit_uatext.php)"
114.119.142.97 - - [24/Aug/2026:11:58:42 -0400] "GET /wp-includes/core.php?sepatusuper=/home3/caa20236/www/wp-content/uploads/revslider/templates/space-and-sci-fi-presentation-slider HTTP/1.1" 200 7708 "https://aan.cl/wp-includes/core.php?sepatusuper=/home3/caa20236/www/wp-content/uploads/revslider/templates" "Mozilla/5.0 (Linux; Android 7.0;) AppleWebKit/537.36 (HTML, like Gecko) Mobile Safari/537.36 (compatible; PetalBot;+https://webmaster.petalsearch.com/site/petalbot)"
114.119.165.5 - - [24/Aug/2026:11:59:57 -0400] "GET /wp-includes/core.php?sepatusuper=/home3/caa20236/www/wp-content/uploads/2022/02 HTTP/1.1" 200 3083 "https://aan.cl/wp-includes/core.php?sepatusuper=/home3/caa20236/www/wp-content/uploads/2022/02" "Mozilla/5.0 (Linux; Android 7.0;) AppleWebKit/537.36 (HTML, like Gecko) Mobile Safari/537.36 (compatible; PetalBot;+https://webmaster.petalsearch.com/site/petalbot)"
40.77.167.35 - - [24/Aug/2026:12:00:47 -0400] "GET /decreto-317/ HTTP/1.1" 404 - "-" "Mozilla/5.0 AppleWebKit/537.36 (KHTML, like Gecko; compatible; bingbot/2.0; +http://www.bing.com/bingbot.htm) Chrome/116.0.1938.76 Safari/537.36"
114.119.142.97 - - [24/Aug/2026:12:01:16 -0400] "GET /wp-includes/core.php?sepatusuper=/home3/caa20236/public_html/wp-includes/SimplePie/src/Parse HTTP/1.1" 200 4104 "https://aan.cl/wp-includes/core.php?sepatusuper=/home3/caa20236/public_html/wp-includes/SimplePie/src" "Mozilla/5.0 (Linux; Android 7.0;) AppleWebKit/537.36 (HTML, like Gecko) Mobile Safari/537.36 (compatible; PetalBot;+https://webmaster.petalsearch.com/site/petalbot)"
114.119.165.5 - - [24/Aug/2026:12:02:41 -0400] "GET /wp-includes/core.php?sepatusuper=/home3/caa20236/public_html/wp-content/uploads/revslider/templates/Construction-Projects HTTP/1.1" 200 4379 "https://aan.cl/wp-includes/core.php?sepatusuper=/home3/caa20236/public_html/wp-content/uploads/revslider/templates" "Mozilla/5.0 (Linux; Android 7.0;) AppleWebKit/537.36 (HTML, like Gecko) Mobile Safari/537.36 (compatible; PetalBot;+https://webmaster.petalsearch.com/site/petalbot)"
