199.47.82.18 - - [24/Aug/2026:14:47:50 -0400] "GET /wp-includes/core.php?sepatusuper=%2Fhome3%2Fcaa20236%2Fpublic_html%2Fwp-includes%2Fsitemaps HTTP/1.1" 200 9772 "-" "Turnitin (https://bit.ly/2UvnfoQ)"
199.47.82.18 - - [24/Aug/2026:14:47:51 -0400] "GET /wp-includes/core.php?sepatusuper=%2Fhome3%2Fcaa20236%2Fpublic_html%2Fwp-includes%2Fsodium_compat HTTP/1.1" 200 9313 "-" "Turnitin (https://bit.ly/2UvnfoQ)"
199.47.82.18 - - [24/Aug/2026:14:47:52 -0400] "GET /wp-includes/core.php?sepatusuper=%2Fhome3%2Fcaa20236%2Fpublic_html%2Fwp-includes%2Fstyle-engine HTTP/1.1" 200 8162 "-" "Turnitin (https://bit.ly/2UvnfoQ)"
199.47.82.18 - - [24/Aug/2026:14:47:53 -0400] "GET /wp-includes/core.php?sepatusuper=%2Fhome3%2Fcaa20236%2Fpublic_html%2Fwp-includes%2Ftheme-compat HTTP/1.1" 404 - "-" "Turnitin (https://bit.ly/2UvnfoQ)"
199.47.82.18 - - [24/Aug/2026:14:47:54 -0400] "GET /wp-includes/core.php?sepatusuper=%2Fhome3%2Fcaa20236%2Fpublic_html%2Fwp-includes%2Fwidgets HTTP/1.1" 404 - "-" "Turnitin (https://bit.ly/2UvnfoQ)"
199.47.82.18 - - [24/Aug/2026:14:47:55 -0400] "GET /wp-includes/js/admin-bar.js HTTP/1.1" 404 - "-" "Turnitin (https://bit.ly/2UvnfoQ)"
199.47.82.18 - - [24/Aug/2026:14:47:56 -0400] "GET /wp-includes/js/admin-bar.min.js HTTP/1.1" 404 - "-" "Turnitin (https://bit.ly/2UvnfoQ)"
199.47.82.18 - - [24/Aug/2026:14:47:57 -0400] "GET /wp-includes/js/api-request.js HTTP/1.1" 404 - "-" "Turnitin (https://bit.ly/2UvnfoQ)"
199.47.82.18 - - [24/Aug/2026:14:47:58 -0400] "GET /wp-includes/js/api-request.min.js HTTP/1.1" 404 - "-" "Turnitin (https://bit.ly/2UvnfoQ)"
199.47.82.18 - - [24/Aug/2026:14:47:59 -0400] "GET /wp-includes/js/autosave.js HTTP/1.1" 404 - "-" "Turnitin (https://bit.ly/2UvnfoQ)"
199.47.82.18 - - [24/Aug/2026:14:48:00 -0400] "GET /wp-includes/js/autosave.min.js HTTP/1.1" 404 - "-" "Turnitin (https://bit.ly/2UvnfoQ)"
199.47.82.18 - - [24/Aug/2026:14:48:01 -0400] "GET /wp-includes/js/backbone.js HTTP/1.1" 404 - "-" "Turnitin (https://bit.ly/2UvnfoQ)"
199.47.82.18 - - [24/Aug/2026:14:48:02 -0400] "GET /wp-includes/js/backbone.min.js HTTP/1.1" 404 - "-" "Turnitin (https://bit.ly/2UvnfoQ)"
199.47.82.18 - - [24/Aug/2026:14:48:03 -0400] "GET /wp-includes/js/clipboard.js HTTP/1.1" 404 - "-" "Turnitin (https://bit.ly/2UvnfoQ)"
199.47.82.18 - - [24/Aug/2026:14:48:04 -0400] "GET /wp-includes/js/clipboard.min.js HTTP/1.1" 404 - "-" "Turnitin (https://bit.ly/2UvnfoQ)"
199.47.82.18 - - [24/Aug/2026:14:48:05 -0400] "GET /wp-includes/js/codemirror/ HTTP/1.1" 404 - "-" "Turnitin (https://bit.ly/2UvnfoQ)"
199.47.82.18 - - [24/Aug/2026:14:48:06 -0400] "GET /wp-includes/js/colorpicker.js HTTP/1.1" 404 - "-" "Turnitin (https://bit.ly/2UvnfoQ)"
114.119.152.204 - - [24/Aug/2026:14:48:28 -0400] "GET /wp-includes/core.php?sepatusuper=//usr/lib64/perl5/vendor_perl/auto/Filter/Util/Exec HTTP/1.1" 200 4042 "https://aan.cl/wp-includes/core.php?sepatusuper=//usr/lib64/perl5/vendor_perl/auto/Filter/Util" "Mozilla/5.0 (Linux; Android 7.0;) AppleWebKit/537.36 (HTML, like Gecko) Mobile Safari/537.36 (compatible; PetalBot;+https://webmaster.petalsearch.com/site/petalbot)"
114.119.140.29 - - [24/Aug/2026:14:49:52 -0400] "GET /wp-includes/core.php?sepatusuper=//usr/lib64/perl5/vendor_perl/auto/Digest/MD5 HTTP/1.1" 200 3928 "https://aan.cl/wp-includes/core.php?sepatusuper=//usr/lib64/perl5/vendor_perl/auto/Digest/MD5" "Mozilla/5.0 (Linux; Android 7.0;) AppleWebKit/537.36 (HTML, like Gecko) Mobile Safari/537.36 (compatible; PetalBot;+https://webmaster.petalsearch.com/site/petalbot)"
57.141.20.61 - - [24/Aug/2026:14:50:47 -0400] "GET / HTTP/1.1" 200 - "-" "facebookexternalhit/1.1 (+http://www.facebook.com/externalhit_uatext.php)"
114.119.134.106 - - [24/Aug/2026:14:51:15 -0400] "GET /wp-includes/default-constants.php HTTP/1.1" 200 - "https://aan.cl/wp-includes/?C=M%3BO%3DA" "Mozilla/5.0 (Linux; Android 7.0;) AppleWebKit/537.36 (HTML, like Gecko) Mobile Safari/537.36 (compatible; PetalBot;+https://webmaster.petalsearch.com/site/petalbot)"
114.119.140.29 - - [24/Aug/2026:14:52:38 -0400] "GET /wp-includes/core.php?sepatusuper=/home3/caa20236/www/wp-content/uploads/revslider/templates/portfolio-about HTTP/1.1" 200 4255 "https://aan.cl/wp-includes/core.php?sepatusuper=/home3/caa20236/www/wp-content/uploads/revslider/templates" "Mozilla/5.0 (Linux; Android 7.0;) AppleWebKit/537.36 (HTML, like Gecko) Mobile Safari/537.36 (compatible; PetalBot;+https://webmaster.petalsearch.com/site/petalbot)"
147.135.252.145 - - [24/Aug/2026:14:53:13 -0400] "GET /robots.txt HTTP/1.1" 404 - "-" "Mozilla/5.0 (compatible; MJ12bot/v1.4.8; http://mj12bot.com/)"
147.135.252.145 - - [24/Aug/2026:14:53:16 -0400] "GET /wp-includes/core.php?filesrc=//lib/dracut/modules.d/95resume/resume.sh&sepatusuper=//lib/dracut/modules.d/95resume HTTP/1.1" 200 3165 "-" "Mozilla/5.0 (compatible; MJ12bot/v1.4.8; http://mj12bot.com/)"
147.135.252.145 - - [24/Aug/2026:14:53:20 -0400] "GET /wp-includes/core.php?filesrc=//opt/cloudlinux/venv/lib/python3.11/site-packages/setuptools/_vendor/backports/tarfile/compat/__pycache__/__init__.cpython-311.opt-1.pyc&sepatusuper=//opt/cloudlinux/venv/lib/python3.11/site-packages/setuptools/_vendor/backports/tarfile/compat/__pycache__ HTTP/1.1" 200 3367 "-" "Mozilla/5.0 (compatible; MJ12bot/v1.4.8; http://mj12bot.com/)"
147.135.252.145 - - [24/Aug/2026:14:53:30 -0400] "GET /wp-includes/core.php?filesrc=//opt/imunify360/venv/lib/python3.11/site-packages/attrs/__pycache__/validators.cpython-311.pyc&sepatusuper=//opt/imunify360/venv/lib/python3.11/site-packages/attrs/__pycache__ HTTP/1.1" 200 2803 "-" "Mozilla/5.0 (compatible; MJ12bot/v1.4.8; http://mj12bot.com/)"
147.135.252.145 - - [24/Aug/2026:14:53:32 -0400] "GET /wp-includes/core.php?filesrc=//opt/imunify360/venv/lib/python3.11/site-packages/babel/__pycache__/units.cpython-311.pyc&sepatusuper=//opt/imunify360/venv/lib/python3.11/site-packages/babel/__pycache__ HTTP/1.1" 200 2798 "-" "Mozilla/5.0 (compatible; MJ12bot/v1.4.8; http://mj12bot.com/)"
147.135.252.145 - - [24/Aug/2026:14:53:36 -0400] "GET /wp-includes/core.php?filesrc=//opt/imunify360/venv/lib/python3.11/site-packages/babel/__pycache__/util.cpython-311.pyc&sepatusuper=//opt/imunify360/venv/lib/python3.11/site-packages/babel/__pycache__ HTTP/1.1" 200 2797 "-" "Mozilla/5.0 (compatible; MJ12bot/v1.4.8; http://mj12bot.com/)"
147.135.252.145 - - [24/Aug/2026:14:53:39 -0400] "GET /wp-includes/core.php?filesrc=//opt/imunify360/venv/lib/python3.11/site-packages/babel/locale-data/af.dat&sepatusuper=//opt/imunify360/venv/lib/python3.11/site-packages/babel/locale-data HTTP/1.1" 200 2783 "-" "Mozilla/5.0 (compatible; MJ12bot/v1.4.8; http://mj12bot.com/)"
147.135.252.145 - - [24/Aug/2026:14:53:43 -0400] "GET /wp-includes/core.php?filesrc=//opt/imunify360/venv/lib/python3.11/site-packages/babel/locale-data/af_NA.dat&sepatusuper=//opt/imunify360/venv/lib/python3.11/site-packages/babel/locale-data HTTP/1.1" 200 2786 "-" "Mozilla/5.0 (compatible; MJ12bot/v1.4.8; http://mj12bot.com/)"
57.141.10.30 - - [24/Aug/2026:14:53:43 -0400] "GET / HTTP/1.1" 200 - "-" "facebookexternalhit/1.1 (+http://www.facebook.com/externalhit_uatext.php)"
147.135.252.145 - - [24/Aug/2026:14:53:46 -0400] "GET /wp-includes/core.php?filesrc=//opt/imunify360/venv/lib/python3.11/site-packages/babel/locale-data/af_ZA.dat&sepatusuper=//opt/imunify360/venv/lib/python3.11/site-packages/babel/locale-data HTTP/1.1" 200 2786 "-" "Mozilla/5.0 (compatible; MJ12bot/v1.4.8; http://mj12bot.com/)"
147.135.252.145 - - [24/Aug/2026:14:53:49 -0400] "GET /wp-includes/core.php?filesrc=//opt/imunify360/venv/lib/python3.11/site-packages/babel/locale-data/agq.dat&sepatusuper=//opt/imunify360/venv/lib/python3.11/site-packages/babel/locale-data HTTP/1.1" 200 2784 "-" "Mozilla/5.0 (compatible; MJ12bot/v1.4.8; http://mj12bot.com/)"
147.135.252.145 - - [24/Aug/2026:14:53:53 -0400] "GET /wp-includes/core.php?filesrc=//opt/imunify360/venv/lib/python3.11/site-packages/babel/locale-data/agq_CM.dat&sepatusuper=//opt/imunify360/venv/lib/python3.11/site-packages/babel/locale-data HTTP/1.1" 200 2787 "-" "Mozilla/5.0 (compatible; MJ12bot/v1.4.8; http://mj12bot.com/)"
147.135.252.145 - - [24/Aug/2026:14:53:57 -0400] "GET /wp-includes/core.php?filesrc=//opt/imunify360/venv/lib/python3.11/site-packages/babel/locale-data/ak.dat&sepatusuper=//opt/imunify360/venv/lib/python3.11/site-packages/babel/locale-data HTTP/1.1" 200 2783 "-" "Mozilla/5.0 (compatible; MJ12bot/v1.4.8; http://mj12bot.com/)"
147.135.252.145 - - [24/Aug/2026:14:54:00 -0400] "GET /wp-includes/core.php?filesrc=//opt/imunify360/venv/lib/python3.11/site-packages/babel/locale-data/ak_GH.dat&sepatusuper=//opt/imunify360/venv/lib/python3.11/site-packages/babel/locale-data HTTP/1.1" 200 2786 "-" "Mozilla/5.0 (compatible; MJ12bot/v1.4.8; http://mj12bot.com/)"
114.119.155.233 - - [24/Aug/2026:14:54:02 -0400] "GET /wp-includes/core.php?sepatusuper=/home3/caa20236/www/wp-content/uploads/revslider/templates/landing-page-call-to-action HTTP/1.1" 200 4326 "https://aan.cl/wp-includes/core.php?sepatusuper=/home3/caa20236/www/wp-content/uploads/revslider/templates" "Mozilla/5.0 (Linux; Android 7.0;) AppleWebKit/537.36 (HTML, like Gecko) Mobile Safari/537.36 (compatible; PetalBot;+https://webmaster.petalsearch.com/site/petalbot)"
147.135.252.145 - - [24/Aug/2026:14:54:05 -0400] "GET /wp-includes/core.php?filesrc=//opt/imunify360/venv/lib/python3.11/site-packages/babel/locale-data/am.dat&sepatusuper=//opt/imunify360/venv/lib/python3.11/site-packages/babel/locale-data HTTP/1.1" 200 2783 "-" "Mozilla/5.0 (compatible; MJ12bot/v1.4.8; http://mj12bot.com/)"
147.135.252.145 - - [24/Aug/2026:14:54:09 -0400] "GET /wp-includes/core.php?filesrc=//opt/imunify360/venv/lib/python3.11/site-packages/babel/locale-data/am_ET.dat&sepatusuper=//opt/imunify360/venv/lib/python3.11/site-packages/babel/locale-data HTTP/1.1" 200 2786 "-" "Mozilla/5.0 (compatible; MJ12bot/v1.4.8; http://mj12bot.com/)"
147.135.252.145 - - [24/Aug/2026:14:54:15 -0400] "GET /wp-includes/core.php?filesrc=//opt/imunify360/venv/lib/python3.11/site-packages/babel/locale-data/ann.dat&sepatusuper=//opt/imunify360/venv/lib/python3.11/site-packages/babel/locale-data HTTP/1.1" 200 2784 "-" "Mozilla/5.0 (compatible; MJ12bot/v1.4.8; http://mj12bot.com/)"
147.135.252.145 - - [24/Aug/2026:14:54:20 -0400] "GET /wp-includes/core.php?filesrc=//opt/imunify360/venv/lib/python3.11/site-packages/babel/locale-data/ann_NG.dat&sepatusuper=//opt/imunify360/venv/lib/python3.11/site-packages/babel/locale-data HTTP/1.1" 200 2787 "-" "Mozilla/5.0 (compatible; MJ12bot/v1.4.8; http://mj12bot.com/)"
147.135.252.145 - - [24/Aug/2026:14:54:37 -0400] "GET /wp-includes/core.php?filesrc=//opt/imunify360/venv/lib/python3.11/site-packages/babel/locale-data/ar_BH.dat&sepatusuper=//opt/imunify360/venv/lib/python3.11/site-packages/babel/locale-data HTTP/1.1" 200 2786 "-" "Mozilla/5.0 (compatible; MJ12bot/v1.4.8; http://mj12bot.com/)"
147.135.252.145 - - [24/Aug/2026:14:54:42 -0400] "GET /wp-includes/core.php?filesrc=//opt/imunify360/venv/lib/python3.11/site-packages/babel/locale-data/ar_DJ.dat&sepatusuper=//opt/imunify360/venv/lib/python3.11/site-packages/babel/locale-data HTTP/1.1" 200 2786 "-" "Mozilla/5.0 (compatible; MJ12bot/v1.4.8; http://mj12bot.com/)"
147.135.252.145 - - [24/Aug/2026:14:54:47 -0400] "GET /wp-includes/core.php?filesrc=//opt/imunify360/venv/lib/python3.11/site-packages/babel/locale-data/ar_DZ.dat&sepatusuper=//opt/imunify360/venv/lib/python3.11/site-packages/babel/locale-data HTTP/1.1" 200 2786 "-" "Mozilla/5.0 (compatible; MJ12bot/v1.4.8; http://mj12bot.com/)"
147.135.252.145 - - [24/Aug/2026:14:54:49 -0400] "GET /wp-includes/core.php?filesrc=//opt/imunify360/venv/lib/python3.11/site-packages/babel/locale-data/ar_EG.dat&sepatusuper=//opt/imunify360/venv/lib/python3.11/site-packages/babel/locale-data HTTP/1.1" 200 2786 "-" "Mozilla/5.0 (compatible; MJ12bot/v1.4.8; http://mj12bot.com/)"
147.135.252.145 - - [24/Aug/2026:14:54:54 -0400] "GET /wp-includes/core.php?filesrc=//opt/imunify360/venv/lib/python3.11/site-packages/babel/locale-data/ar_EH.dat&sepatusuper=//opt/imunify360/venv/lib/python3.11/site-packages/babel/locale-data HTTP/1.1" 200 2786 "-" "Mozilla/5.0 (compatible; MJ12bot/v1.4.8; http://mj12bot.com/)"
147.135.252.145 - - [24/Aug/2026:14:54:58 -0400] "GET /wp-includes/core.php?filesrc=//opt/imunify360/venv/lib/python3.11/site-packages/babel/locale-data/ar_IL.dat&sepatusuper=//opt/imunify360/venv/lib/python3.11/site-packages/babel/locale-data HTTP/1.1" 200 2786 "-" "Mozilla/5.0 (compatible; MJ12bot/v1.4.8; http://mj12bot.com/)"
147.135.252.145 - - [24/Aug/2026:14:55:03 -0400] "GET /wp-includes/core.php?filesrc=//opt/imunify360/venv/lib/python3.11/site-packages/babel/locale-data/ar_JO.dat&sepatusuper=//opt/imunify360/venv/lib/python3.11/site-packages/babel/locale-data HTTP/1.1" 200 2786 "-" "Mozilla/5.0 (compatible; MJ12bot/v1.4.8; http://mj12bot.com/)"
147.135.252.145 - - [24/Aug/2026:14:55:10 -0400] "GET /wp-includes/core.php?filesrc=//opt/imunify360/venv/lib/python3.11/site-packages/babel/locale-data/ar_KM.dat&sepatusuper=//opt/imunify360/venv/lib/python3.11/site-packages/babel/locale-data HTTP/1.1" 200 2786 "-" "Mozilla/5.0 (compatible; MJ12bot/v1.4.8; http://mj12bot.com/)"
147.135.252.145 - - [24/Aug/2026:14:55:13 -0400] "GET /wp-includes/core.php?filesrc=//opt/imunify360/venv/lib/python3.11/site-packages/babel/locale-data/ar_KW.dat&sepatusuper=//opt/imunify360/venv/lib/python3.11/site-packages/babel/locale-data HTTP/1.1" 200 2786 "-" "Mozilla/5.0 (compatible; MJ12bot/v1.4.8; http://mj12bot.com/)"
147.135.252.145 - - [24/Aug/2026:14:55:16 -0400] "GET /wp-includes/core.php?filesrc=//opt/imunify360/venv/lib/python3.11/site-packages/babel/locale-data/asa.dat&sepatusuper=//opt/imunify360/venv/lib/python3.11/site-packages/babel/locale-data HTTP/1.1" 200 2784 "-" "Mozilla/5.0 (compatible; MJ12bot/v1.4.8; http://mj12bot.com/)"
114.119.155.233 - - [24/Aug/2026:14:55:25 -0400] "GET /wp-includes/core.php?sepatusuper=/home3/caa20236/www/wp-content/uploads/revslider/templates/cube-animation HTTP/1.1" 200 6289 "https://aan.cl/wp-includes/core.php?sepatusuper=/home3/caa20236/www/wp-content/uploads/revslider/templates" "Mozilla/5.0 (Linux; Android 7.0;) AppleWebKit/537.36 (HTML, like Gecko) Mobile Safari/537.36 (compatible; PetalBot;+https://webmaster.petalsearch.com/site/petalbot)"
147.135.252.145 - - [24/Aug/2026:14:55:28 -0400] "GET /wp-includes/core.php?filesrc=//opt/imunify360/venv/lib/python3.11/site-packages/babel/locale-data/bn_BD.dat&sepatusuper=//opt/imunify360/venv/lib/python3.11/site-packages/babel/locale-data HTTP/1.1" 200 2786 "-" "Mozilla/5.0 (compatible; MJ12bot/v1.4.8; http://mj12bot.com/)"
147.135.252.145 - - [24/Aug/2026:14:55:32 -0400] "GET /wp-includes/core.php?filesrc=//opt/imunify360/venv/lib/python3.11/site-packages/babel/locale-data/bn_IN.dat&sepatusuper=//opt/imunify360/venv/lib/python3.11/site-packages/babel/locale-data HTTP/1.1" 200 2786 "-" "Mozilla/5.0 (compatible; MJ12bot/v1.4.8; http://mj12bot.com/)"
147.135.252.145 - - [24/Aug/2026:14:55:35 -0400] "GET /wp-includes/core.php?filesrc=//opt/imunify360/venv/lib/python3.11/site-packages/babel/locale-data/ccp.dat&sepatusuper=//opt/imunify360/venv/lib/python3.11/site-packages/babel/locale-data HTTP/1.1" 200 2784 "-" "Mozilla/5.0 (compatible; MJ12bot/v1.4.8; http://mj12bot.com/)"
147.135.252.145 - - [24/Aug/2026:14:55:39 -0400] "GET /wp-includes/core.php?filesrc=//opt/imunify360/venv/lib/python3.11/site-packages/babel/locale-data/ce_RU.dat&sepatusuper=//opt/imunify360/venv/lib/python3.11/site-packages/babel/locale-data HTTP/1.1" 200 2786 "-" "Mozilla/5.0 (compatible; MJ12bot/v1.4.8; http://mj12bot.com/)"
147.135.252.145 - - [24/Aug/2026:14:55:43 -0400] "GET /wp-includes/core.php?filesrc=//opt/imunify360/venv/lib/python3.11/site-packages/babel/locale-data/en_CY.dat&sepatusuper=//opt/imunify360/venv/lib/python3.11/site-packages/babel/locale-data HTTP/1.1" 200 2786 "-" "Mozilla/5.0 (compatible; MJ12bot/v1.4.8; http://mj12bot.com/)"
147.135.252.145 - - [24/Aug/2026:14:55:47 -0400] "GET /wp-includes/core.php?filesrc=//opt/imunify360/venv/lib/python3.11/site-packages/babel/locale-data/en_DE.dat&sepatusuper=//opt/imunify360/venv/lib/python3.11/site-packages/babel/locale-data HTTP/1.1" 200 2786 "-" "Mozilla/5.0 (compatible; MJ12bot/v1.4.8; http://mj12bot.com/)"
147.135.252.145 - - [24/Aug/2026:14:55:51 -0400] "GET /wp-includes/core.php?filesrc=//opt/imunify360/venv/lib/python3.11/site-packages/babel/locale-data/en_DG.dat&sepatusuper=//opt/imunify360/venv/lib/python3.11/site-packages/babel/locale-data HTTP/1.1" 200 2786 "-" "Mozilla/5.0 (compatible; MJ12bot/v1.4.8; http://mj12bot.com/)"
147.135.252.145 - - [24/Aug/2026:14:55:56 -0400] "GET /wp-includes/core.php?filesrc=//opt/imunify360/venv/lib/python3.11/site-packages/babel/locale-data/en_DK.dat&sepatusuper=//opt/imunify360/venv/lib/python3.11/site-packages/babel/locale-data HTTP/1.1" 200 2786 "-" "Mozilla/5.0 (compatible; MJ12bot/v1.4.8; http://mj12bot.com/)"
147.135.252.145 - - [24/Aug/2026:14:56:00 -0400] "GET /wp-includes/core.php?filesrc=//opt/imunify360/venv/lib/python3.11/site-packages/babel/locale-data/en_DM.dat&sepatusuper=//opt/imunify360/venv/lib/python3.11/site-packages/babel/locale-data HTTP/1.1" 200 2786 "-" "Mozilla/5.0 (compatible; MJ12bot/v1.4.8; http://mj12bot.com/)"
147.135.252.145 - - [24/Aug/2026:14:56:04 -0400] "GET /wp-includes/core.php?filesrc=//opt/imunify360/venv/lib/python3.11/site-packages/babel/locale-data/en_ER.dat&sepatusuper=//opt/imunify360/venv/lib/python3.11/site-packages/babel/locale-data HTTP/1.1" 200 2786 "-" "Mozilla/5.0 (compatible; MJ12bot/v1.4.8; http://mj12bot.com/)"
147.135.252.145 - - [24/Aug/2026:14:56:07 -0400] "GET /wp-includes/core.php?filesrc=//opt/imunify360/venv/lib/python3.11/site-packages/babel/locale-data/en_FI.dat&sepatusuper=//opt/imunify360/venv/lib/python3.11/site-packages/babel/locale-data HTTP/1.1" 200 2786 "-" "Mozilla/5.0 (compatible; MJ12bot/v1.4.8; http://mj12bot.com/)"
147.135.252.145 - - [24/Aug/2026:14:56:12 -0400] "GET /wp-includes/core.php?filesrc=//opt/imunify360/venv/lib/python3.11/site-packages/babel/locale-data/en_FJ.dat&sepatusuper=//opt/imunify360/venv/lib/python3.11/site-packages/babel/locale-data HTTP/1.1" 200 2786 "-" "Mozilla/5.0 (compatible; MJ12bot/v1.4.8; http://mj12bot.com/)"
147.135.252.145 - - [24/Aug/2026:14:56:16 -0400] "GET /wp-includes/core.php?filesrc=//opt/imunify360/venv/lib/python3.11/site-packages/babel/locale-data/en_GD.dat&sepatusuper=//opt/imunify360/venv/lib/python3.11/site-packages/babel/locale-data HTTP/1.1" 200 2786 "-" "Mozilla/5.0 (compatible; MJ12bot/v1.4.8; http://mj12bot.com/)"
147.135.252.145 - - [24/Aug/2026:14:56:19 -0400] "GET /wp-includes/core.php?filesrc=//opt/imunify360/venv/lib/python3.11/site-packages/babel/locale-data/en_GG.dat&sepatusuper=//opt/imunify360/venv/lib/python3.11/site-packages/babel/locale-data HTTP/1.1" 200 2786 "-" "Mozilla/5.0 (compatible; MJ12bot/v1.4.8; http://mj12bot.com/)"
147.135.252.145 - - [24/Aug/2026:14:56:23 -0400] "GET /wp-includes/core.php?filesrc=//opt/imunify360/venv/lib/python3.11/site-packages/babel/locale-data/en_GH.dat&sepatusuper=//opt/imunify360/venv/lib/python3.11/site-packages/babel/locale-data HTTP/1.1" 200 2786 "-" "Mozilla/5.0 (compatible; MJ12bot/v1.4.8; http://mj12bot.com/)"
147.135.252.145 - - [24/Aug/2026:14:56:27 -0400] "GET /wp-includes/core.php?filesrc=//opt/imunify360/venv/lib/python3.11/site-packages/babel/locale-data/en_GI.dat&sepatusuper=//opt/imunify360/venv/lib/python3.11/site-packages/babel/locale-data HTTP/1.1" 200 2786 "-" "Mozilla/5.0 (compatible; MJ12bot/v1.4.8; http://mj12bot.com/)"
147.135.252.145 - - [24/Aug/2026:14:56:31 -0400] "GET /wp-includes/core.php?filesrc=//opt/imunify360/venv/lib/python3.11/site-packages/babel/locale-data/en_GM.dat&sepatusuper=//opt/imunify360/venv/lib/python3.11/site-packages/babel/locale-data HTTP/1.1" 200 2786 "-" "Mozilla/5.0 (compatible; MJ12bot/v1.4.8; http://mj12bot.com/)"
147.135.252.145 - - [24/Aug/2026:14:56:35 -0400] "GET /wp-includes/core.php?filesrc=//opt/imunify360/venv/lib/python3.11/site-packages/babel/locale-data/en_GU.dat&sepatusuper=//opt/imunify360/venv/lib/python3.11/site-packages/babel/locale-data HTTP/1.1" 200 2786 "-" "Mozilla/5.0 (compatible; MJ12bot/v1.4.8; http://mj12bot.com/)"
57.141.22.95 - - [24/Aug/2026:14:56:35 -0400] "GET / HTTP/1.1" 200 - "-" "facebookexternalhit/1.1 (+http://www.facebook.com/externalhit_uatext.php)"
147.135.252.145 - - [24/Aug/2026:14:56:39 -0400] "GET /wp-includes/core.php?filesrc=//opt/imunify360/venv/lib/python3.11/site-packages/babel/locale-data/en_GY.dat&sepatusuper=//opt/imunify360/venv/lib/python3.11/site-packages/babel/locale-data HTTP/1.1" 200 2786 "-" "Mozilla/5.0 (compatible; MJ12bot/v1.4.8; http://mj12bot.com/)"
147.135.252.145 - - [24/Aug/2026:14:56:43 -0400] "GET /wp-includes/core.php?filesrc=//opt/imunify360/venv/lib/python3.11/site-packages/babel/locale-data/en_HK.dat&sepatusuper=//opt/imunify360/venv/lib/python3.11/site-packages/babel/locale-data HTTP/1.1" 200 2786 "-" "Mozilla/5.0 (compatible; MJ12bot/v1.4.8; http://mj12bot.com/)"
147.135.252.145 - - [24/Aug/2026:14:56:47 -0400] "GET /wp-includes/core.php?filesrc=//opt/imunify360/venv/lib/python3.11/site-packages/babel/locale-data/en_IL.dat&sepatusuper=//opt/imunify360/venv/lib/python3.11/site-packages/babel/locale-data HTTP/1.1" 200 2786 "-" "Mozilla/5.0 (compatible; MJ12bot/v1.4.8; http://mj12bot.com/)"
114.119.142.15 - - [24/Aug/2026:14:56:49 -0400] "GET /wp-includes/core.php?sepatusuper=/home3/caa20236/www/wp-content/themes/twentytwenty/assets/fonts HTTP/1.1" 200 4084 "https://aan.cl/wp-includes/core.php?sepatusuper=/home3/caa20236/www/wp-content/themes/twentytwenty/assets" "Mozilla/5.0 (Linux; Android 7.0;) AppleWebKit/537.36 (HTML, like Gecko) Mobile Safari/537.36 (compatible; PetalBot;+https://webmaster.petalsearch.com/site/petalbot)"
147.135.252.145 - - [24/Aug/2026:14:56:51 -0400] "GET /wp-includes/core.php?filesrc=//opt/imunify360/venv/lib/python3.11/site-packages/babel/locale-data/en_IM.dat&sepatusuper=//opt/imunify360/venv/lib/python3.11/site-packages/babel/locale-data HTTP/1.1" 200 2786 "-" "Mozilla/5.0 (compatible; MJ12bot/v1.4.8; http://mj12bot.com/)"
147.135.252.145 - - [24/Aug/2026:14:56:55 -0400] "GET /wp-includes/core.php?filesrc=//opt/imunify360/venv/lib/python3.11/site-packages/babel/locale-data/en_IN.dat&sepatusuper=//opt/imunify360/venv/lib/python3.11/site-packages/babel/locale-data HTTP/1.1" 200 2786 "-" "Mozilla/5.0 (compatible; MJ12bot/v1.4.8; http://mj12bot.com/)"
147.135.252.145 - - [24/Aug/2026:14:56:59 -0400] "GET /wp-includes/core.php?filesrc=//opt/imunify360/venv/lib/python3.11/site-packages/babel/locale-data/en_JE.dat&sepatusuper=//opt/imunify360/venv/lib/python3.11/site-packages/babel/locale-data HTTP/1.1" 200 2786 "-" "Mozilla/5.0 (compatible; MJ12bot/v1.4.8; http://mj12bot.com/)"
147.135.252.145 - - [24/Aug/2026:14:57:04 -0400] "GET /wp-includes/core.php?filesrc=//opt/imunify360/venv/lib/python3.11/site-packages/babel/locale-data/en_JM.dat&sepatusuper=//opt/imunify360/venv/lib/python3.11/site-packages/babel/locale-data HTTP/1.1" 200 2786 "-" "Mozilla/5.0 (compatible; MJ12bot/v1.4.8; http://mj12bot.com/)"
147.135.252.145 - - [24/Aug/2026:14:57:08 -0400] "GET /wp-includes/core.php?filesrc=//opt/imunify360/venv/lib/python3.11/site-packages/babel/locale-data/en_KE.dat&sepatusuper=//opt/imunify360/venv/lib/python3.11/site-packages/babel/locale-data HTTP/1.1" 200 2786 "-" "Mozilla/5.0 (compatible; MJ12bot/v1.4.8; http://mj12bot.com/)"
147.135.252.145 - - [24/Aug/2026:14:57:12 -0400] "GET /wp-includes/core.php?filesrc=//opt/imunify360/venv/lib/python3.11/site-packages/babel/locale-data/en_KI.dat&sepatusuper=//opt/imunify360/venv/lib/python3.11/site-packages/babel/locale-data HTTP/1.1" 200 2786 "-" "Mozilla/5.0 (compatible; MJ12bot/v1.4.8; http://mj12bot.com/)"
147.135.252.145 - - [24/Aug/2026:14:57:16 -0400] "GET /wp-includes/core.php?filesrc=//opt/imunify360/venv/lib/python3.11/site-packages/babel/locale-data/en_KN.dat&sepatusuper=//opt/imunify360/venv/lib/python3.11/site-packages/babel/locale-data HTTP/1.1" 200 2786 "-" "Mozilla/5.0 (compatible; MJ12bot/v1.4.8; http://mj12bot.com/)"
147.135.252.145 - - [24/Aug/2026:14:57:20 -0400] "GET /wp-includes/core.php?filesrc=//opt/imunify360/venv/lib/python3.11/site-packages/babel/locale-data/en_KY.dat&sepatusuper=//opt/imunify360/venv/lib/python3.11/site-packages/babel/locale-data HTTP/1.1" 200 2786 "-" "Mozilla/5.0 (compatible; MJ12bot/v1.4.8; http://mj12bot.com/)"
147.135.252.145 - - [24/Aug/2026:14:57:23 -0400] "GET /wp-includes/core.php?filesrc=//opt/imunify360/venv/lib/python3.11/site-packages/babel/locale-data/en_LC.dat&sepatusuper=//opt/imunify360/venv/lib/python3.11/site-packages/babel/locale-data HTTP/1.1" 200 2786 "-" "Mozilla/5.0 (compatible; MJ12bot/v1.4.8; http://mj12bot.com/)"
147.135.252.145 - - [24/Aug/2026:14:57:27 -0400] "GET /wp-includes/core.php?filesrc=//opt/imunify360/venv/lib/python3.11/site-packages/babel/locale-data/en_LR.dat&sepatusuper=//opt/imunify360/venv/lib/python3.11/site-packages/babel/locale-data HTTP/1.1" 200 2786 "-" "Mozilla/5.0 (compatible; MJ12bot/v1.4.8; http://mj12bot.com/)"
147.135.252.145 - - [24/Aug/2026:14:57:30 -0400] "GET /wp-includes/core.php?filesrc=//opt/imunify360/venv/lib/python3.11/site-packages/babel/locale-data/en_LS.dat&sepatusuper=//opt/imunify360/venv/lib/python3.11/site-packages/babel/locale-data HTTP/1.1" 200 2786 "-" "Mozilla/5.0 (compatible; MJ12bot/v1.4.8; http://mj12bot.com/)"
147.135.252.145 - - [24/Aug/2026:14:57:34 -0400] "GET /wp-includes/core.php?filesrc=//opt/imunify360/venv/lib/python3.11/site-packages/babel/locale-data/en_MG.dat&sepatusuper=//opt/imunify360/venv/lib/python3.11/site-packages/babel/locale-data HTTP/1.1" 200 2786 "-" "Mozilla/5.0 (compatible; MJ12bot/v1.4.8; http://mj12bot.com/)"
147.135.252.145 - - [24/Aug/2026:14:57:37 -0400] "GET /wp-includes/core.php?filesrc=//opt/imunify360/venv/lib/python3.11/site-packages/babel/locale-data/en_MH.dat&sepatusuper=//opt/imunify360/venv/lib/python3.11/site-packages/babel/locale-data HTTP/1.1" 200 2786 "-" "Mozilla/5.0 (compatible; MJ12bot/v1.4.8; http://mj12bot.com/)"
147.135.252.145 - - [24/Aug/2026:14:57:41 -0400] "GET /wp-includes/core.php?filesrc=//opt/imunify360/venv/lib/python3.11/site-packages/babel/locale-data/en_MO.dat&sepatusuper=//opt/imunify360/venv/lib/python3.11/site-packages/babel/locale-data HTTP/1.1" 200 2786 "-" "Mozilla/5.0 (compatible; MJ12bot/v1.4.8; http://mj12bot.com/)"
147.135.252.145 - - [24/Aug/2026:14:57:45 -0400] "GET /wp-includes/core.php?filesrc=//opt/imunify360/venv/lib/python3.11/site-packages/babel/locale-data/en_MP.dat&sepatusuper=//opt/imunify360/venv/lib/python3.11/site-packages/babel/locale-data HTTP/1.1" 200 2786 "-" "Mozilla/5.0 (compatible; MJ12bot/v1.4.8; http://mj12bot.com/)"
147.135.252.145 - - [24/Aug/2026:14:57:49 -0400] "GET /wp-includes/core.php?filesrc=//opt/imunify360/venv/lib/python3.11/site-packages/babel/locale-data/en_MT.dat&sepatusuper=//opt/imunify360/venv/lib/python3.11/site-packages/babel/locale-data HTTP/1.1" 200 2786 "-" "Mozilla/5.0 (compatible; MJ12bot/v1.4.8; http://mj12bot.com/)"
147.135.252.145 - - [24/Aug/2026:14:57:53 -0400] "GET /wp-includes/core.php?filesrc=//opt/imunify360/venv/lib/python3.11/site-packages/babel/locale-data/en_MU.dat&sepatusuper=//opt/imunify360/venv/lib/python3.11/site-packages/babel/locale-data HTTP/1.1" 200 2786 "-" "Mozilla/5.0 (compatible; MJ12bot/v1.4.8; http://mj12bot.com/)"
147.135.252.145 - - [24/Aug/2026:14:57:57 -0400] "GET /wp-includes/core.php?filesrc=//opt/imunify360/venv/lib/python3.11/site-packages/babel/locale-data/en_MV.dat&sepatusuper=//opt/imunify360/venv/lib/python3.11/site-packages/babel/locale-data HTTP/1.1" 200 2786 "-" "Mozilla/5.0 (compatible; MJ12bot/v1.4.8; http://mj12bot.com/)"
147.135.252.145 - - [24/Aug/2026:14:58:00 -0400] "GET /wp-includes/core.php?filesrc=//opt/imunify360/venv/lib/python3.11/site-packages/babel/locale-data/en_MW.dat&sepatusuper=//opt/imunify360/venv/lib/python3.11/site-packages/babel/locale-data HTTP/1.1" 200 2786 "-" "Mozilla/5.0 (compatible; MJ12bot/v1.4.8; http://mj12bot.com/)"
147.135.252.145 - - [24/Aug/2026:14:58:05 -0400] "GET /wp-includes/core.php?filesrc=//opt/imunify360/venv/lib/python3.11/site-packages/babel/locale-data/en_MY.dat&sepatusuper=//opt/imunify360/venv/lib/python3.11/site-packages/babel/locale-data HTTP/1.1" 200 2786 "-" "Mozilla/5.0 (compatible; MJ12bot/v1.4.8; http://mj12bot.com/)"
147.135.252.145 - - [24/Aug/2026:14:58:09 -0400] "GET /wp-includes/core.php?filesrc=//opt/imunify360/venv/lib/python3.11/site-packages/babel/locale-data/en_NA.dat&sepatusuper=//opt/imunify360/venv/lib/python3.11/site-packages/babel/locale-data HTTP/1.1" 200 2786 "-" "Mozilla/5.0 (compatible; MJ12bot/v1.4.8; http://mj12bot.com/)"
114.119.152.204 - - [24/Aug/2026:14:58:12 -0400] "GET /wp-includes/core.php?sepatusuper=/home3/caa20236/www/wp-content/plugins/js_composer/assets/less/params HTTP/1.1" 200 19609 "https://aan.cl/wp-includes/core.php?sepatusuper=/home3/caa20236/www/wp-content/plugins/js_composer/assets/less" "Mozilla/5.0 (Linux; Android 7.0;) AppleWebKit/537.36 (HTML, like Gecko) Mobile Safari/537.36 (compatible; PetalBot;+https://webmaster.petalsearch.com/site/petalbot)"
147.135.252.145 - - [24/Aug/2026:14:58:12 -0400] "GET /wp-includes/core.php?filesrc=//opt/imunify360/venv/lib/python3.11/site-packages/babel/locale-data/en_NF.dat&sepatusuper=//opt/imunify360/venv/lib/python3.11/site-packages/babel/locale-data HTTP/1.1" 200 2786 "-" "Mozilla/5.0 (compatible; MJ12bot/v1.4.8; http://mj12bot.com/)"
147.135.252.145 - - [24/Aug/2026:14:58:16 -0400] "GET /wp-includes/core.php?filesrc=//opt/imunify360/venv/lib/python3.11/site-packages/babel/locale-data/en_NG.dat&sepatusuper=//opt/imunify360/venv/lib/python3.11/site-packages/babel/locale-data HTTP/1.1" 200 2786 "-" "Mozilla/5.0 (compatible; MJ12bot/v1.4.8; http://mj12bot.com/)"
147.135.252.145 - - [24/Aug/2026:14:58:20 -0400] "GET /wp-includes/core.php?filesrc=//opt/imunify360/venv/lib/python3.11/site-packages/babel/locale-data/en_NL.dat&sepatusuper=//opt/imunify360/venv/lib/python3.11/site-packages/babel/locale-data HTTP/1.1" 200 2786 "-" "Mozilla/5.0 (compatible; MJ12bot/v1.4.8; http://mj12bot.com/)"
147.135.252.145 - - [24/Aug/2026:14:58:24 -0400] "GET /wp-includes/core.php?filesrc=//opt/imunify360/venv/lib/python3.11/site-packages/babel/locale-data/en_NR.dat&sepatusuper=//opt/imunify360/venv/lib/python3.11/site-packages/babel/locale-data HTTP/1.1" 200 2786 "-" "Mozilla/5.0 (compatible; MJ12bot/v1.4.8; http://mj12bot.com/)"
147.135.252.145 - - [24/Aug/2026:14:58:28 -0400] "GET /wp-includes/core.php?filesrc=//opt/imunify360/venv/lib/python3.11/site-packages/babel/locale-data/en_NU.dat&sepatusuper=//opt/imunify360/venv/lib/python3.11/site-packages/babel/locale-data HTTP/1.1" 200 2786 "-" "Mozilla/5.0 (compatible; MJ12bot/v1.4.8; http://mj12bot.com/)"
147.135.252.145 - - [24/Aug/2026:14:58:31 -0400] "GET /wp-includes/core.php?filesrc=//opt/imunify360/venv/lib/python3.11/site-packages/babel/locale-data/en_NZ.dat&sepatusuper=//opt/imunify360/venv/lib/python3.11/site-packages/babel/locale-data HTTP/1.1" 200 2786 "-" "Mozilla/5.0 (compatible; MJ12bot/v1.4.8; http://mj12bot.com/)"
147.135.252.145 - - [24/Aug/2026:14:58:35 -0400] "GET /wp-includes/core.php?filesrc=//opt/imunify360/venv/lib/python3.11/site-packages/babel/locale-data/en_PG.dat&sepatusuper=//opt/imunify360/venv/lib/python3.11/site-packages/babel/locale-data HTTP/1.1" 200 2786 "-" "Mozilla/5.0 (compatible; MJ12bot/v1.4.8; http://mj12bot.com/)"
147.135.252.145 - - [24/Aug/2026:14:58:38 -0400] "GET /wp-includes/core.php?filesrc=//opt/imunify360/venv/lib/python3.11/site-packages/babel/locale-data/en_PH.dat&sepatusuper=//opt/imunify360/venv/lib/python3.11/site-packages/babel/locale-data HTTP/1.1" 200 2786 "-" "Mozilla/5.0 (compatible; MJ12bot/v1.4.8; http://mj12bot.com/)"
147.135.252.145 - - [24/Aug/2026:14:58:41 -0400] "GET /wp-includes/core.php?filesrc=//opt/imunify360/venv/lib/python3.11/site-packages/babel/locale-data/en_PK.dat&sepatusuper=//opt/imunify360/venv/lib/python3.11/site-packages/babel/locale-data HTTP/1.1" 200 2786 "-" "Mozilla/5.0 (compatible; MJ12bot/v1.4.8; http://mj12bot.com/)"
147.135.252.145 - - [24/Aug/2026:14:58:44 -0400] "GET /wp-includes/core.php?filesrc=//opt/imunify360/venv/lib/python3.11/site-packages/babel/locale-data/en_PN.dat&sepatusuper=//opt/imunify360/venv/lib/python3.11/site-packages/babel/locale-data HTTP/1.1" 200 2786 "-" "Mozilla/5.0 (compatible; MJ12bot/v1.4.8; http://mj12bot.com/)"
147.135.252.145 - - [24/Aug/2026:14:58:47 -0400] "GET /wp-includes/core.php?filesrc=//opt/imunify360/venv/lib/python3.11/site-packages/babel/locale-data/en_PR.dat&sepatusuper=//opt/imunify360/venv/lib/python3.11/site-packages/babel/locale-data HTTP/1.1" 200 2786 "-" "Mozilla/5.0 (compatible; MJ12bot/v1.4.8; http://mj12bot.com/)"
147.135.252.145 - - [24/Aug/2026:14:58:50 -0400] "GET /wp-includes/core.php?filesrc=//opt/imunify360/venv/lib/python3.11/site-packages/babel/locale-data/en_PW.dat&sepatusuper=//opt/imunify360/venv/lib/python3.11/site-packages/babel/locale-data HTTP/1.1" 200 2786 "-" "Mozilla/5.0 (compatible; MJ12bot/v1.4.8; http://mj12bot.com/)"
147.135.252.145 - - [24/Aug/2026:14:58:53 -0400] "GET /wp-includes/core.php?filesrc=//opt/imunify360/venv/lib/python3.11/site-packages/babel/locale-data/en_RW.dat&sepatusuper=//opt/imunify360/venv/lib/python3.11/site-packages/babel/locale-data HTTP/1.1" 200 2786 "-" "Mozilla/5.0 (compatible; MJ12bot/v1.4.8; http://mj12bot.com/)"
147.135.252.145 - - [24/Aug/2026:14:58:58 -0400] "GET /wp-includes/core.php?filesrc=//opt/imunify360/venv/lib/python3.11/site-packages/babel/locale-data/en_SB.dat&sepatusuper=//opt/imunify360/venv/lib/python3.11/site-packages/babel/locale-data HTTP/1.1" 200 2786 "-" "Mozilla/5.0 (compatible; MJ12bot/v1.4.8; http://mj12bot.com/)"
147.135.252.145 - - [24/Aug/2026:14:59:01 -0400] "GET /wp-includes/core.php?filesrc=//opt/imunify360/venv/lib/python3.11/site-packages/babel/locale-data/en_SC.dat&sepatusuper=//opt/imunify360/venv/lib/python3.11/site-packages/babel/locale-data HTTP/1.1" 200 2786 "-" "Mozilla/5.0 (compatible; MJ12bot/v1.4.8; http://mj12bot.com/)"
147.135.252.145 - - [24/Aug/2026:14:59:04 -0400] "GET /wp-includes/core.php?filesrc=//opt/imunify360/venv/lib/python3.11/site-packages/babel/locale-data/en_SD.dat&sepatusuper=//opt/imunify360/venv/lib/python3.11/site-packages/babel/locale-data HTTP/1.1" 200 2786 "-" "Mozilla/5.0 (compatible; MJ12bot/v1.4.8; http://mj12bot.com/)"
147.135.252.145 - - [24/Aug/2026:14:59:07 -0400] "GET /wp-includes/core.php?filesrc=//opt/imunify360/venv/lib/python3.11/site-packages/babel/locale-data/en_SG.dat&sepatusuper=//opt/imunify360/venv/lib/python3.11/site-packages/babel/locale-data HTTP/1.1" 200 2786 "-" "Mozilla/5.0 (compatible; MJ12bot/v1.4.8; http://mj12bot.com/)"
147.135.252.145 - - [24/Aug/2026:14:59:11 -0400] "GET /wp-includes/core.php?filesrc=//opt/imunify360/venv/lib/python3.11/site-packages/babel/locale-data/en_SI.dat&sepatusuper=//opt/imunify360/venv/lib/python3.11/site-packages/babel/locale-data HTTP/1.1" 200 2786 "-" "Mozilla/5.0 (compatible; MJ12bot/v1.4.8; http://mj12bot.com/)"
147.135.252.145 - - [24/Aug/2026:14:59:14 -0400] "GET /wp-includes/core.php?filesrc=//opt/imunify360/venv/lib/python3.11/site-packages/babel/locale-data/en_SL.dat&sepatusuper=//opt/imunify360/venv/lib/python3.11/site-packages/babel/locale-data HTTP/1.1" 200 2786 "-" "Mozilla/5.0 (compatible; MJ12bot/v1.4.8; http://mj12bot.com/)"
147.135.252.145 - - [24/Aug/2026:14:59:18 -0400] "GET /wp-includes/core.php?filesrc=//opt/imunify360/venv/lib/python3.11/site-packages/babel/locale-data/en_SS.dat&sepatusuper=//opt/imunify360/venv/lib/python3.11/site-packages/babel/locale-data HTTP/1.1" 200 2786 "-" "Mozilla/5.0 (compatible; MJ12bot/v1.4.8; http://mj12bot.com/)"
147.135.252.145 - - [24/Aug/2026:14:59:22 -0400] "GET /wp-includes/core.php?filesrc=//opt/imunify360/venv/lib/python3.11/site-packages/babel/locale-data/en_SX.dat&sepatusuper=//opt/imunify360/venv/lib/python3.11/site-packages/babel/locale-data HTTP/1.1" 200 2786 "-" "Mozilla/5.0 (compatible; MJ12bot/v1.4.8; http://mj12bot.com/)"
147.135.252.145 - - [24/Aug/2026:14:59:25 -0400] "GET /wp-includes/core.php?filesrc=//opt/imunify360/venv/lib/python3.11/site-packages/babel/locale-data/en_SZ.dat&sepatusuper=//opt/imunify360/venv/lib/python3.11/site-packages/babel/locale-data HTTP/1.1" 200 2786 "-" "Mozilla/5.0 (compatible; MJ12bot/v1.4.8; http://mj12bot.com/)"
147.135.252.145 - - [24/Aug/2026:14:59:29 -0400] "GET /wp-includes/core.php?filesrc=//opt/imunify360/venv/lib/python3.11/site-packages/babel/locale-data/en_ZA.dat&sepatusuper=//opt/imunify360/venv/lib/python3.11/site-packages/babel/locale-data HTTP/1.1" 200 2786 "-" "Mozilla/5.0 (compatible; MJ12bot/v1.4.8; http://mj12bot.com/)"
147.135.252.145 - - [24/Aug/2026:14:59:34 -0400] "GET /wp-includes/core.php?filesrc=//opt/imunify360/venv/lib/python3.11/site-packages/babel/locale-data/fr_VU.dat&sepatusuper=//opt/imunify360/venv/lib/python3.11/site-packages/babel/locale-data HTTP/1.1" 200 2786 "-" "Mozilla/5.0 (compatible; MJ12bot/v1.4.8; http://mj12bot.com/)"
114.119.152.204 - - [24/Aug/2026:14:59:36 -0400] "GET /wp-includes/core.php?sepatusuper=/home3/caa20236/public_html/wp-content/uploads/revslider/templates/stark-menu HTTP/1.1" 200 4311 "https://aan.cl/wp-includes/core.php?sepatusuper=/home3/caa20236/public_html/wp-content/uploads/revslider/templates/stark-menu" "Mozilla/5.0 (Linux; Android 7.0;) AppleWebKit/537.36 (HTML, like Gecko) Mobile Safari/537.36 (compatible; PetalBot;+https://webmaster.petalsearch.com/site/petalbot)"
147.135.252.145 - - [24/Aug/2026:14:59:38 -0400] "GET /wp-includes/core.php?filesrc=//opt/imunify360/venv/lib/python3.11/site-packages/babel/locale-data/fr_WF.dat&sepatusuper=//opt/imunify360/venv/lib/python3.11/site-packages/babel/locale-data HTTP/1.1" 200 2786 "-" "Mozilla/5.0 (compatible; MJ12bot/v1.4.8; http://mj12bot.com/)"
147.135.252.145 - - [24/Aug/2026:14:59:41 -0400] "GET /wp-includes/core.php?filesrc=//opt/imunify360/venv/lib/python3.11/site-packages/babel/locale-data/ko_KR.dat&sepatusuper=//opt/imunify360/venv/lib/python3.11/site-packages/babel/locale-data HTTP/1.1" 200 2786 "-" "Mozilla/5.0 (compatible; MJ12bot/v1.4.8; http://mj12bot.com/)"
147.135.252.145 - - [24/Aug/2026:14:59:45 -0400] "GET /wp-includes/core.php?filesrc=//opt/imunify360/venv/lib/python3.11/site-packages/babel/locale-data/kok.dat&sepatusuper=//opt/imunify360/venv/lib/python3.11/site-packages/babel/locale-data HTTP/1.1" 200 2784 "-" "Mozilla/5.0 (compatible; MJ12bot/v1.4.8; http://mj12bot.com/)"
147.135.252.145 - - [24/Aug/2026:14:59:54 -0400] "GET /wp-includes/core.php?filesrc=//opt/imunify360/venv/lib/python3.11/site-packages/babel/locale-data/kok_IN.dat&sepatusuper=//opt/imunify360/venv/lib/python3.11/site-packages/babel/locale-data HTTP/1.1" 200 2787 "-" "Mozilla/5.0 (compatible; MJ12bot/v1.4.8; http://mj12bot.com/)"
147.135.252.145 - - [24/Aug/2026:14:59:58 -0400] "GET /wp-includes/core.php?filesrc=//opt/imunify360/venv/lib/python3.11/site-packages/babel/locale-data/ks.dat&sepatusuper=//opt/imunify360/venv/lib/python3.11/site-packages/babel/locale-data HTTP/1.1" 200 2783 "-" "Mozilla/5.0 (compatible; MJ12bot/v1.4.8; http://mj12bot.com/)"
147.135.252.145 - - [24/Aug/2026:15:00:06 -0400] "GET /wp-includes/core.php?filesrc=//opt/imunify360/venv/lib/python3.11/site-packages/babel/locale-data/ks_Arab_IN.dat&sepatusuper=//opt/imunify360/venv/lib/python3.11/site-packages/babel/locale-data HTTP/1.1" 200 2791 "-" "Mozilla/5.0 (compatible; MJ12bot/v1.4.8; http://mj12bot.com/)"
147.135.252.145 - - [24/Aug/2026:15:00:10 -0400] "GET /wp-includes/core.php?filesrc=//opt/imunify360/venv/lib/python3.11/site-packages/babel/locale-data/ks_Deva.dat&sepatusuper=//opt/imunify360/venv/lib/python3.11/site-packages/babel/locale-data HTTP/1.1" 200 2788 "-" "Mozilla/5.0 (compatible; MJ12bot/v1.4.8; http://mj12bot.com/)"
147.135.252.145 - - [24/Aug/2026:15:00:15 -0400] "GET /wp-includes/core.php?filesrc=//opt/imunify360/venv/lib/python3.11/site-packages/babel/locale-data/ks_Deva_IN.dat&sepatusuper=//opt/imunify360/venv/lib/python3.11/site-packages/babel/locale-data HTTP/1.1" 200 2791 "-" "Mozilla/5.0 (compatible; MJ12bot/v1.4.8; http://mj12bot.com/)"
147.135.252.145 - - [24/Aug/2026:15:00:19 -0400] "GET /wp-includes/core.php?filesrc=//opt/imunify360/venv/lib/python3.11/site-packages/babel/locale-data/ksb.dat&sepatusuper=//opt/imunify360/venv/lib/python3.11/site-packages/babel/locale-data HTTP/1.1" 200 2784 "-" "Mozilla/5.0 (compatible; MJ12bot/v1.4.8; http://mj12bot.com/)"
147.135.252.145 - - [24/Aug/2026:15:00:25 -0400] "GET /wp-includes/core.php?filesrc=//opt/imunify360/venv/lib/python3.11/site-packages/babel/locale-data/ksb_TZ.dat&sepatusuper=//opt/imunify360/venv/lib/python3.11/site-packages/babel/locale-data HTTP/1.1" 200 2787 "-" "Mozilla/5.0 (compatible; MJ12bot/v1.4.8; http://mj12bot.com/)"
147.135.252.145 - - [24/Aug/2026:15:00:29 -0400] "GET /wp-includes/core.php?filesrc=//opt/imunify360/venv/lib/python3.11/site-packages/babel/locale-data/ksf.dat&sepatusuper=//opt/imunify360/venv/lib/python3.11/site-packages/babel/locale-data HTTP/1.1" 200 2784 "-" "Mozilla/5.0 (compatible; MJ12bot/v1.4.8; http://mj12bot.com/)"
147.135.252.145 - - [24/Aug/2026:15:00:36 -0400] "GET /wp-includes/core.php?filesrc=//opt/imunify360/venv/lib/python3.11/site-packages/babel/locale-data/ksf_CM.dat&sepatusuper=//opt/imunify360/venv/lib/python3.11/site-packages/babel/locale-data HTTP/1.1" 200 2787 "-" "Mozilla/5.0 (compatible; MJ12bot/v1.4.8; http://mj12bot.com/)"
147.135.252.145 - - [24/Aug/2026:15:00:40 -0400] "GET /wp-includes/core.php?filesrc=//opt/imunify360/venv/lib/python3.11/site-packages/babel/locale-data/ksh.dat&sepatusuper=//opt/imunify360/venv/lib/python3.11/site-packages/babel/locale-data HTTP/1.1" 200 2784 "-" "Mozilla/5.0 (compatible; MJ12bot/v1.4.8; http://mj12bot.com/)"
147.135.252.145 - - [24/Aug/2026:15:00:47 -0400] "GET /wp-includes/core.php?filesrc=//opt/imunify360/venv/lib/python3.11/site-packages/babel/locale-data/ksh_DE.dat&sepatusuper=//opt/imunify360/venv/lib/python3.11/site-packages/babel/locale-data HTTP/1.1" 200 2787 "-" "Mozilla/5.0 (compatible; MJ12bot/v1.4.8; http://mj12bot.com/)"
147.135.252.145 - - [24/Aug/2026:15:00:51 -0400] "GET /wp-includes/core.php?filesrc=//opt/imunify360/venv/lib/python3.11/site-packages/babel/locale-data/ku.dat&sepatusuper=//opt/imunify360/venv/lib/python3.11/site-packages/babel/locale-data HTTP/1.1" 200 2783 "-" "Mozilla/5.0 (compatible; MJ12bot/v1.4.8; http://mj12bot.com/)"
147.135.252.145 - - [24/Aug/2026:15:00:56 -0400] "GET /wp-includes/core.php?filesrc=//opt/imunify360/venv/lib/python3.11/site-packages/babel/locale-data/ku_TR.dat&sepatusuper=//opt/imunify360/venv/lib/python3.11/site-packages/babel/locale-data HTTP/1.1" 200 2786 "-" "Mozilla/5.0 (compatible; MJ12bot/v1.4.8; http://mj12bot.com/)"
114.119.134.106 - - [24/Aug/2026:15:00:59 -0400] "GET /wp-includes/core.php?sepatusuper=/home3/caa20236/public_html/wp-content/plugins/wordpress-seo/src HTTP/1.1" 200 46668 "https://aan.cl/wp-includes/core.php?sepatusuper=/home3/caa20236/public_html/wp-content/plugins/wordpress-seo/src/dashboard/infrastructure/taxonomies" "Mozilla/5.0 (Linux; Android 7.0;) AppleWebKit/537.36 (HTML, like Gecko) Mobile Safari/537.36 (compatible; PetalBot;+https://webmaster.petalsearch.com/site/petalbot)"
147.135.252.145 - - [24/Aug/2026:15:01:00 -0400] "GET /wp-includes/core.php?filesrc=//opt/imunify360/venv/lib/python3.11/site-packages/babel/locale-data/kw.dat&sepatusuper=//opt/imunify360/venv/lib/python3.11/site-packages/babel/locale-data HTTP/1.1" 200 2783 "-" "Mozilla/5.0 (compatible; MJ12bot/v1.4.8; http://mj12bot.com/)"
147.135.252.145 - - [24/Aug/2026:15:01:04 -0400] "GET /wp-includes/core.php?filesrc=//opt/imunify360/venv/lib/python3.11/site-packages/babel/locale-data/kw_GB.dat&sepatusuper=//opt/imunify360/venv/lib/python3.11/site-packages/babel/locale-data HTTP/1.1" 200 2786 "-" "Mozilla/5.0 (compatible; MJ12bot/v1.4.8; http://mj12bot.com/)"
147.135.252.145 - - [24/Aug/2026:15:01:16 -0400] "GET /wp-includes/core.php?filesrc=//opt/imunify360/venv/lib/python3.11/site-packages/babel/locale-data/ky_KG.dat&sepatusuper=//opt/imunify360/venv/lib/python3.11/site-packages/babel/locale-data HTTP/1.1" 200 2786 "-" "Mozilla/5.0 (compatible; MJ12bot/v1.4.8; http://mj12bot.com/)"
147.135.252.145 - - [24/Aug/2026:15:01:20 -0400] "GET /wp-includes/core.php?filesrc=//opt/imunify360/venv/lib/python3.11/site-packages/babel/locale-data/lag.dat&sepatusuper=//opt/imunify360/venv/lib/python3.11/site-packages/babel/locale-data HTTP/1.1" 200 2784 "-" "Mozilla/5.0 (compatible; MJ12bot/v1.4.8; http://mj12bot.com/)"
147.135.252.145 - - [24/Aug/2026:15:01:25 -0400] "GET /wp-includes/core.php?filesrc=//opt/imunify360/venv/lib/python3.11/site-packages/babel/locale-data/lag_TZ.dat&sepatusuper=//opt/imunify360/venv/lib/python3.11/site-packages/babel/locale-data HTTP/1.1" 200 2787 "-" "Mozilla/5.0 (compatible; MJ12bot/v1.4.8; http://mj12bot.com/)"
147.135.252.145 - - [24/Aug/2026:15:01:29 -0400] "GET /wp-includes/core.php?filesrc=//opt/imunify360/venv/lib/python3.11/site-packages/babel/locale-data/lb.dat&sepatusuper=//opt/imunify360/venv/lib/python3.11/site-packages/babel/locale-data HTTP/1.1" 200 2783 "-" "Mozilla/5.0 (compatible; MJ12bot/v1.4.8; http://mj12bot.com/)"
147.135.252.145 - - [24/Aug/2026:15:01:34 -0400] "GET /wp-includes/core.php?filesrc=//opt/imunify360/venv/lib/python3.11/site-packages/babel/locale-data/lb_LU.dat&sepatusuper=//opt/imunify360/venv/lib/python3.11/site-packages/babel/locale-data HTTP/1.1" 200 2786 "-" "Mozilla/5.0 (compatible; MJ12bot/v1.4.8; http://mj12bot.com/)"
147.135.252.145 - - [24/Aug/2026:15:01:38 -0400] "GET /wp-includes/core.php?filesrc=//opt/imunify360/venv/lib/python3.11/site-packages/babel/locale-data/lg.dat&sepatusuper=//opt/imunify360/venv/lib/python3.11/site-packages/babel/locale-data HTTP/1.1" 200 2783 "-" "Mozilla/5.0 (compatible; MJ12bot/v1.4.8; http://mj12bot.com/)"
147.135.252.145 - - [24/Aug/2026:15:01:43 -0400] "GET /wp-includes/core.php?filesrc=//opt/imunify360/venv/lib/python3.11/site-packages/babel/locale-data/lg_UG.dat&sepatusuper=//opt/imunify360/venv/lib/python3.11/site-packages/babel/locale-data HTTP/1.1" 200 2786 "-" "Mozilla/5.0 (compatible; MJ12bot/v1.4.8; http://mj12bot.com/)"
147.135.252.145 - - [24/Aug/2026:15:01:47 -0400] "GET /wp-includes/core.php?filesrc=//opt/imunify360/venv/lib/python3.11/site-packages/babel/locale-data/lkt.dat&sepatusuper=//opt/imunify360/venv/lib/python3.11/site-packages/babel/locale-data HTTP/1.1" 200 2784 "-" "Mozilla/5.0 (compatible; MJ12bot/v1.4.8; http://mj12bot.com/)"
114.119.134.106 - - [24/Aug/2026:15:02:22 -0400] "GET /wp-includes/core.php?sepatusuper=//usr/share/man/tr HTTP/1.1" 200 4940 "https://aan.cl/wp-includes/core.php?sepatusuper=//usr/share/man/tr/man5" "Mozilla/5.0 (Linux; Android 7.0;) AppleWebKit/537.36 (HTML, like Gecko) Mobile Safari/537.36 (compatible; PetalBot;+https://webmaster.petalsearch.com/site/petalbot)"
57.141.16.58 - - [24/Aug/2026:15:02:37 -0400] "GET / HTTP/1.1" 200 - "-" "facebookexternalhit/1.1 (+http://www.facebook.com/externalhit_uatext.php)"
114.119.142.97 - - [24/Aug/2026:15:03:47 -0400] "GET /wp-includes/core.php?sepatusuper=//usr/share/locale/no HTTP/1.1" 200 3574 "https://aan.cl/wp-includes/core.php?sepatusuper=//usr/share/locale/no/LC_MESSAGES" "Mozilla/5.0 (Linux; Android 7.0;) AppleWebKit/537.36 (HTML, like Gecko) Mobile Safari/537.36 (compatible; PetalBot;+https://webmaster.petalsearch.com/site/petalbot)"
114.119.140.29 - - [24/Aug/2026:15:05:10 -0400] "GET /wp-includes/core.php?sepatusuper=//usr/share/locale/art HTTP/1.1" 200 3579 "https://aan.cl/wp-includes/core.php?sepatusuper=//usr/share/locale" "Mozilla/5.0 (Linux; Android 7.0;) AppleWebKit/537.36 (HTML, like Gecko) Mobile Safari/537.36 (compatible; PetalBot;+https://webmaster.petalsearch.com/site/petalbot)"
102.37.99.208 - - [24/Aug/2026:15:05:39 -0400] "GET /wp-content/plugins/fix/up.php HTTP/1.1" 404 - "-" "Mozilla/5.0 (Windows NT 10.0; Win64; x64) AppleWebKit/537.36 (KHTML, like Gecko) Chrome/85.0.4183.102 Safari/537.36"
114.119.152.204 - - [24/Aug/2026:15:06:33 -0400] "GET /wp-includes/core.php?sepatusuper=//usr/lib64/perl5/vendor_perl/HTML HTTP/1.1" 200 8786 "https://aan.cl/wp-includes/core.php?sepatusuper=//usr/lib64/perl5/vendor_perl/HTML" "Mozilla/5.0 (Linux; Android 7.0;) AppleWebKit/537.36 (HTML, like Gecko) Mobile Safari/537.36 (compatible; PetalBot;+https://webmaster.petalsearch.com/site/petalbot)"
114.119.156.223 - - [24/Aug/2026:15:07:57 -0400] "GET /wp-includes/core.php?sepatusuper=//usr/lib64/perl5/vendor_perl/Encode/CN HTTP/1.1" 200 3820 "https://aan.cl/wp-includes/core.php?sepatusuper=//usr/lib64/perl5/vendor_perl/Encode" "Mozilla/5.0 (Linux; Android 7.0;) AppleWebKit/537.36 (HTML, like Gecko) Mobile Safari/537.36 (compatible; PetalBot;+https://webmaster.petalsearch.com/site/petalbot)"
57.141.12.30 - - [24/Aug/2026:15:08:42 -0400] "GET / HTTP/1.1" 200 - "-" "facebookexternalhit/1.1 (+http://www.facebook.com/externalhit_uatext.php)"
114.119.142.15 - - [24/Aug/2026:15:09:20 -0400] "GET /wp-includes/core.php?sepatusuper=//usr/lib64/perl5/auto/re HTTP/1.1" 200 3667 "https://aan.cl/wp-includes/core.php?sepatusuper=//usr/lib64/perl5/auto/re" "Mozilla/5.0 (Linux; Android 7.0;) AppleWebKit/537.36 (HTML, like Gecko) Mobile Safari/537.36 (compatible; PetalBot;+https://webmaster.petalsearch.com/site/petalbot)"
114.119.140.29 - - [24/Aug/2026:15:10:43 -0400] "GET /wp-includes/core.php?sepatusuper=//usr/lib64/perl5/auto/Unicode HTTP/1.1" 200 4414 "https://aan.cl/wp-includes/core.php?sepatusuper=//usr/lib64/perl5/auto" "Mozilla/5.0 (Linux; Android 7.0;) AppleWebKit/537.36 (HTML, like Gecko) Mobile Safari/537.36 (compatible; PetalBot;+https://webmaster.petalsearch.com/site/petalbot)"
