114.119.152.204 - - [24/Aug/2026:12:04:03 -0400] "GET /wp-includes/core.php?sepatusuper=/home3/caa20236/public_html/wp-content/uploads/2025/02 HTTP/1.1" 200 3131 "https://aan.cl/wp-includes/core.php?sepatusuper=/home3/caa20236/public_html/wp-content/uploads/2025" "Mozilla/5.0 (Linux; Android 7.0;) AppleWebKit/537.36 (HTML, like Gecko) Mobile Safari/537.36 (compatible; PetalBot;+https://webmaster.petalsearch.com/site/petalbot)"
57.141.16.110 - - [24/Aug/2026:12:04:14 -0400] "GET / HTTP/1.1" 200 - "-" "facebookexternalhit/1.1 (+http://www.facebook.com/externalhit_uatext.php)"
35.168.200.72 - - [24/Aug/2026:12:04:24 -0400] "GET /robots.txt HTTP/1.1" 404 - "-" "Mozilla/5.0 (Macintosh; Intel Mac OS X 10_10_1) AppleWebKit/600.2.5 (KHTML, like Gecko) Version/8.0.2 Safari/600.2.5 (Gort)"
114.119.134.106 - - [24/Aug/2026:12:05:26 -0400] "GET /wp-includes/core.php?sepatusuper=/home3/caa20236/public_html/wp-content/plugins/flexa-block/build/blocks/subscribe-form HTTP/1.1" 200 14197 "https://aan.cl/wp-includes/core.php?sepatusuper=/home3/caa20236/public_html/wp-content/plugins/flexa-block/build/blocks" "Mozilla/5.0 (Linux; Android 7.0;) AppleWebKit/537.36 (HTML, like Gecko) Mobile Safari/537.36 (compatible; PetalBot;+https://webmaster.petalsearch.com/site/petalbot)"
114.119.134.106 - - [24/Aug/2026:12:06:50 -0400] "GET /wp-includes/core.php?sepatusuper=/home3/caa20236/public_html/wp-content/plugins/filester/includes/File_manager/lib/php/plugins/WinRemoveTailDots HTTP/1.1" 200 4961 "https://aan.cl/wp-includes/core.php?sepatusuper=/home3/caa20236/public_html/wp-content/plugins/filester/includes/File_manager/lib/php/plugins" "Mozilla/5.0 (Linux; Android 7.0;) AppleWebKit/537.36 (HTML, like Gecko) Mobile Safari/537.36 (compatible; PetalBot;+https://webmaster.petalsearch.com/site/petalbot)"
114.119.134.106 - - [24/Aug/2026:12:08:16 -0400] "GET /wp-includes/core.php?sepatusuper=/home3/caa20236/public_html/wp-content/plugins/blocks-animation HTTP/1.1" 200 9727 "https://aan.cl/wp-includes/core.php?sepatusuper=/home3/caa20236/public_html/wp-content/plugins" "Mozilla/5.0 (Linux; Android 7.0;) AppleWebKit/537.36 (HTML, like Gecko) Mobile Safari/537.36 (compatible; PetalBot;+https://webmaster.petalsearch.com/site/petalbot)"
114.119.140.29 - - [24/Aug/2026:12:09:37 -0400] "GET /wp-includes/core.php?sepatusuper=//usr/share/terminfo/A HTTP/1.1" 200 3636 "https://aan.cl/wp-includes/core.php?sepatusuper=//usr/share/terminfo/A" "Mozilla/5.0 (Linux; Android 7.0;) AppleWebKit/537.36 (HTML, like Gecko) Mobile Safari/537.36 (compatible; PetalBot;+https://webmaster.petalsearch.com/site/petalbot)"
57.141.12.10 - - [24/Aug/2026:12:10:36 -0400] "GET / HTTP/1.1" 200 - "-" "facebookexternalhit/1.1 (+http://www.facebook.com/externalhit_uatext.php)"
114.119.140.29 - - [24/Aug/2026:12:11:01 -0400] "GET /wp-includes/core.php?sepatusuper=//usr/share/locale/pl HTTP/1.1" 200 4301 "https://aan.cl/wp-includes/core.php?sepatusuper=//usr/share/locale" "Mozilla/5.0 (Linux; Android 7.0;) AppleWebKit/537.36 (HTML, like Gecko) Mobile Safari/537.36 (compatible; PetalBot;+https://webmaster.petalsearch.com/site/petalbot)"
114.119.140.29 - - [24/Aug/2026:12:12:26 -0400] "GET /wp-includes/core.php?sepatusuper=//usr/share/locale/ks/LC_MESSAGES HTTP/1.1" 200 5447 "https://aan.cl/wp-includes/core.php?sepatusuper=//usr/share/locale/ks/LC_MESSAGES" "Mozilla/5.0 (Linux; Android 7.0;) AppleWebKit/537.36 (HTML, like Gecko) Mobile Safari/537.36 (compatible; PetalBot;+https://webmaster.petalsearch.com/site/petalbot)"
114.119.134.106 - - [24/Aug/2026:12:14:07 -0400] "GET /wp-includes/core.php?sepatusuper=//usr/share/locale/kpe HTTP/1.1" 200 3579 "https://aan.cl/wp-includes/core.php?sepatusuper=//usr/share/locale" "Mozilla/5.0 (Linux; Android 7.0;) AppleWebKit/537.36 (HTML, like Gecko) Mobile Safari/537.36 (compatible; PetalBot;+https://webmaster.petalsearch.com/site/petalbot)"
114.119.142.97 - - [24/Aug/2026:12:15:22 -0400] "GET /wp-includes/rest-api/fields/class-wp-rest-comment-meta-fields.php HTTP/1.1" 500 - "https://aan.cl/wp-includes/rest-api/fields/?C=D%3BO%3DA" "Mozilla/5.0 (Linux; Android 7.0;) AppleWebKit/537.36 (HTML, like Gecko) Mobile Safari/537.36 (compatible; PetalBot;+https://webmaster.petalsearch.com/site/petalbot)"
114.119.140.29 - - [24/Aug/2026:12:16:44 -0400] "GET /wp-includes/js/wp-list-revisions.js HTTP/1.1" 200 970 "https://aan.cl/wp-includes/js/?C=D%3BO%3DA" "Mozilla/5.0 (Linux; Android 7.0;) AppleWebKit/537.36 (HTML, like Gecko) Mobile Safari/537.36 (compatible; PetalBot;+https://webmaster.petalsearch.com/site/petalbot)"
114.119.142.97 - - [24/Aug/2026:12:18:07 -0400] "GET /wp-includes/css/dist/base-styles/admin-schemes.css HTTP/1.1" 200 4014 "https://aan.cl/wp-includes/css/dist/base-styles/?C=M%3BO%3DA" "Mozilla/5.0 (Linux; Android 7.0;) AppleWebKit/537.36 (HTML, like Gecko) Mobile Safari/537.36 (compatible; PetalBot;+https://webmaster.petalsearch.com/site/petalbot)"
114.119.165.5 - - [24/Aug/2026:12:19:30 -0400] "GET /wp-includes/core.php?sepatusuper=/home3/caa20236/www/wp-includes/js/plupload HTTP/1.1" 200 11210 "https://aan.cl/wp-includes/core.php?sepatusuper=/home3/caa20236/www/wp-includes/js" "Mozilla/5.0 (Linux; Android 7.0;) AppleWebKit/537.36 (HTML, like Gecko) Mobile Safari/537.36 (compatible; PetalBot;+https://webmaster.petalsearch.com/site/petalbot)"
114.119.156.223 - - [24/Aug/2026:12:20:53 -0400] "GET /wp-includes/core.php?sepatusuper=/home3/caa20236/www/wp-content/uploads/revslider/templates/about1 HTTP/1.1" 200 4199 "https://aan.cl/wp-includes/core.php?sepatusuper=/home3/caa20236/www/wp-content/uploads/revslider/templates" "Mozilla/5.0 (Linux; Android 7.0;) AppleWebKit/537.36 (HTML, like Gecko) Mobile Safari/537.36 (compatible; PetalBot;+https://webmaster.petalsearch.com/site/petalbot)"
114.119.142.97 - - [24/Aug/2026:12:22:17 -0400] "GET /wp-includes/core.php?sepatusuper=/home3/caa20236/public_html/wp-includes/css/dist/commands HTTP/1.1" 200 7004 "https://aan.cl/wp-includes/core.php?sepatusuper=/home3/caa20236/public_html/wp-includes/css/dist/commands" "Mozilla/5.0 (Linux; Android 7.0;) AppleWebKit/537.36 (HTML, like Gecko) Mobile Safari/537.36 (compatible; PetalBot;+https://webmaster.petalsearch.com/site/petalbot)"
114.119.155.233 - - [24/Aug/2026:12:23:41 -0400] "GET /wp-includes/core.php?sepatusuper=/home3/caa20236/public_html/wp-content/uploads/wp-file-manager-pro HTTP/1.1" 200 3977 "https://aan.cl/wp-includes/core.php?sepatusuper=/home3/caa20236/public_html/wp-content/uploads" "Mozilla/5.0 (Linux; Android 7.0;) AppleWebKit/537.36 (HTML, like Gecko) Mobile Safari/537.36 (compatible; PetalBot;+https://webmaster.petalsearch.com/site/petalbot)"
114.119.140.29 - - [24/Aug/2026:12:25:06 -0400] "GET /wp-includes/core.php?sepatusuper=/home3/caa20236/public_html/wp-content/uploads/revslider/templates/scrolleffect HTTP/1.1" 200 6415 "https://aan.cl/wp-includes/core.php?sepatusuper=/home3/caa20236/public_html/wp-content/uploads/revslider/templates/scrolleffect" "Mozilla/5.0 (Linux; Android 7.0;) AppleWebKit/537.36 (HTML, like Gecko) Mobile Safari/537.36 (compatible; PetalBot;+https://webmaster.petalsearch.com/site/petalbot)"
114.119.165.5 - - [24/Aug/2026:12:26:30 -0400] "GET /wp-includes/core.php?sepatusuper=/home3/caa20236/public_html/wp-content/uploads/revslider/templates/barber-shop-footer HTTP/1.1" 200 4360 "https://aan.cl/wp-includes/core.php?sepatusuper=/home3/caa20236/public_html/wp-content/uploads/revslider/templates/barber-shop-footer" "Mozilla/5.0 (Linux; Android 7.0;) AppleWebKit/537.36 (HTML, like Gecko) Mobile Safari/537.36 (compatible; PetalBot;+https://webmaster.petalsearch.com/site/petalbot)"
114.119.134.106 - - [24/Aug/2026:12:28:18 -0400] "GET /wp-includes/core.php?sepatusuper=/home3/caa20236/public_html/wp-content/uploads/2026/05 HTTP/1.1" 200 3131 "https://aan.cl/wp-includes/core.php?sepatusuper=/home3/caa20236/public_html/wp-content/uploads/2026/05" "Mozilla/5.0 (Linux; Android 7.0;) AppleWebKit/537.36 (HTML, like Gecko) Mobile Safari/537.36 (compatible; PetalBot;+https://webmaster.petalsearch.com/site/petalbot)"
114.119.140.29 - - [24/Aug/2026:12:29:23 -0400] "GET /wp-includes/core.php?sepatusuper=/home3/caa20236/public_html/wp-content/themes/twentytwentyone/assets/sass/03-generic HTTP/1.1" 200 8817 "https://aan.cl/wp-includes/core.php?sepatusuper=/home3/caa20236/public_html/wp-content/themes/twentytwentyone/assets/sass/03-generic" "Mozilla/5.0 (Linux; Android 7.0;) AppleWebKit/537.36 (HTML, like Gecko) Mobile Safari/537.36 (compatible; PetalBot;+https://webmaster.petalsearch.com/site/petalbot)"
114.119.134.106 - - [24/Aug/2026:12:30:40 -0400] "GET /wp-includes/core.php?sepatusuper=/home3/caa20236/public_html/wp-content/plugins/revslider/admin/assets/imports/web-product-dark HTTP/1.1" 200 10128 "https://aan.cl/wp-includes/core.php?sepatusuper=/home3/caa20236/public_html/wp-content/plugins/revslider/admin/assets/imports/web-product-dark" "Mozilla/5.0 (Linux; Android 7.0;) AppleWebKit/537.36 (HTML, like Gecko) Mobile Safari/537.36 (compatible; PetalBot;+https://webmaster.petalsearch.com/site/petalbot)"
114.119.140.29 - - [24/Aug/2026:12:32:05 -0400] "GET /wp-includes/core.php?sepatusuper=/home3/caa20236/public_html/wp-content/plugins/js_composer/include/templates/editors HTTP/1.1" 200 10729 "https://aan.cl/wp-includes/core.php?sepatusuper=/home3/caa20236/public_html/wp-content/plugins/js_composer/include/templates/editors" "Mozilla/5.0 (Linux; Android 7.0;) AppleWebKit/537.36 (HTML, like Gecko) Mobile Safari/537.36 (compatible; PetalBot;+https://webmaster.petalsearch.com/site/petalbot)"
57.141.2.42 - - [24/Aug/2026:12:33:11 -0400] "GET / HTTP/1.1" 200 - "-" "facebookexternalhit/1.1 (+http://www.facebook.com/externalhit_uatext.php)"
114.119.140.29 - - [24/Aug/2026:12:33:27 -0400] "GET /wp-includes/core.php?sepatusuper=/home3/caa20236/public_html/wp-content/plugins/js_composer/assets/lib/bower/bootstrap3/less HTTP/1.1" 200 49892 "https://aan.cl/wp-includes/core.php?sepatusuper=/home3/caa20236/public_html/wp-content/plugins/js_composer/assets/lib/bower/bootstrap3/less/mixins" "Mozilla/5.0 (Linux; Android 7.0;) AppleWebKit/537.36 (HTML, like Gecko) Mobile Safari/537.36 (compatible; PetalBot;+https://webmaster.petalsearch.com/site/petalbot)"
114.119.156.223 - - [24/Aug/2026:12:34:52 -0400] "GET /wp-includes/core.php?sepatusuper=/home3/caa20236/public_html/wp-content/plugins/js_composer/assets/less/shortcodes/tta HTTP/1.1" 200 12392 "https://aan.cl/wp-includes/core.php?sepatusuper=/home3/caa20236/public_html/wp-content/plugins/js_composer/assets/less/shortcodes/tta" "Mozilla/5.0 (Linux; Android 7.0;) AppleWebKit/537.36 (HTML, like Gecko) Mobile Safari/537.36 (compatible; PetalBot;+https://webmaster.petalsearch.com/site/petalbot)"
114.119.155.233 - - [24/Aug/2026:12:36:14 -0400] "GET /wp-includes/core.php?sepatusuper=/home3/caa20236/public_html/wp-content/plugins/flexa-block/build/blocks/comparison-table HTTP/1.1" 200 12117 "https://aan.cl/wp-includes/core.php?sepatusuper=/home3/caa20236/public_html/wp-content/plugins/flexa-block/build/blocks" "Mozilla/5.0 (Linux; Android 7.0;) AppleWebKit/537.36 (HTML, like Gecko) Mobile Safari/537.36 (compatible; PetalBot;+https://webmaster.petalsearch.com/site/petalbot)"
173.252.69.19 - - [24/Aug/2026:12:36:32 -0400] "GET /robots.txt HTTP/1.1" 404 - "-" "facebookexternalhit/1.1 (+http://www.facebook.com/externalhit_uatext.php)"
114.119.134.106 - - [24/Aug/2026:12:37:39 -0400] "GET /wp-includes/js/plupload/license.txt HTTP/1.1" 200 17987 "https://aan.cl/wp-includes/js/plupload/?C=S%3BO%3DA" "Mozilla/5.0 (Linux; Android 7.0;) AppleWebKit/537.36 (HTML, like Gecko) Mobile Safari/537.36 (compatible; PetalBot;+https://webmaster.petalsearch.com/site/petalbot)"
57.141.24.118 - - [24/Aug/2026:12:37:44 -0400] "GET / HTTP/1.1" 200 - "-" "facebookexternalhit/1.1 (+http://www.facebook.com/externalhit_uatext.php)"
114.119.142.97 - - [24/Aug/2026:12:39:02 -0400] "GET /wp-includes/core.php?sepatusuper=/home3/caa20236/www/wp-content/plugins/style-control-production-15357 HTTP/1.1" 200 4146 "https://aan.cl/wp-includes/core.php?sepatusuper=/home3/caa20236/www/wp-content/plugins/style-control-production-15357" "Mozilla/5.0 (Linux; Android 7.0;) AppleWebKit/537.36 (HTML, like Gecko) Mobile Safari/537.36 (compatible; PetalBot;+https://webmaster.petalsearch.com/site/petalbot)"
147.135.212.217 - - [24/Aug/2026:12:39:43 -0400] "GET /robots.txt HTTP/1.1" 404 - "-" "Mozilla/5.0 (compatible; MJ12bot/v1.4.8; http://mj12bot.com/)"
147.135.212.217 - - [24/Aug/2026:12:39:44 -0400] "GET /wp-includes/core.php?filesrc=//lib/dracut/modules.d/95resume/parse-resume.sh&sepatusuper=//lib/dracut/modules.d/95resume HTTP/1.1" 200 6429 "-" "Mozilla/5.0 (compatible; MJ12bot/v1.4.8; http://mj12bot.com/)"
57.141.18.55 - - [24/Aug/2026:12:40:05 -0400] "GET / HTTP/1.1" 200 - "-" "facebookexternalhit/1.1 (+http://www.facebook.com/externalhit_uatext.php)"
147.135.212.217 - - [24/Aug/2026:12:40:13 -0400] "GET /wp-includes/core.php?filesrc=//opt/imunify360/venv/lib/python3.11/site-packages/babel/locale-data/en_GB.dat&sepatusuper=//opt/imunify360/venv/lib/python3.11/site-packages/babel/locale-data HTTP/1.1" 200 2786 "-" "Mozilla/5.0 (compatible; MJ12bot/v1.4.8; http://mj12bot.com/)"
114.119.155.233 - - [24/Aug/2026:12:40:25 -0400] "GET /wp-includes/core.php?sepatusuper=/home3/caa20236/www/wp-content/plugins/parallax_video_backgrounds_vc/admin HTTP/1.1" 200 6133 "https://aan.cl/wp-includes/core.php?sepatusuper=/home3/caa20236/www/wp-content/plugins/parallax_video_backgrounds_vc/admin" "Mozilla/5.0 (Linux; Android 7.0;) AppleWebKit/537.36 (HTML, like Gecko) Mobile Safari/537.36 (compatible; PetalBot;+https://webmaster.petalsearch.com/site/petalbot)"
147.135.212.217 - - [24/Aug/2026:12:41:03 -0400] "GET /wp-includes/core.php?filesrc=//opt/imunify360/venv/lib/python3.11/site-packages/babel/locale-data/lv.dat&sepatusuper=//opt/imunify360/venv/lib/python3.11/site-packages/babel/locale-data HTTP/1.1" 200 2783 "-" "Mozilla/5.0 (compatible; MJ12bot/v1.4.8; http://mj12bot.com/)"
147.135.212.217 - - [24/Aug/2026:12:41:48 -0400] "GET /wp-includes/core.php?filesrc=//opt/imunify360/venv/lib/python3.11/site-packages/babel/locale-data/lv_LV.dat&sepatusuper=//opt/imunify360/venv/lib/python3.11/site-packages/babel/locale-data HTTP/1.1" 200 2786 "-" "Mozilla/5.0 (compatible; MJ12bot/v1.4.8; http://mj12bot.com/)"
114.119.134.106 - - [24/Aug/2026:12:41:48 -0400] "GET /wp-includes/core.php?sepatusuper=/home3/caa20236/tmp HTTP/1.1" 200 8343 "https://aan.cl/wp-includes/core.php?sepatusuper=/home3/caa20236/tmp/pma_template_compiles_caa20236/twig/07" "Mozilla/5.0 (Linux; Android 7.0;) AppleWebKit/537.36 (HTML, like Gecko) Mobile Safari/537.36 (compatible; PetalBot;+https://webmaster.petalsearch.com/site/petalbot)"
147.135.212.217 - - [24/Aug/2026:12:41:52 -0400] "GET /wp-includes/core.php?filesrc=//opt/imunify360/venv/lib/python3.11/site-packages/babel/locale-data/mai.dat&sepatusuper=//opt/imunify360/venv/lib/python3.11/site-packages/babel/locale-data HTTP/1.1" 200 2784 "-" "Mozilla/5.0 (compatible; MJ12bot/v1.4.8; http://mj12bot.com/)"
147.135.212.217 - - [24/Aug/2026:12:42:08 -0400] "GET /wp-includes/core.php?filesrc=//opt/imunify360/venv/lib/python3.11/site-packages/babel/locale-data/mai_IN.dat&sepatusuper=//opt/imunify360/venv/lib/python3.11/site-packages/babel/locale-data HTTP/1.1" 200 2787 "-" "Mozilla/5.0 (compatible; MJ12bot/v1.4.8; http://mj12bot.com/)"
147.135.212.217 - - [24/Aug/2026:12:42:10 -0400] "GET /wp-includes/core.php?filesrc=//opt/imunify360/venv/lib/python3.11/site-packages/babel/locale-data/mas.dat&sepatusuper=//opt/imunify360/venv/lib/python3.11/site-packages/babel/locale-data HTTP/1.1" 200 2784 "-" "Mozilla/5.0 (compatible; MJ12bot/v1.4.8; http://mj12bot.com/)"
173.252.82.31 - - [24/Aug/2026:12:42:27 -0400] "GET /robots.txt HTTP/1.1" 404 - "-" "facebookexternalhit/1.1 (+http://www.facebook.com/externalhit_uatext.php)"
173.252.95.3 - - [24/Aug/2026:12:42:27 -0400] "GET /robots.txt HTTP/1.1" 404 - "-" "facebookexternalhit/1.1 (+http://www.facebook.com/externalhit_uatext.php)"
147.135.212.217 - - [24/Aug/2026:12:42:33 -0400] "GET /wp-includes/core.php?filesrc=//opt/imunify360/venv/lib/python3.11/site-packages/babel/locale-data/mas_KE.dat&sepatusuper=//opt/imunify360/venv/lib/python3.11/site-packages/babel/locale-data HTTP/1.1" 200 2787 "-" "Mozilla/5.0 (compatible; MJ12bot/v1.4.8; http://mj12bot.com/)"
173.252.70.21 - - [24/Aug/2026:12:42:36 -0400] "GET /robots.txt HTTP/1.1" 404 - "-" "facebookexternalhit/1.1 (+http://www.facebook.com/externalhit_uatext.php)"
147.135.212.217 - - [24/Aug/2026:12:42:36 -0400] "GET /wp-includes/core.php?filesrc=//opt/imunify360/venv/lib/python3.11/site-packages/babel/locale-data/mas_TZ.dat&sepatusuper=//opt/imunify360/venv/lib/python3.11/site-packages/babel/locale-data HTTP/1.1" 200 2787 "-" "Mozilla/5.0 (compatible; MJ12bot/v1.4.8; http://mj12bot.com/)"
57.141.8.36 - - [24/Aug/2026:12:42:44 -0400] "GET / HTTP/1.1" 200 - "-" "facebookexternalhit/1.1 (+http://www.facebook.com/externalhit_uatext.php)"
147.135.212.217 - - [24/Aug/2026:12:42:50 -0400] "GET /wp-includes/core.php?filesrc=//opt/imunify360/venv/lib/python3.11/site-packages/babel/locale-data/mdf.dat&sepatusuper=//opt/imunify360/venv/lib/python3.11/site-packages/babel/locale-data HTTP/1.1" 200 2784 "-" "Mozilla/5.0 (compatible; MJ12bot/v1.4.8; http://mj12bot.com/)"
147.135.212.217 - - [24/Aug/2026:12:43:12 -0400] "GET /wp-includes/core.php?filesrc=//opt/imunify360/venv/lib/python3.11/site-packages/babel/locale-data/mer.dat&sepatusuper=//opt/imunify360/venv/lib/python3.11/site-packages/babel/locale-data HTTP/1.1" 200 2784 "-" "Mozilla/5.0 (compatible; MJ12bot/v1.4.8; http://mj12bot.com/)"
147.135.212.217 - - [24/Aug/2026:12:43:14 -0400] "GET /wp-includes/core.php?filesrc=//opt/imunify360/venv/lib/python3.11/site-packages/babel/locale-data/mer_KE.dat&sepatusuper=//opt/imunify360/venv/lib/python3.11/site-packages/babel/locale-data HTTP/1.1" 200 2787 "-" "Mozilla/5.0 (compatible; MJ12bot/v1.4.8; http://mj12bot.com/)"
114.119.142.97 - - [24/Aug/2026:12:43:15 -0400] "GET /wp-includes/core.php?sepatusuper=/home3/caa20236/public_html/wp-content/uploads/revslider/templates/Photographer-Contacts HTTP/1.1" 200 4378 "https://aan.cl/wp-includes/core.php?sepatusuper=/home3/caa20236/public_html/wp-content/uploads/revslider/templates/Photographer-Contacts" "Mozilla/5.0 (Linux; Android 7.0;) AppleWebKit/537.36 (HTML, like Gecko) Mobile Safari/537.36 (compatible; PetalBot;+https://webmaster.petalsearch.com/site/petalbot)"
147.135.212.217 - - [24/Aug/2026:12:43:26 -0400] "GET /wp-includes/core.php?filesrc=//opt/imunify360/venv/lib/python3.11/site-packages/babel/locale-data/mfe.dat&sepatusuper=//opt/imunify360/venv/lib/python3.11/site-packages/babel/locale-data HTTP/1.1" 200 2784 "-" "Mozilla/5.0 (compatible; MJ12bot/v1.4.8; http://mj12bot.com/)"
147.135.212.217 - - [24/Aug/2026:12:43:52 -0400] "GET /wp-includes/core.php?filesrc=//opt/imunify360/venv/lib/python3.11/site-packages/babel/locale-data/mg.dat&sepatusuper=//opt/imunify360/venv/lib/python3.11/site-packages/babel/locale-data HTTP/1.1" 200 2783 "-" "Mozilla/5.0 (compatible; MJ12bot/v1.4.8; http://mj12bot.com/)"
114.119.165.5 - - [24/Aug/2026:12:44:35 -0400] "GET /wp-includes/core.php?sepatusuper=/home3/caa20236/public_html/wp-content/uploads/revslider/templates/Church-Contacts HTTP/1.1" 200 4341 "https://aan.cl/wp-includes/core.php?sepatusuper=/home3/caa20236/public_html/wp-content/uploads/revslider/templates/Church-Contacts" "Mozilla/5.0 (Linux; Android 7.0;) AppleWebKit/537.36 (HTML, like Gecko) Mobile Safari/537.36 (compatible; PetalBot;+https://webmaster.petalsearch.com/site/petalbot)"
114.119.140.29 - - [24/Aug/2026:12:45:59 -0400] "GET /wp-includes/core.php?sepatusuper=/home3/caa20236/public_html/wp-content/uploads/2020/08 HTTP/1.1" 200 3131 "https://aan.cl/wp-includes/core.php?sepatusuper=/home3/caa20236/public_html/wp-content/uploads/2020" "Mozilla/5.0 (Linux; Android 7.0;) AppleWebKit/537.36 (HTML, like Gecko) Mobile Safari/537.36 (compatible; PetalBot;+https://webmaster.petalsearch.com/site/petalbot)"
114.119.152.204 - - [24/Aug/2026:12:47:22 -0400] "GET /wp-includes/core.php?sepatusuper=/home3/caa20236/public_html/wp-content/plugins/wordpress-seo/blocks/structured-data-blocks HTTP/1.1" 200 5217 "https://aan.cl/wp-includes/core.php?sepatusuper=/home3/caa20236/public_html/wp-content/plugins/wordpress-seo/blocks/structured-data-blocks/faq" "Mozilla/5.0 (Linux; Android 7.0;) AppleWebKit/537.36 (HTML, like Gecko) Mobile Safari/537.36 (compatible; PetalBot;+https://webmaster.petalsearch.com/site/petalbot)"
57.141.0.61 - - [24/Aug/2026:12:47:22 -0400] "GET / HTTP/1.1" 200 - "-" "facebookexternalhit/1.1 (+http://www.facebook.com/externalhit_uatext.php)"
57.141.14.5 - - [24/Aug/2026:12:48:42 -0400] "GET / HTTP/1.1" 200 - "-" "facebookexternalhit/1.1 (+http://www.facebook.com/externalhit_uatext.php)"
114.119.142.97 - - [24/Aug/2026:12:48:47 -0400] "GET /wp-includes/core.php?sepatusuper=/home3/caa20236/public_html/wp-content/plugins/wordpress-seo/blocks/dynamic-blocks HTTP/1.1" 200 4248 "https://aan.cl/wp-includes/core.php?sepatusuper=/home3/caa20236/public_html/wp-content/plugins/wordpress-seo/blocks" "Mozilla/5.0 (Linux; Android 7.0;) AppleWebKit/537.36 (HTML, like Gecko) Mobile Safari/537.36 (compatible; PetalBot;+https://webmaster.petalsearch.com/site/petalbot)"
114.119.140.29 - - [24/Aug/2026:12:50:09 -0400] "GET /wp-includes/core.php?sepatusuper=/home3/caa20236/public_html/wp-content/plugins/js_composer/assets/less HTTP/1.1" 200 20726 "https://aan.cl/wp-includes/core.php?sepatusuper=/home3/caa20236/public_html/wp-content/plugins/js_composer/assets/less/backend_shortcodes" "Mozilla/5.0 (Linux; Android 7.0;) AppleWebKit/537.36 (HTML, like Gecko) Mobile Safari/537.36 (compatible; PetalBot;+https://webmaster.petalsearch.com/site/petalbot)"
114.119.142.15 - - [24/Aug/2026:12:51:33 -0400] "GET /wp-includes/core.php?sepatusuper=/home3/caa20236/public_html/wp-content/plugins/google-site-kit/includes/Core/REST_API HTTP/1.1" 200 7628 "https://aan.cl/wp-includes/core.php?sepatusuper=/home3/caa20236/public_html/wp-content/plugins/google-site-kit/includes/Core/REST_API" "Mozilla/5.0 (Linux; Android 7.0;) AppleWebKit/537.36 (HTML, like Gecko) Mobile Safari/537.36 (compatible; PetalBot;+https://webmaster.petalsearch.com/site/petalbot)"
57.141.20.12 - - [24/Aug/2026:12:51:43 -0400] "GET / HTTP/1.1" 200 - "-" "facebookexternalhit/1.1 (+http://www.facebook.com/externalhit_uatext.php)"
114.119.155.233 - - [24/Aug/2026:12:52:57 -0400] "GET /wp-includes/core.php?sepatusuper=/home3/caa20236/public_html/wp-content/plugins/flexa-block/build/blocks/subscribe-form-upload HTTP/1.1" 200 12285 "https://aan.cl/wp-includes/core.php?sepatusuper=/home3/caa20236/public_html/wp-content/plugins/flexa-block/build/blocks/subscribe-form-upload" "Mozilla/5.0 (Linux; Android 7.0;) AppleWebKit/537.36 (HTML, like Gecko) Mobile Safari/537.36 (compatible; PetalBot;+https://webmaster.petalsearch.com/site/petalbot)"
147.135.212.217 - - [24/Aug/2026:12:53:01 -0400] "GET /wp-includes/core.php?filesrc=//opt/imunify360/venv/lib/python3.11/site-packages/babel/locale-data/mg_MG.dat&sepatusuper=//opt/imunify360/venv/lib/python3.11/site-packages/babel/locale-data HTTP/1.1" 200 2786 "-" "Mozilla/5.0 (compatible; MJ12bot/v1.4.8; http://mj12bot.com/)"
147.135.212.217 - - [24/Aug/2026:12:53:26 -0400] "GET /wp-includes/core.php?filesrc=//opt/imunify360/venv/lib/python3.11/site-packages/babel/locale-data/mgh_MZ.dat&sepatusuper=//opt/imunify360/venv/lib/python3.11/site-packages/babel/locale-data HTTP/1.1" 200 2787 "-" "Mozilla/5.0 (compatible; MJ12bot/v1.4.8; http://mj12bot.com/)"
147.135.212.217 - - [24/Aug/2026:12:53:29 -0400] "GET /wp-includes/core.php?filesrc=//opt/imunify360/venv/lib/python3.11/site-packages/babel/locale-data/mgo.dat&sepatusuper=//opt/imunify360/venv/lib/python3.11/site-packages/babel/locale-data HTTP/1.1" 200 2784 "-" "Mozilla/5.0 (compatible; MJ12bot/v1.4.8; http://mj12bot.com/)"
147.135.212.217 - - [24/Aug/2026:12:53:44 -0400] "GET /wp-includes/core.php?filesrc=//opt/imunify360/venv/lib/python3.11/site-packages/babel/locale-data/mgo_CM.dat&sepatusuper=//opt/imunify360/venv/lib/python3.11/site-packages/babel/locale-data HTTP/1.1" 200 2787 "-" "Mozilla/5.0 (compatible; MJ12bot/v1.4.8; http://mj12bot.com/)"
147.135.212.217 - - [24/Aug/2026:12:53:49 -0400] "GET /wp-includes/core.php?filesrc=//opt/imunify360/venv/lib/python3.11/site-packages/babel/locale-data/mi.dat&sepatusuper=//opt/imunify360/venv/lib/python3.11/site-packages/babel/locale-data HTTP/1.1" 200 2783 "-" "Mozilla/5.0 (compatible; MJ12bot/v1.4.8; http://mj12bot.com/)"
147.135.212.217 - - [24/Aug/2026:12:54:04 -0400] "GET /wp-includes/core.php?filesrc=//opt/imunify360/venv/lib/python3.11/site-packages/babel/locale-data/mk_MK.dat&sepatusuper=//opt/imunify360/venv/lib/python3.11/site-packages/babel/locale-data HTTP/1.1" 200 2786 "-" "Mozilla/5.0 (compatible; MJ12bot/v1.4.8; http://mj12bot.com/)"
147.135.212.217 - - [24/Aug/2026:12:54:16 -0400] "GET /wp-includes/core.php?filesrc=//opt/imunify360/venv/lib/python3.11/site-packages/babel/locale-data/ml.dat&sepatusuper=//opt/imunify360/venv/lib/python3.11/site-packages/babel/locale-data HTTP/1.1" 200 2783 "-" "Mozilla/5.0 (compatible; MJ12bot/v1.4.8; http://mj12bot.com/)"
114.119.155.233 - - [24/Aug/2026:12:54:20 -0400] "GET /wp-includes/core.php?sepatusuper=/home3/caa20236/public_ftp/incoming HTTP/1.1" 200 2873 "https://aan.cl/wp-includes/core.php?sepatusuper=/home3/caa20236/public_ftp/incoming" "Mozilla/5.0 (Linux; Android 7.0;) AppleWebKit/537.36 (HTML, like Gecko) Mobile Safari/537.36 (compatible; PetalBot;+https://webmaster.petalsearch.com/site/petalbot)"
57.141.10.56 - - [24/Aug/2026:12:54:41 -0400] "GET / HTTP/1.1" 200 - "-" "facebookexternalhit/1.1 (+http://www.facebook.com/externalhit_uatext.php)"
147.135.212.217 - - [24/Aug/2026:12:54:41 -0400] "GET /wp-includes/core.php?filesrc=//opt/imunify360/venv/lib/python3.11/site-packages/babel/locale-data/mn_MN.dat&sepatusuper=//opt/imunify360/venv/lib/python3.11/site-packages/babel/locale-data HTTP/1.1" 200 2786 "-" "Mozilla/5.0 (compatible; MJ12bot/v1.4.8; http://mj12bot.com/)"
147.135.212.217 - - [24/Aug/2026:12:54:44 -0400] "GET /wp-includes/core.php?filesrc=//opt/imunify360/venv/lib/python3.11/site-packages/babel/locale-data/mni.dat&sepatusuper=//opt/imunify360/venv/lib/python3.11/site-packages/babel/locale-data HTTP/1.1" 200 2784 "-" "Mozilla/5.0 (compatible; MJ12bot/v1.4.8; http://mj12bot.com/)"
147.135.212.217 - - [24/Aug/2026:12:55:15 -0400] "GET /wp-includes/core.php?filesrc=//opt/imunify360/venv/lib/python3.11/site-packages/babel/locale-data/mni_Beng_IN.dat&sepatusuper=//opt/imunify360/venv/lib/python3.11/site-packages/babel/locale-data HTTP/1.1" 200 2792 "-" "Mozilla/5.0 (compatible; MJ12bot/v1.4.8; http://mj12bot.com/)"
147.135.212.217 - - [24/Aug/2026:12:55:17 -0400] "GET /wp-includes/core.php?filesrc=//opt/imunify360/venv/lib/python3.11/site-packages/babel/locale-data/mr.dat&sepatusuper=//opt/imunify360/venv/lib/python3.11/site-packages/babel/locale-data HTTP/1.1" 200 2783 "-" "Mozilla/5.0 (compatible; MJ12bot/v1.4.8; http://mj12bot.com/)"
147.135.212.217 - - [24/Aug/2026:12:55:34 -0400] "GET /wp-includes/core.php?filesrc=//opt/imunify360/venv/lib/python3.11/site-packages/babel/locale-data/ms.dat&sepatusuper=//opt/imunify360/venv/lib/python3.11/site-packages/babel/locale-data HTTP/1.1" 200 2783 "-" "Mozilla/5.0 (compatible; MJ12bot/v1.4.8; http://mj12bot.com/)"
114.119.152.204 - - [24/Aug/2026:12:55:44 -0400] "GET /wp-includes/core.php?sepatusuper=/home3/caa20236/mail/.inspector05%40aan_cl/.spam/new HTTP/1.1" 200 3039 "https://aan.cl/wp-includes/core.php?sepatusuper=/home3/caa20236/mail/.inspector05%40aan_cl/.spam/new" "Mozilla/5.0 (Linux; Android 7.0;) AppleWebKit/537.36 (HTML, like Gecko) Mobile Safari/537.36 (compatible; PetalBot;+https://webmaster.petalsearch.com/site/petalbot)"
147.135.212.217 - - [24/Aug/2026:12:56:08 -0400] "GET /wp-includes/core.php?filesrc=//opt/imunify360/venv/lib/python3.11/site-packages/babel/locale-data/ms_BN.dat&sepatusuper=//opt/imunify360/venv/lib/python3.11/site-packages/babel/locale-data HTTP/1.1" 200 2786 "-" "Mozilla/5.0 (compatible; MJ12bot/v1.4.8; http://mj12bot.com/)"
147.135.212.217 - - [24/Aug/2026:12:56:44 -0400] "GET /wp-includes/core.php?filesrc=//opt/imunify360/venv/lib/python3.11/site-packages/babel/locale-data/ms_ID.dat&sepatusuper=//opt/imunify360/venv/lib/python3.11/site-packages/babel/locale-data HTTP/1.1" 200 2786 "-" "Mozilla/5.0 (compatible; MJ12bot/v1.4.8; http://mj12bot.com/)"
114.119.142.15 - - [24/Aug/2026:12:57:08 -0400] "GET /wp-includes/core.php?sepatusuper=//usr/share/man/da/man8 HTTP/1.1" 200 5249 "https://aan.cl/wp-includes/core.php?sepatusuper=//usr/share/man/da/man8" "Mozilla/5.0 (Linux; Android 7.0;) AppleWebKit/537.36 (HTML, like Gecko) Mobile Safari/537.36 (compatible; PetalBot;+https://webmaster.petalsearch.com/site/petalbot)"
147.135.212.217 - - [24/Aug/2026:12:57:12 -0400] "GET /wp-includes/core.php?filesrc=//opt/imunify360/venv/lib/python3.11/site-packages/babel/locale-data/ms_MY.dat&sepatusuper=//opt/imunify360/venv/lib/python3.11/site-packages/babel/locale-data HTTP/1.1" 200 2786 "-" "Mozilla/5.0 (compatible; MJ12bot/v1.4.8; http://mj12bot.com/)"
57.141.22.37 - - [24/Aug/2026:12:57:35 -0400] "GET / HTTP/1.1" 200 - "-" "facebookexternalhit/1.1 (+http://www.facebook.com/externalhit_uatext.php)"
114.119.156.223 - - [24/Aug/2026:12:58:32 -0400] "GET /wp-includes/core.php?sepatusuper=//usr/share/locale/sn/LC_MESSAGES HTTP/1.1" 200 2904 "https://aan.cl/wp-includes/core.php?sepatusuper=//usr/share/locale/sn" "Mozilla/5.0 (Linux; Android 7.0;) AppleWebKit/537.36 (HTML, like Gecko) Mobile Safari/537.36 (compatible; PetalBot;+https://webmaster.petalsearch.com/site/petalbot)"
147.135.212.217 - - [24/Aug/2026:12:59:24 -0400] "GET /wp-includes/core.php?filesrc=//opt/imunify360/venv/lib/python3.11/site-packages/babel/locale-data/ms_SG.dat&sepatusuper=//opt/imunify360/venv/lib/python3.11/site-packages/babel/locale-data HTTP/1.1" 200 2786 "-" "Mozilla/5.0 (compatible; MJ12bot/v1.4.8; http://mj12bot.com/)"
34.186.22.94 - - [24/Aug/2026:12:59:44 -0400] "GET /.git/config HTTP/1.1" 503 - "-" "-"
147.135.212.217 - - [24/Aug/2026:12:59:46 -0400] "GET /wp-includes/core.php?filesrc=//opt/imunify360/venv/lib/python3.11/site-packages/babel/locale-data/mt_MT.dat&sepatusuper=//opt/imunify360/venv/lib/python3.11/site-packages/babel/locale-data HTTP/1.1" 200 2786 "-" "Mozilla/5.0 (compatible; MJ12bot/v1.4.8; http://mj12bot.com/)"
147.135.212.217 - - [24/Aug/2026:13:00:01 -0400] "GET /wp-includes/core.php?filesrc=//opt/imunify360/venv/lib/python3.11/site-packages/babel/locale-data/mua.dat&sepatusuper=//opt/imunify360/venv/lib/python3.11/site-packages/babel/locale-data HTTP/1.1" 200 2784 "-" "Mozilla/5.0 (compatible; MJ12bot/v1.4.8; http://mj12bot.com/)"
114.119.165.5 - - [24/Aug/2026:12:59:55 -0400] "GET /wp-includes/js/zxcvbn.min.js HTTP/1.1" 200 822237 "https://aan.cl/wp-includes/js/?C=D%3BO%3DA" "Mozilla/5.0 (Linux; Android 7.0;) AppleWebKit/537.36 (HTML, like Gecko) Mobile Safari/537.36 (compatible; PetalBot;+https://webmaster.petalsearch.com/site/petalbot)"
147.135.212.217 - - [24/Aug/2026:13:00:05 -0400] "GET /wp-includes/core.php?filesrc=//opt/imunify360/venv/lib/python3.11/site-packages/babel/locale-data/mua_CM.dat&sepatusuper=//opt/imunify360/venv/lib/python3.11/site-packages/babel/locale-data HTTP/1.1" 200 2787 "-" "Mozilla/5.0 (compatible; MJ12bot/v1.4.8; http://mj12bot.com/)"
147.135.212.217 - - [24/Aug/2026:13:00:23 -0400] "GET /wp-includes/core.php?filesrc=//opt/imunify360/venv/lib/python3.11/site-packages/babel/locale-data/my.dat&sepatusuper=//opt/imunify360/venv/lib/python3.11/site-packages/babel/locale-data HTTP/1.1" 200 2783 "-" "Mozilla/5.0 (compatible; MJ12bot/v1.4.8; http://mj12bot.com/)"
147.135.212.217 - - [24/Aug/2026:13:00:30 -0400] "GET /wp-includes/core.php?filesrc=//opt/imunify360/venv/lib/python3.11/site-packages/babel/locale-data/my_MM.dat&sepatusuper=//opt/imunify360/venv/lib/python3.11/site-packages/babel/locale-data HTTP/1.1" 200 2786 "-" "Mozilla/5.0 (compatible; MJ12bot/v1.4.8; http://mj12bot.com/)"
147.135.212.217 - - [24/Aug/2026:13:00:32 -0400] "GET /wp-includes/core.php?filesrc=//opt/imunify360/venv/lib/python3.11/site-packages/babel/locale-data/mzn.dat&sepatusuper=//opt/imunify360/venv/lib/python3.11/site-packages/babel/locale-data HTTP/1.1" 200 2784 "-" "Mozilla/5.0 (compatible; MJ12bot/v1.4.8; http://mj12bot.com/)"
147.135.212.217 - - [24/Aug/2026:13:00:40 -0400] "GET /wp-includes/core.php?filesrc=//opt/imunify360/venv/lib/python3.11/site-packages/babel/locale-data/naq.dat&sepatusuper=//opt/imunify360/venv/lib/python3.11/site-packages/babel/locale-data HTTP/1.1" 200 2784 "-" "Mozilla/5.0 (compatible; MJ12bot/v1.4.8; http://mj12bot.com/)"
147.135.212.217 - - [24/Aug/2026:13:00:44 -0400] "GET /wp-includes/core.php?filesrc=//opt/imunify360/venv/lib/python3.11/site-packages/babel/locale-data/naq_NA.dat&sepatusuper=//opt/imunify360/venv/lib/python3.11/site-packages/babel/locale-data HTTP/1.1" 200 2787 "-" "Mozilla/5.0 (compatible; MJ12bot/v1.4.8; http://mj12bot.com/)"
147.135.212.217 - - [24/Aug/2026:13:00:46 -0400] "GET /wp-includes/core.php?filesrc=//opt/imunify360/venv/lib/python3.11/site-packages/babel/locale-data/nb.dat&sepatusuper=//opt/imunify360/venv/lib/python3.11/site-packages/babel/locale-data HTTP/1.1" 200 2783 "-" "Mozilla/5.0 (compatible; MJ12bot/v1.4.8; http://mj12bot.com/)"
147.135.212.217 - - [24/Aug/2026:13:00:51 -0400] "GET /wp-includes/core.php?filesrc=//opt/imunify360/venv/lib/python3.11/site-packages/babel/locale-data/nb_NO.dat&sepatusuper=//opt/imunify360/venv/lib/python3.11/site-packages/babel/locale-data HTTP/1.1" 200 2786 "-" "Mozilla/5.0 (compatible; MJ12bot/v1.4.8; http://mj12bot.com/)"
147.135.212.217 - - [24/Aug/2026:13:01:03 -0400] "GET /wp-includes/core.php?filesrc=//opt/imunify360/venv/lib/python3.11/site-packages/babel/locale-data/nb_SJ.dat&sepatusuper=//opt/imunify360/venv/lib/python3.11/site-packages/babel/locale-data HTTP/1.1" 200 2786 "-" "Mozilla/5.0 (compatible; MJ12bot/v1.4.8; http://mj12bot.com/)"
147.135.212.217 - - [24/Aug/2026:13:01:06 -0400] "GET /wp-includes/core.php?filesrc=//opt/imunify360/venv/lib/python3.11/site-packages/babel/locale-data/nd.dat&sepatusuper=//opt/imunify360/venv/lib/python3.11/site-packages/babel/locale-data HTTP/1.1" 200 2783 "-" "Mozilla/5.0 (compatible; MJ12bot/v1.4.8; http://mj12bot.com/)"
147.135.212.217 - - [24/Aug/2026:13:01:27 -0400] "GET /wp-includes/core.php?filesrc=//opt/imunify360/venv/lib/python3.11/site-packages/babel/locale-data/nd_ZW.dat&sepatusuper=//opt/imunify360/venv/lib/python3.11/site-packages/babel/locale-data HTTP/1.1" 200 2786 "-" "Mozilla/5.0 (compatible; MJ12bot/v1.4.8; http://mj12bot.com/)"
147.135.212.217 - - [24/Aug/2026:13:01:32 -0400] "GET /wp-includes/core.php?filesrc=//opt/imunify360/venv/lib/python3.11/site-packages/babel/locale-data/nds.dat&sepatusuper=//opt/imunify360/venv/lib/python3.11/site-packages/babel/locale-data HTTP/1.1" 200 2784 "-" "Mozilla/5.0 (compatible; MJ12bot/v1.4.8; http://mj12bot.com/)"
147.135.212.217 - - [24/Aug/2026:13:01:38 -0400] "GET /wp-includes/core.php?filesrc=//opt/imunify360/venv/lib/python3.11/site-packages/babel/locale-data/nds_DE.dat&sepatusuper=//opt/imunify360/venv/lib/python3.11/site-packages/babel/locale-data HTTP/1.1" 200 2787 "-" "Mozilla/5.0 (compatible; MJ12bot/v1.4.8; http://mj12bot.com/)"
147.135.212.217 - - [24/Aug/2026:13:01:41 -0400] "GET /wp-includes/core.php?filesrc=//opt/imunify360/venv/lib/python3.11/site-packages/babel/locale-data/nds_NL.dat&sepatusuper=//opt/imunify360/venv/lib/python3.11/site-packages/babel/locale-data HTTP/1.1" 200 2787 "-" "Mozilla/5.0 (compatible; MJ12bot/v1.4.8; http://mj12bot.com/)"
147.135.212.217 - - [24/Aug/2026:13:01:44 -0400] "GET /wp-includes/core.php?filesrc=//opt/imunify360/venv/lib/python3.11/site-packages/babel/locale-data/ne.dat&sepatusuper=//opt/imunify360/venv/lib/python3.11/site-packages/babel/locale-data HTTP/1.1" 200 2783 "-" "Mozilla/5.0 (compatible; MJ12bot/v1.4.8; http://mj12bot.com/)"
147.135.212.217 - - [24/Aug/2026:13:01:52 -0400] "GET /wp-includes/core.php?filesrc=//opt/imunify360/venv/lib/python3.11/site-packages/babel/locale-data/ne_IN.dat&sepatusuper=//opt/imunify360/venv/lib/python3.11/site-packages/babel/locale-data HTTP/1.1" 200 2786 "-" "Mozilla/5.0 (compatible; MJ12bot/v1.4.8; http://mj12bot.com/)"
114.119.165.5 - - [24/Aug/2026:13:01:30 -0400] "GET /wp-includes/js/dist/edit-site.min.js HTTP/1.1" 200 717059 "https://aan.cl/wp-includes/js/dist/?C=M%3BO%3DA" "Mozilla/5.0 (Linux; Android 7.0;) AppleWebKit/537.36 (HTML, like Gecko) Mobile Safari/537.36 (compatible; PetalBot;+https://webmaster.petalsearch.com/site/petalbot)"
147.135.212.217 - - [24/Aug/2026:13:02:05 -0400] "GET /wp-includes/core.php?filesrc=//opt/imunify360/venv/lib/python3.11/site-packages/babel/locale-data/ne_NP.dat&sepatusuper=//opt/imunify360/venv/lib/python3.11/site-packages/babel/locale-data HTTP/1.1" 200 2786 "-" "Mozilla/5.0 (compatible; MJ12bot/v1.4.8; http://mj12bot.com/)"
147.135.212.217 - - [24/Aug/2026:13:02:08 -0400] "GET /wp-includes/core.php?filesrc=//opt/imunify360/venv/lib/python3.11/site-packages/babel/locale-data/nl.dat&sepatusuper=//opt/imunify360/venv/lib/python3.11/site-packages/babel/locale-data HTTP/1.1" 200 2783 "-" "Mozilla/5.0 (compatible; MJ12bot/v1.4.8; http://mj12bot.com/)"
147.135.212.217 - - [24/Aug/2026:13:02:11 -0400] "GET /wp-includes/core.php?filesrc=//opt/imunify360/venv/lib/python3.11/site-packages/babel/locale-data/nl_AW.dat&sepatusuper=//opt/imunify360/venv/lib/python3.11/site-packages/babel/locale-data HTTP/1.1" 200 2786 "-" "Mozilla/5.0 (compatible; MJ12bot/v1.4.8; http://mj12bot.com/)"
147.135.212.217 - - [24/Aug/2026:13:02:16 -0400] "GET /wp-includes/core.php?filesrc=//opt/imunify360/venv/lib/python3.11/site-packages/babel/locale-data/nl_BE.dat&sepatusuper=//opt/imunify360/venv/lib/python3.11/site-packages/babel/locale-data HTTP/1.1" 200 2786 "-" "Mozilla/5.0 (compatible; MJ12bot/v1.4.8; http://mj12bot.com/)"
147.135.212.217 - - [24/Aug/2026:13:02:30 -0400] "GET /wp-includes/core.php?filesrc=//opt/imunify360/venv/lib/python3.11/site-packages/babel/locale-data/nl_BQ.dat&sepatusuper=//opt/imunify360/venv/lib/python3.11/site-packages/babel/locale-data HTTP/1.1" 200 2786 "-" "Mozilla/5.0 (compatible; MJ12bot/v1.4.8; http://mj12bot.com/)"
147.135.212.217 - - [24/Aug/2026:13:02:36 -0400] "GET /wp-includes/core.php?filesrc=//opt/imunify360/venv/lib/python3.11/site-packages/babel/locale-data/nl_CW.dat&sepatusuper=//opt/imunify360/venv/lib/python3.11/site-packages/babel/locale-data HTTP/1.1" 200 2786 "-" "Mozilla/5.0 (compatible; MJ12bot/v1.4.8; http://mj12bot.com/)"
147.135.212.217 - - [24/Aug/2026:13:02:40 -0400] "GET /wp-includes/core.php?filesrc=//opt/imunify360/venv/lib/python3.11/site-packages/babel/locale-data/nl_NL.dat&sepatusuper=//opt/imunify360/venv/lib/python3.11/site-packages/babel/locale-data HTTP/1.1" 200 2786 "-" "Mozilla/5.0 (compatible; MJ12bot/v1.4.8; http://mj12bot.com/)"
147.135.212.217 - - [24/Aug/2026:13:02:44 -0400] "GET /wp-includes/core.php?filesrc=//opt/imunify360/venv/lib/python3.11/site-packages/babel/locale-data/nl_SR.dat&sepatusuper=//opt/imunify360/venv/lib/python3.11/site-packages/babel/locale-data HTTP/1.1" 200 2786 "-" "Mozilla/5.0 (compatible; MJ12bot/v1.4.8; http://mj12bot.com/)"
147.135.212.217 - - [24/Aug/2026:13:02:46 -0400] "GET /wp-includes/core.php?filesrc=//opt/imunify360/venv/lib/python3.11/site-packages/babel/locale-data/nl_SX.dat&sepatusuper=//opt/imunify360/venv/lib/python3.11/site-packages/babel/locale-data HTTP/1.1" 200 2786 "-" "Mozilla/5.0 (compatible; MJ12bot/v1.4.8; http://mj12bot.com/)"
114.119.140.29 - - [24/Aug/2026:13:02:50 -0400] "GET /wp-includes/js/dist/core-data.min.js HTTP/1.1" 200 70383 "https://aan.cl/wp-includes/js/dist/?C=M%3BO%3DA" "Mozilla/5.0 (Linux; Android 7.0;) AppleWebKit/537.36 (HTML, like Gecko) Mobile Safari/537.36 (compatible; PetalBot;+https://webmaster.petalsearch.com/site/petalbot)"
69.63.189.50 - - [24/Aug/2026:13:02:56 -0400] "GET /robots.txt HTTP/1.1" 404 - "-" "facebookexternalhit/1.1 (+http://www.facebook.com/externalhit_uatext.php)"
147.135.212.217 - - [24/Aug/2026:13:03:04 -0400] "GET /wp-includes/core.php?filesrc=//opt/imunify360/venv/lib/python3.11/site-packages/babel/locale-data/nmg_CM.dat&sepatusuper=//opt/imunify360/venv/lib/python3.11/site-packages/babel/locale-data HTTP/1.1" 200 2787 "-" "Mozilla/5.0 (compatible; MJ12bot/v1.4.8; http://mj12bot.com/)"
147.135.212.217 - - [24/Aug/2026:13:03:06 -0400] "GET /wp-includes/core.php?filesrc=//opt/imunify360/venv/lib/python3.11/site-packages/babel/locale-data/nn.dat&sepatusuper=//opt/imunify360/venv/lib/python3.11/site-packages/babel/locale-data HTTP/1.1" 200 2783 "-" "Mozilla/5.0 (compatible; MJ12bot/v1.4.8; http://mj12bot.com/)"
147.135.212.217 - - [24/Aug/2026:13:03:07 -0400] "GET /wp-includes/core.php?filesrc=//opt/imunify360/venv/lib/python3.11/site-packages/babel/locale-data/nn_NO.dat&sepatusuper=//opt/imunify360/venv/lib/python3.11/site-packages/babel/locale-data HTTP/1.1" 200 2786 "-" "Mozilla/5.0 (compatible; MJ12bot/v1.4.8; http://mj12bot.com/)"
147.135.212.217 - - [24/Aug/2026:13:03:18 -0400] "GET /wp-includes/core.php?filesrc=//opt/imunify360/venv/lib/python3.11/site-packages/babel/locale-data/nnh_CM.dat&sepatusuper=//opt/imunify360/venv/lib/python3.11/site-packages/babel/locale-data HTTP/1.1" 200 2787 "-" "Mozilla/5.0 (compatible; MJ12bot/v1.4.8; http://mj12bot.com/)"
147.135.212.217 - - [24/Aug/2026:13:03:20 -0400] "GET /wp-includes/core.php?filesrc=//opt/imunify360/venv/lib/python3.11/site-packages/babel/locale-data/no.dat&sepatusuper=//opt/imunify360/venv/lib/python3.11/site-packages/babel/locale-data HTTP/1.1" 200 2783 "-" "Mozilla/5.0 (compatible; MJ12bot/v1.4.8; http://mj12bot.com/)"
147.135.212.217 - - [24/Aug/2026:13:03:23 -0400] "GET /wp-includes/core.php?filesrc=//opt/imunify360/venv/lib/python3.11/site-packages/babel/locale-data/nus.dat&sepatusuper=//opt/imunify360/venv/lib/python3.11/site-packages/babel/locale-data HTTP/1.1" 200 2784 "-" "Mozilla/5.0 (compatible; MJ12bot/v1.4.8; http://mj12bot.com/)"
147.135.212.217 - - [24/Aug/2026:13:03:27 -0400] "GET /wp-includes/core.php?filesrc=//opt/imunify360/venv/lib/python3.11/site-packages/babel/locale-data/nus_SS.dat&sepatusuper=//opt/imunify360/venv/lib/python3.11/site-packages/babel/locale-data HTTP/1.1" 200 2787 "-" "Mozilla/5.0 (compatible; MJ12bot/v1.4.8; http://mj12bot.com/)"
147.135.212.217 - - [24/Aug/2026:13:03:31 -0400] "GET /wp-includes/core.php?filesrc=//opt/imunify360/venv/lib/python3.11/site-packages/babel/locale-data/nyn.dat&sepatusuper=//opt/imunify360/venv/lib/python3.11/site-packages/babel/locale-data HTTP/1.1" 200 2784 "-" "Mozilla/5.0 (compatible; MJ12bot/v1.4.8; http://mj12bot.com/)"
147.135.212.217 - - [24/Aug/2026:13:03:33 -0400] "GET /wp-includes/core.php?filesrc=//opt/imunify360/venv/lib/python3.11/site-packages/babel/locale-data/nyn_UG.dat&sepatusuper=//opt/imunify360/venv/lib/python3.11/site-packages/babel/locale-data HTTP/1.1" 200 2787 "-" "Mozilla/5.0 (compatible; MJ12bot/v1.4.8; http://mj12bot.com/)"
57.141.16.47 - - [24/Aug/2026:13:03:39 -0400] "GET / HTTP/1.1" 200 - "-" "facebookexternalhit/1.1 (+http://www.facebook.com/externalhit_uatext.php)"
147.135.212.217 - - [24/Aug/2026:13:03:50 -0400] "GET /wp-includes/core.php?filesrc=//opt/imunify360/venv/lib/python3.11/site-packages/babel/locale-data/oc_ES.dat&sepatusuper=//opt/imunify360/venv/lib/python3.11/site-packages/babel/locale-data HTTP/1.1" 200 2786 "-" "Mozilla/5.0 (compatible; MJ12bot/v1.4.8; http://mj12bot.com/)"
147.135.212.217 - - [24/Aug/2026:13:03:54 -0400] "GET /wp-includes/core.php?filesrc=//opt/imunify360/venv/lib/python3.11/site-packages/babel/locale-data/oc_FR.dat&sepatusuper=//opt/imunify360/venv/lib/python3.11/site-packages/babel/locale-data HTTP/1.1" 200 2786 "-" "Mozilla/5.0 (compatible; MJ12bot/v1.4.8; http://mj12bot.com/)"
147.135.212.217 - - [24/Aug/2026:13:03:57 -0400] "GET /wp-includes/core.php?filesrc=//opt/imunify360/venv/lib/python3.11/site-packages/babel/locale-data/om.dat&sepatusuper=//opt/imunify360/venv/lib/python3.11/site-packages/babel/locale-data HTTP/1.1" 200 2783 "-" "Mozilla/5.0 (compatible; MJ12bot/v1.4.8; http://mj12bot.com/)"
147.135.212.217 - - [24/Aug/2026:13:04:01 -0400] "GET /wp-includes/core.php?filesrc=//opt/imunify360/venv/lib/python3.11/site-packages/babel/locale-data/om_ET.dat&sepatusuper=//opt/imunify360/venv/lib/python3.11/site-packages/babel/locale-data HTTP/1.1" 200 2786 "-" "Mozilla/5.0 (compatible; MJ12bot/v1.4.8; http://mj12bot.com/)"
147.135.212.217 - - [24/Aug/2026:13:04:03 -0400] "GET /wp-includes/core.php?filesrc=//opt/imunify360/venv/lib/python3.11/site-packages/babel/locale-data/om_KE.dat&sepatusuper=//opt/imunify360/venv/lib/python3.11/site-packages/babel/locale-data HTTP/1.1" 200 2786 "-" "Mozilla/5.0 (compatible; MJ12bot/v1.4.8; http://mj12bot.com/)"
114.119.142.97 - - [24/Aug/2026:13:04:06 -0400] "GET /wp-includes/core.php?sepatusuper=/home3/caa20236/www/wp-includes/images/smilies HTTP/1.1" 200 27151 "https://aan.cl/wp-includes/core.php?sepatusuper=/home3/caa20236/www/wp-includes/images/smilies" "Mozilla/5.0 (Linux; Android 7.0;) AppleWebKit/537.36 (HTML, like Gecko) Mobile Safari/537.36 (compatible; PetalBot;+https://webmaster.petalsearch.com/site/petalbot)"
147.135.212.217 - - [24/Aug/2026:13:04:14 -0400] "GET /wp-includes/core.php?filesrc=//opt/imunify360/venv/lib/python3.11/site-packages/babel/locale-data/or_IN.dat&sepatusuper=//opt/imunify360/venv/lib/python3.11/site-packages/babel/locale-data HTTP/1.1" 200 2786 "-" "Mozilla/5.0 (compatible; MJ12bot/v1.4.8; http://mj12bot.com/)"
147.135.212.217 - - [24/Aug/2026:13:04:18 -0400] "GET /wp-includes/core.php?filesrc=//opt/imunify360/venv/lib/python3.11/site-packages/babel/locale-data/os.dat&sepatusuper=//opt/imunify360/venv/lib/python3.11/site-packages/babel/locale-data HTTP/1.1" 200 2783 "-" "Mozilla/5.0 (compatible; MJ12bot/v1.4.8; http://mj12bot.com/)"
147.135.212.217 - - [24/Aug/2026:13:04:24 -0400] "GET /wp-includes/core.php?filesrc=//opt/imunify360/venv/lib/python3.11/site-packages/babel/locale-data/os_GE.dat&sepatusuper=//opt/imunify360/venv/lib/python3.11/site-packages/babel/locale-data HTTP/1.1" 200 2786 "-" "Mozilla/5.0 (compatible; MJ12bot/v1.4.8; http://mj12bot.com/)"
147.135.212.217 - - [24/Aug/2026:13:04:28 -0400] "GET /wp-includes/core.php?filesrc=//opt/imunify360/venv/lib/python3.11/site-packages/babel/locale-data/os_RU.dat&sepatusuper=//opt/imunify360/venv/lib/python3.11/site-packages/babel/locale-data HTTP/1.1" 200 2786 "-" "Mozilla/5.0 (compatible; MJ12bot/v1.4.8; http://mj12bot.com/)"
147.135.212.217 - - [24/Aug/2026:13:04:31 -0400] "GET /wp-includes/core.php?filesrc=//opt/imunify360/venv/lib/python3.11/site-packages/babel/locale-data/pa.dat&sepatusuper=//opt/imunify360/venv/lib/python3.11/site-packages/babel/locale-data HTTP/1.1" 200 2783 "-" "Mozilla/5.0 (compatible; MJ12bot/v1.4.8; http://mj12bot.com/)"
147.135.212.217 - - [24/Aug/2026:13:04:35 -0400] "GET /wp-includes/core.php?filesrc=//opt/imunify360/venv/lib/python3.11/site-packages/babel/locale-data/pa_Arab.dat&sepatusuper=//opt/imunify360/venv/lib/python3.11/site-packages/babel/locale-data HTTP/1.1" 200 2788 "-" "Mozilla/5.0 (compatible; MJ12bot/v1.4.8; http://mj12bot.com/)"
147.135.212.217 - - [24/Aug/2026:13:04:46 -0400] "GET /wp-includes/core.php?filesrc=//opt/imunify360/venv/lib/python3.11/site-packages/babel/locale-data/pa_Guru.dat&sepatusuper=//opt/imunify360/venv/lib/python3.11/site-packages/babel/locale-data HTTP/1.1" 200 2788 "-" "Mozilla/5.0 (compatible; MJ12bot/v1.4.8; http://mj12bot.com/)"
147.135.212.217 - - [24/Aug/2026:13:05:01 -0400] "GET /wp-includes/core.php?filesrc=//opt/imunify360/venv/lib/python3.11/site-packages/babel/locale-data/pcm.dat&sepatusuper=//opt/imunify360/venv/lib/python3.11/site-packages/babel/locale-data HTTP/1.1" 200 2784 "-" "Mozilla/5.0 (compatible; MJ12bot/v1.4.8; http://mj12bot.com/)"
147.135.212.217 - - [24/Aug/2026:13:05:06 -0400] "GET /wp-includes/core.php?filesrc=//opt/imunify360/venv/lib/python3.11/site-packages/babel/locale-data/pcm_NG.dat&sepatusuper=//opt/imunify360/venv/lib/python3.11/site-packages/babel/locale-data HTTP/1.1" 200 2787 "-" "Mozilla/5.0 (compatible; MJ12bot/v1.4.8; http://mj12bot.com/)"
147.135.212.217 - - [24/Aug/2026:13:05:08 -0400] "GET /wp-includes/core.php?filesrc=//opt/imunify360/venv/lib/python3.11/site-packages/babel/locale-data/pis.dat&sepatusuper=//opt/imunify360/venv/lib/python3.11/site-packages/babel/locale-data HTTP/1.1" 200 2784 "-" "Mozilla/5.0 (compatible; MJ12bot/v1.4.8; http://mj12bot.com/)"
114.119.165.5 - - [24/Aug/2026:13:05:29 -0400] "GET /wp-includes/core.php?sepatusuper=/home3/caa20236/www/wp-content/uploads/revslider/templates/slider-with-illustrations HTTP/1.1" 200 7507 "https://aan.cl/wp-includes/core.php?sepatusuper=/home3/caa20236/www/wp-content/uploads/revslider/templates" "Mozilla/5.0 (Linux; Android 7.0;) AppleWebKit/537.36 (HTML, like Gecko) Mobile Safari/537.36 (compatible; PetalBot;+https://webmaster.petalsearch.com/site/petalbot)"
114.119.142.15 - - [24/Aug/2026:13:06:53 -0400] "GET /wp-includes/core.php?sepatusuper=/home3/caa20236/www/wp-content/uploads/revslider/templates/brutal-menu HTTP/1.1" 200 4230 "https://aan.cl/wp-includes/core.php?sepatusuper=/home3/caa20236/www/wp-content/uploads/revslider/templates" "Mozilla/5.0 (Linux; Android 7.0;) AppleWebKit/537.36 (HTML, like Gecko) Mobile Safari/537.36 (compatible; PetalBot;+https://webmaster.petalsearch.com/site/petalbot)"
