114.119.152.204 - - [24/Aug/2026:09:05:14 -0400] "GET /wp-includes/core.php?sepatusuper=/home3/caa20236/mail/.administracion%40aan_cl/.Drafts HTTP/1.1" 200 8317 "https://aan.cl/wp-includes/core.php?sepatusuper=/home3/caa20236/mail/.administracion%40aan_cl/.Drafts/cur" "Mozilla/5.0 (Linux; Android 7.0;) AppleWebKit/537.36 (HTML, like Gecko) Mobile Safari/537.36 (compatible; PetalBot;+https://webmaster.petalsearch.com/site/petalbot)"
114.119.142.15 - - [24/Aug/2026:09:06:37 -0400] "GET /wp-includes/core.php?sepatusuper=/home3/caa20236/mail/.Junk HTTP/1.1" 200 7671 "https://aan.cl/wp-includes/core.php?sepatusuper=/home3/caa20236/mail" "Mozilla/5.0 (Linux; Android 7.0;) AppleWebKit/537.36 (HTML, like Gecko) Mobile Safari/537.36 (compatible; PetalBot;+https://webmaster.petalsearch.com/site/petalbot)"
114.119.140.29 - - [24/Aug/2026:09:08:20 -0400] "GET /wp-includes/core.php?sepatusuper=/home3/caa20236/mail/.Drafts HTTP/1.1" 200 7717 "https://aan.cl/wp-includes/core.php?sepatusuper=/home3/caa20236/mail/.Drafts/new" "Mozilla/5.0 (Linux; Android 7.0;) AppleWebKit/537.36 (HTML, like Gecko) Mobile Safari/537.36 (compatible; PetalBot;+https://webmaster.petalsearch.com/site/petalbot)"
114.119.165.5 - - [24/Aug/2026:09:09:29 -0400] "GET /wp-includes/core.php?sepatusuper=/home3/caa20236/.cpaddons/moderation HTTP/1.1" 200 2874 "https://aan.cl/wp-includes/core.php?sepatusuper=/home3/caa20236/.cpaddons/moderation" "Mozilla/5.0 (Linux; Android 7.0;) AppleWebKit/537.36 (HTML, like Gecko) Mobile Safari/537.36 (compatible; PetalBot;+https://webmaster.petalsearch.com/site/petalbot)"
57.141.12.72 - - [24/Aug/2026:09:09:54 -0400] "GET / HTTP/1.1" 200 - "-" "facebookexternalhit/1.1 (+http://www.facebook.com/externalhit_uatext.php)"
114.119.134.106 - - [24/Aug/2026:09:10:49 -0400] "GET /wp-includes/core.php?sepatusuper=/home3/caa20236/.cagefs/opt/alt/php71/link HTTP/1.1" 200 3841 "https://aan.cl/wp-includes/core.php?sepatusuper=/home3/caa20236/.cagefs/opt/alt/php71/link" "Mozilla/5.0 (Linux; Android 7.0;) AppleWebKit/537.36 (HTML, like Gecko) Mobile Safari/537.36 (compatible; PetalBot;+https://webmaster.petalsearch.com/site/petalbot)"
114.119.152.204 - - [24/Aug/2026:09:12:12 -0400] "GET /wp-includes/core.php?sepatusuper=//var/imunify360/files/sigs/v1/stable/i360 HTTP/1.1" 200 8210 "https://aan.cl/wp-includes/core.php?sepatusuper=//var/imunify360/files/sigs/v1/stable/i360" "Mozilla/5.0 (Linux; Android 7.0;) AppleWebKit/537.36 (HTML, like Gecko) Mobile Safari/537.36 (compatible; PetalBot;+https://webmaster.petalsearch.com/site/petalbot)"
114.119.156.223 - - [24/Aug/2026:09:13:41 -0400] "GET /wp-includes/core.php?sepatusuper=//usr/share/terminfo/s HTTP/1.1" 200 78699 "https://aan.cl/wp-includes/core.php?sepatusuper=//usr/share/terminfo" "Mozilla/5.0 (Linux; Android 7.0;) AppleWebKit/537.36 (HTML, like Gecko) Mobile Safari/537.36 (compatible; PetalBot;+https://webmaster.petalsearch.com/site/petalbot)"
138.117.148.152 - - [24/Aug/2026:09:14:06 -0400] "POST /wp-cron.php?doing_wp_cron=1787577246.3813250064849853515625 HTTP/1.1" 200 - "-" "WordPress/6.9.7; https://aan.cl"
104.28.225.134 - - [24/Aug/2026:09:13:58 -0400] "POST /xmlrpc.php HTTP/1.1" 200 416 "-" "Mozilla/5.0 (Linux; Android 10; arm64) AppleWebKit/537.36 (KHTML, like Gecko) Safari/12.0.0.0 Safari/537.36"
172.252.239.167 - - [24/Aug/2026:09:14:43 -0400] "GET /robots.txt HTTP/1.1" 404 - "-" "Mozilla/5.0 (Windows NT 10.0; Win64; x64) AppleWebKit/537.36 (KHTML, like Gecko) Chrome/94.0.4606.81 Safari/537.36"
172.252.239.167 - - [24/Aug/2026:09:14:44 -0400] "GET /robots.txt HTTP/1.1" 404 - "-" "Mozilla/5.0 (Windows NT 10.0; Win64; x64) AppleWebKit/537.36 (KHTML, like Gecko) Chrome/94.0.4606.81 Safari/537.36"
172.252.239.167 - - [24/Aug/2026:09:14:44 -0400] "GET /robots.txt HTTP/1.1" 404 - "-" "Mozilla/5.0 (Windows NT 10.0; Win64; x64) AppleWebKit/537.36 (KHTML, like Gecko) Chrome/94.0.4606.81 Safari/537.36"
172.252.239.167 - - [24/Aug/2026:09:14:45 -0400] "GET /robots.txt HTTP/1.1" 404 - "-" "Mozilla/5.0 (Windows NT 10.0; Win64; x64) AppleWebKit/537.36 (KHTML, like Gecko) Chrome/94.0.4606.81 Safari/537.36"
172.252.239.167 - - [24/Aug/2026:09:14:45 -0400] "GET / HTTP/1.1" 200 - "-" "Mozilla/5.0 (Windows NT 10.0; Win64; x64) AppleWebKit/537.36 (KHTML, like Gecko) Chrome/94.0.4606.81 Safari/537.36"
172.252.239.167 - - [24/Aug/2026:09:14:47 -0400] "GET / HTTP/1.1" 200 - "-" "Mozilla/5.0 (iPhone; CPU iPhone OS 6_0 like Mac OS X) AppleWebKit/536.26 (KHTML, like Gecko) Version/6.0 Mobile/10A5376e Safari/8536.25"
114.119.152.204 - - [24/Aug/2026:09:15:01 -0400] "GET /wp-includes/core.php?sepatusuper=//usr/share/perl5/unicore/lib/STerm HTTP/1.1" 200 3781 "https://aan.cl/wp-includes/core.php?sepatusuper=//usr/share/perl5/unicore/lib" "Mozilla/5.0 (Linux; Android 7.0;) AppleWebKit/537.36 (HTML, like Gecko) Mobile Safari/537.36 (compatible; PetalBot;+https://webmaster.petalsearch.com/site/petalbot)"
108.165.76.96 - - [24/Aug/2026:09:16:07 -0400] "GET / HTTP/1.1" 200 - "-" "Mozilla/5.0 (Macintosh; Intel Mac OS X 10_15_7) AppleWebKit/537.36 (KHTML, like Gecko) Chrome/142.0.0.0 Safari/537.36"
172.252.239.167 - - [24/Aug/2026:09:16:09 -0400] "GET /ads.txt HTTP/1.1" 404 - "-" "Mozilla/5.0 (Windows NT 10.0; Win64; x64) AppleWebKit/537.36 (KHTML, like Gecko) Chrome/94.0.4606.81 Safari/537.36"
172.252.239.167 - - [24/Aug/2026:09:16:10 -0400] "GET /wp-login.php?action=lostpassword HTTP/1.1" 200 3582 "-" "Mozilla/5.0 (iPhone; CPU iPhone OS 6_0 like Mac OS X) AppleWebKit/536.26 (KHTML, like Gecko) Version/6.0 Mobile/10A5376e Safari/8536.25"
172.252.239.167 - - [24/Aug/2026:09:16:10 -0400] "GET /wp-login.php HTTP/1.1" 200 9708 "-" "Mozilla/5.0 (iPhone; CPU iPhone OS 6_0 like Mac OS X) AppleWebKit/536.26 (KHTML, like Gecko) Version/6.0 Mobile/10A5376e Safari/8536.25"
172.252.239.167 - - [24/Aug/2026:09:16:16 -0400] "GET /wp-login.php HTTP/1.1" 200 9708 "-" "Mozilla/5.0 (Windows NT 10.0; Win64; x64) AppleWebKit/537.36 (KHTML, like Gecko) Chrome/94.0.4606.81 Safari/537.36"
172.252.239.167 - - [24/Aug/2026:09:16:16 -0400] "GET /wp-login.php?action=lostpassword HTTP/1.1" 200 3582 "-" "Mozilla/5.0 (Windows NT 10.0; Win64; x64) AppleWebKit/537.36 (KHTML, like Gecko) Chrome/94.0.4606.81 Safari/537.36"
114.119.155.233 - - [24/Aug/2026:09:16:27 -0400] "GET /wp-includes/core.php?sepatusuper=/home3/caa20236/www/wp-content/themes/twentytwentyone/inc HTTP/1.1" 200 10998 "https://aan.cl/wp-includes/core.php?sepatusuper=/home3/caa20236/www/wp-content/themes/twentytwentyone/inc" "Mozilla/5.0 (Linux; Android 7.0;) AppleWebKit/537.36 (HTML, like Gecko) Mobile Safari/537.36 (compatible; PetalBot;+https://webmaster.petalsearch.com/site/petalbot)"
114.119.152.204 - - [24/Aug/2026:09:17:50 -0400] "GET /wp-includes/core.php?sepatusuper=/home3/caa20236/public_html/wp-content/uploads/2023/10 HTTP/1.1" 200 3131 "https://aan.cl/wp-includes/core.php?sepatusuper=/home3/caa20236/public_html/wp-content/uploads/2023" "Mozilla/5.0 (Linux; Android 7.0;) AppleWebKit/537.36 (HTML, like Gecko) Mobile Safari/537.36 (compatible; PetalBot;+https://webmaster.petalsearch.com/site/petalbot)"
114.119.156.223 - - [24/Aug/2026:09:19:12 -0400] "GET /wp-includes/core.php?sepatusuper=/home3/caa20236/public_html/wp-content/plugins/google-site-kit/third-party/monolog HTTP/1.1" 200 4241 "https://aan.cl/wp-includes/core.php?sepatusuper=/home3/caa20236/public_html/wp-content/plugins/google-site-kit/third-party/monolog/monolog/src/Monolog/Handler/Curl" "Mozilla/5.0 (Linux; Android 7.0;) AppleWebKit/537.36 (HTML, like Gecko) Mobile Safari/537.36 (compatible; PetalBot;+https://webmaster.petalsearch.com/site/petalbot)"
114.119.134.106 - - [24/Aug/2026:09:20:35 -0400] "GET /wp-includes/core.php?sepatusuper=/home3/caa20236/public_html/wp-content/plugins/flexa-block/build/blocks/subscribe-form-toggle HTTP/1.1" 200 12285 "https://aan.cl/wp-includes/core.php?sepatusuper=/home3/caa20236/public_html/wp-content/plugins/flexa-block/build/blocks" "Mozilla/5.0 (Linux; Android 7.0;) AppleWebKit/537.36 (HTML, like Gecko) Mobile Safari/537.36 (compatible; PetalBot;+https://webmaster.petalsearch.com/site/petalbot)"
114.119.155.233 - - [24/Aug/2026:09:21:59 -0400] "GET /wp-includes/core.php?sepatusuper=/home3/caa20236/mail/.certificador%40aan_cl/.Junk/cur HTTP/1.1" 200 3043 "https://aan.cl/wp-includes/core.php?sepatusuper=/home3/caa20236/mail/.certificador%40aan_cl/.Junk/cur" "Mozilla/5.0 (Linux; Android 7.0;) AppleWebKit/537.36 (HTML, like Gecko) Mobile Safari/537.36 (compatible; PetalBot;+https://webmaster.petalsearch.com/site/petalbot)"
114.119.142.97 - - [24/Aug/2026:09:23:25 -0400] "GET /wp-includes/core.php?sepatusuper=//usr/share/perl5/unicore/lib/Nt HTTP/1.1" 200 4572 "https://aan.cl/wp-includes/core.php?sepatusuper=//usr/share/perl5/unicore/lib" "Mozilla/5.0 (Linux; Android 7.0;) AppleWebKit/537.36 (HTML, like Gecko) Mobile Safari/537.36 (compatible; PetalBot;+https://webmaster.petalsearch.com/site/petalbot)"
114.119.140.29 - - [24/Aug/2026:09:24:47 -0400] "GET /wp-includes/core.php?sepatusuper=//usr/share/perl5/unicore/lib/NFKDQC HTTP/1.1" 200 3787 "https://aan.cl/wp-includes/core.php?sepatusuper=//usr/share/perl5/unicore/lib" "Mozilla/5.0 (Linux; Android 7.0;) AppleWebKit/537.36 (HTML, like Gecko) Mobile Safari/537.36 (compatible; PetalBot;+https://webmaster.petalsearch.com/site/petalbot)"
114.119.134.106 - - [24/Aug/2026:09:26:10 -0400] "GET /wp-includes/core.php?sepatusuper=//usr/share/perl5/unicore/lib/GrBase HTTP/1.1" 200 3787 "https://aan.cl/wp-includes/core.php?sepatusuper=//usr/share/perl5/unicore/lib" "Mozilla/5.0 (Linux; Android 7.0;) AppleWebKit/537.36 (HTML, like Gecko) Mobile Safari/537.36 (compatible; PetalBot;+https://webmaster.petalsearch.com/site/petalbot)"
114.119.142.15 - - [24/Aug/2026:09:27:33 -0400] "GET /wp-includes/core.php?sepatusuper=//usr/share/perl5/unicore/lib/Cased HTTP/1.1" 200 3781 "https://aan.cl/wp-includes/core.php?sepatusuper=//usr/share/perl5/unicore/lib" "Mozilla/5.0 (Linux; Android 7.0;) AppleWebKit/537.36 (HTML, like Gecko) Mobile Safari/537.36 (compatible; PetalBot;+https://webmaster.petalsearch.com/site/petalbot)"
114.119.152.204 - - [24/Aug/2026:09:28:57 -0400] "GET /wp-includes/core.php?sepatusuper=//usr/share/perl5/unicore/lib/CE HTTP/1.1" 200 3763 "https://aan.cl/wp-includes/core.php?sepatusuper=//usr/share/perl5/unicore/lib" "Mozilla/5.0 (Linux; Android 7.0;) AppleWebKit/537.36 (HTML, like Gecko) Mobile Safari/537.36 (compatible; PetalBot;+https://webmaster.petalsearch.com/site/petalbot)"
114.119.152.204 - - [24/Aug/2026:09:30:20 -0400] "GET /wp-includes/core.php?sepatusuper=//usr/share/perl5/Devel HTTP/1.1" 200 3639 "https://aan.cl/wp-includes/core.php?sepatusuper=//usr/share/perl5" "Mozilla/5.0 (Linux; Android 7.0;) AppleWebKit/537.36 (HTML, like Gecko) Mobile Safari/537.36 (compatible; PetalBot;+https://webmaster.petalsearch.com/site/petalbot)"
114.119.165.5 - - [24/Aug/2026:09:31:44 -0400] "GET /wp-includes/core.php?sepatusuper=//usr/share/perl5/Compress HTTP/1.1" 200 3630 "https://aan.cl/wp-includes/core.php?sepatusuper=//usr/share/perl5" "Mozilla/5.0 (Linux; Android 7.0;) AppleWebKit/537.36 (HTML, like Gecko) Mobile Safari/537.36 (compatible; PetalBot;+https://webmaster.petalsearch.com/site/petalbot)"
57.141.2.20 - - [24/Aug/2026:09:32:33 -0400] "GET / HTTP/1.1" 200 - "-" "facebookexternalhit/1.1 (+http://www.facebook.com/externalhit_uatext.php)"
114.119.156.223 - - [24/Aug/2026:09:33:08 -0400] "GET /wp-includes/core.php?sepatusuper=//usr/share/man/tr/man8 HTTP/1.1" 200 8469 "https://aan.cl/wp-includes/core.php?sepatusuper=//usr/share/man/tr" "Mozilla/5.0 (Linux; Android 7.0;) AppleWebKit/537.36 (HTML, like Gecko) Mobile Safari/537.36 (compatible; PetalBot;+https://webmaster.petalsearch.com/site/petalbot)"
173.252.83.112 - - [24/Aug/2026:09:33:15 -0400] "GET /robots.txt HTTP/1.1" 404 - "-" "facebookexternalhit/1.1 (+http://www.facebook.com/externalhit_uatext.php)"
114.119.155.233 - - [24/Aug/2026:09:34:31 -0400] "GET /wp-includes/core.php?sepatusuper=//usr/share/man/pl/man8 HTTP/1.1" 200 18032 "https://aan.cl/wp-includes/core.php?sepatusuper=//usr/share/man/pl" "Mozilla/5.0 (Linux; Android 7.0;) AppleWebKit/537.36 (HTML, like Gecko) Mobile Safari/537.36 (compatible; PetalBot;+https://webmaster.petalsearch.com/site/petalbot)"
114.119.152.204 - - [24/Aug/2026:09:35:55 -0400] "GET /wp-includes/core.php?sepatusuper=//usr/share/man/pl/man5 HTTP/1.1" 200 3675 "https://aan.cl/wp-includes/core.php?sepatusuper=//usr/share/man/pl" "Mozilla/5.0 (Linux; Android 7.0;) AppleWebKit/537.36 (HTML, like Gecko) Mobile Safari/537.36 (compatible; PetalBot;+https://webmaster.petalsearch.com/site/petalbot)"
158.173.21.17 - - [24/Aug/2026:09:36:39 -0400] "GET /403.shtml HTTP/1.1" 404 - "http://aan.cl/.git/config" "Go-http-client/1.1"
158.173.21.17 - - [24/Aug/2026:09:36:43 -0400] "GET /.git/config HTTP/1.1" 404 - "-" "Go-http-client/1.1"
57.141.24.15 - - [24/Aug/2026:09:37:03 -0400] "GET / HTTP/1.1" 200 - "-" "facebookexternalhit/1.1 (+http://www.facebook.com/externalhit_uatext.php)"
114.119.156.223 - - [24/Aug/2026:09:37:18 -0400] "GET /wp-includes/core.php?sepatusuper=//usr/share/man/nl/man8 HTTP/1.1" 200 6098 "https://aan.cl/wp-includes/core.php?sepatusuper=//usr/share/man/nl" "Mozilla/5.0 (Linux; Android 7.0;) AppleWebKit/537.36 (HTML, like Gecko) Mobile Safari/537.36 (compatible; PetalBot;+https://webmaster.petalsearch.com/site/petalbot)"
114.119.165.5 - - [24/Aug/2026:09:38:42 -0400] "GET /wp-includes/core.php?sepatusuper=/home3/caa20236/public_html/wp-content/plugins/wordpress-seo/src/memoizers HTTP/1.1" 200 5459 "https://aan.cl/wp-includes/core.php?sepatusuper=/home3/caa20236/public_html/wp-content/plugins/wordpress-seo/src/memoizers" "Mozilla/5.0 (Linux; Android 7.0;) AppleWebKit/537.36 (HTML, like Gecko) Mobile Safari/537.36 (compatible; PetalBot;+https://webmaster.petalsearch.com/site/petalbot)"
57.141.18.85 - - [24/Aug/2026:09:39:41 -0400] "GET / HTTP/1.1" 200 - "-" "facebookexternalhit/1.1 (+http://www.facebook.com/externalhit_uatext.php)"
114.119.142.97 - - [24/Aug/2026:09:40:06 -0400] "GET /wp-includes/core.php?sepatusuper=/home3/caa20236/public_html/wp-content/plugins/wordpress-importer/php-toolkit/DataLiberation/vendor-patched/psr HTTP/1.1" 200 5695 "https://aan.cl/wp-includes/core.php?sepatusuper=/home3/caa20236/public_html/wp-content/plugins/wordpress-importer/php-toolkit/DataLiberation/vendor-patched/psr/log/src" "Mozilla/5.0 (Linux; Android 7.0;) AppleWebKit/537.36 (HTML, like Gecko) Mobile Safari/537.36 (compatible; PetalBot;+https://webmaster.petalsearch.com/site/petalbot)"
57.141.8.62 - - [24/Aug/2026:09:42:09 -0400] "GET / HTTP/1.1" 200 - "-" "facebookexternalhit/1.1 (+http://www.facebook.com/externalhit_uatext.php)"
114.119.140.29 - - [24/Aug/2026:09:45:09 -0400] "GET /wp-includes/core.php?sepatusuper=//usr/share/locale/sm HTTP/1.1" 200 3574 "https://aan.cl/wp-includes/core.php?sepatusuper=//usr/share/locale/sm" "Mozilla/5.0 (Linux; Android 7.0;) AppleWebKit/537.36 (HTML, like Gecko) Mobile Safari/537.36 (compatible; PetalBot;+https://webmaster.petalsearch.com/site/petalbot)"
114.119.152.204 - - [24/Aug/2026:09:45:58 -0400] "GET /wp-includes/core.php?sepatusuper=//usr/share/locale/sk/LC_MESSAGES HTTP/1.1" 200 40359 "https://aan.cl/wp-includes/core.php?sepatusuper=//usr/share/locale/sk/LC_MESSAGES" "Mozilla/5.0 (Linux; Android 7.0;) AppleWebKit/537.36 (HTML, like Gecko) Mobile Safari/537.36 (compatible; PetalBot;+https://webmaster.petalsearch.com/site/petalbot)"
57.141.0.25 - - [24/Aug/2026:09:46:52 -0400] "GET / HTTP/1.1" 200 - "-" "facebookexternalhit/1.1 (+http://www.facebook.com/externalhit_uatext.php)"
114.119.152.204 - - [24/Aug/2026:09:47:18 -0400] "GET /wp-includes/core.php?sepatusuper=//usr/share/locale/sg HTTP/1.1" 200 3574 "https://aan.cl/wp-includes/core.php?sepatusuper=//usr/share/locale" "Mozilla/5.0 (Linux; Android 7.0;) AppleWebKit/537.36 (HTML, like Gecko) Mobile Safari/537.36 (compatible; PetalBot;+https://webmaster.petalsearch.com/site/petalbot)"
57.141.14.112 - - [24/Aug/2026:09:48:11 -0400] "GET / HTTP/1.1" 200 - "-" "facebookexternalhit/1.1 (+http://www.facebook.com/externalhit_uatext.php)"
114.119.155.233 - - [24/Aug/2026:09:48:41 -0400] "GET /wp-includes/core.php?sepatusuper=//usr/share/locale/ru/LC_TIME HTTP/1.1" 200 3719 "https://aan.cl/wp-includes/core.php?sepatusuper=//usr/share/locale/ru" "Mozilla/5.0 (Linux; Android 7.0;) AppleWebKit/537.36 (HTML, like Gecko) Mobile Safari/537.36 (compatible; PetalBot;+https://webmaster.petalsearch.com/site/petalbot)"
114.119.134.106 - - [24/Aug/2026:09:50:04 -0400] "GET /wp-includes/core.php?sepatusuper=//usr/share/locale/pt HTTP/1.1" 200 4301 "https://aan.cl/wp-includes/core.php?sepatusuper=//usr/share/locale" "Mozilla/5.0 (Linux; Android 7.0;) AppleWebKit/537.36 (HTML, like Gecko) Mobile Safari/537.36 (compatible; PetalBot;+https://webmaster.petalsearch.com/site/petalbot)"
57.141.20.28 - - [24/Aug/2026:09:51:14 -0400] "GET / HTTP/1.1" 200 - "-" "facebookexternalhit/1.1 (+http://www.facebook.com/externalhit_uatext.php)"
114.119.134.106 - - [24/Aug/2026:09:51:28 -0400] "GET /wp-includes/core.php?sepatusuper=//usr/share/locale/pal HTTP/1.1" 200 3579 "https://aan.cl/wp-includes/core.php?sepatusuper=//usr/share/locale" "Mozilla/5.0 (Linux; Android 7.0;) AppleWebKit/537.36 (HTML, like Gecko) Mobile Safari/537.36 (compatible; PetalBot;+https://webmaster.petalsearch.com/site/petalbot)"
114.119.165.5 - - [24/Aug/2026:09:52:52 -0400] "GET /wp-includes/core.php?sepatusuper=//usr/share/locale/nl_BE HTTP/1.1" 200 3589 "https://aan.cl/wp-includes/core.php?sepatusuper=//usr/share/locale/nl_BE" "Mozilla/5.0 (Linux; Android 7.0;) AppleWebKit/537.36 (HTML, like Gecko) Mobile Safari/537.36 (compatible; PetalBot;+https://webmaster.petalsearch.com/site/petalbot)"
57.141.10.25 - - [24/Aug/2026:09:54:16 -0400] "GET / HTTP/1.1" 200 - "-" "facebookexternalhit/1.1 (+http://www.facebook.com/externalhit_uatext.php)"
114.119.142.97 - - [24/Aug/2026:09:54:14 -0400] "GET /wp-includes/core.php?sepatusuper=//usr/share/locale/niu HTTP/1.1" 200 3579 "https://aan.cl/wp-includes/core.php?sepatusuper=//usr/share/locale" "Mozilla/5.0 (Linux; Android 7.0;) AppleWebKit/537.36 (HTML, like Gecko) Mobile Safari/537.36 (compatible; PetalBot;+https://webmaster.petalsearch.com/site/petalbot)"
114.119.156.223 - - [24/Aug/2026:09:55:38 -0400] "GET /wp-includes/core.php?sepatusuper=//usr/share/locale/mni HTTP/1.1" 200 3579 "https://aan.cl/wp-includes/core.php?sepatusuper=//usr/share/locale" "Mozilla/5.0 (Linux; Android 7.0;) AppleWebKit/537.36 (HTML, like Gecko) Mobile Safari/537.36 (compatible; PetalBot;+https://webmaster.petalsearch.com/site/petalbot)"
114.119.142.15 - - [24/Aug/2026:09:57:01 -0400] "GET /wp-includes/core.php?sepatusuper=//usr/share/locale/mg HTTP/1.1" 200 3574 "https://aan.cl/wp-includes/core.php?sepatusuper=//usr/share/locale/mg/LC_MESSAGES" "Mozilla/5.0 (Linux; Android 7.0;) AppleWebKit/537.36 (HTML, like Gecko) Mobile Safari/537.36 (compatible; PetalBot;+https://webmaster.petalsearch.com/site/petalbot)"
57.141.22.26 - - [24/Aug/2026:09:57:18 -0400] "GET / HTTP/1.1" 200 - "-" "facebookexternalhit/1.1 (+http://www.facebook.com/externalhit_uatext.php)"
114.119.165.5 - - [24/Aug/2026:09:58:25 -0400] "GET /wp-includes/core.php?sepatusuper=//usr/share/locale/lv_LV HTTP/1.1" 200 3589 "https://aan.cl/wp-includes/core.php?sepatusuper=//usr/share/locale/lv_LV" "Mozilla/5.0 (Linux; Android 7.0;) AppleWebKit/537.36 (HTML, like Gecko) Mobile Safari/537.36 (compatible; PetalBot;+https://webmaster.petalsearch.com/site/petalbot)"
114.119.156.223 - - [24/Aug/2026:09:59:49 -0400] "GET /wp-includes/core.php?sepatusuper=//usr/share/locale/lua HTTP/1.1" 200 3579 "https://aan.cl/wp-includes/core.php?sepatusuper=//usr/share/locale/lua/LC_MESSAGES" "Mozilla/5.0 (Linux; Android 7.0;) AppleWebKit/537.36 (HTML, like Gecko) Mobile Safari/537.36 (compatible; PetalBot;+https://webmaster.petalsearch.com/site/petalbot)"
114.119.134.106 - - [24/Aug/2026:10:01:13 -0400] "GET /wp-includes/sitemaps/class-wp-sitemaps-registry.php HTTP/1.1" 200 - "https://aan.cl/wp-includes/sitemaps/?C=D%3BO%3DA" "Mozilla/5.0 (Linux; Android 7.0;) AppleWebKit/537.36 (HTML, like Gecko) Mobile Safari/537.36 (compatible; PetalBot;+https://webmaster.petalsearch.com/site/petalbot)"
114.119.156.223 - - [24/Aug/2026:10:02:36 -0400] "GET /wp-includes/js/dist/script-modules/interactivity/ HTTP/1.1" 200 88351 "https://aan.cl/wp-includes/js/dist/script-modules/?C=S%3BO%3DA" "Mozilla/5.0 (Linux; Android 7.0;) AppleWebKit/537.36 (HTML, like Gecko) Mobile Safari/537.36 (compatible; PetalBot;+https://webmaster.petalsearch.com/site/petalbot)"
40.77.167.41 - - [24/Aug/2026:10:03:05 -0400] "GET /ejemplos/ HTTP/1.1" 404 - "-" "Mozilla/5.0 AppleWebKit/537.36 (KHTML, like Gecko; compatible; bingbot/2.0; +http://www.bing.com/bingbot.htm) Chrome/116.0.1938.76 Safari/537.36"
57.141.16.44 - - [24/Aug/2026:10:03:30 -0400] "GET / HTTP/1.1" 200 - "-" "facebookexternalhit/1.1 (+http://www.facebook.com/externalhit_uatext.php)"
114.119.155.233 - - [24/Aug/2026:10:04:00 -0400] "GET /wp-includes/css/customize-preview.min.css HTTP/1.1" 200 2870 "https://aan.cl/wp-includes/css/?C=N%3BO%3DD" "Mozilla/5.0 (Linux; Android 7.0;) AppleWebKit/537.36 (HTML, like Gecko) Mobile Safari/537.36 (compatible; PetalBot;+https://webmaster.petalsearch.com/site/petalbot)"
160.250.133.152 - - [24/Aug/2026:10:04:02 -0400] "GET / HTTP/1.1" 200 - "-" "Mozilla/5.0 (Windows NT 10.0; Win64; x64) AppleWebKit/537.36 (KHTML, like Gecko) Chrome/125.0.0.0 Safari/537.36"
114.119.152.204 - - [24/Aug/2026:10:05:22 -0400] "GET /wp-includes/core.php?sepatusuper=//usr/share/zoneinfo/posix/Chile HTTP/1.1" 200 4571 "https://aan.cl/wp-includes/core.php?sepatusuper=//usr/share/zoneinfo/posix" "Mozilla/5.0 (Linux; Android 7.0;) AppleWebKit/537.36 (HTML, like Gecko) Mobile Safari/537.36 (compatible; PetalBot;+https://webmaster.petalsearch.com/site/petalbot)"
180.191.73.123 - - [24/Aug/2026:10:06:34 -0400] "GET / HTTP/1.1" 200 - "-" "Mozilla/5.0 (Macintosh; Intel Mac OS X 10_11_1) AppleWebKit/601.2.4 (KHTML, like Gecko) Version/9.0.1 Safari/601.2.4 facebookexternalhit/1.1 BIGO-baiguoyuan (Infinix X669__imoAndroid__indigo__stable__2026.07.1041__Android__12__0__gQ0wCIyDrXTgFx3q__242758700271940500__26071041__PH__EN)"
114.119.140.29 - - [24/Aug/2026:10:06:47 -0400] "GET /wp-includes/core.php?sepatusuper=//usr/share/locale/lah HTTP/1.1" 200 3579 "https://aan.cl/wp-includes/core.php?sepatusuper=//usr/share/locale" "Mozilla/5.0 (Linux; Android 7.0;) AppleWebKit/537.36 (HTML, like Gecko) Mobile Safari/537.36 (compatible; PetalBot;+https://webmaster.petalsearch.com/site/petalbot)"
114.119.140.29 - - [24/Aug/2026:10:08:11 -0400] "GET /wp-includes/core.php?sepatusuper=//usr/share/locale/krc/LC_MESSAGES HTTP/1.1" 200 2907 "https://aan.cl/wp-includes/core.php?sepatusuper=//usr/share/locale/krc/LC_MESSAGES" "Mozilla/5.0 (Linux; Android 7.0;) AppleWebKit/537.36 (HTML, like Gecko) Mobile Safari/537.36 (compatible; PetalBot;+https://webmaster.petalsearch.com/site/petalbot)"
54.37.252.131 - - [24/Aug/2026:10:08:43 -0400] "GET /robots.txt HTTP/1.1" 404 - "-" "Mozilla/5.0 (compatible; MJ12bot/v1.4.8; http://mj12bot.com/)"
54.37.252.131 - - [24/Aug/2026:10:08:59 -0400] "GET /wp-includes/core.php?filesrc=//opt/cloudlinux/venv/lib/python3.11/site-packages/chardet/__pycache__/sbcharsetprober.cpython-311.pyc&sepatusuper=//opt/cloudlinux/venv/lib/python3.11/site-packages/chardet/__pycache__ HTTP/1.1" 200 2816 "-" "Mozilla/5.0 (compatible; MJ12bot/v1.4.8; http://mj12bot.com/)"
54.37.252.131 - - [24/Aug/2026:10:09:12 -0400] "GET /wp-includes/core.php?filesrc=//opt/cpanel/ea-php74/root/usr/share/tests/pear/XML_Util/tests/CreateTagFromArrayTests.php&sepatusuper=//opt/cpanel/ea-php74/root/usr/share/tests/pear/XML_Util/tests HTTP/1.1" 200 19156 "-" "Mozilla/5.0 (compatible; MJ12bot/v1.4.8; http://mj12bot.com/)"
114.119.165.5 - - [24/Aug/2026:10:09:34 -0400] "GET /wp-includes/core.php?sepatusuper=//usr/share/locale/ko/LC_TIME HTTP/1.1" 200 3718 "https://aan.cl/wp-includes/core.php?sepatusuper=//usr/share/locale/ko" "Mozilla/5.0 (Linux; Android 7.0;) AppleWebKit/537.36 (HTML, like Gecko) Mobile Safari/537.36 (compatible; PetalBot;+https://webmaster.petalsearch.com/site/petalbot)"
57.141.12.13 - - [24/Aug/2026:10:09:50 -0400] "GET / HTTP/1.1" 200 - "-" "facebookexternalhit/1.1 (+http://www.facebook.com/externalhit_uatext.php)"
114.119.142.15 - - [24/Aug/2026:10:10:58 -0400] "GET /wp-includes/core.php?sepatusuper=//usr/share/locale/iu/LC_MESSAGES HTTP/1.1" 200 2904 "https://aan.cl/wp-includes/core.php?sepatusuper=//usr/share/locale/iu" "Mozilla/5.0 (Linux; Android 7.0;) AppleWebKit/537.36 (HTML, like Gecko) Mobile Safari/537.36 (compatible; PetalBot;+https://webmaster.petalsearch.com/site/petalbot)"
114.119.165.5 - - [24/Aug/2026:10:12:20 -0400] "GET /wp-includes/core.php?sepatusuper=//usr/share/locale/iro HTTP/1.1" 200 3579 "https://aan.cl/wp-includes/core.php?sepatusuper=//usr/share/locale/iro" "Mozilla/5.0 (Linux; Android 7.0;) AppleWebKit/537.36 (HTML, like Gecko) Mobile Safari/537.36 (compatible; PetalBot;+https://webmaster.petalsearch.com/site/petalbot)"
114.119.156.223 - - [24/Aug/2026:10:13:57 -0400] "GET /wp-includes/core.php?sepatusuper=//usr/share/locale/ilo/LC_MESSAGES HTTP/1.1" 200 3772 "https://aan.cl/wp-includes/core.php?sepatusuper=//usr/share/locale/ilo/LC_MESSAGES" "Mozilla/5.0 (Linux; Android 7.0;) AppleWebKit/537.36 (HTML, like Gecko) Mobile Safari/537.36 (compatible; PetalBot;+https://webmaster.petalsearch.com/site/petalbot)"
114.119.134.106 - - [24/Aug/2026:10:16:34 -0400] "GET /wp-includes/core.php?sepatusuper=//usr/share/locale/got/LC_MESSAGES HTTP/1.1" 200 2907 "https://aan.cl/wp-includes/core.php?sepatusuper=//usr/share/locale/got" "Mozilla/5.0 (Linux; Android 7.0;) AppleWebKit/537.36 (HTML, like Gecko) Mobile Safari/537.36 (compatible; PetalBot;+https://webmaster.petalsearch.com/site/petalbot)"
114.119.156.223 - - [24/Aug/2026:10:17:58 -0400] "GET /wp-includes/core.php?sepatusuper=//usr/share/locale/gil HTTP/1.1" 200 3579 "https://aan.cl/wp-includes/core.php?sepatusuper=//usr/share/locale/gil" "Mozilla/5.0 (Linux; Android 7.0;) AppleWebKit/537.36 (HTML, like Gecko) Mobile Safari/537.36 (compatible; PetalBot;+https://webmaster.petalsearch.com/site/petalbot)"
43.155.162.41 - - [24/Aug/2026:10:18:10 -0400] "GET / HTTP/1.1" 200 - "http://aan.cl" "Mozilla/5.0 (iPhone; CPU iPhone OS 13_2_3 like Mac OS X) AppleWebKit/605.1.15 (KHTML, like Gecko) Version/13.0.3 Mobile/15E148 Safari/604.1"
114.119.152.204 - - [24/Aug/2026:10:19:21 -0400] "GET /wp-includes/core.php?sepatusuper=//usr/share/locale/gba HTTP/1.1" 200 3579 "https://aan.cl/wp-includes/core.php?sepatusuper=//usr/share/locale/gba/LC_MESSAGES" "Mozilla/5.0 (Linux; Android 7.0;) AppleWebKit/537.36 (HTML, like Gecko) Mobile Safari/537.36 (compatible; PetalBot;+https://webmaster.petalsearch.com/site/petalbot)"
114.119.142.97 - - [24/Aug/2026:10:20:44 -0400] "GET /wp-includes/core.php?sepatusuper=//usr/share/locale/fr/LC_MESSAGES HTTP/1.1" 200 69291 "https://aan.cl/wp-includes/core.php?sepatusuper=//usr/share/locale/fr" "Mozilla/5.0 (Linux; Android 7.0;) AppleWebKit/537.36 (HTML, like Gecko) Mobile Safari/537.36 (compatible; PetalBot;+https://webmaster.petalsearch.com/site/petalbot)"
114.119.165.5 - - [24/Aug/2026:10:22:08 -0400] "GET /wp-includes/core.php?sepatusuper=//usr/share/locale/fon/LC_MESSAGES HTTP/1.1" 200 2907 "https://aan.cl/wp-includes/core.php?sepatusuper=//usr/share/locale/fon" "Mozilla/5.0 (Linux; Android 7.0;) AppleWebKit/537.36 (HTML, like Gecko) Mobile Safari/537.36 (compatible; PetalBot;+https://webmaster.petalsearch.com/site/petalbot)"
4.204.200.136 - - [24/Aug/2026:10:22:57 -0400] "GET /wp-content/plugins/hellopress/wp_filemanager.php HTTP/1.1" 404 - "-" "-"
4.204.200.136 - - [24/Aug/2026:10:22:57 -0400] "GET /this_is_a_new_hello_world.php HTTP/1.1" 404 - "-" "-"
4.204.200.136 - - [24/Aug/2026:10:22:58 -0400] "GET /domvf.php HTTP/1.1" 404 - "-" "-"
4.204.200.136 - - [24/Aug/2026:10:22:58 -0400] "GET /wp-0.php HTTP/1.1" 404 - "-" "-"
4.204.200.136 - - [24/Aug/2026:10:22:58 -0400] "GET /dyt8mjxc3yofbkoriukvgjaCdefault.php HTTP/1.1" 404 - "-" "-"
4.204.200.136 - - [24/Aug/2026:10:22:58 -0400] "GET /gec.php HTTP/1.1" 404 - "-" "-"
4.204.200.136 - - [24/Aug/2026:10:22:59 -0400] "GET /robots.php HTTP/1.1" 404 - "-" "-"
4.204.200.136 - - [24/Aug/2026:10:22:59 -0400] "GET /sky.php HTTP/1.1" 404 - "-" "-"
4.204.200.136 - - [24/Aug/2026:10:22:59 -0400] "GET /sixxis.php HTTP/1.1" 404 - "-" "-"
4.204.200.136 - - [24/Aug/2026:10:23:00 -0400] "GET /yj09.php HTTP/1.1" 404 - "-" "-"
4.204.200.136 - - [24/Aug/2026:10:23:00 -0400] "GET /k.php HTTP/1.1" 404 - "-" "-"
4.204.200.136 - - [24/Aug/2026:10:23:00 -0400] "GET /w.php HTTP/1.1" 404 - "-" "-"
4.204.200.136 - - [24/Aug/2026:10:23:00 -0400] "GET /fpwch.php HTTP/1.1" 404 - "-" "-"
4.204.200.136 - - [24/Aug/2026:10:23:01 -0400] "GET /FWAZ.php HTTP/1.1" 404 - "-" "-"
4.204.200.136 - - [24/Aug/2026:10:23:01 -0400] "GET /blurbs.php HTTP/1.1" 404 - "-" "-"
4.204.200.136 - - [24/Aug/2026:10:23:01 -0400] "GET /100.php HTTP/1.1" 404 - "-" "-"
4.204.200.136 - - [24/Aug/2026:10:23:02 -0400] "GET /ccc.php?p= HTTP/1.1" 404 - "-" "-"
4.204.200.136 - - [24/Aug/2026:10:23:02 -0400] "GET /get.php HTTP/1.1" 404 - "-" "-"
4.204.200.136 - - [24/Aug/2026:10:23:02 -0400] "GET /images.php HTTP/1.1" 404 - "-" "-"
4.204.200.136 - - [24/Aug/2026:10:23:02 -0400] "GET /alls.php HTTP/1.1" 404 - "-" "-"
4.204.200.136 - - [24/Aug/2026:10:23:03 -0400] "GET /coffexium.php HTTP/1.1" 404 - "-" "-"
4.204.200.136 - - [24/Aug/2026:10:23:03 -0400] "GET /red.php HTTP/1.1" 404 - "-" "-"
4.204.200.136 - - [24/Aug/2026:10:23:03 -0400] "GET /admin.php HTTP/1.1" 404 - "-" "-"
4.204.200.136 - - [24/Aug/2026:10:23:04 -0400] "GET /file52.php HTTP/1.1" 404 - "-" "-"
4.204.200.136 - - [24/Aug/2026:10:23:04 -0400] "GET /geck.php HTTP/1.1" 404 - "-" "-"
4.204.200.136 - - [24/Aug/2026:10:23:04 -0400] "GET /biufile.php HTTP/1.1" 404 - "-" "-"
4.204.200.136 - - [24/Aug/2026:10:23:04 -0400] "GET /dejavu.php HTTP/1.1" 404 - "-" "-"
4.204.200.136 - - [24/Aug/2026:10:23:05 -0400] "GET /aaf.php HTTP/1.1" 404 - "-" "-"
4.204.200.136 - - [24/Aug/2026:10:23:05 -0400] "GET /h02ugyh.php HTTP/1.1" 404 - "-" "-"
4.204.200.136 - - [24/Aug/2026:10:23:05 -0400] "GET /155.php HTTP/1.1" 404 - "-" "-"
4.204.200.136 - - [24/Aug/2026:10:23:06 -0400] "GET /ops.php HTTP/1.1" 404 - "-" "-"
4.204.200.136 - - [24/Aug/2026:10:23:06 -0400] "GET /mac.php HTTP/1.1" 404 - "-" "-"
4.204.200.136 - - [24/Aug/2026:10:23:06 -0400] "GET /makeasmtp.php?p= HTTP/1.1" 404 - "-" "-"
4.204.200.136 - - [24/Aug/2026:10:23:06 -0400] "GET /system_log.php HTTP/1.1" 404 - "-" "-"
4.204.200.136 - - [24/Aug/2026:10:23:07 -0400] "GET /pucci.php HTTP/1.1" 404 - "-" "-"
4.204.200.136 - - [24/Aug/2026:10:23:07 -0400] "GET /puc.php HTTP/1.1" 404 - "-" "-"
4.204.200.136 - - [24/Aug/2026:10:23:07 -0400] "GET /8.php HTTP/1.1" 404 - "-" "-"
4.204.200.136 - - [24/Aug/2026:10:23:08 -0400] "GET /1.php HTTP/1.1" 404 - "-" "-"
4.204.200.136 - - [24/Aug/2026:10:23:08 -0400] "GET /about.php HTTP/1.1" 404 - "-" "-"
4.204.200.136 - - [24/Aug/2026:10:23:08 -0400] "GET /admin.php HTTP/1.1" 404 - "-" "-"
4.204.200.136 - - [24/Aug/2026:10:23:08 -0400] "GET /edit.php HTTP/1.1" 404 - "-" "-"
4.204.200.136 - - [24/Aug/2026:10:23:09 -0400] "GET /inputs.php HTTP/1.1" 404 - "-" "-"
4.204.200.136 - - [24/Aug/2026:10:23:09 -0400] "GET /av.php HTTP/1.1" 404 - "-" "-"
4.204.200.136 - - [24/Aug/2026:10:23:09 -0400] "GET /classwithtostring.php?p= HTTP/1.1" 404 - "-" "-"
4.204.200.136 - - [24/Aug/2026:10:23:10 -0400] "GET /adminfuns.php HTTP/1.1" 404 - "-" "-"
4.204.200.136 - - [24/Aug/2026:10:23:10 -0400] "GET /ms-edit.php HTTP/1.1" 404 - "-" "-"
4.204.200.136 - - [24/Aug/2026:10:23:10 -0400] "GET /222.php HTTP/1.1" 404 - "-" "-"
4.204.200.136 - - [24/Aug/2026:10:23:10 -0400] "GET /BDKR28WP.php HTTP/1.1" 404 - "-" "-"
4.204.200.136 - - [24/Aug/2026:10:23:11 -0400] "GET /wp.php HTTP/1.1" 404 - "-" "-"
4.204.200.136 - - [24/Aug/2026:10:23:11 -0400] "GET /i.php HTTP/1.1" 404 - "-" "-"
4.204.200.136 - - [24/Aug/2026:10:23:11 -0400] "GET /abcd.php HTTP/1.1" 404 - "-" "-"
4.204.200.136 - - [24/Aug/2026:10:23:12 -0400] "GET /simple.php HTTP/1.1" 404 - "-" "-"
4.204.200.136 - - [24/Aug/2026:10:23:12 -0400] "GET /chosen.php HTTP/1.1" 404 - "-" "-"
4.204.200.136 - - [24/Aug/2026:10:23:12 -0400] "GET /als.php HTTP/1.1" 404 - "-" "-"
4.204.200.136 - - [24/Aug/2026:10:23:12 -0400] "GET /nox.php HTTP/1.1" 404 - "-" "-"
4.204.200.136 - - [24/Aug/2026:10:23:13 -0400] "GET /file59.php HTTP/1.1" 404 - "-" "-"
4.204.200.136 - - [24/Aug/2026:10:23:13 -0400] "GET /admin.php? HTTP/1.1" 404 - "-" "-"
4.204.200.136 - - [24/Aug/2026:10:23:13 -0400] "GET /aa2.php HTTP/1.1" 404 - "-" "-"
4.204.200.136 - - [24/Aug/2026:10:23:13 -0400] "GET /xamp.php HTTP/1.1" 404 - "-" "-"
4.204.200.136 - - [24/Aug/2026:10:23:14 -0400] "GET /bless.php HTTP/1.1" 404 - "-" "-"
4.204.200.136 - - [24/Aug/2026:10:23:14 -0400] "GET /f35.php HTTP/1.1" 404 - "-" "-"
4.204.200.136 - - [24/Aug/2026:10:23:14 -0400] "GET /aaa.php HTTP/1.1" 404 - "-" "-"
4.204.200.136 - - [24/Aug/2026:10:23:15 -0400] "GET /gecko.php HTTP/1.1" 404 - "-" "-"
4.204.200.136 - - [24/Aug/2026:10:23:15 -0400] "GET /xiugai.php?p= HTTP/1.1" 404 - "-" "-"
4.204.200.136 - - [24/Aug/2026:10:23:15 -0400] "GET /adminner.php HTTP/1.1" 404 - "-" "-"
4.204.200.136 - - [24/Aug/2026:10:23:15 -0400] "GET /file1221.php HTTP/1.1" 404 - "-" "-"
4.204.200.136 - - [24/Aug/2026:10:23:16 -0400] "GET /inx.php HTTP/1.1" 404 - "-" "-"
4.204.200.136 - - [24/Aug/2026:10:23:16 -0400] "GET /reviall.php HTTP/1.1" 404 - "-" "-"
4.204.200.136 - - [24/Aug/2026:10:23:16 -0400] "GET /11.php?p= HTTP/1.1" 404 - "-" "-"
4.204.200.136 - - [24/Aug/2026:10:23:17 -0400] "GET /File.php HTTP/1.1" 404 - "-" "-"
4.204.200.136 - - [24/Aug/2026:10:23:17 -0400] "GET /fi22.php HTTP/1.1" 404 - "-" "-"
4.204.200.136 - - [24/Aug/2026:10:23:17 -0400] "GET /3PJcpMFsD8B.php HTTP/1.1" 404 - "-" "-"
4.204.200.136 - - [24/Aug/2026:10:23:17 -0400] "GET /a3ampzmbipnkpxeqhqpsanCdefault.php HTTP/1.1" 404 - "-" "-"
4.204.200.136 - - [24/Aug/2026:10:23:18 -0400] "GET /4PJcpMFsD8B.php HTTP/1.1" 404 - "-" "-"
4.204.200.136 - - [24/Aug/2026:10:23:18 -0400] "GET /i99z7zzbwtpteujvv6s8hiCdefault.php HTTP/1.1" 404 - "-" "-"
4.204.200.136 - - [24/Aug/2026:10:23:18 -0400] "GET /gwaih1gfzp5vuwr04Cdefault.php HTTP/1.1" 404 - "-" "-"
4.204.200.136 - - [24/Aug/2026:10:23:19 -0400] "GET /1wvekeybd9it2di2vyipgr6Cdefault.php HTTP/1.1" 404 - "-" "-"
4.204.200.136 - - [24/Aug/2026:10:23:19 -0400] "GET /media.php HTTP/1.1" 404 - "-" "-"
4.204.200.136 - - [24/Aug/2026:10:23:19 -0400] "GET /inso.php HTTP/1.1" 404 - "-" "-"
4.204.200.136 - - [24/Aug/2026:10:23:19 -0400] "GET /shiny.php HTTP/1.1" 404 - "-" "-"
4.204.200.136 - - [24/Aug/2026:10:23:20 -0400] "GET /403dd.php HTTP/1.1" 404 - "-" "-"
4.204.200.136 - - [24/Aug/2026:10:23:20 -0400] "GET /baba.php HTTP/1.1" 404 - "-" "-"
4.204.200.136 - - [24/Aug/2026:10:23:21 -0400] "GET /site.php HTTP/1.1" 404 - "-" "-"
4.204.200.136 - - [24/Aug/2026:10:23:21 -0400] "GET /cabs.php HTTP/1.1" 404 - "-" "-"
4.204.200.136 - - [24/Aug/2026:10:23:21 -0400] "GET /insc.php HTTP/1.1" 404 - "-" "-"
4.204.200.136 - - [24/Aug/2026:10:23:21 -0400] "GET /file.php? HTTP/1.1" 404 - "-" "-"
4.204.200.136 - - [24/Aug/2026:10:23:22 -0400] "GET /dex.php HTTP/1.1" 404 - "-" "-"
4.204.200.136 - - [24/Aug/2026:10:23:22 -0400] "GET /key.php HTTP/1.1" 404 - "-" "-"
4.204.200.136 - - [24/Aug/2026:10:23:22 -0400] "GET /kir.php HTTP/1.1" 404 - "-" "-"
4.204.200.136 - - [24/Aug/2026:10:23:23 -0400] "GET /nofile.php HTTP/1.1" 404 - "-" "-"
4.204.200.136 - - [24/Aug/2026:10:23:23 -0400] "GET /fling.php?p= HTTP/1.1" 404 - "-" "-"
4.204.200.136 - - [24/Aug/2026:10:23:23 -0400] "GET /zoo1.php?p= HTTP/1.1" 404 - "-" "-"
4.204.200.136 - - [24/Aug/2026:10:23:23 -0400] "GET /btyuio.php HTTP/1.1" 404 - "-" "-"
4.204.200.136 - - [24/Aug/2026:10:23:24 -0400] "GET /00zip.php HTTP/1.1" 404 - "-" "-"
4.204.200.136 - - [24/Aug/2026:10:23:24 -0400] "GET /silver.php HTTP/1.1" 404 - "-" "-"
4.204.200.136 - - [24/Aug/2026:10:23:24 -0400] "GET /wp-mails.php HTTP/1.1" 404 - "-" "-"
4.204.200.136 - - [24/Aug/2026:10:23:24 -0400] "GET /new.php HTTP/1.1" 404 - "-" "-"
4.204.200.136 - - [24/Aug/2026:10:23:25 -0400] "GET /run.php HTTP/1.1" 404 - "-" "-"
4.204.200.136 - - [24/Aug/2026:10:23:25 -0400] "GET /sm.php HTTP/1.1" 404 - "-" "-"
4.204.200.136 - - [24/Aug/2026:10:23:25 -0400] "GET /araso.php HTTP/1.1" 404 - "-" "-"
4.204.200.136 - - [24/Aug/2026:10:23:26 -0400] "GET /vpn.php HTTP/1.1" 404 - "-" "-"
4.204.200.136 - - [24/Aug/2026:10:23:27 -0400] "GET /class-t.api.php HTTP/1.1" 404 - "-" "-"
4.204.200.136 - - [24/Aug/2026:10:23:27 -0400] "GET /x402.php HTTP/1.1" 404 - "-" "-"
4.204.200.136 - - [24/Aug/2026:10:23:27 -0400] "GET /a.php HTTP/1.1" 404 - "-" "-"
4.204.200.136 - - [24/Aug/2026:10:23:27 -0400] "GET /tunar.php HTTP/1.1" 404 - "-" "-"
4.204.200.136 - - [24/Aug/2026:10:23:28 -0400] "GET /ass.php HTTP/1.1" 404 - "-" "-"
4.204.200.136 - - [24/Aug/2026:10:23:28 -0400] "GET /sb.php HTTP/1.1" 404 - "-" "-"
114.119.134.106 - - [24/Aug/2026:10:23:32 -0400] "GET /wp-includes/core.php?sepatusuper=/home3/caa20236/www/wp-content/uploads/revslider/templates/big-bold-blog HTTP/1.1" 200 4241 "https://aan.cl/wp-includes/core.php?sepatusuper=/home3/caa20236/www/wp-content/uploads/revslider/templates" "Mozilla/5.0 (Linux; Android 7.0;) AppleWebKit/537.36 (HTML, like Gecko) Mobile Safari/537.36 (compatible; PetalBot;+https://webmaster.petalsearch.com/site/petalbot)"
114.119.152.204 - - [24/Aug/2026:10:24:57 -0400] "GET /wp-includes/core.php?sepatusuper=/home3/caa20236/www/wp-content/uploads/revslider/templates/Corporate-About HTTP/1.1" 200 4254 "https://aan.cl/wp-includes/core.php?sepatusuper=/home3/caa20236/www/wp-content/uploads/revslider/templates" "Mozilla/5.0 (Linux; Android 7.0;) AppleWebKit/537.36 (HTML, like Gecko) Mobile Safari/537.36 (compatible; PetalBot;+https://webmaster.petalsearch.com/site/petalbot)"
114.119.156.223 - - [24/Aug/2026:10:26:23 -0400] "GET /wp-includes/core.php?sepatusuper=/home3/caa20236/www/wp-content/plugins/blocks-animation/build/animation HTTP/1.1" 200 18687 "https://aan.cl/wp-includes/core.php?sepatusuper=/home3/caa20236/www/wp-content/plugins/blocks-animation/build" "Mozilla/5.0 (Linux; Android 7.0;) AppleWebKit/537.36 (HTML, like Gecko) Mobile Safari/537.36 (compatible; PetalBot;+https://webmaster.petalsearch.com/site/petalbot)"
114.119.152.204 - - [24/Aug/2026:10:27:44 -0400] "GET /wp-includes/core.php?sepatusuper=/home3/caa20236/public_html/wp-includes/sodium_compat/namespaced/Core/Curve25519/Ge HTTP/1.1" 200 9737 "https://aan.cl/wp-includes/core.php?sepatusuper=/home3/caa20236/public_html/wp-includes/sodium_compat/namespaced/Core/Curve25519/Ge" "Mozilla/5.0 (Linux; Android 7.0;) AppleWebKit/537.36 (HTML, like Gecko) Mobile Safari/537.36 (compatible; PetalBot;+https://webmaster.petalsearch.com/site/petalbot)"
114.119.155.233 - - [24/Aug/2026:10:29:08 -0400] "GET /wp-includes/core.php?sepatusuper=/home3/caa20236/public_html/wp-content/uploads/revslider/templates/carouselgallery HTTP/1.1" 200 9626 "https://aan.cl/wp-includes/core.php?sepatusuper=/home3/caa20236/public_html/wp-content/uploads/revslider/templates/carouselgallery" "Mozilla/5.0 (Linux; Android 7.0;) AppleWebKit/537.36 (HTML, like Gecko) Mobile Safari/537.36 (compatible; PetalBot;+https://webmaster.petalsearch.com/site/petalbot)"
114.119.142.97 - - [24/Aug/2026:10:30:31 -0400] "GET /wp-includes/core.php?sepatusuper=/home3/caa20236/public_html/wp-content/plugins/wordpress-seo/admin/views/tabs HTTP/1.1" 200 6154 "https://aan.cl/wp-includes/core.php?sepatusuper=/home3/caa20236/public_html/wp-content/plugins/wordpress-seo/admin/views/tabs/network" "Mozilla/5.0 (Linux; Android 7.0;) AppleWebKit/537.36 (HTML, like Gecko) Mobile Safari/537.36 (compatible; PetalBot;+https://webmaster.petalsearch.com/site/petalbot)"
114.119.142.97 - - [24/Aug/2026:10:31:55 -0400] "GET /wp-includes/core.php?sepatusuper=/home3/caa20236/public_html/wp-content/plugins/revslider/public/assets/fonts/revicons HTTP/1.1" 200 8861 "https://aan.cl/wp-includes/core.php?sepatusuper=/home3/caa20236/public_html/wp-content/plugins/revslider/public/assets/fonts/revicons" "Mozilla/5.0 (Linux; Android 7.0;) AppleWebKit/537.36 (HTML, like Gecko) Mobile Safari/537.36 (compatible; PetalBot;+https://webmaster.petalsearch.com/site/petalbot)"
54.37.252.131 - - [24/Aug/2026:10:32:09 -0400] "GET /wp-includes/core.php?filesrc=//opt/cpanel/ea-php74/root/usr/share/tests/pear/XML_Util/tests/CreateTagTests.php&sepatusuper=//opt/cpanel/ea-php74/root/usr/share/tests/pear/XML_Util/tests HTTP/1.1" 200 12216 "-" "Mozilla/5.0 (compatible; MJ12bot/v1.4.8; http://mj12bot.com/)"
54.37.252.131 - - [24/Aug/2026:10:32:16 -0400] "GET /wp-includes/core.php?filesrc=//opt/cpanel/ea-php74/root/usr/var/lib/pear/.channels/.alias/pear.txt&sepatusuper=//opt/cpanel/ea-php74/root/usr/var/lib/pear/.channels/.alias HTTP/1.1" 200 2882 "-" "Mozilla/5.0 (compatible; MJ12bot/v1.4.8; http://mj12bot.com/)"
54.37.252.131 - - [24/Aug/2026:10:32:21 -0400] "GET /wp-includes/core.php?filesrc=//opt/cpanel/ea-php74/root/usr/var/lib/pear/.channels/.alias/pecl.txt&sepatusuper=//opt/cpanel/ea-php74/root/usr/var/lib/pear/.channels/.alias HTTP/1.1" 200 2882 "-" "Mozilla/5.0 (compatible; MJ12bot/v1.4.8; http://mj12bot.com/)"
54.37.252.131 - - [24/Aug/2026:10:32:31 -0400] "GET /wp-includes/core.php?filesrc=//opt/cpanel/ea-php74/root/usr/var/lib/pear/.channels/doc.php.net.reg&sepatusuper=//opt/cpanel/ea-php74/root/usr/var/lib/pear/.channels HTTP/1.1" 200 3568 "-" "Mozilla/5.0 (compatible; MJ12bot/v1.4.8; http://mj12bot.com/)"
54.37.252.131 - - [24/Aug/2026:10:32:35 -0400] "GET /wp-includes/core.php?filesrc=//opt/cpanel/ea-php74/root/usr/var/lib/pear/.channels/pear.php.net.reg&sepatusuper=//opt/cpanel/ea-php74/root/usr/var/lib/pear/.channels HTTP/1.1" 200 3588 "-" "Mozilla/5.0 (compatible; MJ12bot/v1.4.8; http://mj12bot.com/)"
54.37.252.131 - - [24/Aug/2026:10:32:38 -0400] "GET /wp-includes/core.php?filesrc=//opt/cpanel/ea-php74/root/usr/var/lib/pear/.registry/console_getopt.reg&sepatusuper=//opt/cpanel/ea-php74/root/usr/var/lib/pear/.registry HTTP/1.1" 200 18915 "-" "Mozilla/5.0 (compatible; MJ12bot/v1.4.8; http://mj12bot.com/)"
54.37.252.131 - - [24/Aug/2026:10:32:42 -0400] "GET /wp-includes/core.php?filesrc=//opt/cpanel/ea-php74/root/usr/var/lib/pear/.registry/xml_util.reg&sepatusuper=//opt/cpanel/ea-php74/root/usr/var/lib/pear/.registry HTTP/1.1" 200 46475 "-" "Mozilla/5.0 (compatible; MJ12bot/v1.4.8; http://mj12bot.com/)"
57.141.2.42 - - [24/Aug/2026:10:32:44 -0400] "GET / HTTP/1.1" 200 - "-" "facebookexternalhit/1.1 (+http://www.facebook.com/externalhit_uatext.php)"
54.37.252.131 - - [24/Aug/2026:10:32:49 -0400] "GET /wp-includes/core.php?filesrc=//opt/imunify360-webshield/nginx/html/captcha/locale/de/is_protected_by_imunify360.html&sepatusuper=//opt/imunify360-webshield/nginx/html/captcha/locale/de HTTP/1.1" 200 2760 "-" "Mozilla/5.0 (compatible; MJ12bot/v1.4.8; http://mj12bot.com/)"
54.37.252.131 - - [24/Aug/2026:10:32:52 -0400] "GET /wp-includes/core.php?filesrc=//opt/imunify360-webshield/nginx/html/captcha/locale/hu/ip_has_been_unblocked.html&sepatusuper=//opt/imunify360-webshield/nginx/html/captcha/locale/hu HTTP/1.1" 200 2791 "-" "Mozilla/5.0 (compatible; MJ12bot/v1.4.8; http://mj12bot.com/)"
54.37.252.131 - - [24/Aug/2026:10:32:54 -0400] "GET /wp-includes/core.php?filesrc=//opt/imunify360-webshield/nginx/html/captcha/locale/hu/is_protected_by_imunify360.html&sepatusuper=//opt/imunify360-webshield/nginx/html/captcha/locale/hu HTTP/1.1" 200 2756 "-" "Mozilla/5.0 (compatible; MJ12bot/v1.4.8; http://mj12bot.com/)"
54.37.252.131 - - [24/Aug/2026:10:32:57 -0400] "GET /wp-includes/core.php?filesrc=//opt/imunify360-webshield/nginx/html/captcha/locale/hu/please_confirm_that_you_are_not_a_robot.html&sepatusuper=//opt/imunify360-webshield/nginx/html/captcha/locale/hu HTTP/1.1" 200 2780 "-" "Mozilla/5.0 (compatible; MJ12bot/v1.4.8; http://mj12bot.com/)"
54.37.252.131 - - [24/Aug/2026:10:33:04 -0400] "GET /wp-includes/core.php?filesrc=//opt/imunify360-webshield/nginx/html/captcha/locale/hu/you_will_be_redirected_to_your_site_in_the_counter_second.html&sepatusuper=//opt/imunify360-webshield/nginx/html/captcha/locale/hu HTTP/1.1" 200 2819 "-" "Mozilla/5.0 (compatible; MJ12bot/v1.4.8; http://mj12bot.com/)"
54.37.252.131 - - [24/Aug/2026:10:33:13 -0400] "GET /wp-includes/core.php?filesrc=//opt/imunify360-webshield/nginx/html/captcha/locale/id/ip_has_been_unblocked.html&sepatusuper=//opt/imunify360-webshield/nginx/html/captcha/locale/id HTTP/1.1" 200 2788 "-" "Mozilla/5.0 (compatible; MJ12bot/v1.4.8; http://mj12bot.com/)"
114.119.142.15 - - [24/Aug/2026:10:33:18 -0400] "GET /wp-includes/core.php?sepatusuper=/home3/caa20236/mail/aan.cl/ventas/.Archive HTTP/1.1" 200 9115 "https://aan.cl/wp-includes/core.php?sepatusuper=/home3/caa20236/mail/aan.cl/ventas/.Archive/cur" "Mozilla/5.0 (Linux; Android 7.0;) AppleWebKit/537.36 (HTML, like Gecko) Mobile Safari/537.36 (compatible; PetalBot;+https://webmaster.petalsearch.com/site/petalbot)"
54.37.252.131 - - [24/Aug/2026:10:33:21 -0400] "GET /wp-includes/core.php?filesrc=//opt/imunify360-webshield/nginx/html/captcha/locale/id/is_protected_by_imunify360.html&sepatusuper=//opt/imunify360-webshield/nginx/html/captcha/locale/id HTTP/1.1" 200 2755 "-" "Mozilla/5.0 (compatible; MJ12bot/v1.4.8; http://mj12bot.com/)"
114.119.156.223 - - [24/Aug/2026:10:34:42 -0400] "GET /wp-includes/core.php?sepatusuper=//usr/share/perl5/unicore/lib/JoinC HTTP/1.1" 200 3781 "https://aan.cl/wp-includes/core.php?sepatusuper=//usr/share/perl5/unicore/lib" "Mozilla/5.0 (Linux; Android 7.0;) AppleWebKit/537.36 (HTML, like Gecko) Mobile Safari/537.36 (compatible; PetalBot;+https://webmaster.petalsearch.com/site/petalbot)"
114.119.152.204 - - [24/Aug/2026:10:36:06 -0400] "GET /wp-includes/core.php?sepatusuper=//usr/share/locale/ja_JP/LC_MESSAGES HTTP/1.1" 200 6365 "https://aan.cl/wp-includes/core.php?sepatusuper=//usr/share/locale/ja_JP" "Mozilla/5.0 (Linux; Android 7.0;) AppleWebKit/537.36 (HTML, like Gecko) Mobile Safari/537.36 (compatible; PetalBot;+https://webmaster.petalsearch.com/site/petalbot)"
57.141.24.8 - - [24/Aug/2026:10:37:16 -0400] "GET / HTTP/1.1" 200 - "-" "facebookexternalhit/1.1 (+http://www.facebook.com/externalhit_uatext.php)"
114.119.165.5 - - [24/Aug/2026:10:37:33 -0400] "GET /wp-includes/core.php?sepatusuper=//usr/share/locale/ie/LC_MESSAGES HTTP/1.1" 200 2904 "https://aan.cl/wp-includes/core.php?sepatusuper=//usr/share/locale/ie/LC_MESSAGES" "Mozilla/5.0 (Linux; Android 7.0;) AppleWebKit/537.36 (HTML, like Gecko) Mobile Safari/537.36 (compatible; PetalBot;+https://webmaster.petalsearch.com/site/petalbot)"
114.119.142.15 - - [24/Aug/2026:10:38:56 -0400] "GET /wp-includes/core.php?sepatusuper=//usr/share/locale/fil HTTP/1.1" 200 3579 "https://aan.cl/wp-includes/core.php?sepatusuper=//usr/share/locale/fil" "Mozilla/5.0 (Linux; Android 7.0;) AppleWebKit/537.36 (HTML, like Gecko) Mobile Safari/537.36 (compatible; PetalBot;+https://webmaster.petalsearch.com/site/petalbot)"
66.249.73.102 - - [24/Aug/2026:10:39:23 -0400] "GET /robots.txt HTTP/1.1" 404 - "-" "Mozilla/5.0 (compatible; Googlebot/2.1; +http://www.google.com/bot.html)"
66.249.73.101 - - [24/Aug/2026:10:39:24 -0400] "GET / HTTP/1.1" 200 - "-" "Mozilla/5.0 (Linux; Android 6.0.1; Nexus 5X Build/MMB29P) AppleWebKit/537.36 (KHTML, like Gecko) Chrome/151.0.7922.137 Mobile Safari/537.36 (compatible; Googlebot/2.1; +http://www.google.com/bot.html)"
57.141.18.45 - - [24/Aug/2026:10:39:35 -0400] "GET / HTTP/1.1" 200 - "-" "facebookexternalhit/1.1 (+http://www.facebook.com/externalhit_uatext.php)"
114.119.134.106 - - [24/Aug/2026:10:40:19 -0400] "GET /wp-includes/core.php?sepatusuper=//usr/share/locale/et_EE HTTP/1.1" 200 3589 "https://aan.cl/wp-includes/core.php?sepatusuper=//usr/share/locale" "Mozilla/5.0 (Linux; Android 7.0;) AppleWebKit/537.36 (HTML, like Gecko) Mobile Safari/537.36 (compatible; PetalBot;+https://webmaster.petalsearch.com/site/petalbot)"
31.70.128.102 - - [24/Aug/2026:10:41:00 -0400] "GET / HTTP/1.1" 200 - "-" "Mozilla/5.0 (Windows NT 10.0; Win64; x64) AppleWebKit/537.36 (KHTML, like Gecko) Chrome/125.0.0.0 Safari/537.36"
106.52.216.13 - - [24/Aug/2026:10:41:31 -0400] "GET / HTTP/1.1" 200 - "http://www.aan.cl" "Mozilla/5.0 (iPhone; CPU iPhone OS 13_2_3 like Mac OS X) AppleWebKit/605.1.15 (KHTML, like Gecko) Version/13.0.3 Mobile/15E148 Safari/604.1"
114.119.142.15 - - [24/Aug/2026:10:41:42 -0400] "GET /wp-includes/core.php?sepatusuper=//usr/share/locale/es_MX/LC_MESSAGES HTTP/1.1" 200 3786 "https://aan.cl/wp-includes/core.php?sepatusuper=//usr/share/locale/es_MX/LC_MESSAGES" "Mozilla/5.0 (Linux; Android 7.0;) AppleWebKit/537.36 (HTML, like Gecko) Mobile Safari/537.36 (compatible; PetalBot;+https://webmaster.petalsearch.com/site/petalbot)"
57.141.8.56 - - [24/Aug/2026:10:42:36 -0400] "GET / HTTP/1.1" 200 - "-" "facebookexternalhit/1.1 (+http://www.facebook.com/externalhit_uatext.php)"
114.119.152.204 - - [24/Aug/2026:10:43:06 -0400] "GET /wp-includes/core.php?sepatusuper=//usr/share/locale/en_AU/LC_MESSAGES HTTP/1.1" 200 3767 "https://aan.cl/wp-includes/core.php?sepatusuper=//usr/share/locale/en_AU/LC_MESSAGES" "Mozilla/5.0 (Linux; Android 7.0;) AppleWebKit/537.36 (HTML, like Gecko) Mobile Safari/537.36 (compatible; PetalBot;+https://webmaster.petalsearch.com/site/petalbot)"
114.119.142.15 - - [24/Aug/2026:10:44:30 -0400] "GET /wp-includes/core.php?sepatusuper=//usr/share/locale/en%40greek/LC_MESSAGES HTTP/1.1" 200 3765 "https://aan.cl/wp-includes/core.php?sepatusuper=//usr/share/locale/en%40greek" "Mozilla/5.0 (Linux; Android 7.0;) AppleWebKit/537.36 (HTML, like Gecko) Mobile Safari/537.36 (compatible; PetalBot;+https://webmaster.petalsearch.com/site/petalbot)"
