20.203.162.73 - - [25/Aug/2026:05:23:55 -0400] "GET /wp-content/plugins/hellopress/wp_filemanager.php HTTP/1.1" 404 - "-" "-"
20.203.162.73 - - [25/Aug/2026:05:23:56 -0400] "GET /this_is_a_new_hello_world.php HTTP/1.1" 404 - "-" "-"
20.203.162.73 - - [25/Aug/2026:05:23:57 -0400] "GET /adminfuns.php HTTP/1.1" 404 - "-" "-"
216.73.216.182 - - [25/Aug/2026:05:23:57 -0400] "GET /wp-includes/core.php?sepatusuper=%2Fhome3%2Fcaa20236%2Fpublic_html%2Fwp-includes%2Fblocks%2Fterm-template HTTP/1.1" 200 11889 "-" "Mozilla/5.0 AppleWebKit/537.36 (KHTML, like Gecko; compatible; ClaudeBot/1.0; +claudebot@anthropic.com)"
20.203.162.73 - - [25/Aug/2026:05:23:57 -0400] "GET /goods.php HTTP/1.1" 404 - "-" "-"
20.203.162.73 - - [25/Aug/2026:05:23:58 -0400] "GET /100.php HTTP/1.1" 404 - "-" "-"
20.203.162.73 - - [25/Aug/2026:05:23:58 -0400] "GET /about.php? HTTP/1.1" 404 - "-" "-"
20.203.162.73 - - [25/Aug/2026:05:23:59 -0400] "GET /about.php HTTP/1.1" 404 - "-" "-"
20.203.162.73 - - [25/Aug/2026:05:23:59 -0400] "GET /admin.php HTTP/1.1" 404 - "-" "-"
20.203.162.73 - - [25/Aug/2026:05:24:00 -0400] "GET /admin.php? HTTP/1.1" 404 - "-" "-"
20.203.162.73 - - [25/Aug/2026:05:24:01 -0400] "GET /themes.php HTTP/1.1" 404 - "-" "-"
20.203.162.73 - - [25/Aug/2026:05:24:01 -0400] "GET /biufile.php HTTP/1.1" 404 - "-" "-"
20.203.162.73 - - [25/Aug/2026:05:24:02 -0400] "GET /coffexium.php HTTP/1.1" 404 - "-" "-"
216.73.216.182 - - [25/Aug/2026:05:24:02 -0400] "GET /wp-includes/core.php?sepatusuper=%2Fhome3%2Fcaa20236%2Fpublic_html%2Fwp-includes%2Fblocks%2Fimage HTTP/1.1" 200 19157 "-" "Mozilla/5.0 AppleWebKit/537.36 (KHTML, like Gecko; compatible; ClaudeBot/1.0; +claudebot@anthropic.com)"
20.203.162.73 - - [25/Aug/2026:05:24:02 -0400] "GET /coffee.php HTTP/1.1" 404 - "-" "-"
20.203.162.73 - - [25/Aug/2026:05:24:03 -0400] "GET /classwithtostring.php?p= HTTP/1.1" 404 - "-" "-"
20.203.162.73 - - [25/Aug/2026:05:24:03 -0400] "GET /wp-ws68.php?p= HTTP/1.1" 404 - "-" "-"
20.203.162.73 - - [25/Aug/2026:05:24:04 -0400] "GET /mgrr.php HTTP/1.1" 404 - "-" "-"
20.203.162.73 - - [25/Aug/2026:05:24:04 -0400] "GET /55.php?p= HTTP/1.1" 404 - "-" "-"
20.203.162.73 - - [25/Aug/2026:05:24:05 -0400] "GET /yj09.php HTTP/1.1" 404 - "-" "-"
20.203.162.73 - - [25/Aug/2026:05:24:05 -0400] "GET /scxy.php HTTP/1.1" 404 - "-" "-"
20.203.162.73 - - [25/Aug/2026:05:24:06 -0400] "GET /ws13.php?p= HTTP/1.1" 404 - "-" "-"
20.203.162.73 - - [25/Aug/2026:05:24:06 -0400] "GET /btx25.php HTTP/1.1" 404 - "-" "-"
20.203.162.73 - - [25/Aug/2026:05:24:07 -0400] "GET /SDsadqwrf.php HTTP/1.1" 404 - "-" "-"
216.73.216.182 - - [25/Aug/2026:05:24:08 -0400] "GET /wp-includes/core.php?sepatusuper=%2Fhome3%2Fcaa20236%2Fpublic_html%2Fwp-includes%2Fblocks%2Fpost-author-biography HTTP/1.1" 200 8129 "-" "Mozilla/5.0 AppleWebKit/537.36 (KHTML, like Gecko; compatible; ClaudeBot/1.0; +claudebot@anthropic.com)"
20.203.162.73 - - [25/Aug/2026:05:24:08 -0400] "GET /BDKR28WP.php HTTP/1.1" 404 - "-" "-"
20.203.162.73 - - [25/Aug/2026:05:24:08 -0400] "GET /sky.php HTTP/1.1" 404 - "-" "-"
20.203.162.73 - - [25/Aug/2026:05:24:08 -0400] "GET /file5.php HTTP/1.1" 404 - "-" "-"
20.203.162.73 - - [25/Aug/2026:05:24:09 -0400] "GET /xyn.php HTTP/1.1" 404 - "-" "-"
20.203.162.73 - - [25/Aug/2026:05:24:09 -0400] "GET /inso.php HTTP/1.1" 404 - "-" "-"
20.203.162.73 - - [25/Aug/2026:05:24:10 -0400] "GET /puc.php HTTP/1.1" 404 - "-" "-"
20.203.162.73 - - [25/Aug/2026:05:24:10 -0400] "GET /19.php HTTP/1.1" 404 - "-" "-"
20.203.162.73 - - [25/Aug/2026:05:24:11 -0400] "GET /133.php HTTP/1.1" 404 - "-" "-"
20.203.162.73 - - [25/Aug/2026:05:24:11 -0400] "GET /1xmomo.php HTTP/1.1" 404 - "-" "-"
20.203.162.73 - - [25/Aug/2026:05:24:12 -0400] "GET /mosty.php HTTP/1.1" 404 - "-" "-"
216.73.216.182 - - [25/Aug/2026:05:24:12 -0400] "GET /wp-includes/core.php?filesrc=%2Fhome3%2Fcaa20236%2Fpublic_html%2Fwp-includes%2Fblocks%2Fpost-excerpt.php&sepatusuper=%2Fhome3%2Fcaa20236%2Fpublic_html%2Fwp-includes%2Fblocks HTTP/1.1" 200 6282 "-" "Mozilla/5.0 AppleWebKit/537.36 (KHTML, like Gecko; compatible; ClaudeBot/1.0; +claudebot@anthropic.com)"
20.203.162.73 - - [25/Aug/2026:05:24:12 -0400] "GET /blurbs.php HTTP/1.1" 404 - "-" "-"
20.203.162.73 - - [25/Aug/2026:05:24:13 -0400] "GET /h.php HTTP/1.1" 404 - "-" "-"
20.203.162.73 - - [25/Aug/2026:05:24:13 -0400] "GET /ano.php HTTP/1.1" 404 - "-" "-"
20.203.162.73 - - [25/Aug/2026:05:24:14 -0400] "GET /ai.php HTTP/1.1" 404 - "-" "-"
20.203.162.73 - - [25/Aug/2026:05:24:15 -0400] "GET /sf.php HTTP/1.1" 404 - "-" "-"
20.203.162.73 - - [25/Aug/2026:05:24:15 -0400] "GET /xx.php HTTP/1.1" 404 - "-" "-"
20.203.162.73 - - [25/Aug/2026:05:24:16 -0400] "GET /uwu.php HTTP/1.1" 404 - "-" "-"
20.203.162.73 - - [25/Aug/2026:05:24:16 -0400] "GET /signon.php?p= HTTP/1.1" 404 - "-" "-"
20.203.162.73 - - [25/Aug/2026:05:24:16 -0400] "GET /file61.php HTTP/1.1" 404 - "-" "-"
20.203.162.73 - - [25/Aug/2026:05:24:17 -0400] "GET /copypaths.php HTTP/1.1" 404 - "-" "-"
216.73.216.182 - - [25/Aug/2026:05:24:17 -0400] "GET /wp-includes/core.php?filesrc=%2Fhome3%2Fcaa20236%2Fpublic_html%2Fwp-includes%2Fblocks%2Fquery-pagination.php&sepatusuper=%2Fhome3%2Fcaa20236%2Fpublic_html%2Fwp-includes%2Fblocks HTTP/1.1" 200 3726 "-" "Mozilla/5.0 AppleWebKit/537.36 (KHTML, like Gecko; compatible; ClaudeBot/1.0; +claudebot@anthropic.com)"
20.203.162.73 - - [25/Aug/2026:05:24:17 -0400] "GET /bless6.php HTTP/1.1" 404 - "-" "-"
20.203.162.73 - - [25/Aug/2026:05:24:18 -0400] "GET /special.php HTTP/1.1" 404 - "-" "-"
20.203.162.73 - - [25/Aug/2026:05:24:18 -0400] "GET /fz.php HTTP/1.1" 404 - "-" "-"
20.203.162.73 - - [25/Aug/2026:05:24:19 -0400] "GET /clque.php HTTP/1.1" 404 - "-" "-"
20.203.162.73 - - [25/Aug/2026:05:24:19 -0400] "GET /nano.php HTTP/1.1" 404 - "-" "-"
20.203.162.73 - - [25/Aug/2026:05:24:21 -0400] "GET /.mopj.php HTTP/1.1" 404 - "-" "-"
20.203.162.73 - - [25/Aug/2026:05:24:22 -0400] "GET /bengi.php HTTP/1.1" 404 - "-" "-"
20.203.162.73 - - [25/Aug/2026:05:24:22 -0400] "GET /file2.php HTTP/1.1" 404 - "-" "-"
216.73.216.182 - - [25/Aug/2026:05:24:22 -0400] "GET /wp-includes/core.php?filesrc=%2Fhome3%2Fcaa20236%2Fpublic_html%2Fwp-includes%2Fblocks%2Frss.php&sepatusuper=%2Fhome3%2Fcaa20236%2Fpublic_html%2Fwp-includes%2Fblocks HTTP/1.1" 200 7524 "-" "Mozilla/5.0 AppleWebKit/537.36 (KHTML, like Gecko; compatible; ClaudeBot/1.0; +claudebot@anthropic.com)"
20.203.162.73 - - [25/Aug/2026:05:24:23 -0400] "GET /gm.php HTTP/1.1" 404 - "-" "-"
20.203.162.73 - - [25/Aug/2026:05:24:23 -0400] "GET /ws55.php HTTP/1.1" 404 - "-" "-"
20.203.162.73 - - [25/Aug/2026:05:24:24 -0400] "GET /m.php?p= HTTP/1.1" 404 - "-" "-"
20.203.162.73 - - [25/Aug/2026:05:24:24 -0400] "GET /33.php HTTP/1.1" 404 - "-" "-"
20.203.162.73 - - [25/Aug/2026:05:24:25 -0400] "GET /packed.php HTTP/1.1" 404 - "-" "-"
20.203.162.73 - - [25/Aug/2026:05:24:25 -0400] "GET /wp-content/uploads/ HTTP/1.1" 200 2918 "-" "-"
20.203.162.73 - - [25/Aug/2026:05:24:26 -0400] "GET /w.php HTTP/1.1" 404 - "-" "-"
20.203.162.73 - - [25/Aug/2026:05:24:27 -0400] "GET /ccc.php HTTP/1.1" 404 - "-" "-"
216.73.216.182 - - [25/Aug/2026:05:24:27 -0400] "GET /wp-includes/core.php?filesrc=%2Fhome3%2Fcaa20236%2Fpublic_html%2Fwp-includes%2Fblocks%2Fcomments-pagination.php&sepatusuper=%2Fhome3%2Fcaa20236%2Fpublic_html%2Fwp-includes%2Fblocks HTTP/1.1" 200 3814 "-" "Mozilla/5.0 AppleWebKit/537.36 (KHTML, like Gecko; compatible; ClaudeBot/1.0; +claudebot@anthropic.com)"
20.203.162.73 - - [25/Aug/2026:05:24:27 -0400] "GET /file15.php HTTP/1.1" 404 - "-" "-"
20.203.162.73 - - [25/Aug/2026:05:24:28 -0400] "GET /jp.php HTTP/1.1" 404 - "-" "-"
20.203.162.73 - - [25/Aug/2026:05:24:28 -0400] "GET /f35.php HTTP/1.1" 404 - "-" "-"
20.203.162.73 - - [25/Aug/2026:05:24:29 -0400] "GET /shiny.php HTTP/1.1" 404 - "-" "-"
20.203.162.73 - - [25/Aug/2026:05:24:29 -0400] "GET /images.php HTTP/1.1" 404 - "-" "-"
20.203.162.73 - - [25/Aug/2026:05:24:30 -0400] "GET /82.php HTTP/1.1" 404 - "-" "-"
20.203.162.73 - - [25/Aug/2026:05:24:30 -0400] "GET /files.php/new.php HTTP/1.1" 404 - "-" "-"
20.203.162.73 - - [25/Aug/2026:05:24:31 -0400] "GET /mghnhykio.php/new.php HTTP/1.1" 404 - "-" "-"
20.203.162.73 - - [25/Aug/2026:05:24:31 -0400] "GET /admin.php/nope.php HTTP/1.1" 404 - "-" "-"
216.73.216.182 - - [25/Aug/2026:05:24:32 -0400] "GET /wp-includes/css/dist/nux/?C=M&O=A HTTP/1.1" 200 1383 "-" "Mozilla/5.0 AppleWebKit/537.36 (KHTML, like Gecko; compatible; ClaudeBot/1.0; +claudebot@anthropic.com)"
20.203.162.73 - - [25/Aug/2026:05:24:33 -0400] "GET /lib.php/new.php HTTP/1.1" 404 - "-" "-"
20.203.162.73 - - [25/Aug/2026:05:24:33 -0400] "GET /info.php/new.php HTTP/1.1" 404 - "-" "-"
20.203.162.73 - - [25/Aug/2026:05:24:34 -0400] "GET /db.php/new.php HTTP/1.1" 404 - "-" "-"
20.203.162.73 - - [25/Aug/2026:05:24:34 -0400] "GET /kuda.php HTTP/1.1" 404 - "-" "-"
20.203.162.73 - - [25/Aug/2026:05:24:35 -0400] "GET /sure.php HTTP/1.1" 404 - "-" "-"
20.203.162.73 - - [25/Aug/2026:05:24:35 -0400] "GET /gray.php HTTP/1.1" 404 - "-" "-"
20.203.162.73 - - [25/Aug/2026:05:24:36 -0400] "GET /puki.php HTTP/1.1" 404 - "-" "-"
20.203.162.73 - - [25/Aug/2026:05:24:37 -0400] "GET /sonic.php HTTP/1.1" 404 - "-" "-"
216.73.216.182 - - [25/Aug/2026:05:24:37 -0400] "GET /wp-includes/core.php?sepatusuper=%2Fhome3%2Fcaa20236%2Fpublic_html%2Fwp-includes%2Fblocks%2Fsocial-link HTTP/1.1" 200 7921 "-" "Mozilla/5.0 AppleWebKit/537.36 (KHTML, like Gecko; compatible; ClaudeBot/1.0; +claudebot@anthropic.com)"
20.203.162.73 - - [25/Aug/2026:05:24:37 -0400] "GET /pop.php HTTP/1.1" 404 - "-" "-"
20.203.162.73 - - [25/Aug/2026:05:24:38 -0400] "GET /503.php HTTP/1.1" 404 - "-" "-"
114.119.165.5 - - [25/Aug/2026:05:24:38 -0400] "GET /wp-includes/core.php?sepatusuper=/home3/caa20236/public_html/wp-includes/pomo HTTP/1.1" 200 8401 "https://aan.cl/wp-includes/core.php?sepatusuper=/home3/caa20236/public_html/wp-includes/pomo" "Mozilla/5.0 (Linux; Android 7.0;) AppleWebKit/537.36 (HTML, like Gecko) Mobile Safari/537.36 (compatible; PetalBot;+https://webmaster.petalsearch.com/site/petalbot)"
20.203.162.73 - - [25/Aug/2026:05:24:38 -0400] "GET /fxp.php HTTP/1.1" 404 - "-" "-"
20.203.162.73 - - [25/Aug/2026:05:24:39 -0400] "GET /vv.php HTTP/1.1" 404 - "-" "-"
20.203.162.73 - - [25/Aug/2026:05:24:39 -0400] "GET /bossu.php HTTP/1.1" 404 - "-" "-"
20.203.162.73 - - [25/Aug/2026:05:24:40 -0400] "GET /504.php HTTP/1.1" 404 - "-" "-"
20.203.162.73 - - [25/Aug/2026:05:24:41 -0400] "GET /nice.php?p= HTTP/1.1" 404 - "-" "-"
20.203.162.73 - - [25/Aug/2026:05:24:41 -0400] "GET /beence.php HTTP/1.1" 404 - "-" "-"
20.203.162.73 - - [25/Aug/2026:05:24:42 -0400] "GET /222.php HTTP/1.1" 404 - "-" "-"
216.73.216.182 - - [25/Aug/2026:05:24:42 -0400] "GET /wp-includes/core.php?filesrc=%2Fhome3%2Fcaa20236%2Fpublic_html%2Fwp-includes%2Fblocks%2Fpost-terms.php&sepatusuper=%2Fhome3%2Fcaa20236%2Fpublic_html%2Fwp-includes%2Fblocks HTTP/1.1" 200 6337 "-" "Mozilla/5.0 AppleWebKit/537.36 (KHTML, like Gecko; compatible; ClaudeBot/1.0; +claudebot@anthropic.com)"
20.203.162.73 - - [25/Aug/2026:05:24:43 -0400] "GET /ops.php HTTP/1.1" 404 - "-" "-"
20.203.162.73 - - [25/Aug/2026:05:24:43 -0400] "GET /4PJcpMFsD8B.php HTTP/1.1" 404 - "-" "-"
20.203.162.73 - - [25/Aug/2026:05:24:44 -0400] "GET /3PJcpMFsD8B.php HTTP/1.1" 404 - "-" "-"
216.73.216.182 - - [25/Aug/2026:05:24:47 -0400] "GET /wp-includes/core.php?filesrc=%2Fhome3%2Fcaa20236%2Fpublic_html%2Fwp-includes%2FID3%2Fgetid3.lib.php&sepatusuper=%2Fhome3%2Fcaa20236%2Fpublic_html%2Fwp-includes%2FID3 HTTP/1.1" 200 59509 "-" "Mozilla/5.0 AppleWebKit/537.36 (KHTML, like Gecko; compatible; ClaudeBot/1.0; +claudebot@anthropic.com)"
216.73.216.182 - - [25/Aug/2026:05:24:52 -0400] "GET /wp-includes/core.php?filesrc=%2Fhome3%2Fcaa20236%2Fpublic_html%2Fwp-includes%2Fblocks%2Fpost-template.php&sepatusuper=%2Fhome3%2Fcaa20236%2Fpublic_html%2Fwp-includes%2Fblocks HTTP/1.1" 200 8474 "-" "Mozilla/5.0 AppleWebKit/537.36 (KHTML, like Gecko; compatible; ClaudeBot/1.0; +claudebot@anthropic.com)"
216.73.216.182 - - [25/Aug/2026:05:24:57 -0400] "GET /wp-includes/core.php?filesrc=%2Fhome3%2Fcaa20236%2Fpublic_html%2Fwp-includes%2Fblocks%2Fpost-content.php&sepatusuper=%2Fhome3%2Fcaa20236%2Fpublic_html%2Fwp-includes%2Fblocks HTTP/1.1" 200 5243 "-" "Mozilla/5.0 AppleWebKit/537.36 (KHTML, like Gecko; compatible; ClaudeBot/1.0; +claudebot@anthropic.com)"
216.73.216.182 - - [25/Aug/2026:05:25:08 -0400] "GET /wp-includes/css/dist/nux/?C=N&O=D HTTP/1.1" 200 1383 "-" "Mozilla/5.0 AppleWebKit/537.36 (KHTML, like Gecko; compatible; ClaudeBot/1.0; +claudebot@anthropic.com)"
216.73.216.182 - - [25/Aug/2026:05:25:12 -0400] "GET /wp-includes/core.php?sepatusuper=%2Fhome3%2Fcaa20236%2Fpublic_html%2Fwp-includes%2Fblocks%2Fquery-no-results HTTP/1.1" 200 4050 "-" "Mozilla/5.0 AppleWebKit/537.36 (KHTML, like Gecko; compatible; ClaudeBot/1.0; +claudebot@anthropic.com)"
216.73.216.182 - - [25/Aug/2026:05:25:18 -0400] "GET /wp-includes/core.php?filesrc=%2Fhome3%2Fcaa20236%2F.myimunify_id&sepatusuper=%2Fhome3%2Fcaa20236 HTTP/1.1" 200 2363 "-" "Mozilla/5.0 AppleWebKit/537.36 (KHTML, like Gecko; compatible; ClaudeBot/1.0; +claudebot@anthropic.com)"
216.73.216.182 - - [25/Aug/2026:05:25:22 -0400] "GET /wp-includes/core.php?filesrc=%2Fhome3%2Fcaa20236%2F.zshrc&sepatusuper=%2Fhome3%2Fcaa20236 HTTP/1.1" 200 2912 "-" "Mozilla/5.0 AppleWebKit/537.36 (KHTML, like Gecko; compatible; ClaudeBot/1.0; +claudebot@anthropic.com)"
216.73.216.182 - - [25/Aug/2026:05:25:28 -0400] "GET /wp-includes/core.php?filesrc=%2Fhome3%2Fcaa20236%2F.bash_profile&sepatusuper=%2Fhome3%2Fcaa20236 HTTP/1.1" 200 2437 "-" "Mozilla/5.0 AppleWebKit/537.36 (KHTML, like Gecko; compatible; ClaudeBot/1.0; +claudebot@anthropic.com)"
216.73.216.182 - - [25/Aug/2026:05:25:32 -0400] "GET /wp-includes/images/?C=D&O=A HTTP/1.1" 200 5768 "-" "Mozilla/5.0 AppleWebKit/537.36 (KHTML, like Gecko; compatible; ClaudeBot/1.0; +claudebot@anthropic.com)"
216.73.216.182 - - [25/Aug/2026:05:25:37 -0400] "GET /wp-includes/core.php?filesrc=%2Fhome3%2Fcaa20236%2Fpublic_html%2Fwp-includes%2Fjs%2Fautosave.js&sepatusuper=%2Fhome3%2Fcaa20236%2Fpublic_html%2Fwp-includes%2Fjs HTTP/1.1" 200 25127 "-" "Mozilla/5.0 AppleWebKit/537.36 (KHTML, like Gecko; compatible; ClaudeBot/1.0; +claudebot@anthropic.com)"
216.73.216.182 - - [25/Aug/2026:05:25:42 -0400] "GET /wp-includes/core.php?filesrc=%2Fhome3%2Fcaa20236%2Fpublic_html%2Fwp-includes%2Fjs%2Funderscore.js&sepatusuper=%2Fhome3%2Fcaa20236%2Fpublic_html%2Fwp-includes%2Fjs HTTP/1.1" 200 72309 "-" "Mozilla/5.0 AppleWebKit/537.36 (KHTML, like Gecko; compatible; ClaudeBot/1.0; +claudebot@anthropic.com)"
216.73.216.182 - - [25/Aug/2026:05:25:47 -0400] "GET /wp-includes/core.php?filesrc=%2Fhome3%2Fcaa20236%2Fpublic_html%2Fwp-includes%2Fjs%2Fwplink.js&sepatusuper=%2Fhome3%2Fcaa20236%2Fpublic_html%2Fwp-includes%2Fjs HTTP/1.1" 200 24209 "-" "Mozilla/5.0 AppleWebKit/537.36 (KHTML, like Gecko; compatible; ClaudeBot/1.0; +claudebot@anthropic.com)"
216.73.216.182 - - [25/Aug/2026:05:25:52 -0400] "GET /wp-includes/core.php?filesrc=%2Fhome3%2Fcaa20236%2Fpublic_html%2Fwp-includes%2FPHPMailer%2Ferror_log&sepatusuper=%2Fhome3%2Fcaa20236%2Fpublic_html%2Fwp-includes%2FPHPMailer HTTP/1.1" 200 67915 "-" "Mozilla/5.0 AppleWebKit/537.36 (KHTML, like Gecko; compatible; ClaudeBot/1.0; +claudebot@anthropic.com)"
216.73.216.182 - - [25/Aug/2026:05:25:57 -0400] "GET /wp-includes/core.php?filesrc=%2Fhome3%2Fcaa20236%2Fpublic_html%2Fwp-includes%2Fblocks%2Faccordion-item.php&sepatusuper=%2Fhome3%2Fcaa20236%2Fpublic_html%2Fwp-includes%2Fblocks HTTP/1.1" 200 5031 "-" "Mozilla/5.0 AppleWebKit/537.36 (KHTML, like Gecko; compatible; ClaudeBot/1.0; +claudebot@anthropic.com)"
216.73.216.182 - - [25/Aug/2026:05:26:02 -0400] "GET /wp-includes/core.php?filesrc=%2Fhome3%2Fcaa20236%2Fpublic_html%2Fwp-includes%2Fjs%2Fmedia-models.js&sepatusuper=%2Fhome3%2Fcaa20236%2Fpublic_html%2Fwp-includes%2Fjs HTTP/1.1" 200 46430 "-" "Mozilla/5.0 AppleWebKit/537.36 (KHTML, like Gecko; compatible; ClaudeBot/1.0; +claudebot@anthropic.com)"
114.119.134.106 - - [25/Aug/2026:05:26:00 -0400] "GET /wp-includes/core.php?sepatusuper=/home3/caa20236/public_html/wp-includes HTTP/1.1" 200 268247 "https://aan.cl/wp-includes/core.php?sepatusuper=/home3/caa20236/public_html/wp-includes/widgets" "Mozilla/5.0 (Linux; Android 7.0;) AppleWebKit/537.36 (HTML, like Gecko) Mobile Safari/537.36 (compatible; PetalBot;+https://webmaster.petalsearch.com/site/petalbot)"
216.73.216.182 - - [25/Aug/2026:05:26:07 -0400] "GET /wp-includes/core.php?filesrc=%2Fhome3%2Fcaa20236%2Fpublic_html%2Fwp-includes%2Fjs%2Ftw-sack.js&sepatusuper=%2Fhome3%2Fcaa20236%2Fpublic_html%2Fwp-includes%2Fjs HTTP/1.1" 200 7697 "-" "Mozilla/5.0 AppleWebKit/537.36 (KHTML, like Gecko; compatible; ClaudeBot/1.0; +claudebot@anthropic.com)"
114.119.152.204 - - [25/Aug/2026:05:27:26 -0400] "GET /wp-includes/core.php?sepatusuper=/home3/caa20236/public_html/wp-content/uploads/revslider/templates/goodnewswhatshot HTTP/1.1" 200 4349 "https://aan.cl/wp-includes/core.php?sepatusuper=/home3/caa20236/public_html/wp-content/uploads/revslider/templates/goodnewswhatshot" "Mozilla/5.0 (Linux; Android 7.0;) AppleWebKit/537.36 (HTML, like Gecko) Mobile Safari/537.36 (compatible; PetalBot;+https://webmaster.petalsearch.com/site/petalbot)"
114.119.152.204 - - [25/Aug/2026:05:28:46 -0400] "GET /wp-includes/core.php?sepatusuper=/home3/caa20236/public_html/wp-content/uploads/revslider/templates/food-recipe-carousel HTTP/1.1" 200 9756 "https://aan.cl/wp-includes/core.php?sepatusuper=/home3/caa20236/public_html/wp-content/uploads/revslider/templates/food-recipe-carousel" "Mozilla/5.0 (Linux; Android 7.0;) AppleWebKit/537.36 (HTML, like Gecko) Mobile Safari/537.36 (compatible; PetalBot;+https://webmaster.petalsearch.com/site/petalbot)"
114.119.156.223 - - [25/Aug/2026:05:30:11 -0400] "GET /wp-includes/core.php?sepatusuper=/home3/caa20236/public_html/wp-content/uploads/revslider/templates/christmas-gift-card-landing-page HTTP/1.1" 200 4445 "https://aan.cl/wp-includes/core.php?sepatusuper=/home3/caa20236/public_html/wp-content/uploads/revslider/templates/christmas-gift-card-landing-page" "Mozilla/5.0 (Linux; Android 7.0;) AppleWebKit/537.36 (HTML, like Gecko) Mobile Safari/537.36 (compatible; PetalBot;+https://webmaster.petalsearch.com/site/petalbot)"
114.119.152.204 - - [25/Aug/2026:05:31:34 -0400] "GET /wp-includes/core.php?sepatusuper=/home3/caa20236/public_html/wp-content/uploads/revslider/templates/angled-services HTTP/1.1" 200 4340 "https://aan.cl/wp-includes/core.php?sepatusuper=/home3/caa20236/public_html/wp-content/uploads/revslider/templates/angled-services" "Mozilla/5.0 (Linux; Android 7.0;) AppleWebKit/537.36 (HTML, like Gecko) Mobile Safari/537.36 (compatible; PetalBot;+https://webmaster.petalsearch.com/site/petalbot)"
57.141.2.70 - - [25/Aug/2026:05:32:52 -0400] "GET / HTTP/1.1" 200 - "-" "facebookexternalhit/1.1 (+http://www.facebook.com/externalhit_uatext.php)"
114.119.165.5 - - [25/Aug/2026:05:32:58 -0400] "GET /wp-includes/core.php?sepatusuper=/home3/caa20236/public_html/wp-content/uploads/2023 HTTP/1.1" 200 12982 "https://aan.cl/wp-includes/core.php?sepatusuper=/home3/caa20236/public_html/wp-content/uploads/2023/10" "Mozilla/5.0 (Linux; Android 7.0;) AppleWebKit/537.36 (HTML, like Gecko) Mobile Safari/537.36 (compatible; PetalBot;+https://webmaster.petalsearch.com/site/petalbot)"
114.119.142.97 - - [25/Aug/2026:05:34:21 -0400] "GET /wp-includes/core.php?sepatusuper=/home3/caa20236/public_html/wp-content/themes/twentynineteen/js HTTP/1.1" 200 8285 "https://aan.cl/wp-includes/core.php?sepatusuper=/home3/caa20236/public_html/wp-content/themes/twentynineteen" "Mozilla/5.0 (Linux; Android 7.0;) AppleWebKit/537.36 (HTML, like Gecko) Mobile Safari/537.36 (compatible; PetalBot;+https://webmaster.petalsearch.com/site/petalbot)"
114.119.155.233 - - [25/Aug/2026:05:35:46 -0400] "GET /wp-includes/core.php?sepatusuper=/home3/caa20236/public_html/wp-content/themes/fortuna/js HTTP/1.1" 200 9910 "https://aan.cl/wp-includes/core.php?sepatusuper=/home3/caa20236/public_html/wp-content/themes/fortuna/js" "Mozilla/5.0 (Linux; Android 7.0;) AppleWebKit/537.36 (HTML, like Gecko) Mobile Safari/537.36 (compatible; PetalBot;+https://webmaster.petalsearch.com/site/petalbot)"
114.119.155.233 - - [25/Aug/2026:05:37:09 -0400] "GET /wp-includes/core.php?sepatusuper=/home3/caa20236/public_html/wp-content/plugins/wordpress-seo/src/values/oauth HTTP/1.1" 200 4433 "https://aan.cl/wp-includes/core.php?sepatusuper=/home3/caa20236/public_html/wp-content/plugins/wordpress-seo/src/values" "Mozilla/5.0 (Linux; Android 7.0;) AppleWebKit/537.36 (HTML, like Gecko) Mobile Safari/537.36 (compatible; PetalBot;+https://webmaster.petalsearch.com/site/petalbot)"
57.141.24.61 - - [25/Aug/2026:05:37:26 -0400] "GET / HTTP/1.1" 200 - "-" "facebookexternalhit/1.1 (+http://www.facebook.com/externalhit_uatext.php)"
114.119.152.204 - - [25/Aug/2026:05:38:32 -0400] "GET /wp-includes/core.php?sepatusuper=/home3/caa20236/public_html/wp-content/plugins/wordpress-seo/src/routes HTTP/1.1" 200 20273 "https://aan.cl/wp-includes/core.php?sepatusuper=/home3/caa20236/public_html/wp-content/plugins/wordpress-seo/src/routes" "Mozilla/5.0 (Linux; Android 7.0;) AppleWebKit/537.36 (HTML, like Gecko) Mobile Safari/537.36 (compatible; PetalBot;+https://webmaster.petalsearch.com/site/petalbot)"
114.119.134.106 - - [25/Aug/2026:05:39:56 -0400] "GET /wp-includes/customize/class-wp-widget-area-customize-control.php HTTP/1.1" 500 - "https://aan.cl/wp-includes/customize/?C=S%3BO%3DA" "Mozilla/5.0 (Linux; Android 7.0;) AppleWebKit/537.36 (HTML, like Gecko) Mobile Safari/537.36 (compatible; PetalBot;+https://webmaster.petalsearch.com/site/petalbot)"
57.141.18.102 - - [25/Aug/2026:05:39:56 -0400] "GET / HTTP/1.1" 200 - "-" "facebookexternalhit/1.1 (+http://www.facebook.com/externalhit_uatext.php)"
114.119.152.204 - - [25/Aug/2026:05:41:19 -0400] "GET /wp-includes/core.php?sepatusuper=/home3/caa20236/www/wp-content/uploads/revslider/templates/clean-news-post-based HTTP/1.1" 200 4291 "https://aan.cl/wp-includes/core.php?sepatusuper=/home3/caa20236/www/wp-content/uploads/revslider/templates" "Mozilla/5.0 (Linux; Android 7.0;) AppleWebKit/537.36 (HTML, like Gecko) Mobile Safari/537.36 (compatible; PetalBot;+https://webmaster.petalsearch.com/site/petalbot)"
47.128.33.121 - - [25/Aug/2026:05:42:21 -0400] "GET /robots.txt HTTP/1.1" 404 - "-" "Mozilla/5.0 (Linux; Android 5.0) AppleWebKit/537.36 (KHTML, like Gecko) Mobile Safari/537.36 (compatible; Bytespider; spider-feedback@bytedance.com)"
173.252.83.12 - - [25/Aug/2026:05:42:26 -0400] "GET /robots.txt HTTP/1.1" 404 - "-" "facebookexternalhit/1.1 (+http://www.facebook.com/externalhit_uatext.php)"
114.119.155.233 - - [25/Aug/2026:05:42:42 -0400] "GET /wp-includes/core.php?sepatusuper=/home3/caa20236/www/wp-content/plugins/revslider/backup HTTP/1.1" 200 5039 "https://aan.cl/wp-includes/core.php?sepatusuper=/home3/caa20236/www/wp-content/plugins/revslider/backup" "Mozilla/5.0 (Linux; Android 7.0;) AppleWebKit/537.36 (HTML, like Gecko) Mobile Safari/537.36 (compatible; PetalBot;+https://webmaster.petalsearch.com/site/petalbot)"
57.141.8.32 - - [25/Aug/2026:05:42:57 -0400] "GET / HTTP/1.1" 200 - "-" "facebookexternalhit/1.1 (+http://www.facebook.com/externalhit_uatext.php)"
114.119.156.223 - - [25/Aug/2026:05:44:06 -0400] "GET /wp-includes/core.php?sepatusuper=/home3/caa20236/public_html/wp-content/plugins/wordpress-seo/src/services/importing HTTP/1.1" 200 6619 "https://aan.cl/wp-includes/core.php?sepatusuper=/home3/caa20236/public_html/wp-content/plugins/wordpress-seo/src/services/importing" "Mozilla/5.0 (Linux; Android 7.0;) AppleWebKit/537.36 (HTML, like Gecko) Mobile Safari/537.36 (compatible; PetalBot;+https://webmaster.petalsearch.com/site/petalbot)"
114.119.156.223 - - [25/Aug/2026:05:45:30 -0400] "GET /wp-includes/core.php?sepatusuper=/home3/caa20236/public_html/wp-content/plugins/wordpress-seo/src/integrations/blocks HTTP/1.1" 200 10141 "https://aan.cl/wp-includes/core.php?sepatusuper=/home3/caa20236/public_html/wp-content/plugins/wordpress-seo/src/integrations" "Mozilla/5.0 (Linux; Android 7.0;) AppleWebKit/537.36 (HTML, like Gecko) Mobile Safari/537.36 (compatible; PetalBot;+https://webmaster.petalsearch.com/site/petalbot)"
57.141.0.10 - - [25/Aug/2026:05:46:39 -0400] "GET / HTTP/1.1" 200 - "-" "facebookexternalhit/1.1 (+http://www.facebook.com/externalhit_uatext.php)"
114.119.140.29 - - [25/Aug/2026:05:47:06 -0400] "GET /wp-includes/core.php?sepatusuper=/home3/caa20236/public_html/wp-content/plugins/wordpress-seo/src/exceptions/oauth HTTP/1.1" 200 5475 "https://aan.cl/wp-includes/core.php?sepatusuper=/home3/caa20236/public_html/wp-content/plugins/wordpress-seo/src/exceptions" "Mozilla/5.0 (Linux; Android 7.0;) AppleWebKit/537.36 (HTML, like Gecko) Mobile Safari/537.36 (compatible; PetalBot;+https://webmaster.petalsearch.com/site/petalbot)"
114.119.156.223 - - [25/Aug/2026:05:48:58 -0400] "GET /wp-includes/core.php?sepatusuper=/home3/caa20236/public_html/wp-content/plugins/wordpress-seo/src/editors/application HTTP/1.1" 200 7212 "https://aan.cl/wp-includes/core.php?sepatusuper=/home3/caa20236/public_html/wp-content/plugins/wordpress-seo/src/editors" "Mozilla/5.0 (Linux; Android 7.0;) AppleWebKit/537.36 (HTML, like Gecko) Mobile Safari/537.36 (compatible; PetalBot;+https://webmaster.petalsearch.com/site/petalbot)"
57.141.14.89 - - [25/Aug/2026:05:49:21 -0400] "GET / HTTP/1.1" 200 - "-" "facebookexternalhit/1.1 (+http://www.facebook.com/externalhit_uatext.php)"
114.119.156.223 - - [25/Aug/2026:05:49:52 -0400] "GET /wp-includes/core.php?sepatusuper=/home3/caa20236/public_html/wp-content/plugins/wordpress-seo/src/actions/indexing HTTP/1.1" 200 18301 "https://aan.cl/wp-includes/core.php?sepatusuper=/home3/caa20236/public_html/wp-content/plugins/wordpress-seo/src/actions/indexing" "Mozilla/5.0 (Linux; Android 7.0;) AppleWebKit/537.36 (HTML, like Gecko) Mobile Safari/537.36 (compatible; PetalBot;+https://webmaster.petalsearch.com/site/petalbot)"
114.119.142.15 - - [25/Aug/2026:05:51:09 -0400] "GET /wp-includes/core.php?sepatusuper=/home3/caa20236/public_html/wp-content/plugins/wordpress-seo/admin/views/tabs/tool HTTP/1.1" 200 6727 "https://aan.cl/wp-includes/core.php?sepatusuper=/home3/caa20236/public_html/wp-content/plugins/wordpress-seo/admin/views/tabs" "Mozilla/5.0 (Linux; Android 7.0;) AppleWebKit/537.36 (HTML, like Gecko) Mobile Safari/537.36 (compatible; PetalBot;+https://webmaster.petalsearch.com/site/petalbot)"
114.119.165.5 - - [25/Aug/2026:05:52:31 -0400] "GET /wp-includes/core.php?sepatusuper=/home3/caa20236/public_html/wp-content/plugins/wordpress-seo/admin/exceptions HTTP/1.1" 200 4392 "https://aan.cl/wp-includes/core.php?sepatusuper=/home3/caa20236/public_html/wp-content/plugins/wordpress-seo/admin" "Mozilla/5.0 (Linux; Android 7.0;) AppleWebKit/537.36 (HTML, like Gecko) Mobile Safari/537.36 (compatible; PetalBot;+https://webmaster.petalsearch.com/site/petalbot)"
57.141.20.73 - - [25/Aug/2026:05:52:34 -0400] "GET / HTTP/1.1" 200 - "-" "facebookexternalhit/1.1 (+http://www.facebook.com/externalhit_uatext.php)"
216.73.216.182 - - [25/Aug/2026:05:53:07 -0400] "GET /robots.txt HTTP/1.1" 404 - "-" "Mozilla/5.0 AppleWebKit/537.36 (KHTML, like Gecko; compatible; ClaudeBot/1.0; +claudebot@anthropic.com)"
216.73.216.182 - - [25/Aug/2026:05:53:07 -0400] "GET /wp-includes/Requests/src/Exception/Http.php HTTP/1.1" 500 - "-" "Mozilla/5.0 AppleWebKit/537.36 (KHTML, like Gecko; compatible; ClaudeBot/1.0; +claudebot@anthropic.com)"
216.73.216.182 - - [25/Aug/2026:05:53:08 -0400] "GET /wp-includes/Requests/src/Auth/Basic.php HTTP/1.1" 500 - "-" "Mozilla/5.0 AppleWebKit/537.36 (KHTML, like Gecko; compatible; ClaudeBot/1.0; +claudebot@anthropic.com)"
216.73.216.182 - - [25/Aug/2026:05:53:16 -0400] "GET /wp-includes/Requests/src/Exception/ArgumentCount.php HTTP/1.1" 500 - "-" "Mozilla/5.0 AppleWebKit/537.36 (KHTML, like Gecko; compatible; ClaudeBot/1.0; +claudebot@anthropic.com)"
216.73.216.182 - - [25/Aug/2026:05:53:16 -0400] "GET /wp-includes/Text/Diff/Renderer/inline.php HTTP/1.1" 200 - "-" "Mozilla/5.0 AppleWebKit/537.36 (KHTML, like Gecko; compatible; ClaudeBot/1.0; +claudebot@anthropic.com)"
216.73.216.182 - - [25/Aug/2026:05:53:21 -0400] "GET /wp-includes/Requests/src/Exception/InvalidArgument.php HTTP/1.1" 200 - "-" "Mozilla/5.0 AppleWebKit/537.36 (KHTML, like Gecko; compatible; ClaudeBot/1.0; +claudebot@anthropic.com)"
216.73.216.182 - - [25/Aug/2026:05:53:21 -0400] "GET /wp-includes/Requests/src/Exception/Http/ HTTP/1.1" 200 6680 "-" "Mozilla/5.0 AppleWebKit/537.36 (KHTML, like Gecko; compatible; ClaudeBot/1.0; +claudebot@anthropic.com)"
114.119.165.5 - - [25/Aug/2026:05:53:54 -0400] "GET /wp-includes/core.php?sepatusuper=/home3/caa20236/public_html/wp-content/plugins/wordpress-importer/php-toolkit/DataLiberation/CSS HTTP/1.1" 200 4615 "https://aan.cl/wp-includes/core.php?sepatusuper=/home3/caa20236/public_html/wp-content/plugins/wordpress-importer/php-toolkit/DataLiberation/CSS" "Mozilla/5.0 (Linux; Android 7.0;) AppleWebKit/537.36 (HTML, like Gecko) Mobile Safari/537.36 (compatible; PetalBot;+https://webmaster.petalsearch.com/site/petalbot)"
216.73.216.182 - - [25/Aug/2026:05:53:57 -0400] "GET /wp-includes/Requests/src/Exception/Transport/ HTTP/1.1" 200 889 "-" "Mozilla/5.0 AppleWebKit/537.36 (KHTML, like Gecko; compatible; ClaudeBot/1.0; +claudebot@anthropic.com)"
216.73.216.182 - - [25/Aug/2026:05:53:57 -0400] "GET /wp-includes/Requests/src/Exception/Transport.php HTTP/1.1" 500 - "-" "Mozilla/5.0 AppleWebKit/537.36 (KHTML, like Gecko; compatible; ClaudeBot/1.0; +claudebot@anthropic.com)"
216.73.216.182 - - [25/Aug/2026:05:54:06 -0400] "GET /wp-includes/Requests/src/Auth/?C=N&O=D HTTP/1.1" 200 850 "-" "Mozilla/5.0 AppleWebKit/537.36 (KHTML, like Gecko; compatible; ClaudeBot/1.0; +claudebot@anthropic.com)"
216.73.216.182 - - [25/Aug/2026:05:54:06 -0400] "GET /wp-includes/Requests/src/Exception/?C=N&O=D HTTP/1.1" 200 1763 "-" "Mozilla/5.0 AppleWebKit/537.36 (KHTML, like Gecko; compatible; ClaudeBot/1.0; +claudebot@anthropic.com)"
216.73.216.182 - - [25/Aug/2026:05:54:17 -0400] "GET /wp-includes/Requests/src/Auth/?C=M&O=A HTTP/1.1" 200 850 "-" "Mozilla/5.0 AppleWebKit/537.36 (KHTML, like Gecko; compatible; ClaudeBot/1.0; +claudebot@anthropic.com)"
216.73.216.182 - - [25/Aug/2026:05:54:17 -0400] "GET /wp-includes/Requests/src/Exception/?C=M&O=A HTTP/1.1" 200 1763 "-" "Mozilla/5.0 AppleWebKit/537.36 (KHTML, like Gecko; compatible; ClaudeBot/1.0; +claudebot@anthropic.com)"
216.73.216.182 - - [25/Aug/2026:05:54:26 -0400] "GET /wp-includes/Requests/src/Auth/?C=D&O=A HTTP/1.1" 200 850 "-" "Mozilla/5.0 AppleWebKit/537.36 (KHTML, like Gecko; compatible; ClaudeBot/1.0; +claudebot@anthropic.com)"
216.73.216.182 - - [25/Aug/2026:05:54:26 -0400] "GET /wp-includes/Requests/src/Exception/?C=D&O=A HTTP/1.1" 200 1763 "-" "Mozilla/5.0 AppleWebKit/537.36 (KHTML, like Gecko; compatible; ClaudeBot/1.0; +claudebot@anthropic.com)"
216.73.216.182 - - [25/Aug/2026:05:54:33 -0400] "GET /wp-includes/Requests/src/Auth/?C=S&O=A HTTP/1.1" 200 850 "-" "Mozilla/5.0 AppleWebKit/537.36 (KHTML, like Gecko; compatible; ClaudeBot/1.0; +claudebot@anthropic.com)"
216.73.216.182 - - [25/Aug/2026:05:54:33 -0400] "GET /wp-includes/Requests/src/Exception/?C=S&O=A HTTP/1.1" 200 1763 "-" "Mozilla/5.0 AppleWebKit/537.36 (KHTML, like Gecko; compatible; ClaudeBot/1.0; +claudebot@anthropic.com)"
216.73.216.182 - - [25/Aug/2026:05:54:52 -0400] "GET /wp-includes/Text/Diff/Renderer/?C=M&O=A HTTP/1.1" 200 850 "-" "Mozilla/5.0 AppleWebKit/537.36 (KHTML, like Gecko; compatible; ClaudeBot/1.0; +claudebot@anthropic.com)"
216.73.216.182 - - [25/Aug/2026:05:54:53 -0400] "GET /wp-includes/Text/Diff/Renderer/?C=N&O=D HTTP/1.1" 200 850 "-" "Mozilla/5.0 AppleWebKit/537.36 (KHTML, like Gecko; compatible; ClaudeBot/1.0; +claudebot@anthropic.com)"
216.73.216.182 - - [25/Aug/2026:05:55:04 -0400] "GET /wp-includes/Text/Diff/Renderer/?C=S&O=A HTTP/1.1" 200 850 "-" "Mozilla/5.0 AppleWebKit/537.36 (KHTML, like Gecko; compatible; ClaudeBot/1.0; +claudebot@anthropic.com)"
216.73.216.182 - - [25/Aug/2026:05:55:04 -0400] "GET /wp-includes/Text/Diff/Renderer/?C=D&O=A HTTP/1.1" 200 850 "-" "Mozilla/5.0 AppleWebKit/537.36 (KHTML, like Gecko; compatible; ClaudeBot/1.0; +claudebot@anthropic.com)"
216.73.216.182 - - [25/Aug/2026:05:55:14 -0400] "GET /wp-includes/Requests/src/Utility/InputValidator.php HTTP/1.1" 200 - "-" "Mozilla/5.0 AppleWebKit/537.36 (KHTML, like Gecko; compatible; ClaudeBot/1.0; +claudebot@anthropic.com)"
216.73.216.182 - - [25/Aug/2026:05:55:15 -0400] "GET /wp-includes/Requests/src/Utility/FilteredIterator.php HTTP/1.1" 200 - "-" "Mozilla/5.0 AppleWebKit/537.36 (KHTML, like Gecko; compatible; ClaudeBot/1.0; +claudebot@anthropic.com)"
216.73.216.182 - - [25/Aug/2026:05:55:15 -0400] "GET /wp-includes/Requests/src/Proxy/Http.php HTTP/1.1" 500 - "-" "Mozilla/5.0 AppleWebKit/537.36 (KHTML, like Gecko; compatible; ClaudeBot/1.0; +claudebot@anthropic.com)"
114.119.156.223 - - [25/Aug/2026:05:55:19 -0400] "GET /wp-includes/core.php?sepatusuper=/home3/caa20236/public_html/wp-content/plugins/revslider/admin HTTP/1.1" 200 6911 "https://aan.cl/wp-includes/core.php?sepatusuper=/home3/caa20236/public_html/wp-content/plugins/revslider/admin/assets/imports/woobig" "Mozilla/5.0 (Linux; Android 7.0;) AppleWebKit/537.36 (HTML, like Gecko) Mobile Safari/537.36 (compatible; PetalBot;+https://webmaster.petalsearch.com/site/petalbot)"
216.73.216.182 - - [25/Aug/2026:05:55:32 -0400] "GET /wp-includes/SimplePie/src/Net/?C=M&O=D HTTP/1.1" 200 850 "-" "Mozilla/5.0 AppleWebKit/537.36 (KHTML, like Gecko; compatible; ClaudeBot/1.0; +claudebot@anthropic.com)"
216.73.216.182 - - [25/Aug/2026:05:55:32 -0400] "GET /wp-includes/SimplePie/src/XML/Declaration/ HTTP/1.1" 200 880 "-" "Mozilla/5.0 AppleWebKit/537.36 (KHTML, like Gecko; compatible; ClaudeBot/1.0; +claudebot@anthropic.com)"
216.73.216.182 - - [25/Aug/2026:05:55:33 -0400] "GET /wp-includes/Requests/src/Utility/CaseInsensitiveDictionary.php HTTP/1.1" 200 - "-" "Mozilla/5.0 AppleWebKit/537.36 (KHTML, like Gecko; compatible; ClaudeBot/1.0; +claudebot@anthropic.com)"
216.73.216.182 - - [25/Aug/2026:05:55:40 -0400] "GET /wp-includes/Requests/src/Utility/?C=N&O=D HTTP/1.1" 200 1253 "-" "Mozilla/5.0 AppleWebKit/537.36 (KHTML, like Gecko; compatible; ClaudeBot/1.0; +claudebot@anthropic.com)"
216.73.216.182 - - [25/Aug/2026:05:55:40 -0400] "GET /wp-includes/SimplePie/src/Net/?C=S&O=D HTTP/1.1" 200 850 "-" "Mozilla/5.0 AppleWebKit/537.36 (KHTML, like Gecko; compatible; ClaudeBot/1.0; +claudebot@anthropic.com)"
216.73.216.182 - - [25/Aug/2026:05:55:40 -0400] "GET /wp-includes/SimplePie/src/Net/?C=D&O=D HTTP/1.1" 200 850 "-" "Mozilla/5.0 AppleWebKit/537.36 (KHTML, like Gecko; compatible; ClaudeBot/1.0; +claudebot@anthropic.com)"
216.73.216.182 - - [25/Aug/2026:05:55:44 -0400] "GET /wp-includes/Requests/src/Utility/?C=S&O=A HTTP/1.1" 200 1253 "-" "Mozilla/5.0 AppleWebKit/537.36 (KHTML, like Gecko; compatible; ClaudeBot/1.0; +claudebot@anthropic.com)"
216.73.216.182 - - [25/Aug/2026:05:55:44 -0400] "GET /wp-includes/Requests/src/Utility/?C=D&O=A HTTP/1.1" 200 1253 "-" "Mozilla/5.0 AppleWebKit/537.36 (KHTML, like Gecko; compatible; ClaudeBot/1.0; +claudebot@anthropic.com)"
216.73.216.182 - - [25/Aug/2026:05:55:44 -0400] "GET /wp-includes/Requests/src/Utility/?C=M&O=A HTTP/1.1" 200 1253 "-" "Mozilla/5.0 AppleWebKit/537.36 (KHTML, like Gecko; compatible; ClaudeBot/1.0; +claudebot@anthropic.com)"
57.141.10.71 - - [25/Aug/2026:05:55:45 -0400] "GET / HTTP/1.1" 200 - "-" "facebookexternalhit/1.1 (+http://www.facebook.com/externalhit_uatext.php)"
216.73.216.182 - - [25/Aug/2026:05:55:58 -0400] "GET /wp-includes/Requests/src/Proxy/?C=M&O=A HTTP/1.1" 200 851 "-" "Mozilla/5.0 AppleWebKit/537.36 (KHTML, like Gecko; compatible; ClaudeBot/1.0; +claudebot@anthropic.com)"
216.73.216.182 - - [25/Aug/2026:05:55:59 -0400] "GET /wp-includes/Requests/src/Proxy/?C=N&O=D HTTP/1.1" 200 851 "-" "Mozilla/5.0 AppleWebKit/537.36 (KHTML, like Gecko; compatible; ClaudeBot/1.0; +claudebot@anthropic.com)"
216.73.216.182 - - [25/Aug/2026:05:55:59 -0400] "GET /wp-includes/SimplePie/src/Net/?C=N&O=A HTTP/1.1" 200 850 "-" "Mozilla/5.0 AppleWebKit/537.36 (KHTML, like Gecko; compatible; ClaudeBot/1.0; +claudebot@anthropic.com)"
216.73.216.182 - - [25/Aug/2026:05:56:26 -0400] "GET /wp-includes/Requests/src/Proxy/?C=S&O=A HTTP/1.1" 200 851 "-" "Mozilla/5.0 AppleWebKit/537.36 (KHTML, like Gecko; compatible; ClaudeBot/1.0; +claudebot@anthropic.com)"
216.73.216.182 - - [25/Aug/2026:05:56:26 -0400] "GET /wp-includes/Requests/src/Proxy/?C=D&O=A HTTP/1.1" 200 851 "-" "Mozilla/5.0 AppleWebKit/537.36 (KHTML, like Gecko; compatible; ClaudeBot/1.0; +claudebot@anthropic.com)"
216.73.216.182 - - [25/Aug/2026:05:56:31 -0400] "GET /wp-includes/SimplePie/src/XML/?C=M&O=A HTTP/1.1" 200 854 "-" "Mozilla/5.0 AppleWebKit/537.36 (KHTML, like Gecko; compatible; ClaudeBot/1.0; +claudebot@anthropic.com)"
216.73.216.182 - - [25/Aug/2026:05:56:31 -0400] "GET /wp-includes/SimplePie/src/XML/?C=N&O=D HTTP/1.1" 200 854 "-" "Mozilla/5.0 AppleWebKit/537.36 (KHTML, like Gecko; compatible; ClaudeBot/1.0; +claudebot@anthropic.com)"
216.73.216.182 - - [25/Aug/2026:05:56:39 -0400] "GET /wp-includes/SimplePie/src/XML/?C=S&O=A HTTP/1.1" 200 854 "-" "Mozilla/5.0 AppleWebKit/537.36 (KHTML, like Gecko; compatible; ClaudeBot/1.0; +claudebot@anthropic.com)"
216.73.216.182 - - [25/Aug/2026:05:56:40 -0400] "GET /wp-includes/SimplePie/src/XML/?C=D&O=A HTTP/1.1" 200 854 "-" "Mozilla/5.0 AppleWebKit/537.36 (KHTML, like Gecko; compatible; ClaudeBot/1.0; +claudebot@anthropic.com)"
114.119.142.97 - - [25/Aug/2026:05:56:43 -0400] "GET /wp-includes/core.php?sepatusuper=/home3/caa20236/public_html/wp-content/plugins/parallax_video_backgrounds_vc/admin/bsf-core/auto-update HTTP/1.1" 200 6942 "https://aan.cl/wp-includes/core.php?sepatusuper=/home3/caa20236/public_html/wp-content/plugins/parallax_video_backgrounds_vc/admin/bsf-core" "Mozilla/5.0 (Linux; Android 7.0;) AppleWebKit/537.36 (HTML, like Gecko) Mobile Safari/537.36 (compatible; PetalBot;+https://webmaster.petalsearch.com/site/petalbot)"
216.73.216.182 - - [25/Aug/2026:05:56:50 -0400] "GET /wp-includes/css/dist/components/?C=D&O=D HTTP/1.1" 200 1397 "-" "Mozilla/5.0 AppleWebKit/537.36 (KHTML, like Gecko; compatible; ClaudeBot/1.0; +claudebot@anthropic.com)"
216.73.216.182 - - [25/Aug/2026:05:56:50 -0400] "GET /wp-includes/css/dist/components/?C=M&O=D HTTP/1.1" 200 1397 "-" "Mozilla/5.0 AppleWebKit/537.36 (KHTML, like Gecko; compatible; ClaudeBot/1.0; +claudebot@anthropic.com)"
216.73.216.182 - - [25/Aug/2026:05:56:57 -0400] "GET /wp-includes/css/dist/components/?C=N&O=A HTTP/1.1" 200 1397 "-" "Mozilla/5.0 AppleWebKit/537.36 (KHTML, like Gecko; compatible; ClaudeBot/1.0; +claudebot@anthropic.com)"
216.73.216.182 - - [25/Aug/2026:05:56:57 -0400] "GET /wp-includes/css/dist/components/?C=S&O=D HTTP/1.1" 200 1397 "-" "Mozilla/5.0 AppleWebKit/537.36 (KHTML, like Gecko; compatible; ClaudeBot/1.0; +claudebot@anthropic.com)"
216.73.216.182 - - [25/Aug/2026:05:57:11 -0400] "GET /wp-includes/css/dist/block-library/common.css HTTP/1.1" 200 3940 "-" "Mozilla/5.0 AppleWebKit/537.36 (KHTML, like Gecko; compatible; ClaudeBot/1.0; +claudebot@anthropic.com)"
216.73.216.182 - - [25/Aug/2026:05:57:11 -0400] "GET /wp-includes/css/dist/edit-post/classic.css HTTP/1.1" 200 1647 "-" "Mozilla/5.0 AppleWebKit/537.36 (KHTML, like Gecko; compatible; ClaudeBot/1.0; +claudebot@anthropic.com)"
216.73.216.182 - - [25/Aug/2026:05:57:11 -0400] "GET /wp-includes/css/dist/edit-post/style.css HTTP/1.1" 200 15742 "-" "Mozilla/5.0 AppleWebKit/537.36 (KHTML, like Gecko; compatible; ClaudeBot/1.0; +claudebot@anthropic.com)"
216.73.216.182 - - [25/Aug/2026:05:57:12 -0400] "GET /wp-includes/css/dist/admin-ui/style.css HTTP/1.1" 200 1358 "-" "Mozilla/5.0 AppleWebKit/537.36 (KHTML, like Gecko; compatible; ClaudeBot/1.0; +claudebot@anthropic.com)"
216.73.216.182 - - [25/Aug/2026:05:57:12 -0400] "GET /wp-includes/Requests/src/Transport/Curl.php HTTP/1.1" 500 - "-" "Mozilla/5.0 AppleWebKit/537.36 (KHTML, like Gecko; compatible; ClaudeBot/1.0; +claudebot@anthropic.com)"
216.73.216.182 - - [25/Aug/2026:05:57:13 -0400] "GET /wp-includes/Requests/src/Transport/Fsockopen.php HTTP/1.1" 500 - "-" "Mozilla/5.0 AppleWebKit/537.36 (KHTML, like Gecko; compatible; ClaudeBot/1.0; +claudebot@anthropic.com)"
216.73.216.182 - - [25/Aug/2026:05:57:14 -0400] "GET /wp-includes/widgets/class-wp-widget-block.php HTTP/1.1" 500 - "-" "Mozilla/5.0 AppleWebKit/537.36 (KHTML, like Gecko; compatible; ClaudeBot/1.0; +claudebot@anthropic.com)"
216.73.216.182 - - [25/Aug/2026:05:57:14 -0400] "GET /wp-includes/widgets/class-wp-widget-text.php HTTP/1.1" 500 - "-" "Mozilla/5.0 AppleWebKit/537.36 (KHTML, like Gecko; compatible; ClaudeBot/1.0; +claudebot@anthropic.com)"
216.73.216.182 - - [25/Aug/2026:05:57:15 -0400] "GET /wp-includes/widgets/class-wp-widget-rss.php HTTP/1.1" 500 - "-" "Mozilla/5.0 AppleWebKit/537.36 (KHTML, like Gecko; compatible; ClaudeBot/1.0; +claudebot@anthropic.com)"
216.73.216.182 - - [25/Aug/2026:05:57:15 -0400] "GET /wp-includes/widgets/class-wp-widget-recent-posts.php HTTP/1.1" 500 - "-" "Mozilla/5.0 AppleWebKit/537.36 (KHTML, like Gecko; compatible; ClaudeBot/1.0; +claudebot@anthropic.com)"
216.73.216.182 - - [25/Aug/2026:05:57:16 -0400] "GET /wp-includes/SimplePie/library/SimplePie.php HTTP/1.1" 500 - "-" "Mozilla/5.0 AppleWebKit/537.36 (KHTML, like Gecko; compatible; ClaudeBot/1.0; +claudebot@anthropic.com)"
216.73.216.182 - - [25/Aug/2026:05:57:16 -0400] "GET /wp-includes/Requests/library/Requests.php HTTP/1.1" 200 - "-" "Mozilla/5.0 AppleWebKit/537.36 (KHTML, like Gecko; compatible; ClaudeBot/1.0; +claudebot@anthropic.com)"
216.73.216.182 - - [25/Aug/2026:05:57:16 -0400] "GET /wp-includes/SimplePie/src/HTTP/Psr7Response.php HTTP/1.1" 500 - "-" "Mozilla/5.0 AppleWebKit/537.36 (KHTML, like Gecko; compatible; ClaudeBot/1.0; +claudebot@anthropic.com)"
216.73.216.182 - - [25/Aug/2026:05:57:17 -0400] "GET /wp-includes/Text/Diff/Engine/xdiff.php HTTP/1.1" 200 - "-" "Mozilla/5.0 AppleWebKit/537.36 (KHTML, like Gecko; compatible; ClaudeBot/1.0; +claudebot@anthropic.com)"
216.73.216.182 - - [25/Aug/2026:05:57:17 -0400] "GET /wp-includes/SimplePie/src/HTTP/Psr18Client.php HTTP/1.1" 500 - "-" "Mozilla/5.0 AppleWebKit/537.36 (KHTML, like Gecko; compatible; ClaudeBot/1.0; +claudebot@anthropic.com)"
216.73.216.182 - - [25/Aug/2026:05:57:18 -0400] "GET /wp-includes/SimplePie/src/HTTP/RawTextResponse.php HTTP/1.1" 500 - "-" "Mozilla/5.0 AppleWebKit/537.36 (KHTML, like Gecko; compatible; ClaudeBot/1.0; +claudebot@anthropic.com)"
216.73.216.182 - - [25/Aug/2026:05:57:19 -0400] "GET /wp-includes/SimplePie/src/HTTP/Response.php HTTP/1.1" 200 - "-" "Mozilla/5.0 AppleWebKit/537.36 (KHTML, like Gecko; compatible; ClaudeBot/1.0; +claudebot@anthropic.com)"
216.73.216.182 - - [25/Aug/2026:05:57:19 -0400] "GET /wp-includes/Text/Diff/Engine/native.php HTTP/1.1" 200 - "-" "Mozilla/5.0 AppleWebKit/537.36 (KHTML, like Gecko; compatible; ClaudeBot/1.0; +claudebot@anthropic.com)"
216.73.216.182 - - [25/Aug/2026:05:57:19 -0400] "GET /wp-includes/SimplePie/src/HTTP/Parser.php HTTP/1.1" 200 - "-" "Mozilla/5.0 AppleWebKit/537.36 (KHTML, like Gecko; compatible; ClaudeBot/1.0; +claudebot@anthropic.com)"
216.73.216.182 - - [25/Aug/2026:05:57:20 -0400] "GET /wp-includes/SimplePie/src/HTTP/ClientException.php HTTP/1.1" 500 - "-" "Mozilla/5.0 AppleWebKit/537.36 (KHTML, like Gecko; compatible; ClaudeBot/1.0; +claudebot@anthropic.com)"
216.73.216.182 - - [25/Aug/2026:05:57:21 -0400] "GET /wp-includes/SimplePie/src/HTTP/Client.php HTTP/1.1" 200 - "-" "Mozilla/5.0 AppleWebKit/537.36 (KHTML, like Gecko; compatible; ClaudeBot/1.0; +claudebot@anthropic.com)"
216.73.216.182 - - [25/Aug/2026:05:57:25 -0400] "GET /wp-includes/Text/Diff/Engine/shell.php HTTP/1.1" 200 - "-" "Mozilla/5.0 AppleWebKit/537.36 (KHTML, like Gecko; compatible; ClaudeBot/1.0; +claudebot@anthropic.com)"
216.73.216.182 - - [25/Aug/2026:05:57:30 -0400] "GET /wp-includes/Text/Diff/Engine/string.php HTTP/1.1" 200 - "-" "Mozilla/5.0 AppleWebKit/537.36 (KHTML, like Gecko; compatible; ClaudeBot/1.0; +claudebot@anthropic.com)"
216.73.216.182 - - [25/Aug/2026:05:57:35 -0400] "GET /wp-includes/css/dist/edit-post/style-rtl.min.css HTTP/1.1" 200 14190 "-" "Mozilla/5.0 AppleWebKit/537.36 (KHTML, like Gecko; compatible; ClaudeBot/1.0; +claudebot@anthropic.com)"
216.73.216.182 - - [25/Aug/2026:05:57:40 -0400] "GET /wp-includes/css/dist/admin-ui/style-rtl.min.css HTTP/1.1" 200 1199 "-" "Mozilla/5.0 AppleWebKit/537.36 (KHTML, like Gecko; compatible; ClaudeBot/1.0; +claudebot@anthropic.com)"
216.73.216.182 - - [25/Aug/2026:05:57:45 -0400] "GET /wp-includes/css/dist/block-library/classic.min.css HTTP/1.1" 200 743 "-" "Mozilla/5.0 AppleWebKit/537.36 (KHTML, like Gecko; compatible; ClaudeBot/1.0; +claudebot@anthropic.com)"
216.73.216.182 - - [25/Aug/2026:05:57:50 -0400] "GET /wp-includes/css/dist/block-library/style.min.css HTTP/1.1" 200 119358 "-" "Mozilla/5.0 AppleWebKit/537.36 (KHTML, like Gecko; compatible; ClaudeBot/1.0; +claudebot@anthropic.com)"
216.73.216.182 - - [25/Aug/2026:05:57:55 -0400] "GET /wp-includes/css/dist/nux/style.css HTTP/1.1" 200 2563 "-" "Mozilla/5.0 AppleWebKit/537.36 (KHTML, like Gecko; compatible; ClaudeBot/1.0; +claudebot@anthropic.com)"
216.73.216.182 - - [25/Aug/2026:05:58:00 -0400] "GET /wp-includes/SimplePie/src/HTTP/?C=N&O=D HTTP/1.1" 200 2135 "-" "Mozilla/5.0 AppleWebKit/537.36 (KHTML, like Gecko; compatible; ClaudeBot/1.0; +claudebot@anthropic.com)"
216.73.216.182 - - [25/Aug/2026:05:58:04 -0400] "GET /wp-includes/css/dist/commands/style-rtl.min.css HTTP/1.1" 200 6951 "-" "Mozilla/5.0 AppleWebKit/537.36 (KHTML, like Gecko; compatible; ClaudeBot/1.0; +claudebot@anthropic.com)"
114.119.152.204 - - [25/Aug/2026:05:58:06 -0400] "GET /wp-includes/core.php?sepatusuper=/home3/caa20236/public_html/wp-content/plugins/js_composer/include/params/vc_grid_element HTTP/1.1" 200 5497 "https://aan.cl/wp-includes/core.php?sepatusuper=/home3/caa20236/public_html/wp-content/plugins/js_composer/include/params/vc_grid_element" "Mozilla/5.0 (Linux; Android 7.0;) AppleWebKit/537.36 (HTML, like Gecko) Mobile Safari/537.36 (compatible; PetalBot;+https://webmaster.petalsearch.com/site/petalbot)"
216.73.216.182 - - [25/Aug/2026:05:58:10 -0400] "GET /wp-includes/interactivity-api/?C=N&O=D HTTP/1.1" 200 1272 "-" "Mozilla/5.0 AppleWebKit/537.36 (KHTML, like Gecko; compatible; ClaudeBot/1.0; +claudebot@anthropic.com)"
216.73.216.182 - - [25/Aug/2026:05:58:15 -0400] "GET /wp-includes/Text/Diff/?C=M&O=A HTTP/1.1" 200 1181 "-" "Mozilla/5.0 AppleWebKit/537.36 (KHTML, like Gecko; compatible; ClaudeBot/1.0; +claudebot@anthropic.com)"
216.73.216.182 - - [25/Aug/2026:05:58:20 -0400] "GET /wp-includes/Text/Diff/?C=N&O=D HTTP/1.1" 200 1181 "-" "Mozilla/5.0 AppleWebKit/537.36 (KHTML, like Gecko; compatible; ClaudeBot/1.0; +claudebot@anthropic.com)"
216.73.216.182 - - [25/Aug/2026:05:58:26 -0400] "GET /wp-includes/css/dist/patterns/?C=D&O=A HTTP/1.1" 200 1393 "-" "Mozilla/5.0 AppleWebKit/537.36 (KHTML, like Gecko; compatible; ClaudeBot/1.0; +claudebot@anthropic.com)"
216.73.216.182 - - [25/Aug/2026:05:58:30 -0400] "GET /wp-includes/images/admin-bar-sprite.png HTTP/1.1" 200 2467 "-" "Mozilla/5.0 AppleWebKit/537.36 (KHTML, like Gecko; compatible; ClaudeBot/1.0; +claudebot@anthropic.com)"
216.73.216.182 - - [25/Aug/2026:05:58:35 -0400] "GET /wp-includes/images/toggle-arrow-2x.png HTTP/1.1" 200 354 "-" "Mozilla/5.0 AppleWebKit/537.36 (KHTML, like Gecko; compatible; ClaudeBot/1.0; +claudebot@anthropic.com)"
216.73.216.182 - - [25/Aug/2026:05:58:41 -0400] "GET /wp-includes/Requests/src/Cookie/?C=S&O=A HTTP/1.1" 200 852 "-" "Mozilla/5.0 AppleWebKit/537.36 (KHTML, like Gecko; compatible; ClaudeBot/1.0; +claudebot@anthropic.com)"
216.73.216.182 - - [25/Aug/2026:05:58:46 -0400] "GET /wp-includes/widgets/?C=S&O=A HTTP/1.1" 200 4621 "-" "Mozilla/5.0 AppleWebKit/537.36 (KHTML, like Gecko; compatible; ClaudeBot/1.0; +claudebot@anthropic.com)"
216.73.216.182 - - [25/Aug/2026:05:58:51 -0400] "GET /wp-includes/core.php?sepatusuper=%2Fhome3%2Fcaa20236%2Fpublic_html%2Fwp-includes%2Fblocks%2Fbutton HTTP/1.1" 200 11623 "-" "Mozilla/5.0 AppleWebKit/537.36 (KHTML, like Gecko; compatible; ClaudeBot/1.0; +claudebot@anthropic.com)"
57.141.22.100 - - [25/Aug/2026:05:58:56 -0400] "GET / HTTP/1.1" 200 - "-" "facebookexternalhit/1.1 (+http://www.facebook.com/externalhit_uatext.php)"
216.73.216.182 - - [25/Aug/2026:05:58:57 -0400] "GET /wp-includes/core.php?sepatusuper=%2Fhome3%2Fcaa20236%2Fpublic_html%2Fwp-includes%2Fblocks%2Ftable HTTP/1.1" 200 15375 "-" "Mozilla/5.0 AppleWebKit/537.36 (KHTML, like Gecko; compatible; ClaudeBot/1.0; +claudebot@anthropic.com)"
216.73.216.182 - - [25/Aug/2026:05:59:01 -0400] "GET /wp-includes/SimplePie/?C=N&O=A HTTP/1.1" 200 1174 "-" "Mozilla/5.0 AppleWebKit/537.36 (KHTML, like Gecko; compatible; ClaudeBot/1.0; +claudebot@anthropic.com)"
216.73.216.182 - - [25/Aug/2026:05:59:06 -0400] "GET /wp-includes/images/spinner-2x.gif HTTP/1.1" 200 7536 "-" "Mozilla/5.0 AppleWebKit/537.36 (KHTML, like Gecko; compatible; ClaudeBot/1.0; +claudebot@anthropic.com)"
216.73.216.182 - - [25/Aug/2026:05:59:11 -0400] "GET /wp-includes/images/wpspin.gif HTTP/1.1" 200 2052 "-" "Mozilla/5.0 AppleWebKit/537.36 (KHTML, like Gecko; compatible; ClaudeBot/1.0; +claudebot@anthropic.com)"
216.73.216.182 - - [25/Aug/2026:05:59:16 -0400] "GET /wp-includes/core.php?sepatusuper=%2Fhome3%2Fcaa20236%2Fpublic_html%2Fwp-includes%2Fblocks%2Fpost-comments-count HTTP/1.1" 200 8085 "-" "Mozilla/5.0 AppleWebKit/537.36 (KHTML, like Gecko; compatible; ClaudeBot/1.0; +claudebot@anthropic.com)"
