216.73.216.182 - - [25/Aug/2026:03:17:49 -0400] "GET /wp-includes/ms-blogs.php HTTP/1.1" 200 2 "-" "Mozilla/5.0 AppleWebKit/537.36 (KHTML, like Gecko; compatible; ClaudeBot/1.0; +claudebot@anthropic.com)"
216.73.216.182 - - [25/Aug/2026:03:17:50 -0400] "GET /wp-includes/bookmark-template.php HTTP/1.1" 200 - "-" "Mozilla/5.0 AppleWebKit/537.36 (KHTML, like Gecko; compatible; ClaudeBot/1.0; +claudebot@anthropic.com)"
216.73.216.182 - - [25/Aug/2026:03:18:24 -0400] "GET /wp-includes/css/wp-empty-template-alert.css HTTP/1.1" 200 465 "-" "Mozilla/5.0 AppleWebKit/537.36 (KHTML, like Gecko; compatible; ClaudeBot/1.0; +claudebot@anthropic.com)"
216.73.216.182 - - [25/Aug/2026:03:18:24 -0400] "GET /wp-includes/css/admin-bar.min.css HTTP/1.1" 200 20365 "-" "Mozilla/5.0 AppleWebKit/537.36 (KHTML, like Gecko; compatible; ClaudeBot/1.0; +claudebot@anthropic.com)"
216.73.216.182 - - [25/Aug/2026:03:18:24 -0400] "GET /wp-includes/css/dashicons.css HTTP/1.1" 200 62346 "-" "Mozilla/5.0 AppleWebKit/537.36 (KHTML, like Gecko; compatible; ClaudeBot/1.0; +claudebot@anthropic.com)"
216.73.216.182 - - [25/Aug/2026:03:18:25 -0400] "GET /wp-includes/css/editor-rtl.css HTTP/1.1" 200 33661 "-" "Mozilla/5.0 AppleWebKit/537.36 (KHTML, like Gecko; compatible; ClaudeBot/1.0; +claudebot@anthropic.com)"
216.73.216.182 - - [25/Aug/2026:03:18:25 -0400] "GET /wp-includes/css/wp-embed-template.css HTTP/1.1" 200 7906 "-" "Mozilla/5.0 AppleWebKit/537.36 (KHTML, like Gecko; compatible; ClaudeBot/1.0; +claudebot@anthropic.com)"
216.73.216.182 - - [25/Aug/2026:03:18:26 -0400] "GET /wp-includes/css/wp-pointer-rtl.min.css HTTP/1.1" 200 3257 "-" "Mozilla/5.0 AppleWebKit/537.36 (KHTML, like Gecko; compatible; ClaudeBot/1.0; +claudebot@anthropic.com)"
216.73.216.182 - - [25/Aug/2026:03:18:26 -0400] "GET /wp-includes/css/customize-preview.css HTTP/1.1" 200 3629 "-" "Mozilla/5.0 AppleWebKit/537.36 (KHTML, like Gecko; compatible; ClaudeBot/1.0; +claudebot@anthropic.com)"
216.73.216.182 - - [25/Aug/2026:03:18:27 -0400] "GET /wp-includes/css/buttons.css HTTP/1.1" 200 9830 "-" "Mozilla/5.0 AppleWebKit/537.36 (KHTML, like Gecko; compatible; ClaudeBot/1.0; +claudebot@anthropic.com)"
216.73.216.182 - - [25/Aug/2026:03:18:27 -0400] "GET /wp-includes/css/admin-bar.css HTTP/1.1" 200 24872 "-" "Mozilla/5.0 AppleWebKit/537.36 (KHTML, like Gecko; compatible; ClaudeBot/1.0; +claudebot@anthropic.com)"
216.73.216.182 - - [25/Aug/2026:03:18:27 -0400] "GET /wp-includes/css/wp-pointer-rtl.css HTTP/1.1" 200 4084 "-" "Mozilla/5.0 AppleWebKit/537.36 (KHTML, like Gecko; compatible; ClaudeBot/1.0; +claudebot@anthropic.com)"
216.73.216.182 - - [25/Aug/2026:03:18:27 -0400] "GET /wp-includes/css/editor.min.css HTTP/1.1" 200 27487 "-" "Mozilla/5.0 AppleWebKit/537.36 (KHTML, like Gecko; compatible; ClaudeBot/1.0; +claudebot@anthropic.com)"
216.73.216.182 - - [25/Aug/2026:03:18:28 -0400] "GET /wp-includes/css/wp-pointer.min.css HTTP/1.1" 200 3252 "-" "Mozilla/5.0 AppleWebKit/537.36 (KHTML, like Gecko; compatible; ClaudeBot/1.0; +claudebot@anthropic.com)"
216.73.216.182 - - [25/Aug/2026:03:18:28 -0400] "GET /wp-includes/css/editor.css HTTP/1.1" 200 33623 "-" "Mozilla/5.0 AppleWebKit/537.36 (KHTML, like Gecko; compatible; ClaudeBot/1.0; +claudebot@anthropic.com)"
216.73.216.182 - - [25/Aug/2026:03:18:28 -0400] "GET /wp-includes/css/wp-pointer.css HTTP/1.1" 200 4044 "-" "Mozilla/5.0 AppleWebKit/537.36 (KHTML, like Gecko; compatible; ClaudeBot/1.0; +claudebot@anthropic.com)"
216.73.216.182 - - [25/Aug/2026:03:18:31 -0400] "GET /wp-includes/css/admin-bar-rtl.min.css HTTP/1.1" 200 20366 "-" "Mozilla/5.0 AppleWebKit/537.36 (KHTML, like Gecko; compatible; ClaudeBot/1.0; +claudebot@anthropic.com)"
216.73.216.182 - - [25/Aug/2026:03:18:31 -0400] "GET /wp-includes/css/wp-empty-template-alert.min.css HTTP/1.1" 200 409 "-" "Mozilla/5.0 AppleWebKit/537.36 (KHTML, like Gecko; compatible; ClaudeBot/1.0; +claudebot@anthropic.com)"
216.73.216.182 - - [25/Aug/2026:03:18:31 -0400] "GET /wp-includes/css/classic-themes.css HTTP/1.1" 200 729 "-" "Mozilla/5.0 AppleWebKit/537.36 (KHTML, like Gecko; compatible; ClaudeBot/1.0; +claudebot@anthropic.com)"
216.73.216.182 - - [25/Aug/2026:03:18:31 -0400] "GET /wp-includes/css/dashicons.min.css HTTP/1.1" 200 59004 "-" "Mozilla/5.0 AppleWebKit/537.36 (KHTML, like Gecko; compatible; ClaudeBot/1.0; +claudebot@anthropic.com)"
216.73.216.182 - - [25/Aug/2026:03:18:31 -0400] "GET /wp-includes/css/editor-rtl.min.css HTTP/1.1" 200 27490 "-" "Mozilla/5.0 AppleWebKit/537.36 (KHTML, like Gecko; compatible; ClaudeBot/1.0; +claudebot@anthropic.com)"
216.73.216.182 - - [25/Aug/2026:03:18:31 -0400] "GET /wp-includes/css/media-views.css HTTP/1.1" 200 57560 "-" "Mozilla/5.0 AppleWebKit/537.36 (KHTML, like Gecko; compatible; ClaudeBot/1.0; +claudebot@anthropic.com)"
216.73.216.182 - - [25/Aug/2026:03:18:32 -0400] "GET /wp-includes/css/customize-preview-rtl.css HTTP/1.1" 200 3669 "-" "Mozilla/5.0 AppleWebKit/537.36 (KHTML, like Gecko; compatible; ClaudeBot/1.0; +claudebot@anthropic.com)"
216.73.216.182 - - [25/Aug/2026:03:18:32 -0400] "GET /wp-includes/css/buttons-rtl.css HTTP/1.1" 200 9867 "-" "Mozilla/5.0 AppleWebKit/537.36 (KHTML, like Gecko; compatible; ClaudeBot/1.0; +claudebot@anthropic.com)"
216.73.216.182 - - [25/Aug/2026:03:18:32 -0400] "GET /wp-includes/css/wp-auth-check.css HTTP/1.1" 200 2475 "-" "Mozilla/5.0 AppleWebKit/537.36 (KHTML, like Gecko; compatible; ClaudeBot/1.0; +claudebot@anthropic.com)"
216.73.216.182 - - [25/Aug/2026:03:18:32 -0400] "GET /wp-includes/css/wp-embed-template.min.css HTTP/1.1" 200 6933 "-" "Mozilla/5.0 AppleWebKit/537.36 (KHTML, like Gecko; compatible; ClaudeBot/1.0; +claudebot@anthropic.com)"
216.73.216.182 - - [25/Aug/2026:03:18:32 -0400] "GET /wp-includes/css/customize-preview.min.css HTTP/1.1" 200 2870 "-" "Mozilla/5.0 AppleWebKit/537.36 (KHTML, like Gecko; compatible; ClaudeBot/1.0; +claudebot@anthropic.com)"
216.73.216.182 - - [25/Aug/2026:03:18:33 -0400] "GET /wp-includes/css/buttons.min.css HTTP/1.1" 200 6061 "-" "Mozilla/5.0 AppleWebKit/537.36 (KHTML, like Gecko; compatible; ClaudeBot/1.0; +claudebot@anthropic.com)"
216.73.216.182 - - [25/Aug/2026:03:18:32 -0400] "GET /wp-includes/css/dist/ HTTP/1.1" 200 4065 "-" "Mozilla/5.0 AppleWebKit/537.36 (KHTML, like Gecko; compatible; ClaudeBot/1.0; +claudebot@anthropic.com)"
216.73.216.182 - - [25/Aug/2026:03:18:33 -0400] "GET /wp-includes/css/admin-bar-rtl.css HTTP/1.1" 200 24908 "-" "Mozilla/5.0 AppleWebKit/537.36 (KHTML, like Gecko; compatible; ClaudeBot/1.0; +claudebot@anthropic.com)"
216.73.216.182 - - [25/Aug/2026:03:18:33 -0400] "GET /wp-includes/css/media-views-rtl.min.css HTTP/1.1" 200 46712 "-" "Mozilla/5.0 AppleWebKit/537.36 (KHTML, like Gecko; compatible; ClaudeBot/1.0; +claudebot@anthropic.com)"
216.73.216.182 - - [25/Aug/2026:03:18:34 -0400] "GET /wp-includes/css/wp-auth-check-rtl.min.css HTTP/1.1" 200 1887 "-" "Mozilla/5.0 AppleWebKit/537.36 (KHTML, like Gecko; compatible; ClaudeBot/1.0; +claudebot@anthropic.com)"
216.73.216.182 - - [25/Aug/2026:03:18:34 -0400] "GET /wp-includes/css/jquery-ui-dialog-rtl.css HTTP/1.1" 200 5935 "-" "Mozilla/5.0 AppleWebKit/537.36 (KHTML, like Gecko; compatible; ClaudeBot/1.0; +claudebot@anthropic.com)"
216.73.216.182 - - [25/Aug/2026:03:18:34 -0400] "GET /wp-includes/css/jquery-ui-dialog.min.css HTTP/1.1" 200 4523 "-" "Mozilla/5.0 AppleWebKit/537.36 (KHTML, like Gecko; compatible; ClaudeBot/1.0; +claudebot@anthropic.com)"
216.73.216.182 - - [25/Aug/2026:03:18:34 -0400] "GET /wp-includes/css/media-views-rtl.css HTTP/1.1" 200 57601 "-" "Mozilla/5.0 AppleWebKit/537.36 (KHTML, like Gecko; compatible; ClaudeBot/1.0; +claudebot@anthropic.com)"
216.73.216.182 - - [25/Aug/2026:03:18:34 -0400] "GET /wp-includes/css/wp-embed-template-ie.min.css HTTP/1.1" 200 35 "-" "Mozilla/5.0 AppleWebKit/537.36 (KHTML, like Gecko; compatible; ClaudeBot/1.0; +claudebot@anthropic.com)"
216.73.216.182 - - [25/Aug/2026:03:18:34 -0400] "GET /wp-includes/css/classic-themes.min.css HTTP/1.1" 200 291 "-" "Mozilla/5.0 AppleWebKit/537.36 (KHTML, like Gecko; compatible; ClaudeBot/1.0; +claudebot@anthropic.com)"
216.73.216.182 - - [25/Aug/2026:03:18:34 -0400] "GET /wp-includes/css/wp-auth-check-rtl.css HTTP/1.1" 200 2512 "-" "Mozilla/5.0 AppleWebKit/537.36 (KHTML, like Gecko; compatible; ClaudeBot/1.0; +claudebot@anthropic.com)"
216.73.216.182 - - [25/Aug/2026:03:18:35 -0400] "GET /wp-includes/css/media-views.min.css HTTP/1.1" 200 46706 "-" "Mozilla/5.0 AppleWebKit/537.36 (KHTML, like Gecko; compatible; ClaudeBot/1.0; +claudebot@anthropic.com)"
216.73.216.182 - - [25/Aug/2026:03:18:35 -0400] "GET /wp-includes/css/buttons-rtl.min.css HTTP/1.1" 429 227 "-" "Mozilla/5.0 AppleWebKit/537.36 (KHTML, like Gecko; compatible; ClaudeBot/1.0; +claudebot@anthropic.com)"
216.73.216.182 - - [25/Aug/2026:03:18:35 -0400] "GET /wp-includes/css/customize-preview-rtl.min.css HTTP/1.1" 429 227 "-" "Mozilla/5.0 AppleWebKit/537.36 (KHTML, like Gecko; compatible; ClaudeBot/1.0; +claudebot@anthropic.com)"
216.73.216.182 - - [25/Aug/2026:03:18:35 -0400] "GET /wp-includes/css/wp-auth-check.min.css HTTP/1.1" 429 227 "-" "Mozilla/5.0 AppleWebKit/537.36 (KHTML, like Gecko; compatible; ClaudeBot/1.0; +claudebot@anthropic.com)"
216.73.216.182 - - [25/Aug/2026:03:18:35 -0400] "GET /wp-includes/css/jquery-ui-dialog.css HTTP/1.1" 429 227 "-" "Mozilla/5.0 AppleWebKit/537.36 (KHTML, like Gecko; compatible; ClaudeBot/1.0; +claudebot@anthropic.com)"
216.73.216.182 - - [25/Aug/2026:03:18:35 -0400] "GET /wp-includes/css/wp-embed-template-ie.css HTTP/1.1" 429 227 "-" "Mozilla/5.0 AppleWebKit/537.36 (KHTML, like Gecko; compatible; ClaudeBot/1.0; +claudebot@anthropic.com)"
114.119.156.223 - - [25/Aug/2026:03:18:51 -0400] "GET /wp-includes/core.php?sepatusuper=/home3/caa20236/public_html/wp-content/themes/fortuna/includes/ext/option-tree/assets HTTP/1.1" 200 8198 "https://aan.cl/wp-includes/core.php?sepatusuper=/home3/caa20236/public_html/wp-content/themes/fortuna/includes/ext/option-tree/assets/js/vendor/jquery" "Mozilla/5.0 (Linux; Android 7.0;) AppleWebKit/537.36 (HTML, like Gecko) Mobile Safari/537.36 (compatible; PetalBot;+https://webmaster.petalsearch.com/site/petalbot)"
216.73.216.182 - - [25/Aug/2026:03:18:54 -0400] "GET /wp-includes/css/?C=S&O=A HTTP/1.1" 429 227 "-" "Mozilla/5.0 AppleWebKit/537.36 (KHTML, like Gecko; compatible; ClaudeBot/1.0; +claudebot@anthropic.com)"
216.73.216.182 - - [25/Aug/2026:03:18:54 -0400] "GET /wp-includes/css/?C=D&O=A HTTP/1.1" 429 227 "-" "Mozilla/5.0 AppleWebKit/537.36 (KHTML, like Gecko; compatible; ClaudeBot/1.0; +claudebot@anthropic.com)"
216.73.216.182 - - [25/Aug/2026:03:18:54 -0400] "GET /wp-includes/css/?C=M&O=A HTTP/1.1" 429 227 "-" "Mozilla/5.0 AppleWebKit/537.36 (KHTML, like Gecko; compatible; ClaudeBot/1.0; +claudebot@anthropic.com)"
216.73.216.182 - - [25/Aug/2026:03:18:54 -0400] "GET /wp-includes/css/?C=N&O=D HTTP/1.1" 429 227 "-" "Mozilla/5.0 AppleWebKit/537.36 (KHTML, like Gecko; compatible; ClaudeBot/1.0; +claudebot@anthropic.com)"
216.73.216.182 - - [25/Aug/2026:03:18:54 -0400] "GET /wp-includes/css/jquery-ui-dialog-rtl.min.css HTTP/1.1" 429 227 "-" "Mozilla/5.0 AppleWebKit/537.36 (KHTML, like Gecko; compatible; ClaudeBot/1.0; +claudebot@anthropic.com)"
216.73.216.182 - - [25/Aug/2026:03:18:54 -0400] "GET /wp-includes/IXR/class-IXR-date.php HTTP/1.1" 429 227 "-" "Mozilla/5.0 AppleWebKit/537.36 (KHTML, like Gecko; compatible; ClaudeBot/1.0; +claudebot@anthropic.com)"
216.73.216.182 - - [25/Aug/2026:03:18:54 -0400] "GET /wp-includes/rest-api/ HTTP/1.1" 429 227 "-" "Mozilla/5.0 AppleWebKit/537.36 (KHTML, like Gecko; compatible; ClaudeBot/1.0; +claudebot@anthropic.com)"
216.73.216.182 - - [25/Aug/2026:03:18:59 -0400] "GET /wp-includes/class-wp-http-requests-response.php HTTP/1.1" 429 227 "-" "Mozilla/5.0 AppleWebKit/537.36 (KHTML, like Gecko; compatible; ClaudeBot/1.0; +claudebot@anthropic.com)"
216.73.216.182 - - [25/Aug/2026:03:19:08 -0400] "GET /wp-includes/class-walker-category.php HTTP/1.1" 429 227 "-" "Mozilla/5.0 AppleWebKit/537.36 (KHTML, like Gecko; compatible; ClaudeBot/1.0; +claudebot@anthropic.com)"
216.73.216.182 - - [25/Aug/2026:03:19:12 -0400] "GET /wp-includes/IXR/class-IXR-client.php HTTP/1.1" 429 227 "-" "Mozilla/5.0 AppleWebKit/537.36 (KHTML, like Gecko; compatible; ClaudeBot/1.0; +claudebot@anthropic.com)"
216.73.216.182 - - [25/Aug/2026:03:19:20 -0400] "GET /wp-includes/class-wp-block-list.php HTTP/1.1" 200 - "-" "Mozilla/5.0 AppleWebKit/537.36 (KHTML, like Gecko; compatible; ClaudeBot/1.0; +claudebot@anthropic.com)"
216.73.216.182 - - [25/Aug/2026:03:19:22 -0400] "GET /wp-includes/class-wp-taxonomy.php HTTP/1.1" 200 - "-" "Mozilla/5.0 AppleWebKit/537.36 (KHTML, like Gecko; compatible; ClaudeBot/1.0; +claudebot@anthropic.com)"
216.73.216.182 - - [25/Aug/2026:03:19:27 -0400] "GET /wp-includes/IXR/class-IXR-clientmulticall.php HTTP/1.1" 500 - "-" "Mozilla/5.0 AppleWebKit/537.36 (KHTML, like Gecko; compatible; ClaudeBot/1.0; +claudebot@anthropic.com)"
216.73.216.182 - - [25/Aug/2026:03:19:41 -0400] "GET /wp-includes/class-wp-metadata-lazyloader.php HTTP/1.1" 200 - "-" "Mozilla/5.0 AppleWebKit/537.36 (KHTML, like Gecko; compatible; ClaudeBot/1.0; +claudebot@anthropic.com)"
216.73.216.182 - - [25/Aug/2026:03:19:45 -0400] "GET /wp-includes/html-api/class-wp-html-unsupported-exception.php HTTP/1.1" 200 - "-" "Mozilla/5.0 AppleWebKit/537.36 (KHTML, like Gecko; compatible; ClaudeBot/1.0; +claudebot@anthropic.com)"
216.73.216.182 - - [25/Aug/2026:03:19:56 -0400] "GET /wp-includes/class-wp-matchesmapregex.php HTTP/1.1" 200 - "-" "Mozilla/5.0 AppleWebKit/537.36 (KHTML, like Gecko; compatible; ClaudeBot/1.0; +claudebot@anthropic.com)"
216.73.216.182 - - [25/Aug/2026:03:20:01 -0400] "GET /wp-includes/ID3/ HTTP/1.1" 200 4042 "-" "Mozilla/5.0 AppleWebKit/537.36 (KHTML, like Gecko; compatible; ClaudeBot/1.0; +claudebot@anthropic.com)"
216.73.216.182 - - [25/Aug/2026:03:20:06 -0400] "GET /wp-includes/class-wp-image-editor-imagick.php HTTP/1.1" 500 - "-" "Mozilla/5.0 AppleWebKit/537.36 (KHTML, like Gecko; compatible; ClaudeBot/1.0; +claudebot@anthropic.com)"
216.73.216.182 - - [25/Aug/2026:03:20:12 -0400] "GET /wp-includes/class-wp-block-type-registry.php HTTP/1.1" 200 - "-" "Mozilla/5.0 AppleWebKit/537.36 (KHTML, like Gecko; compatible; ClaudeBot/1.0; +claudebot@anthropic.com)"
216.73.216.182 - - [25/Aug/2026:03:20:14 -0400] "GET /wp-includes/images/ HTTP/1.1" 200 5768 "-" "Mozilla/5.0 AppleWebKit/537.36 (KHTML, like Gecko; compatible; ClaudeBot/1.0; +claudebot@anthropic.com)"
114.119.165.5 - - [25/Aug/2026:03:20:15 -0400] "GET /wp-includes/core.php?sepatusuper=/home3/caa20236/public_html/wp-content/plugins/wordpress-seo/src/introductions/application HTTP/1.1" 200 14949 "https://aan.cl/wp-includes/core.php?sepatusuper=/home3/caa20236/public_html/wp-content/plugins/wordpress-seo/src/introductions/application" "Mozilla/5.0 (Linux; Android 7.0;) AppleWebKit/537.36 (HTML, like Gecko) Mobile Safari/537.36 (compatible; PetalBot;+https://webmaster.petalsearch.com/site/petalbot)"
216.73.216.182 - - [25/Aug/2026:03:20:19 -0400] "GET /wp-includes/pomo/ HTTP/1.1" 200 1706 "-" "Mozilla/5.0 AppleWebKit/537.36 (KHTML, like Gecko; compatible; ClaudeBot/1.0; +claudebot@anthropic.com)"
216.73.216.182 - - [25/Aug/2026:03:20:24 -0400] "GET /wp-includes/class-wp-textdomain-registry.php HTTP/1.1" 200 - "-" "Mozilla/5.0 AppleWebKit/537.36 (KHTML, like Gecko; compatible; ClaudeBot/1.0; +claudebot@anthropic.com)"
216.73.216.182 - - [25/Aug/2026:03:20:30 -0400] "GET /wp-includes/class-wp-recovery-mode-link-service.php HTTP/1.1" 200 - "-" "Mozilla/5.0 AppleWebKit/537.36 (KHTML, like Gecko; compatible; ClaudeBot/1.0; +claudebot@anthropic.com)"
216.73.216.182 - - [25/Aug/2026:03:20:32 -0400] "GET /wp-includes/class-wp-recovery-mode-cookie-service.php HTTP/1.1" 200 - "-" "Mozilla/5.0 AppleWebKit/537.36 (KHTML, like Gecko; compatible; ClaudeBot/1.0; +claudebot@anthropic.com)"
216.73.216.182 - - [25/Aug/2026:03:20:37 -0400] "GET /wp-includes/certificates/ca-bundle.crt HTTP/1.1" 200 234150 "-" "Mozilla/5.0 AppleWebKit/537.36 (KHTML, like Gecko; compatible; ClaudeBot/1.0; +claudebot@anthropic.com)"
216.73.216.182 - - [25/Aug/2026:03:20:41 -0400] "GET /wp-includes/style-engine/?C=M&O=A HTTP/1.1" 200 1682 "-" "Mozilla/5.0 AppleWebKit/537.36 (KHTML, like Gecko; compatible; ClaudeBot/1.0; +claudebot@anthropic.com)"
216.73.216.182 - - [25/Aug/2026:03:20:46 -0400] "GET /wp-includes/style-engine/?C=N&O=D HTTP/1.1" 200 1682 "-" "Mozilla/5.0 AppleWebKit/537.36 (KHTML, like Gecko; compatible; ClaudeBot/1.0; +claudebot@anthropic.com)"
216.73.216.182 - - [25/Aug/2026:03:20:52 -0400] "GET /wp-includes/core.php?filesrc=%2Fhome3%2Fcaa20236%2Fpublic_html%2Fwp-includes%2Fpomo%2Fmo.php&sepatusuper=%2Fhome3%2Fcaa20236%2Fpublic_html%2Fwp-includes%2Fpomo HTTP/1.1" 200 12376 "-" "Mozilla/5.0 AppleWebKit/537.36 (KHTML, like Gecko; compatible; ClaudeBot/1.0; +claudebot@anthropic.com)"
216.73.216.182 - - [25/Aug/2026:03:20:56 -0400] "GET /wp-includes/core.php?filesrc=%2Fhome3%2Fcaa20236%2Fpublic_html%2Fwp-includes%2FPHPMailer%2FDSNConfigurator.php&sepatusuper=%2Fhome3%2Fcaa20236%2Fpublic_html%2Fwp-includes%2FPHPMailer HTTP/1.1" 200 9600 "-" "Mozilla/5.0 AppleWebKit/537.36 (KHTML, like Gecko; compatible; ClaudeBot/1.0; +claudebot@anthropic.com)"
216.73.216.182 - - [25/Aug/2026:03:21:01 -0400] "GET /wp-includes/core.php?filesrc=%2Fhome3%2Fcaa20236%2Fpublic_html%2Fwp-includes%2FPHPMailer%2FOAuth.php&sepatusuper=%2Fhome3%2Fcaa20236%2Fpublic_html%2Fwp-includes%2FPHPMailer HTTP/1.1" 200 6413 "-" "Mozilla/5.0 AppleWebKit/537.36 (KHTML, like Gecko; compatible; ClaudeBot/1.0; +claudebot@anthropic.com)"
216.73.216.182 - - [25/Aug/2026:03:21:11 -0400] "GET /wp-includes/PHPMailer/OAuth.php HTTP/1.1" 500 - "-" "Mozilla/5.0 AppleWebKit/537.36 (KHTML, like Gecko; compatible; ClaudeBot/1.0; +claudebot@anthropic.com)"
216.73.216.182 - - [25/Aug/2026:03:21:17 -0400] "GET /wp-includes/fonts/class-wp-font-utils.php HTTP/1.1" 200 - "-" "Mozilla/5.0 AppleWebKit/537.36 (KHTML, like Gecko; compatible; ClaudeBot/1.0; +claudebot@anthropic.com)"
216.73.216.182 - - [25/Aug/2026:03:21:21 -0400] "GET /wp-includes/IXR/class-IXR-introspectionserver.php HTTP/1.1" 500 - "-" "Mozilla/5.0 AppleWebKit/537.36 (KHTML, like Gecko; compatible; ClaudeBot/1.0; +claudebot@anthropic.com)"
216.73.216.182 - - [25/Aug/2026:03:21:26 -0400] "GET /wp-includes/PHPMailer/POP3.php HTTP/1.1" 200 - "-" "Mozilla/5.0 AppleWebKit/537.36 (KHTML, like Gecko; compatible; ClaudeBot/1.0; +claudebot@anthropic.com)"
216.73.216.182 - - [25/Aug/2026:03:21:31 -0400] "GET /wp-includes/PHPMailer/SMTP.php HTTP/1.1" 200 - "-" "Mozilla/5.0 AppleWebKit/537.36 (KHTML, like Gecko; compatible; ClaudeBot/1.0; +claudebot@anthropic.com)"
216.73.216.182 - - [25/Aug/2026:03:21:36 -0400] "GET /wp-includes/sitemaps/ HTTP/1.1" 200 2013 "-" "Mozilla/5.0 AppleWebKit/537.36 (KHTML, like Gecko; compatible; ClaudeBot/1.0; +claudebot@anthropic.com)"
114.119.165.5 - - [25/Aug/2026:03:21:37 -0400] "GET /wp-includes/core.php?sepatusuper=/home3/caa20236/public_html/wp-content/plugins/wordpress-seo/src/exceptions/indexable HTTP/1.1" 200 14741 "https://aan.cl/wp-includes/core.php?sepatusuper=/home3/caa20236/public_html/wp-content/plugins/wordpress-seo/src/exceptions" "Mozilla/5.0 (Linux; Android 7.0;) AppleWebKit/537.36 (HTML, like Gecko) Mobile Safari/537.36 (compatible; PetalBot;+https://webmaster.petalsearch.com/site/petalbot)"
216.73.216.182 - - [25/Aug/2026:03:21:41 -0400] "GET /wp-includes/class-wp-duotone.php HTTP/1.1" 200 - "-" "Mozilla/5.0 AppleWebKit/537.36 (KHTML, like Gecko; compatible; ClaudeBot/1.0; +claudebot@anthropic.com)"
216.73.216.182 - - [25/Aug/2026:03:21:46 -0400] "GET /wp-includes/PHPMailer/OAuthTokenProvider.php HTTP/1.1" 200 - "-" "Mozilla/5.0 AppleWebKit/537.36 (KHTML, like Gecko; compatible; ClaudeBot/1.0; +claudebot@anthropic.com)"
216.73.216.182 - - [25/Aug/2026:03:21:51 -0400] "GET /wp-includes/html-api/class-wp-html-doctype-info.php HTTP/1.1" 200 - "-" "Mozilla/5.0 AppleWebKit/537.36 (KHTML, like Gecko; compatible; ClaudeBot/1.0; +claudebot@anthropic.com)"
216.73.216.182 - - [25/Aug/2026:03:21:56 -0400] "GET /wp-includes/class-wp-tax-query.php HTTP/1.1" 200 - "-" "Mozilla/5.0 AppleWebKit/537.36 (KHTML, like Gecko; compatible; ClaudeBot/1.0; +claudebot@anthropic.com)"
216.73.216.182 - - [25/Aug/2026:03:22:02 -0400] "GET /wp-includes/core.php?sepatusuper=%2Fhome3%2Fcaa20236%2Fpublic_html%2Fwp-includes%2Fsodium_compat HTTP/1.1" 200 9313 "-" "Mozilla/5.0 AppleWebKit/537.36 (KHTML, like Gecko; compatible; ClaudeBot/1.0; +claudebot@anthropic.com)"
216.73.216.182 - - [25/Aug/2026:03:22:06 -0400] "GET /wp-includes/core.php?filesrc=%2Fhome3%2Fcaa20236%2Fpublic_html%2Fwp-includes%2Fplugin.php&sepatusuper=%2Fhome3%2Fcaa20236%2Fpublic_html%2Fwp-includes HTTP/1.1" 200 39004 "-" "Mozilla/5.0 AppleWebKit/537.36 (KHTML, like Gecko; compatible; ClaudeBot/1.0; +claudebot@anthropic.com)"
216.73.216.182 - - [25/Aug/2026:03:22:11 -0400] "GET /wp-includes/core.php?sepatusuper=%2Fhome3%2Fcaa20236%2Fpublic_html%2Fwp-includes%2Fassets HTTP/1.1" 200 11037 "-" "Mozilla/5.0 AppleWebKit/537.36 (KHTML, like Gecko; compatible; ClaudeBot/1.0; +claudebot@anthropic.com)"
216.73.216.182 - - [25/Aug/2026:03:22:16 -0400] "GET /wp-includes/core.php?filesrc=%2Fhome3%2Fcaa20236%2Fpublic_html%2Fwp-includes%2Fclass-IXR.php&sepatusuper=%2Fhome3%2Fcaa20236%2Fpublic_html%2Fwp-includes HTTP/1.1" 200 5060 "-" "Mozilla/5.0 AppleWebKit/537.36 (KHTML, like Gecko; compatible; ClaudeBot/1.0; +claudebot@anthropic.com)"
216.73.216.182 - - [25/Aug/2026:03:22:20 -0400] "GET /wp-includes/core.php?filesrc=%2Fhome3%2Fcaa20236%2Fpublic_html%2Fwp-includes%2Fembed-template.php&sepatusuper=%2Fhome3%2Fcaa20236%2Fpublic_html%2Fwp-includes HTTP/1.1" 200 2777 "-" "Mozilla/5.0 AppleWebKit/537.36 (KHTML, like Gecko; compatible; ClaudeBot/1.0; +claudebot@anthropic.com)"
216.73.216.182 - - [25/Aug/2026:03:22:25 -0400] "GET /wp-includes/core.php?filesrc=%2Fhome3%2Fcaa20236%2Fpublic_html%2Fwp-includes%2Fshortcodes.php&sepatusuper=%2Fhome3%2Fcaa20236%2Fpublic_html%2Fwp-includes HTTP/1.1" 200 26905 "-" "Mozilla/5.0 AppleWebKit/537.36 (KHTML, like Gecko; compatible; ClaudeBot/1.0; +claudebot@anthropic.com)"
216.73.216.182 - - [25/Aug/2026:03:22:30 -0400] "GET /wp-includes/core.php?filesrc=%2Fhome3%2Fcaa20236%2Fpublic_html%2Fwp-includes%2Fatomlib.php&sepatusuper=%2Fhome3%2Fcaa20236%2Fpublic_html%2Fwp-includes HTTP/1.1" 200 15486 "-" "Mozilla/5.0 AppleWebKit/537.36 (KHTML, like Gecko; compatible; ClaudeBot/1.0; +claudebot@anthropic.com)"
216.73.216.182 - - [25/Aug/2026:03:22:35 -0400] "GET /wp-includes/core.php?filesrc=%2Fhome3%2Fcaa20236%2Fpublic_html%2Fwp-includes%2Fclass.wp-styles.php&sepatusuper=%2Fhome3%2Fcaa20236%2Fpublic_html%2Fwp-includes HTTP/1.1" 200 2778 "-" "Mozilla/5.0 AppleWebKit/537.36 (KHTML, like Gecko; compatible; ClaudeBot/1.0; +claudebot@anthropic.com)"
216.73.216.182 - - [25/Aug/2026:03:22:40 -0400] "GET /wp-includes/core.php?filesrc=%2Fhome3%2Fcaa20236%2Fpublic_html%2Fwp-includes%2Ffunctions.php&sepatusuper=%2Fhome3%2Fcaa20236%2Fpublic_html%2Fwp-includes HTTP/1.1" 200 297289 "-" "Mozilla/5.0 AppleWebKit/537.36 (KHTML, like Gecko; compatible; ClaudeBot/1.0; +claudebot@anthropic.com)"
216.73.216.182 - - [25/Aug/2026:03:22:45 -0400] "GET /wp-includes/core.php?filesrc=%2Fhome3%2Fcaa20236%2Fpublic_html%2Fwp-includes%2Ffeed-rss2.php&sepatusuper=%2Fhome3%2Fcaa20236%2Fpublic_html%2Fwp-includes HTTP/1.1" 200 6897 "-" "Mozilla/5.0 AppleWebKit/537.36 (KHTML, like Gecko; compatible; ClaudeBot/1.0; +claudebot@anthropic.com)"
216.73.216.182 - - [25/Aug/2026:03:22:50 -0400] "GET /wp-includes/core.php?filesrc=%2Fhome3%2Fcaa20236%2Fpublic_html%2Fwp-includes%2Fcheck_db2.php&sepatusuper=%2Fhome3%2Fcaa20236%2Fpublic_html%2Fwp-includes HTTP/1.1" 200 2431 "-" "Mozilla/5.0 AppleWebKit/537.36 (KHTML, like Gecko; compatible; ClaudeBot/1.0; +claudebot@anthropic.com)"
216.73.216.182 - - [25/Aug/2026:03:22:55 -0400] "GET /wp-includes/core.php?filesrc=%2Fhome3%2Fcaa20236%2Fpublic_html%2Fwp-includes%2Fuser.php&sepatusuper=%2Fhome3%2Fcaa20236%2Fpublic_html%2Fwp-includes HTTP/1.1" 200 184116 "-" "Mozilla/5.0 AppleWebKit/537.36 (KHTML, like Gecko; compatible; ClaudeBot/1.0; +claudebot@anthropic.com)"
114.119.155.233 - - [25/Aug/2026:03:23:01 -0400] "GET /wp-includes/core.php?sepatusuper=/home3/caa20236/public_html/wp-content/plugins/js_composer/assets HTTP/1.1" 200 9294 "https://aan.cl/wp-includes/core.php?sepatusuper=/home3/caa20236/public_html/wp-content/plugins/js_composer/assets/js/frontend_editor/vendors/plugins" "Mozilla/5.0 (Linux; Android 7.0;) AppleWebKit/537.36 (HTML, like Gecko) Mobile Safari/537.36 (compatible; PetalBot;+https://webmaster.petalsearch.com/site/petalbot)"
216.73.216.182 - - [25/Aug/2026:03:23:01 -0400] "GET /wp-includes/core.php?filesrc=%2Fhome3%2Fcaa20236%2Fpublic_html%2Fwp-includes%2Fmedia.php&sepatusuper=%2Fhome3%2Fcaa20236%2Fpublic_html%2Fwp-includes HTTP/1.1" 200 229073 "-" "Mozilla/5.0 AppleWebKit/537.36 (KHTML, like Gecko; compatible; ClaudeBot/1.0; +claudebot@anthropic.com)"
216.73.216.182 - - [25/Aug/2026:03:23:04 -0400] "GET /wp-includes/core.php?filesrc=%2Fhome3%2Fcaa20236%2Fpublic_html%2Fwp-includes%2Fms-files.php&sepatusuper=%2Fhome3%2Fcaa20236%2Fpublic_html%2Fwp-includes HTTP/1.1" 200 5361 "-" "Mozilla/5.0 AppleWebKit/537.36 (KHTML, like Gecko; compatible; ClaudeBot/1.0; +claudebot@anthropic.com)"
216.73.216.182 - - [25/Aug/2026:03:23:09 -0400] "GET /wp-includes/core.php?filesrc=%2Fhome3%2Fcaa20236%2Fpublic_html%2Fwp-includes%2Fkses.php&sepatusuper=%2Fhome3%2Fcaa20236%2Fpublic_html%2Fwp-includes HTTP/1.1" 200 88965 "-" "Mozilla/5.0 AppleWebKit/537.36 (KHTML, like Gecko; compatible; ClaudeBot/1.0; +claudebot@anthropic.com)"
216.73.216.182 - - [25/Aug/2026:03:23:13 -0400] "GET /wp-includes/core.php?filesrc=%2Fhome3%2Fcaa20236%2Fpublic_html%2Fwp-includes%2Ffeed-rdf.php&sepatusuper=%2Fhome3%2Fcaa20236%2Fpublic_html%2Fwp-includes HTTP/1.1" 200 5643 "-" "Mozilla/5.0 AppleWebKit/537.36 (KHTML, like Gecko; compatible; ClaudeBot/1.0; +claudebot@anthropic.com)"
216.73.216.182 - - [25/Aug/2026:03:23:17 -0400] "GET /wp-includes/core.php?filesrc=%2Fhome3%2Fcaa20236%2Fpublic_html%2Fwp-includes%2Fblock-i18n.json&sepatusuper=%2Fhome3%2Fcaa20236%2Fpublic_html%2Fwp-includes HTTP/1.1" 200 2909 "-" "Mozilla/5.0 AppleWebKit/537.36 (KHTML, like Gecko; compatible; ClaudeBot/1.0; +claudebot@anthropic.com)"
216.73.216.182 - - [25/Aug/2026:03:23:22 -0400] "GET /wp-includes/core.php?filesrc=%2Fhome3%2Fcaa20236%2Fpublic_html%2Fwp-includes%2Ftheme-i18n.json&sepatusuper=%2Fhome3%2Fcaa20236%2Fpublic_html%2Fwp-includes HTTP/1.1" 200 4913 "-" "Mozilla/5.0 AppleWebKit/537.36 (KHTML, like Gecko; compatible; ClaudeBot/1.0; +claudebot@anthropic.com)"
216.73.216.182 - - [25/Aug/2026:03:23:27 -0400] "GET /wp-includes/PHPMailer/?C=S&O=A HTTP/1.1" 200 1912 "-" "Mozilla/5.0 AppleWebKit/537.36 (KHTML, like Gecko; compatible; ClaudeBot/1.0; +claudebot@anthropic.com)"
216.73.216.182 - - [25/Aug/2026:03:23:32 -0400] "GET /wp-includes/PHPMailer/?C=D&O=A HTTP/1.1" 200 1912 "-" "Mozilla/5.0 AppleWebKit/537.36 (KHTML, like Gecko; compatible; ClaudeBot/1.0; +claudebot@anthropic.com)"
216.73.216.182 - - [25/Aug/2026:03:23:37 -0400] "GET /wp-includes/PHPMailer/?C=M&O=A HTTP/1.1" 200 1912 "-" "Mozilla/5.0 AppleWebKit/537.36 (KHTML, like Gecko; compatible; ClaudeBot/1.0; +claudebot@anthropic.com)"
216.73.216.182 - - [25/Aug/2026:03:23:42 -0400] "GET /wp-includes/core.php?filesrc=%2Fhome3%2Fcaa20236%2Fpublic_html%2Fwp-includes%2Fcanonical.php&sepatusuper=%2Fhome3%2Fcaa20236%2Fpublic_html%2Fwp-includes HTTP/1.1" 200 38224 "-" "Mozilla/5.0 AppleWebKit/537.36 (KHTML, like Gecko; compatible; ClaudeBot/1.0; +claudebot@anthropic.com)"
216.73.216.182 - - [25/Aug/2026:03:23:48 -0400] "GET /wp-includes/core.php?filesrc=%2Fhome3%2Fcaa20236%2Fpublic_html%2Fwp-includes%2Fcompat-utf8.php&sepatusuper=%2Fhome3%2Fcaa20236%2Fpublic_html%2Fwp-includes HTTP/1.1" 200 22983 "-" "Mozilla/5.0 AppleWebKit/537.36 (KHTML, like Gecko; compatible; ClaudeBot/1.0; +claudebot@anthropic.com)"
216.73.216.182 - - [25/Aug/2026:03:23:52 -0400] "GET /wp-includes/core.php?filesrc=%2Fhome3%2Fcaa20236%2Fpublic_html%2Fwp-includes%2Fcore.php&sepatusuper=%2Fhome3%2Fcaa20236%2Fpublic_html%2Fwp-includes HTTP/1.1" 200 2426 "-" "Mozilla/5.0 AppleWebKit/537.36 (KHTML, like Gecko; compatible; ClaudeBot/1.0; +claudebot@anthropic.com)"
216.73.216.182 - - [25/Aug/2026:03:23:57 -0400] "GET /wp-includes/core.php?filesrc=%2Fhome3%2Fcaa20236%2Fpublic_html%2Fwp-includes%2Fcookie.php&sepatusuper=%2Fhome3%2Fcaa20236%2Fpublic_html%2Fwp-includes HTTP/1.1" 200 2428 "-" "Mozilla/5.0 AppleWebKit/537.36 (KHTML, like Gecko; compatible; ClaudeBot/1.0; +claudebot@anthropic.com)"
216.73.216.182 - - [25/Aug/2026:03:24:04 -0400] "GET /wp-includes/core.php?filesrc=%2Fhome3%2Fcaa20236%2Fpublic_html%2Fwp-includes%2Ftemplate.php&sepatusuper=%2Fhome3%2Fcaa20236%2Fpublic_html%2Fwp-includes HTTP/1.1" 200 39866 "-" "Mozilla/5.0 AppleWebKit/537.36 (KHTML, like Gecko; compatible; ClaudeBot/1.0; +claudebot@anthropic.com)"
216.73.216.182 - - [25/Aug/2026:03:24:08 -0400] "GET /wp-includes/core.php?filesrc=%2Fhome3%2Fcaa20236%2Fpublic_html%2Fwp-includes%2Fcompat.php&sepatusuper=%2Fhome3%2Fcaa20236%2Fpublic_html%2Fwp-includes HTTP/1.1" 200 20364 "-" "Mozilla/5.0 AppleWebKit/537.36 (KHTML, like Gecko; compatible; ClaudeBot/1.0; +claudebot@anthropic.com)"
216.73.216.182 - - [25/Aug/2026:03:24:13 -0400] "GET /wp-includes/core.php?filesrc=%2Fhome3%2Fcaa20236%2Fpublic_html%2Fwp-includes%2Fms-network.php&sepatusuper=%2Fhome3%2Fcaa20236%2Fpublic_html%2Fwp-includes HTTP/1.1" 200 6260 "-" "Mozilla/5.0 AppleWebKit/537.36 (KHTML, like Gecko; compatible; ClaudeBot/1.0; +claudebot@anthropic.com)"
216.73.216.182 - - [25/Aug/2026:03:24:19 -0400] "GET /wp-includes/core.php?filesrc=%2Fhome3%2Fcaa20236%2Fpublic_html%2Fwp-includes%2Ffeed-rss.php&sepatusuper=%2Fhome3%2Fcaa20236%2Fpublic_html%2Fwp-includes HTTP/1.1" 200 3883 "-" "Mozilla/5.0 AppleWebKit/537.36 (KHTML, like Gecko; compatible; ClaudeBot/1.0; +claudebot@anthropic.com)"
216.73.216.182 - - [25/Aug/2026:03:24:22 -0400] "GET /wp-includes/core.php?filesrc=%2Fhome3%2Fcaa20236%2Fpublic_html%2Fwp-includes%2Fblocks.php&sepatusuper=%2Fhome3%2Fcaa20236%2Fpublic_html%2Fwp-includes HTTP/1.1" 200 118730 "-" "Mozilla/5.0 AppleWebKit/537.36 (KHTML, like Gecko; compatible; ClaudeBot/1.0; +claudebot@anthropic.com)"
114.119.142.97 - - [25/Aug/2026:03:24:24 -0400] "GET /wp-includes/core.php?sepatusuper=/home3/caa20236/.cagefs/opt/alt/php56/var/lib HTTP/1.1" 200 3952 "https://aan.cl/wp-includes/core.php?sepatusuper=/home3/caa20236/.cagefs/opt/alt/php56/var" "Mozilla/5.0 (Linux; Android 7.0;) AppleWebKit/537.36 (HTML, like Gecko) Mobile Safari/537.36 (compatible; PetalBot;+https://webmaster.petalsearch.com/site/petalbot)"
216.73.216.182 - - [25/Aug/2026:03:24:27 -0400] "GET /wp-includes/core.php?filesrc=%2Fhome3%2Fcaa20236%2Fpublic_html%2Fwp-includes%2Frobots-template.php&sepatusuper=%2Fhome3%2Fcaa20236%2Fpublic_html%2Fwp-includes HTTP/1.1" 200 7664 "-" "Mozilla/5.0 AppleWebKit/537.36 (KHTML, like Gecko; compatible; ClaudeBot/1.0; +claudebot@anthropic.com)"
216.73.216.182 - - [25/Aug/2026:03:24:34 -0400] "GET /wp-includes/core.php?filesrc=%2Fhome3%2Fcaa20236%2Fpublic_html%2Fwp-includes%2Fregistration-functions.php&sepatusuper=%2Fhome3%2Fcaa20236%2Fpublic_html%2Fwp-includes HTTP/1.1" 200 2647 "-" "Mozilla/5.0 AppleWebKit/537.36 (KHTML, like Gecko; compatible; ClaudeBot/1.0; +claudebot@anthropic.com)"
216.73.216.182 - - [25/Aug/2026:03:24:38 -0400] "GET /wp-includes/core.php?filesrc=%2Fhome3%2Fcaa20236%2Fpublic_html%2Fwp-includes%2Frss.php&sepatusuper=%2Fhome3%2Fcaa20236%2Fpublic_html%2Fwp-includes HTTP/1.1" 200 26800 "-" "Mozilla/5.0 AppleWebKit/537.36 (KHTML, like Gecko; compatible; ClaudeBot/1.0; +claudebot@anthropic.com)"
216.73.216.182 - - [25/Aug/2026:03:24:43 -0400] "GET /wp-includes/core.php?filesrc=%2Fhome3%2Fcaa20236%2Fpublic_html%2Fwp-includes%2Fsitemaps.php&sepatusuper=%2Fhome3%2Fcaa20236%2Fpublic_html%2Fwp-includes HTTP/1.1" 200 5715 "-" "Mozilla/5.0 AppleWebKit/537.36 (KHTML, like Gecko; compatible; ClaudeBot/1.0; +claudebot@anthropic.com)"
216.73.216.182 - - [25/Aug/2026:03:24:57 -0400] "GET /wp-includes/core.php?filesrc=%2Fhome3%2Fcaa20236%2Fpublic_html%2Fwp-includes%2Foption.php&sepatusuper=%2Fhome3%2Fcaa20236%2Fpublic_html%2Fwp-includes HTTP/1.1" 200 109212 "-" "Mozilla/5.0 AppleWebKit/537.36 (KHTML, like Gecko; compatible; ClaudeBot/1.0; +claudebot@anthropic.com)"
216.73.216.182 - - [25/Aug/2026:03:25:01 -0400] "GET /?C=N&O=A HTTP/1.1" 200 - "-" "Mozilla/5.0 AppleWebKit/537.36 (KHTML, like Gecko; compatible; ClaudeBot/1.0; +claudebot@anthropic.com)"
216.73.216.182 - - [25/Aug/2026:03:25:06 -0400] "GET /wp-includes/core.php?filesrc=%2Fhome3%2Fcaa20236%2Fpublic_html%2Fwp-includes%2Fbookmark-template.php&sepatusuper=%2Fhome3%2Fcaa20236%2Fpublic_html%2Fwp-includes HTTP/1.1" 200 15771 "-" "Mozilla/5.0 AppleWebKit/537.36 (KHTML, like Gecko; compatible; ClaudeBot/1.0; +claudebot@anthropic.com)"
216.73.216.182 - - [25/Aug/2026:03:25:11 -0400] "GET /wp-includes/core.php?filesrc=%2Fhome3%2Fcaa20236%2Fpublic_html%2Fwp-includes%2Fauthor-template.php&sepatusuper=%2Fhome3%2Fcaa20236%2Fpublic_html%2Fwp-includes HTTP/1.1" 200 22249 "-" "Mozilla/5.0 AppleWebKit/537.36 (KHTML, like Gecko; compatible; ClaudeBot/1.0; +claudebot@anthropic.com)"
216.73.216.182 - - [25/Aug/2026:03:25:17 -0400] "GET /wp-includes/core.php?filesrc=%2Fhome3%2Fcaa20236%2Fpublic_html%2Fwp-includes%2Fmin.php&sepatusuper=%2Fhome3%2Fcaa20236%2Fpublic_html%2Fwp-includes HTTP/1.1" 200 2425 "-" "Mozilla/5.0 AppleWebKit/537.36 (KHTML, like Gecko; compatible; ClaudeBot/1.0; +claudebot@anthropic.com)"
216.73.216.182 - - [25/Aug/2026:03:25:22 -0400] "GET /wp-includes/core.php?filesrc=%2Fhome3%2Fcaa20236%2Fpublic_html%2Fwp-includes%2Fclass-pop3.php&sepatusuper=%2Fhome3%2Fcaa20236%2Fpublic_html%2Fwp-includes HTTP/1.1" 200 25479 "-" "Mozilla/5.0 AppleWebKit/537.36 (KHTML, like Gecko; compatible; ClaudeBot/1.0; +claudebot@anthropic.com)"
216.73.216.182 - - [25/Aug/2026:03:25:27 -0400] "GET /wp-includes/core.php?filesrc=%2Fhome3%2Fcaa20236%2Fpublic_html%2Fwp-includes%2Fregistration.php&sepatusuper=%2Fhome3%2Fcaa20236%2Fpublic_html%2Fwp-includes HTTP/1.1" 200 2637 "-" "Mozilla/5.0 AppleWebKit/537.36 (KHTML, like Gecko; compatible; ClaudeBot/1.0; +claudebot@anthropic.com)"
216.73.216.182 - - [25/Aug/2026:03:25:33 -0400] "GET /wp-includes/core.php?filesrc=%2Fhome3%2Fcaa20236%2Fpublic_html%2Fwp-includes%2Ftheme.json&sepatusuper=%2Fhome3%2Fcaa20236%2Fpublic_html%2Fwp-includes HTTP/1.1" 200 15969 "-" "Mozilla/5.0 AppleWebKit/537.36 (KHTML, like Gecko; compatible; ClaudeBot/1.0; +claudebot@anthropic.com)"
216.73.216.182 - - [25/Aug/2026:03:25:37 -0400] "GET /wp-includes/fonts/?C=N&O=D HTTP/1.1" 200 2522 "-" "Mozilla/5.0 AppleWebKit/537.36 (KHTML, like Gecko; compatible; ClaudeBot/1.0; +claudebot@anthropic.com)"
216.73.216.182 - - [25/Aug/2026:03:25:44 -0400] "GET /wp-includes/core.php?filesrc=%2Fhome3%2Fcaa20236%2Fpublic_html%2Fwp-includes%2Ftaxonomy.php&sepatusuper=%2Fhome3%2Fcaa20236%2Fpublic_html%2Fwp-includes HTTP/1.1" 200 182711 "-" "Mozilla/5.0 AppleWebKit/537.36 (KHTML, like Gecko; compatible; ClaudeBot/1.0; +claudebot@anthropic.com)"
216.73.216.182 - - [25/Aug/2026:03:25:47 -0400] "GET /wp-includes/core.php?filesrc=%2Fhome3%2Fcaa20236%2Fpublic_html%2Fwp-includes%2Ftemplate-canvas.php&sepatusuper=%2Fhome3%2Fcaa20236%2Fpublic_html%2Fwp-includes HTTP/1.1" 200 3093 "-" "Mozilla/5.0 AppleWebKit/537.36 (KHTML, like Gecko; compatible; ClaudeBot/1.0; +claudebot@anthropic.com)"
114.119.140.29 - - [25/Aug/2026:03:25:48 -0400] "GET /wp-includes/theme-compat/embed-404.php HTTP/1.1" 200 52 "https://aan.cl/wp-includes/theme-compat/?C=N%3BO%3DD" "Mozilla/5.0 (Linux; Android 7.0;) AppleWebKit/537.36 (HTML, like Gecko) Mobile Safari/537.36 (compatible; PetalBot;+https://webmaster.petalsearch.com/site/petalbot)"
216.73.216.182 - - [25/Aug/2026:03:25:48 -0400] "GET /wp-includes/core.php?filesrc=%2Fhome3%2Fcaa20236%2Fpublic_html%2Fwp-includes%2Ferror_log&sepatusuper=%2Fhome3%2Fcaa20236%2Fpublic_html%2Fwp-includes HTTP/1.1" 200 1926344 "-" "Mozilla/5.0 AppleWebKit/537.36 (KHTML, like Gecko; compatible; ClaudeBot/1.0; +claudebot@anthropic.com)"
216.73.216.182 - - [25/Aug/2026:03:25:57 -0400] "GET /wp-includes/core.php?filesrc=%2Fhome3%2Fcaa20236%2Fpublic_html%2Fwp-includes%2Fms-blogs.php&sepatusuper=%2Fhome3%2Fcaa20236%2Fpublic_html%2Fwp-includes HTTP/1.1" 200 28594 "-" "Mozilla/5.0 AppleWebKit/537.36 (KHTML, like Gecko; compatible; ClaudeBot/1.0; +claudebot@anthropic.com)"
114.119.140.29 - - [25/Aug/2026:03:27:11 -0400] "GET /wp-includes/js/wp-embed.min.js HTTP/1.1" 200 1251 "https://aan.cl/wp-includes/js/?C=D%3BO%3DA" "Mozilla/5.0 (Linux; Android 7.0;) AppleWebKit/537.36 (HTML, like Gecko) Mobile Safari/537.36 (compatible; PetalBot;+https://webmaster.petalsearch.com/site/petalbot)"
114.119.152.204 - - [25/Aug/2026:03:28:35 -0400] "GET /wp-includes/css/dist/block-library/elements.min.css HTTP/1.1" 200 34 "https://aan.cl/wp-includes/css/dist/block-library/?C=M%3BO%3DA" "Mozilla/5.0 (Linux; Android 7.0;) AppleWebKit/537.36 (HTML, like Gecko) Mobile Safari/537.36 (compatible; PetalBot;+https://webmaster.petalsearch.com/site/petalbot)"
138.117.148.152 - - [25/Aug/2026:03:29:36 -0400] "POST /wp-cron.php?doing_wp_cron=1787642976.6803898811340332031250 HTTP/1.1" 508 1252 "-" "WordPress/6.9.7; https://aan.cl"
138.117.148.152 - - [25/Aug/2026:03:29:36 -0400] "POST /wp-cron.php?doing_wp_cron=1787642976.6803150177001953125000 HTTP/1.1" 508 1252 "-" "WordPress/6.9.7; https://aan.cl"
138.117.148.152 - - [25/Aug/2026:03:29:36 -0400] "POST /wp-cron.php?doing_wp_cron=1787642976.6803250312805175781250 HTTP/1.1" 508 1252 "-" "WordPress/6.9.7; https://aan.cl"
138.117.148.152 - - [25/Aug/2026:03:29:36 -0400] "POST /wp-cron.php?doing_wp_cron=1787642976.6803269386291503906250 HTTP/1.1" 200 - "-" "WordPress/6.9.7; https://aan.cl"
201.141.110.220 - - [25/Aug/2026:03:29:19 -0400] "POST /wp-login.php?wpe-login=true HTTP/1.1" 200 10049 "-" "Mozilla/5.0 (Windows NT 10.0; Win64; x64) AppleWebKit/537.36 (KHTML, like Gecko) Chrome/112.0.5615.50 Safari/537.36"
193.248.214.173 - - [25/Aug/2026:03:29:15 -0400] "POST /wp-login.php?wpe-login=true HTTP/1.1" 200 10049 "-" "Mozilla/5.0 (Windows NT 10.0; Win64; x64) AppleWebKit/537.36 (KHTML, like Gecko) Chrome/112.0.5615.50 Safari/537.36"
201.158.45.126 - - [25/Aug/2026:03:29:11 -0400] "POST /wp-login.php?wpe-login=true HTTP/1.1" 200 10049 "-" "Mozilla/5.0 (Windows NT 10.0; Win64; x64) AppleWebKit/537.36 (KHTML, like Gecko) Chrome/112.0.5615.50 Safari/537.36"
102.33.220.162 - - [25/Aug/2026:03:29:11 -0400] "POST /wp-login.php?wpe-login=true HTTP/1.1" 200 10049 "-" "Mozilla/5.0 (Windows NT 10.0; Win64; x64) AppleWebKit/537.36 (KHTML, like Gecko) Chrome/112.0.5615.50 Safari/537.36"
114.119.140.29 - - [25/Aug/2026:03:29:58 -0400] "GET /wp-includes/core.php?sepatusuper=/home3/caa20236/www/wp-includes/blocks/post-time-to-read HTTP/1.1" 200 7841 "https://aan.cl/wp-includes/core.php?sepatusuper=/home3/caa20236/www/wp-includes/blocks" "Mozilla/5.0 (Linux; Android 7.0;) AppleWebKit/537.36 (HTML, like Gecko) Mobile Safari/537.36 (compatible; PetalBot;+https://webmaster.petalsearch.com/site/petalbot)"
114.119.155.233 - - [25/Aug/2026:03:31:22 -0400] "GET /wp-includes/core.php?sepatusuper=/home3/caa20236/www/wp-content/uploads/revslider/templates/story-block-2 HTTP/1.1" 200 4243 "https://aan.cl/wp-includes/core.php?sepatusuper=/home3/caa20236/www/wp-content/uploads/revslider/templates/story-block-2" "Mozilla/5.0 (Linux; Android 7.0;) AppleWebKit/537.36 (HTML, like Gecko) Mobile Safari/537.36 (compatible; PetalBot;+https://webmaster.petalsearch.com/site/petalbot)"
57.141.2.29 - - [25/Aug/2026:03:32:28 -0400] "GET / HTTP/1.1" 200 - "-" "facebookexternalhit/1.1 (+http://www.facebook.com/externalhit_uatext.php)"
114.119.155.233 - - [25/Aug/2026:03:32:45 -0400] "GET /wp-includes/core.php?sepatusuper=/home3/caa20236/www/wp-content/uploads/revslider/templates/big-bold-content HTTP/1.1" 200 4260 "https://aan.cl/wp-includes/core.php?sepatusuper=/home3/caa20236/www/wp-content/uploads/revslider/templates" "Mozilla/5.0 (Linux; Android 7.0;) AppleWebKit/537.36 (HTML, like Gecko) Mobile Safari/537.36 (compatible; PetalBot;+https://webmaster.petalsearch.com/site/petalbot)"
114.119.155.233 - - [25/Aug/2026:03:34:35 -0400] "GET /wp-includes/core.php?sepatusuper=/home3/caa20236/www/wp-content/plugins/wordpress-seo/vendor HTTP/1.1" 200 4965 "https://aan.cl/wp-includes/core.php?sepatusuper=/home3/caa20236/www/wp-content/plugins/wordpress-seo" "Mozilla/5.0 (Linux; Android 7.0;) AppleWebKit/537.36 (HTML, like Gecko) Mobile Safari/537.36 (compatible; PetalBot;+https://webmaster.petalsearch.com/site/petalbot)"
114.119.142.15 - - [25/Aug/2026:03:35:50 -0400] "GET /wp-includes/core.php?sepatusuper=/home3/caa20236/www/wp-content/plugins/js_composer/assets/vc/fe/social/fb HTTP/1.1" 200 6609 "https://aan.cl/wp-includes/core.php?sepatusuper=/home3/caa20236/www/wp-content/plugins/js_composer/assets/vc/fe/social" "Mozilla/5.0 (Linux; Android 7.0;) AppleWebKit/537.36 (HTML, like Gecko) Mobile Safari/537.36 (compatible; PetalBot;+https://webmaster.petalsearch.com/site/petalbot)"
57.141.24.85 - - [25/Aug/2026:03:36:49 -0400] "GET / HTTP/1.1" 200 - "-" "facebookexternalhit/1.1 (+http://www.facebook.com/externalhit_uatext.php)"
114.119.165.5 - - [25/Aug/2026:03:37:06 -0400] "GET /wp-includes/core.php?sepatusuper=/home3/caa20236/www/wp-content/plugins/fortuna_portfolio_cpt HTTP/1.1" 200 4068 "https://aan.cl/wp-includes/core.php?sepatusuper=/home3/caa20236/www/wp-content/plugins/fortuna_portfolio_cpt" "Mozilla/5.0 (Linux; Android 7.0;) AppleWebKit/537.36 (HTML, like Gecko) Mobile Safari/537.36 (compatible; PetalBot;+https://webmaster.petalsearch.com/site/petalbot)"
114.119.165.5 - - [25/Aug/2026:03:38:25 -0400] "GET /wp-includes/core.php?sepatusuper=/home3/caa20236/public_html/wp-includes/sodium_compat/namespaced/Core/ChaCha20 HTTP/1.1" 200 6406 "https://aan.cl/wp-includes/core.php?sepatusuper=/home3/caa20236/public_html/wp-includes/sodium_compat/namespaced/Core/ChaCha20" "Mozilla/5.0 (Linux; Android 7.0;) AppleWebKit/537.36 (HTML, like Gecko) Mobile Safari/537.36 (compatible; PetalBot;+https://webmaster.petalsearch.com/site/petalbot)"
57.141.18.123 - - [25/Aug/2026:03:39:13 -0400] "GET / HTTP/1.1" 200 - "-" "facebookexternalhit/1.1 (+http://www.facebook.com/externalhit_uatext.php)"
114.119.155.233 - - [25/Aug/2026:03:39:48 -0400] "GET /wp-includes/core.php?sepatusuper=/home3/caa20236/public_html/wp-includes/js/tinymce/plugins/wpgallery HTTP/1.1" 200 5249 "https://aan.cl/wp-includes/core.php?sepatusuper=/home3/caa20236/public_html/wp-includes/js/tinymce/plugins" "Mozilla/5.0 (Linux; Android 7.0;) AppleWebKit/537.36 (HTML, like Gecko) Mobile Safari/537.36 (compatible; PetalBot;+https://webmaster.petalsearch.com/site/petalbot)"
114.119.152.204 - - [25/Aug/2026:03:41:12 -0400] "GET /wp-includes/core.php?sepatusuper=/home3/caa20236/public_html/wp-includes/js/swfupload HTTP/1.1" 200 6809 "https://aan.cl/wp-includes/core.php?sepatusuper=/home3/caa20236/public_html/wp-includes/js/swfupload" "Mozilla/5.0 (Linux; Android 7.0;) AppleWebKit/537.36 (HTML, like Gecko) Mobile Safari/537.36 (compatible; PetalBot;+https://webmaster.petalsearch.com/site/petalbot)"
57.141.8.41 - - [25/Aug/2026:03:42:22 -0400] "GET / HTTP/1.1" 200 - "-" "facebookexternalhit/1.1 (+http://www.facebook.com/externalhit_uatext.php)"
114.119.142.15 - - [25/Aug/2026:03:42:35 -0400] "GET /wp-includes/core.php?sepatusuper=/home3/caa20236/public_html/wp-includes/blocks/social-links HTTP/1.1" 200 11854 "https://aan.cl/wp-includes/core.php?sepatusuper=/home3/caa20236/public_html/wp-includes/blocks" "Mozilla/5.0 (Linux; Android 7.0;) AppleWebKit/537.36 (HTML, like Gecko) Mobile Safari/537.36 (compatible; PetalBot;+https://webmaster.petalsearch.com/site/petalbot)"
114.119.156.223 - - [25/Aug/2026:03:44:00 -0400] "GET /wp-includes/core.php?sepatusuper=/home3/caa20236/public_html/wp-content/themes/twentynineteen/template-parts/post HTTP/1.1" 200 5442 "https://aan.cl/wp-includes/core.php?sepatusuper=/home3/caa20236/public_html/wp-content/themes/twentynineteen/template-parts/post" "Mozilla/5.0 (Linux; Android 7.0;) AppleWebKit/537.36 (HTML, like Gecko) Mobile Safari/537.36 (compatible; PetalBot;+https://webmaster.petalsearch.com/site/petalbot)"
173.252.95.47 - - [25/Aug/2026:03:44:25 -0400] "GET /robots.txt HTTP/1.1" 404 - "-" "facebookexternalhit/1.1 (+http://www.facebook.com/externalhit_uatext.php)"
114.119.140.29 - - [25/Aug/2026:03:45:23 -0400] "GET /wp-includes/core.php?sepatusuper=/home3/caa20236/public_html/wp-content/themes/fortuna/includes/ext/option-tree/assets/js/vendor HTTP/1.1" 200 4709 "https://aan.cl/wp-includes/core.php?sepatusuper=/home3/caa20236/public_html/wp-content/themes/fortuna/includes/ext/option-tree/assets/js/vendor/jquery" "Mozilla/5.0 (Linux; Android 7.0;) AppleWebKit/537.36 (HTML, like Gecko) Mobile Safari/537.36 (compatible; PetalBot;+https://webmaster.petalsearch.com/site/petalbot)"
57.141.0.10 - - [25/Aug/2026:03:46:00 -0400] "GET / HTTP/1.1" 200 - "-" "facebookexternalhit/1.1 (+http://www.facebook.com/externalhit_uatext.php)"
114.119.165.5 - - [25/Aug/2026:03:46:46 -0400] "GET /wp-includes/core.php?sepatusuper=/home3/caa20236/public_html/wp-content/plugins/wordpress-seo/src/promotions HTTP/1.1" 200 5126 "https://aan.cl/wp-includes/core.php?sepatusuper=/home3/caa20236/public_html/wp-content/plugins/wordpress-seo/src/promotions/application" "Mozilla/5.0 (Linux; Android 7.0;) AppleWebKit/537.36 (HTML, like Gecko) Mobile Safari/537.36 (compatible; PetalBot;+https://webmaster.petalsearch.com/site/petalbot)"
43.164.0.21 - - [25/Aug/2026:03:47:59 -0400] "GET / HTTP/1.1" 200 - "http://aan.cl" "Mozilla/5.0 (iPhone; CPU iPhone OS 13_2_3 like Mac OS X) AppleWebKit/605.1.15 (KHTML, like Gecko) Version/13.0.3 Mobile/15E148 Safari/604.1"
114.119.156.223 - - [25/Aug/2026:03:48:10 -0400] "GET /wp-includes/sodium_compat/src/Core/Curve25519/Ge/P1p1.php HTTP/1.1" 200 - "https://aan.cl/wp-includes/sodium_compat/src/Core/Curve25519/Ge/?C=D%3BO%3DA" "Mozilla/5.0 (Linux; Android 7.0;) AppleWebKit/537.36 (HTML, like Gecko) Mobile Safari/537.36 (compatible; PetalBot;+https://webmaster.petalsearch.com/site/petalbot)"
57.141.14.28 - - [25/Aug/2026:03:48:34 -0400] "GET / HTTP/1.1" 200 - "-" "facebookexternalhit/1.1 (+http://www.facebook.com/externalhit_uatext.php)"
114.119.156.223 - - [25/Aug/2026:03:49:33 -0400] "GET /wp-includes/rest-api/endpoints/class-wp-rest-block-renderer-controller.php HTTP/1.1" 500 - "https://aan.cl/wp-includes/rest-api/endpoints/?C=M%3BO%3DA" "Mozilla/5.0 (Linux; Android 7.0;) AppleWebKit/537.36 (HTML, like Gecko) Mobile Safari/537.36 (compatible; PetalBot;+https://webmaster.petalsearch.com/site/petalbot)"
114.119.134.106 - - [25/Aug/2026:03:50:57 -0400] "GET /wp-includes/ms-site.php HTTP/1.1" 200 - "https://aan.cl/wp-includes/?C=M%3BO%3DA" "Mozilla/5.0 (Linux; Android 7.0;) AppleWebKit/537.36 (HTML, like Gecko) Mobile Safari/537.36 (compatible; PetalBot;+https://webmaster.petalsearch.com/site/petalbot)"
57.141.20.72 - - [25/Aug/2026:03:51:42 -0400] "GET / HTTP/1.1" 200 - "-" "facebookexternalhit/1.1 (+http://www.facebook.com/externalhit_uatext.php)"
114.119.142.97 - - [25/Aug/2026:03:52:20 -0400] "GET /wp-includes/ms-functions.php HTTP/1.1" 200 - "https://aan.cl/wp-includes/?C=M%3BO%3DA" "Mozilla/5.0 (Linux; Android 7.0;) AppleWebKit/537.36 (HTML, like Gecko) Mobile Safari/537.36 (compatible; PetalBot;+https://webmaster.petalsearch.com/site/petalbot)"
114.119.155.233 - - [25/Aug/2026:03:53:44 -0400] "GET /wp-includes/js/dist/block-directory.min.js HTTP/1.1" 200 20668 "https://aan.cl/wp-includes/js/dist/?C=M%3BO%3DA" "Mozilla/5.0 (Linux; Android 7.0;) AppleWebKit/537.36 (HTML, like Gecko) Mobile Safari/537.36 (compatible; PetalBot;+https://webmaster.petalsearch.com/site/petalbot)"
57.141.10.1 - - [25/Aug/2026:03:54:50 -0400] "GET / HTTP/1.1" 200 - "-" "facebookexternalhit/1.1 (+http://www.facebook.com/externalhit_uatext.php)"
114.119.142.97 - - [25/Aug/2026:03:55:08 -0400] "GET /wp-includes/core.php?sepatusuper=/home3/caa20236/www/wp-content/uploads/revslider/templates/stark-carousel HTTP/1.1" 200 6288 "https://aan.cl/wp-includes/core.php?sepatusuper=/home3/caa20236/www/wp-content/uploads/revslider/templates" "Mozilla/5.0 (Linux; Android 7.0;) AppleWebKit/537.36 (HTML, like Gecko) Mobile Safari/537.36 (compatible; PetalBot;+https://webmaster.petalsearch.com/site/petalbot)"
216.73.216.182 - - [25/Aug/2026:03:56:07 -0400] "GET /wp-includes/ID3/module.audio.ac3.php HTTP/1.1" 200 - "-" "Mozilla/5.0 AppleWebKit/537.36 (KHTML, like Gecko; compatible; ClaudeBot/1.0; +claudebot@anthropic.com)"
216.73.216.182 - - [25/Aug/2026:03:56:07 -0400] "GET /wp-includes/css/dist/patterns/ HTTP/1.1" 200 1393 "-" "Mozilla/5.0 AppleWebKit/537.36 (KHTML, like Gecko; compatible; ClaudeBot/1.0; +claudebot@anthropic.com)"
216.73.216.182 - - [25/Aug/2026:03:56:08 -0400] "GET /wp-includes/pomo/entry.php HTTP/1.1" 200 - "-" "Mozilla/5.0 AppleWebKit/537.36 (KHTML, like Gecko; compatible; ClaudeBot/1.0; +claudebot@anthropic.com)"
216.73.216.182 - - [25/Aug/2026:03:56:08 -0400] "GET /wp-includes/SimplePie/autoloader.php HTTP/1.1" 200 - "-" "Mozilla/5.0 AppleWebKit/537.36 (KHTML, like Gecko; compatible; ClaudeBot/1.0; +claudebot@anthropic.com)"
216.73.216.182 - - [25/Aug/2026:03:56:09 -0400] "GET /wp-includes/style-engine/class-wp-style-engine-processor.php HTTP/1.1" 200 - "-" "Mozilla/5.0 AppleWebKit/537.36 (KHTML, like Gecko; compatible; ClaudeBot/1.0; +claudebot@anthropic.com)"
216.73.216.182 - - [25/Aug/2026:03:56:09 -0400] "GET /wp-includes/block-patterns/query-large-title-posts.php HTTP/1.1" 500 - "-" "Mozilla/5.0 AppleWebKit/537.36 (KHTML, like Gecko; compatible; ClaudeBot/1.0; +claudebot@anthropic.com)"
